[INFO] fetching crate skia 0.1.0...
[INFO] testing skia-0.1.0 against nightly-2024-10-28+rustflags=-Zrandomize-layout for randomize-layout
[INFO] extracting crate skia 0.1.0 into /workspace/builds/worker-2-tc2/source
[INFO] validating manifest of crates.io crate skia 0.1.0 on toolchain nightly-2024-10-28
[INFO] running `Command { std: CARGO_HOME="/workspace/cargo-home" RUSTUP_HOME="/workspace/rustup-home" "/workspace/cargo-home/bin/cargo" "+nightly-2024-10-28" "metadata" "--manifest-path" "Cargo.toml" "--no-deps", kill_on_drop: false }`
[INFO] started tweaking crates.io crate skia 0.1.0
[INFO] finished tweaking crates.io crate skia 0.1.0
[INFO] tweaked toml for crates.io crate skia 0.1.0 written to /workspace/builds/worker-2-tc2/source/Cargo.toml
[INFO] running `Command { std: CARGO_HOME="/workspace/cargo-home" RUSTUP_HOME="/workspace/rustup-home" "/workspace/cargo-home/bin/cargo" "+nightly-2024-10-28" "generate-lockfile" "--manifest-path" "Cargo.toml", kill_on_drop: false }`
[INFO] [stderr]     Updating crates.io index
[INFO] [stderr]     Blocking waiting for file lock on package cache
[INFO] [stderr]      Locking 125 packages to latest compatible versions
[INFO] [stderr]       Adding cgl v0.1.5 (available: v0.3.2)
[INFO] [stderr]       Adding euclid v0.4.0 (available: v0.22.11)
[INFO] [stderr]       Adding gleam v0.1.20 (available: v0.15.0)
[INFO] [stderr]       Adding glx v0.1.2 (available: v0.2.6)
[INFO] [stderr]       Adding io-surface v0.1.3 (available: v0.16.0)
[INFO] [stderr]       Adding servo-fontconfig v0.2.0 (available: v0.2.1)
[INFO] [stderr]       Adding servo-freetype-sys v2.4.11 (available: v4.0.5)
[INFO] [stderr]       Adding servo-glutin v0.4.26 (available: v0.15.0)
[INFO] [stderr]       Adding x11-dl v2.4.0 (available: v2.21.0)
[INFO] running `Command { std: CARGO_HOME="/workspace/cargo-home" RUSTUP_HOME="/workspace/rustup-home" "/workspace/cargo-home/bin/cargo" "+nightly-2024-10-28" "fetch" "--manifest-path" "Cargo.toml", kill_on_drop: false }`
[INFO] [stderr] warning: no edition set: defaulting to the 2015 edition while the latest is 2021
[INFO] [stderr]     Blocking waiting for file lock on package cache
[INFO] [stderr]     Blocking waiting for file lock on package cache
[INFO] running `Command { std: "docker" "create" "-v" "/var/lib/crater-agent-workspace/builds/worker-2-tc2/target:/opt/rustwide/target:rw,Z" "-v" "/var/lib/crater-agent-workspace/builds/worker-2-tc2/source:/opt/rustwide/workdir:ro,Z" "-v" "/var/lib/crater-agent-workspace/cargo-home:/opt/rustwide/cargo-home:ro,Z" "-v" "/var/lib/crater-agent-workspace/rustup-home:/opt/rustwide/rustup-home:ro,Z" "-e" "SOURCE_DIR=/opt/rustwide/workdir" "-e" "CARGO_TARGET_DIR=/opt/rustwide/target" "-e" "CARGO_HOME=/opt/rustwide/cargo-home" "-e" "RUSTUP_HOME=/opt/rustwide/rustup-home" "-w" "/opt/rustwide/workdir" "-m" "1610612736" "--user" "0:0" "--network" "none" "ghcr.io/rust-lang/crates-build-env/linux@sha256:4a844ea9eb2546a2d2c7022eacef16ef2e8229c7fbb2c7d4d55a9ceca922f72d" "/opt/rustwide/cargo-home/bin/cargo" "+nightly-2024-10-28" "metadata" "--no-deps" "--format-version=1", kill_on_drop: false }`
[INFO] [stdout] 3817f14a17b7a3e5770a6ce69820482b8e64f10517be189a68b768eb15c70e91
[INFO] running `Command { std: "docker" "start" "-a" "3817f14a17b7a3e5770a6ce69820482b8e64f10517be189a68b768eb15c70e91", kill_on_drop: false }`
[INFO] running `Command { std: "docker" "inspect" "3817f14a17b7a3e5770a6ce69820482b8e64f10517be189a68b768eb15c70e91", kill_on_drop: false }`
[INFO] running `Command { std: "docker" "rm" "-f" "3817f14a17b7a3e5770a6ce69820482b8e64f10517be189a68b768eb15c70e91", kill_on_drop: false }`
[INFO] [stdout] 3817f14a17b7a3e5770a6ce69820482b8e64f10517be189a68b768eb15c70e91
[INFO] running `Command { std: "docker" "create" "-v" "/var/lib/crater-agent-workspace/builds/worker-2-tc2/target:/opt/rustwide/target:rw,Z" "-v" "/var/lib/crater-agent-workspace/builds/worker-2-tc2/source:/opt/rustwide/workdir:ro,Z" "-v" "/var/lib/crater-agent-workspace/cargo-home:/opt/rustwide/cargo-home:ro,Z" "-v" "/var/lib/crater-agent-workspace/rustup-home:/opt/rustwide/rustup-home:ro,Z" "-e" "SOURCE_DIR=/opt/rustwide/workdir" "-e" "CARGO_TARGET_DIR=/opt/rustwide/target" "-e" "CARGO_INCREMENTAL=0" "-e" "RUST_BACKTRACE=full" "-e" "RUSTFLAGS=--cap-lints=forbid -Zrandomize-layout" "-e" "RUSTDOCFLAGS=--cap-lints=forbid" "-e" "CARGO_HOME=/opt/rustwide/cargo-home" "-e" "RUSTUP_HOME=/opt/rustwide/rustup-home" "-w" "/opt/rustwide/workdir" "-m" "1610612736" "--user" "0:0" "--network" "none" "ghcr.io/rust-lang/crates-build-env/linux@sha256:4a844ea9eb2546a2d2c7022eacef16ef2e8229c7fbb2c7d4d55a9ceca922f72d" "/opt/rustwide/cargo-home/bin/cargo" "+nightly-2024-10-28" "build" "--frozen" "--message-format=json", kill_on_drop: false }`
[INFO] [stdout] e0364ce8b6805fa892cb6d52342290ffdce48054e676b8240b5e99047b21e313
[INFO] running `Command { std: "docker" "start" "-a" "e0364ce8b6805fa892cb6d52342290ffdce48054e676b8240b5e99047b21e313", kill_on_drop: false }`
[INFO] [stderr] warning: no edition set: defaulting to the 2015 edition while the latest is 2021
[INFO] [stderr]    Compiling autocfg v1.4.0
[INFO] [stderr]    Compiling libc v0.2.161
[INFO] [stderr]    Compiling rand_core v0.4.2
[INFO] [stderr]    Compiling siphasher v0.2.3
[INFO] [stderr]    Compiling shlex v1.3.0
[INFO] [stderr]    Compiling log v0.4.22
[INFO] [stderr]    Compiling pkg-config v0.3.31
[INFO] [stderr]    Compiling itoa v0.3.4
[INFO] [stderr]    Compiling rand_core v0.3.1
[INFO] [stderr]    Compiling phf_shared v0.7.24
[INFO] [stderr]    Compiling rand_jitter v0.1.4
[INFO] [stderr]    Compiling rand_isaac v0.1.1
[INFO] [stderr]    Compiling rand_xorshift v0.1.1
[INFO] [stderr]    Compiling rand_hc v0.1.0
[INFO] [stderr]    Compiling cc v1.1.31
[INFO] [stderr]    Compiling log v0.3.9
[INFO] [stderr]    Compiling autocfg v0.1.8
[INFO] [stderr]    Compiling khronos_api v1.0.1
[INFO] [stderr]    Compiling serde v0.9.15
[INFO] [stderr]    Compiling dtoa v0.4.8
[INFO] [stderr]    Compiling phf v0.7.24
[INFO] [stderr]    Compiling bitflags v0.7.0
[INFO] [stderr]    Compiling crossbeam-utils v0.8.20
[INFO] [stderr]    Compiling num-traits v0.2.19
[INFO] [stderr]    Compiling rand_chacha v0.1.1
[INFO] [stderr]    Compiling rand_pcg v0.1.2
[INFO] [stderr]    Compiling rand v0.6.5
[INFO] [stderr]    Compiling bitflags v0.9.1
[INFO] [stderr]    Compiling xml-rs v0.6.1
[INFO] [stderr]    Compiling xml-rs v0.3.6
[INFO] [stderr]    Compiling rustc-serialize v0.3.25
[INFO] [stderr]    Compiling rand_os v0.1.3
[INFO] [stderr]    Compiling num-traits v0.1.43
[INFO] [stderr]    Compiling rand v0.4.6
[INFO] [stderr]    Compiling num-integer v0.1.46
[INFO] [stderr]    Compiling lazy_static v0.2.11
[INFO] [stderr]    Compiling winapi-build v0.1.1
[INFO] [stderr]    Compiling wayland-scanner v0.5.11
[INFO] [stderr]    Compiling miniz-sys v0.1.12
[INFO] [stderr]    Compiling kernel32-sys v0.2.2
[INFO] [stderr]    Compiling crossbeam-epoch v0.9.18
[INFO] [stderr]    Compiling gl_generator v0.5.5
[INFO] [stderr]    Compiling cmake v0.1.51
[INFO] [stderr]    Compiling rayon-core v1.12.1
[INFO] [stderr]    Compiling phf_generator v0.7.24
[INFO] [stderr]    Compiling phf_codegen v0.7.24
[INFO] [stderr]    Compiling wayland-client v0.5.12
[INFO] [stderr]    Compiling crossbeam-deque v0.8.5
[INFO] [stderr]    Compiling target_build_utils v0.3.1
[INFO] [stderr]    Compiling num-iter v0.1.45
[INFO] [stderr]    Compiling num-bigint v0.1.44
[INFO] [stderr]    Compiling expat-sys v2.1.6
[INFO] [stderr]    Compiling serde_json v0.9.10
[INFO] [stderr]    Compiling servo-freetype-sys v2.4.11
[INFO] [stderr]    Compiling bitflags v0.3.3
[INFO] [stderr]    Compiling lazy_static v0.1.16
[INFO] [stderr]    Compiling winapi v0.2.8
[INFO] [stderr]    Compiling xml-rs v0.2.2
[INFO] [stderr]    Compiling rand v0.3.23
[INFO] [stderr]    Compiling crossbeam v0.2.12
[INFO] [stderr]    Compiling either v1.13.0
[INFO] [stderr]    Compiling flate2 v0.2.20
[INFO] [stderr]    Compiling fs2 v0.2.5
[INFO] [stderr]    Compiling num-rational v0.1.42
[INFO] [stderr]    Compiling rayon v1.10.0
[INFO] [stderr]    Compiling gl_generator v0.4.2
[INFO] [stderr]    Compiling servo-fontconfig-sys v2.11.3
[INFO] [stderr]    Compiling lzw v0.10.0
[INFO] [stderr]    Compiling inflate v0.1.1
[INFO] [stderr]    Compiling byteorder v0.5.3
[INFO] [stderr]    Compiling lazy_static v1.5.0
[INFO] [stderr]    Compiling color_quant v1.1.0
[INFO] [stderr]    Compiling memmap v0.2.3
[INFO] [stderr]    Compiling shared_library v0.1.9
[INFO] [stderr]    Compiling gleam v0.1.20
[INFO] [stderr]    Compiling gif v0.9.2
[INFO] [stderr]    Compiling tempfile v2.2.0
[INFO] [stderr]    Compiling servo-glutin v0.4.26
[INFO] [stderr]    Compiling glx v0.1.2
[INFO] [stderr]    Compiling num-complex v0.1.43
[INFO] [stderr]    Compiling enum_primitive v0.1.1
[INFO] [stderr]    Compiling dylib v0.0.1
[INFO] [stderr]    Compiling x11 v2.21.0
[INFO] [stderr]    Compiling scoped_threadpool v0.1.9
[INFO] [stderr]    Compiling png v0.5.2
[INFO] [stderr]    Compiling skia-sys v0.20130412.3
[INFO] [stderr]    Compiling glob v0.2.11
[INFO] [stderr]    Compiling num v0.1.42
[INFO] [stderr]    Compiling x11-dl v2.4.0
[INFO] [stderr]    Compiling osmesa-sys v0.0.5
[INFO] [stderr]    Compiling servo-fontconfig v0.2.0
[INFO] [stderr]    Compiling euclid v0.4.0
[INFO] [stdout] error[E0557]: feature has been removed
[INFO] [stdout]   --> /opt/rustwide/cargo-home/registry/src/index.crates.io-6f17d22bba15001f/euclid-0.4.0/src/lib.rs:10:17
[INFO] [stdout]    |
[INFO] [stdout] 10 | #![feature(asm, custom_derive, plugin, repr_simd, zero_one, test)]
[INFO] [stdout]    |                 ^^^^^^^^^^^^^ feature has been removed
[INFO] [stdout]    |
[INFO] [stdout]    = note: subsumed by `#[proc_macro_derive]`
[INFO] [stdout] 
[INFO] [stdout] 
[INFO] [stdout] error[E0557]: feature has been removed
[INFO] [stdout]   --> /opt/rustwide/cargo-home/registry/src/index.crates.io-6f17d22bba15001f/euclid-0.4.0/src/lib.rs:10:32
[INFO] [stdout]    |
[INFO] [stdout] 10 | #![feature(asm, custom_derive, plugin, repr_simd, zero_one, test)]
[INFO] [stdout]    |                                ^^^^^^ feature has been removed
[INFO] [stdout]    |
[INFO] [stdout]    = note: plugins are no longer supported
[INFO] [stdout] 
[INFO] [stdout] 
[INFO] [stdout] error: cannot find macro `asm` in this scope
[INFO] [stdout]    --> /opt/rustwide/cargo-home/registry/src/index.crates.io-6f17d22bba15001f/euclid-0.4.0/src/side_offsets.rs:149:13
[INFO] [stdout]     |
[INFO] [stdout] 149 |             asm! {
[INFO] [stdout]     |             ^^^
[INFO] [stdout]     |
[INFO] [stdout] help: consider importing this macro
[INFO] [stdout]     |
[INFO] [stdout] 13  + use std::arch::asm;
[INFO] [stdout]     |
[INFO] [stdout] 
[INFO] [stdout] 
[INFO] [stdout] error[E0405]: cannot find trait `Zero` in module `num`
[INFO] [stdout]   --> /opt/rustwide/cargo-home/registry/src/index.crates.io-6f17d22bba15001f/euclid-0.4.0/src/num.rs:18:14
[INFO] [stdout]    |
[INFO] [stdout] 18 | impl<T: num::Zero> Zero for T {
[INFO] [stdout]    |              ^^^^ not found in `num`
[INFO] [stdout]    |
[INFO] [stdout] help: consider importing this trait
[INFO] [stdout]    |
[INFO] [stdout] 11 + use num_lib::Zero;
[INFO] [stdout]    |
[INFO] [stdout] help: if you import `Zero`, refer to it directly
[INFO] [stdout]    |
[INFO] [stdout] 18 - impl<T: num::Zero> Zero for T {
[INFO] [stdout] 18 + impl<T: Zero> Zero for T {
[INFO] [stdout]    |
[INFO] [stdout] 
[INFO] [stdout] 
[INFO] [stdout] error[E0433]: failed to resolve: could not find `Zero` in `num`
[INFO] [stdout]   --> /opt/rustwide/cargo-home/registry/src/index.crates.io-6f17d22bba15001f/euclid-0.4.0/src/num.rs:19:27
[INFO] [stdout]    |
[INFO] [stdout] 19 |     fn zero() -> T { num::Zero::zero() }
[INFO] [stdout]    |                           ^^^^ could not find `Zero` in `num`
[INFO] [stdout]    |
[INFO] [stdout] help: consider importing this trait
[INFO] [stdout]    |
[INFO] [stdout] 11 + use num_lib::Zero;
[INFO] [stdout]    |
[INFO] [stdout] help: if you import `Zero`, refer to it directly
[INFO] [stdout]    |
[INFO] [stdout] 19 -     fn zero() -> T { num::Zero::zero() }
[INFO] [stdout] 19 +     fn zero() -> T { Zero::zero() }
[INFO] [stdout]    |
[INFO] [stdout] 
[INFO] [stdout] 
[INFO] [stdout] error[E0405]: cannot find trait `One` in module `num`
[INFO] [stdout]   --> /opt/rustwide/cargo-home/registry/src/index.crates.io-6f17d22bba15001f/euclid-0.4.0/src/num.rs:26:14
[INFO] [stdout]    |
[INFO] [stdout] 26 | impl<T: num::One> One for T {
[INFO] [stdout]    |              ^^^ not found in `num`
[INFO] [stdout]    |
[INFO] [stdout] help: consider importing this trait
[INFO] [stdout]    |
[INFO] [stdout] 11 + use num_lib::One;
[INFO] [stdout]    |
[INFO] [stdout] help: if you import `One`, refer to it directly
[INFO] [stdout]    |
[INFO] [stdout] 26 - impl<T: num::One> One for T {
[INFO] [stdout] 26 + impl<T: One> One for T {
[INFO] [stdout]    |
[INFO] [stdout] 
[INFO] [stdout] 
[INFO] [stdout] error[E0433]: failed to resolve: could not find `One` in `num`
[INFO] [stdout]   --> /opt/rustwide/cargo-home/registry/src/index.crates.io-6f17d22bba15001f/euclid-0.4.0/src/num.rs:27:26
[INFO] [stdout]    |
[INFO] [stdout] 27 |     fn one() -> T { num::One::one() }
[INFO] [stdout]    |                          ^^^ could not find `One` in `num`
[INFO] [stdout]    |
[INFO] [stdout] help: consider importing this trait
[INFO] [stdout]    |
[INFO] [stdout] 11 + use num_lib::One;
[INFO] [stdout]    |
[INFO] [stdout] help: if you import `One`, refer to it directly
[INFO] [stdout]    |
[INFO] [stdout] 27 -     fn one() -> T { num::One::one() }
[INFO] [stdout] 27 +     fn one() -> T { One::one() }
[INFO] [stdout]    |
[INFO] [stdout] 
[INFO] [stdout] 
[INFO] [stdout] error[E0635]: unknown feature `zero_one`
[INFO] [stdout]   --> /opt/rustwide/cargo-home/registry/src/index.crates.io-6f17d22bba15001f/euclid-0.4.0/src/lib.rs:10:51
[INFO] [stdout]    |
[INFO] [stdout] 10 | #![feature(asm, custom_derive, plugin, repr_simd, zero_one, test)]
[INFO] [stdout]    |                                                   ^^^^^^^^
[INFO] [stdout] 
[INFO] [stdout] 
[INFO] [stdout] error[E0076]: SIMD vector's only field must be an array
[INFO] [stdout]   --> /opt/rustwide/cargo-home/registry/src/index.crates.io-6f17d22bba15001f/euclid-0.4.0/src/side_offsets.rs:81:1
[INFO] [stdout]    |
[INFO] [stdout] 81 | pub struct SideOffsets2DSimdI32 {
[INFO] [stdout]    | ^^^^^^^^^^^^^^^^^^^^^^^^^^^^^^^
[INFO] [stdout] 82 |     pub top: i32,
[INFO] [stdout]    |     ------------ not an array
[INFO] [stdout] 
[INFO] [stdout] 
[INFO] [stdout] Some errors have detailed explanations: E0076, E0405, E0433, E0557, E0635.
[INFO] [stdout] 
[INFO] [stdout] For more information about an error, try `rustc --explain E0076`.
[INFO] [stdout] 
[INFO] [stderr] error: could not compile `euclid` (lib) due to 9 previous errors; 14 warnings emitted
[INFO] [stderr] warning: build failed, waiting for other jobs to finish...
[INFO] running `Command { std: "docker" "inspect" "e0364ce8b6805fa892cb6d52342290ffdce48054e676b8240b5e99047b21e313", kill_on_drop: false }`
[INFO] running `Command { std: "docker" "rm" "-f" "e0364ce8b6805fa892cb6d52342290ffdce48054e676b8240b5e99047b21e313", kill_on_drop: false }`
[INFO] [stdout] e0364ce8b6805fa892cb6d52342290ffdce48054e676b8240b5e99047b21e313
