[INFO] fetching crate sk-store 1.1.1...
[INFO] testing sk-store-1.1.1 against nightly-2024-10-28 for randomize-layout
[INFO] extracting crate sk-store 1.1.1 into /workspace/builds/worker-6-tc1/source
[INFO] validating manifest of crates.io crate sk-store 1.1.1 on toolchain nightly-2024-10-28
[INFO] running `Command { std: CARGO_HOME="/workspace/cargo-home" RUSTUP_HOME="/workspace/rustup-home" "/workspace/cargo-home/bin/cargo" "+nightly-2024-10-28" "metadata" "--manifest-path" "Cargo.toml" "--no-deps", kill_on_drop: false }`
[INFO] started tweaking crates.io crate sk-store 1.1.1
[INFO] finished tweaking crates.io crate sk-store 1.1.1
[INFO] tweaked toml for crates.io crate sk-store 1.1.1 written to /workspace/builds/worker-6-tc1/source/Cargo.toml
[INFO] running `Command { std: CARGO_HOME="/workspace/cargo-home" RUSTUP_HOME="/workspace/rustup-home" "/workspace/cargo-home/bin/cargo" "+nightly-2024-10-28" "generate-lockfile" "--manifest-path" "Cargo.toml", kill_on_drop: false }`
[INFO] [stderr]     Updating crates.io index
[INFO] [stderr]      Locking 279 packages to latest compatible versions
[INFO] [stderr]       Adding k8s-openapi v0.19.0 (available: v0.23.0)
[INFO] [stderr]       Adding kube v0.85.0 (available: v0.96.0)
[INFO] [stderr]       Adding mockall v0.11.4 (available: v0.13.0)
[INFO] running `Command { std: CARGO_HOME="/workspace/cargo-home" RUSTUP_HOME="/workspace/rustup-home" "/workspace/cargo-home/bin/cargo" "+nightly-2024-10-28" "fetch" "--manifest-path" "Cargo.toml", kill_on_drop: false }`
[INFO] [stderr]  Downloading crates ...
[INFO] [stderr]   Downloaded sk-api v1.1.1
[INFO] [stderr]   Downloaded kube-core v0.85.0
[INFO] [stderr]   Downloaded kube v0.85.0
[INFO] [stderr]   Downloaded kube-derive v0.85.0
[INFO] [stderr]   Downloaded parse_datetime_fork v0.6.0-custom
[INFO] [stderr]   Downloaded clockabilly v0.1.1
[INFO] [stderr]   Downloaded sk-core v1.1.1
[INFO] [stderr]   Downloaded tower-http v0.4.4
[INFO] [stderr]   Downloaded kube-client v0.85.0
[INFO] [stderr]   Downloaded kube-runtime v0.85.0
[INFO] [stderr]   Downloaded json-patch v1.4.0
[INFO] [stderr]   Downloaded object_store v0.11.1
[INFO] [stderr]   Downloaded jsonpath_lib v0.3.0
[INFO] [stderr]   Downloaded k8s-openapi v0.19.0
[INFO] running `Command { std: "docker" "create" "-v" "/var/lib/crater-agent-workspace/builds/worker-6-tc1/target:/opt/rustwide/target:rw,Z" "-v" "/var/lib/crater-agent-workspace/builds/worker-6-tc1/source:/opt/rustwide/workdir:ro,Z" "-v" "/var/lib/crater-agent-workspace/cargo-home:/opt/rustwide/cargo-home:ro,Z" "-v" "/var/lib/crater-agent-workspace/rustup-home:/opt/rustwide/rustup-home:ro,Z" "-e" "SOURCE_DIR=/opt/rustwide/workdir" "-e" "CARGO_TARGET_DIR=/opt/rustwide/target" "-e" "CARGO_HOME=/opt/rustwide/cargo-home" "-e" "RUSTUP_HOME=/opt/rustwide/rustup-home" "-w" "/opt/rustwide/workdir" "-m" "1610612736" "--user" "0:0" "--network" "none" "ghcr.io/rust-lang/crates-build-env/linux@sha256:4a844ea9eb2546a2d2c7022eacef16ef2e8229c7fbb2c7d4d55a9ceca922f72d" "/opt/rustwide/cargo-home/bin/cargo" "+nightly-2024-10-28" "metadata" "--no-deps" "--format-version=1", kill_on_drop: false }`
[INFO] [stdout] 29a8e3b84af636de6292a4db5b3b0d0fe72321599ee023829a78d3a145f443cc
[INFO] running `Command { std: "docker" "start" "-a" "29a8e3b84af636de6292a4db5b3b0d0fe72321599ee023829a78d3a145f443cc", kill_on_drop: false }`
[INFO] running `Command { std: "docker" "inspect" "29a8e3b84af636de6292a4db5b3b0d0fe72321599ee023829a78d3a145f443cc", kill_on_drop: false }`
[INFO] running `Command { std: "docker" "rm" "-f" "29a8e3b84af636de6292a4db5b3b0d0fe72321599ee023829a78d3a145f443cc", kill_on_drop: false }`
[INFO] [stdout] 29a8e3b84af636de6292a4db5b3b0d0fe72321599ee023829a78d3a145f443cc
[INFO] running `Command { std: "docker" "create" "-v" "/var/lib/crater-agent-workspace/builds/worker-6-tc1/target:/opt/rustwide/target:rw,Z" "-v" "/var/lib/crater-agent-workspace/builds/worker-6-tc1/source:/opt/rustwide/workdir:ro,Z" "-v" "/var/lib/crater-agent-workspace/cargo-home:/opt/rustwide/cargo-home:ro,Z" "-v" "/var/lib/crater-agent-workspace/rustup-home:/opt/rustwide/rustup-home:ro,Z" "-e" "SOURCE_DIR=/opt/rustwide/workdir" "-e" "CARGO_TARGET_DIR=/opt/rustwide/target" "-e" "CARGO_INCREMENTAL=0" "-e" "RUST_BACKTRACE=full" "-e" "RUSTFLAGS=--cap-lints=forbid" "-e" "RUSTDOCFLAGS=--cap-lints=forbid" "-e" "CARGO_HOME=/opt/rustwide/cargo-home" "-e" "RUSTUP_HOME=/opt/rustwide/rustup-home" "-w" "/opt/rustwide/workdir" "-m" "1610612736" "--user" "0:0" "--network" "none" "ghcr.io/rust-lang/crates-build-env/linux@sha256:4a844ea9eb2546a2d2c7022eacef16ef2e8229c7fbb2c7d4d55a9ceca922f72d" "/opt/rustwide/cargo-home/bin/cargo" "+nightly-2024-10-28" "build" "--frozen" "--message-format=json", kill_on_drop: false }`
[INFO] [stdout] 15fabbdc3ca3b0507de382701421582436de65ca8fb338b331663d2ded274c9c
[INFO] running `Command { std: "docker" "start" "-a" "15fabbdc3ca3b0507de382701421582436de65ca8fb338b331663d2ded274c9c", kill_on_drop: false }`
[INFO] [stderr]    Compiling memchr v2.7.4
[INFO] [stderr]    Compiling cfg-if v1.0.0
[INFO] [stderr]    Compiling itoa v1.0.11
[INFO] [stderr]    Compiling bytes v1.8.0
[INFO] [stderr]    Compiling pin-project-lite v0.2.15
[INFO] [stderr]    Compiling syn v2.0.86
[INFO] [stderr]    Compiling serde v1.0.214
[INFO] [stderr]    Compiling futures-core v0.3.31
[INFO] [stderr]    Compiling getrandom v0.2.15
[INFO] [stderr]    Compiling equivalent v1.0.1
[INFO] [stderr]    Compiling futures-sink v0.3.31
[INFO] [stderr]    Compiling hashbrown v0.15.0
[INFO] [stderr]    Compiling mio v1.0.2
[INFO] [stderr]    Compiling socket2 v0.5.7
[INFO] [stderr]    Compiling signal-hook-registry v1.4.2
[INFO] [stderr]    Compiling ring v0.17.8
[INFO] [stderr]    Compiling futures-channel v0.3.31
[INFO] [stderr]    Compiling indexmap v2.6.0
[INFO] [stderr]    Compiling tracing-core v0.1.32
[INFO] [stderr]    Compiling pin-utils v0.1.0
[INFO] [stderr]    Compiling futures-task v0.3.31
[INFO] [stderr]    Compiling futures-io v0.3.31
[INFO] [stderr]    Compiling num-traits v0.2.19
[INFO] [stderr]    Compiling untrusted v0.9.0
[INFO] [stderr]    Compiling spin v0.9.8
[INFO] [stderr]    Compiling version_check v0.9.5
[INFO] [stderr]    Compiling tower-service v0.3.3
[INFO] [stderr]    Compiling serde_json v1.0.132
[INFO] [stderr]    Compiling want v0.3.1
[INFO] [stderr]    Compiling http v0.2.12
[INFO] [stderr]    Compiling tinyvec_macros v0.1.1
[INFO] [stderr]    Compiling tinyvec v1.8.0
[INFO] [stderr]    Compiling percent-encoding v2.3.1
[INFO] [stderr]    Compiling unicode-bidi v0.3.17
[INFO] [stderr]    Compiling form_urlencoded v1.2.1
[INFO] [stderr]    Compiling openssl-probe v0.1.5
[INFO] [stderr]    Compiling iana-time-zone v0.1.61
[INFO] [stderr]    Compiling base64 v0.21.7
[INFO] [stderr]    Compiling smallvec v1.13.2
[INFO] [stderr]    Compiling zeroize v1.8.1
[INFO] [stderr]    Compiling syn v1.0.109
[INFO] [stderr]    Compiling unicode-normalization v0.1.24
[INFO] [stderr]    Compiling http-body v0.4.6
[INFO] [stderr]    Compiling rustls v0.21.12
[INFO] [stderr]    Compiling http v1.1.0
[INFO] [stderr]    Compiling mime v0.3.17
[INFO] [stderr]    Compiling rustls-pki-types v1.10.0
[INFO] [stderr]    Compiling httpdate v1.0.3
[INFO] [stderr]    Compiling typenum v1.17.0
[INFO] [stderr]    Compiling idna v0.5.0
[INFO] [stderr]    Compiling ordered-float v2.10.1
[INFO] [stderr]    Compiling rustls-pemfile v1.0.4
[INFO] [stderr]    Compiling generic-array v0.14.7
[INFO] [stderr]    Compiling url v2.5.2
[INFO] [stderr]    Compiling rand_core v0.6.4
[INFO] [stderr]    Compiling serde_derive_internals v0.29.1
[INFO] [stderr]    Compiling lock_api v0.4.12
[INFO] [stderr]    Compiling k8s-openapi v0.19.0
[INFO] [stderr]    Compiling parking_lot_core v0.9.10
[INFO] [stderr]    Compiling schemars v0.8.21
[INFO] [stderr]    Compiling rustls-native-certs v0.6.3
[INFO] [stderr]    Compiling http-body v1.0.1
[INFO] [stderr]    Compiling ahash v0.8.11
[INFO] [stderr]    Compiling tower-layer v0.3.3
[INFO] [stderr]    Compiling dyn-clone v1.0.17
[INFO] [stderr]    Compiling atomic-waker v1.1.2
[INFO] [stderr]    Compiling strsim v0.10.0
[INFO] [stderr]    Compiling ident_case v1.0.1
[INFO] [stderr]    Compiling rustls v0.23.16
[INFO] [stderr]    Compiling base64 v0.13.1
[INFO] [stderr]    Compiling bitflags v2.6.0
[INFO] [stderr]    Compiling subtle v2.6.1
[INFO] [stderr]    Compiling http-range-header v0.3.1
[INFO] [stderr]    Compiling unsafe-libyaml v0.2.11
[INFO] [stderr]    Compiling pem v1.1.1
[INFO] [stderr]    Compiling parking_lot v0.12.3
[INFO] [stderr]    Compiling rustls-pemfile v2.2.0
[INFO] [stderr]    Compiling rustls-webpki v0.101.7
[INFO] [stderr]    Compiling sct v0.7.1
[INFO] [stderr]    Compiling rustls-webpki v0.102.8
[INFO] [stderr]    Compiling serde_derive v1.0.214
[INFO] [stderr]    Compiling tokio-macros v2.4.0
[INFO] [stderr]    Compiling futures-macro v0.3.31
[INFO] [stderr]    Compiling tokio v1.41.0
[INFO] [stderr]    Compiling tracing-attributes v0.1.27
[INFO] [stderr]    Compiling zerocopy-derive v0.7.35
[INFO] [stderr]    Compiling futures-util v0.3.31
[INFO] [stderr]    Compiling zerocopy v0.7.35
[INFO] [stderr]    Compiling thiserror-impl v1.0.66
[INFO] [stderr]    Compiling tracing v0.1.40
[INFO] [stderr]    Compiling ppv-lite86 v0.2.20
[INFO] [stderr]    Compiling schemars_derive v0.8.21
[INFO] [stderr]    Compiling rand_chacha v0.3.1
[INFO] [stderr]    Compiling pin-project-internal v1.1.7
[INFO] [stderr]    Compiling rand v0.8.5
[INFO] [stderr]    Compiling thiserror v1.0.66
[INFO] [stderr]    Compiling darling_core v0.14.4
[INFO] [stderr]    Compiling pin-project v1.1.7
[INFO] [stderr]    Compiling async-trait v0.1.83
[INFO] [stderr]    Compiling futures-executor v0.3.31
[INFO] [stderr]    Compiling tower-http v0.4.4
[INFO] [stderr]    Compiling tokio-util v0.7.12
[INFO] [stderr]    Compiling tokio-rustls v0.24.1
[INFO] [stderr]    Compiling tokio-io-timeout v1.2.0
[INFO] [stderr]    Compiling futures v0.3.31
[INFO] [stderr]    Compiling aho-corasick v1.1.3
[INFO] [stderr]    Compiling instant v0.1.13
[INFO] [stderr]    Compiling h2 v0.3.26
[INFO] [stderr]    Compiling h2 v0.4.6
[INFO] [stderr]    Compiling darling_macro v0.14.4
[INFO] [stderr]    Compiling tower v0.4.13
[INFO] [stderr]    Compiling chrono v0.4.38
[INFO] [stderr]    Compiling serde-value v0.7.0
[INFO] [stderr]    Compiling json-patch v1.4.0
[INFO] [stderr]    Compiling jsonpath_lib v0.3.0
[INFO] [stderr]    Compiling serde_yaml v0.9.34+deprecated
[INFO] [stderr]    Compiling secrecy v0.8.0
[INFO] [stderr]    Compiling home v0.5.9
[INFO] [stderr]    Compiling hyper v0.14.31
[INFO] [stderr]    Compiling hyper v1.5.0
[INFO] [stderr]    Compiling base64 v0.20.0
[INFO] [stderr]    Compiling allocator-api2 v0.2.18
[INFO] [stderr]    Compiling paste v1.0.15
[INFO] [stderr]    Compiling regex-automata v0.4.8
[INFO] [stderr]    Compiling hyper-util v0.1.10
[INFO] [stderr]    Compiling hashbrown v0.14.5
[INFO] [stderr]    Compiling tokio-rustls v0.26.0
[INFO] [stderr]    Compiling darling v0.14.4
[INFO] [stderr]    Compiling serde_urlencoded v0.7.1
[INFO] [stderr]    Compiling backoff v0.4.0
[INFO] [stderr]    Compiling derivative v2.2.0
[INFO] [stderr]    Compiling rustls-native-certs v0.8.0
[INFO] [stderr]    Compiling crypto-common v0.1.6
[INFO] [stderr]    Compiling block-buffer v0.10.4
[INFO] [stderr]    Compiling regex-syntax v0.6.29
[INFO] [stderr]    Compiling gimli v0.31.1
[INFO] [stderr]    Compiling adler2 v2.0.0
[INFO] [stderr]    Compiling ipnet v2.10.1
[INFO] [stderr]    Compiling heck v0.5.0
[INFO] [stderr]    Compiling hyper-rustls v0.24.2
[INFO] [stderr]    Compiling hyper-timeout v0.4.1
[INFO] [stderr]    Compiling snafu-derive v0.8.5
[INFO] [stderr]    Compiling regex v1.11.1
[INFO] [stderr]    Compiling miniz_oxide v0.8.0
[INFO] [stderr]    Compiling regex-automata v0.1.10
[INFO] [stderr]    Compiling kube-derive v0.85.0
[INFO] [stderr]    Compiling addr2line v0.24.2
[INFO] [stderr]    Compiling digest v0.10.7
[INFO] [stderr]    Compiling hyper-rustls v0.27.3
[INFO] [stderr]    Compiling http-body-util v0.1.2
[INFO] [stderr]    Compiling object v0.36.5
[INFO] [stderr]    Compiling sync_wrapper v1.0.1
[INFO] [stderr]    Compiling same-file v1.0.6
[INFO] [stderr]    Compiling base64 v0.22.1
[INFO] [stderr]    Compiling minimal-lexical v0.2.1
[INFO] [stderr]    Compiling overload v0.1.1
[INFO] [stderr]    Compiling rustc-demangle v0.1.24
[INFO] [stderr]    Compiling anyhow v1.0.92
[INFO] [stderr]    Compiling sharded-slab v0.1.7
[INFO] [stderr]    Compiling nom v7.1.3
[INFO] [stderr]    Compiling reqwest v0.12.9
[INFO] [stderr]    Compiling nu-ansi-term v0.46.0
[INFO] [stderr]    Compiling snafu v0.8.5
[INFO] [stderr]    Compiling walkdir v2.5.0
[INFO] [stderr]    Compiling md-5 v0.10.6
[INFO] [stderr]    Compiling matchers v0.1.0
[INFO] [stderr]    Compiling clockabilly v0.1.1
[INFO] [stderr]    Compiling quick-xml v0.36.2
[INFO] [stderr]    Compiling itertools v0.13.0
[INFO] [stderr]    Compiling tracing-log v0.2.0
[INFO] [stderr]    Compiling encoding_rs v0.8.35
[INFO] [stderr]    Compiling thread_local v1.1.8
[INFO] [stderr]    Compiling sync_wrapper v0.1.2
[INFO] [stderr]    Compiling webpki-roots v0.25.4
[INFO] [stderr]    Compiling humantime v2.1.0
[INFO] [stderr]    Compiling tracing-subscriber v0.3.18
[INFO] [stderr]    Compiling reqwest v0.11.27
[INFO] [stderr]    Compiling object_store v0.11.1
[INFO] [stderr]    Compiling parse_datetime_fork v0.6.0-custom
[INFO] [stderr]    Compiling backtrace v0.3.74
[INFO] [stderr]    Compiling rmp v0.8.14
[INFO] [stderr]    Compiling kube-core v0.85.0
[INFO] [stderr]    Compiling async-recursion v1.1.1
[INFO] [stderr]    Compiling rmp-serde v1.3.0
[INFO] [stderr]    Compiling kube-client v0.85.0
[INFO] [stderr]    Compiling kube-runtime v0.85.0
[INFO] [stderr]    Compiling kube v0.85.0
[INFO] [stderr]    Compiling sk-api v1.1.1
[INFO] [stderr]    Compiling sk-core v1.1.1
[INFO] [stderr]    Compiling sk-store v1.1.1 (/opt/rustwide/workdir)
[INFO] [stderr]     Finished `dev` profile [unoptimized + debuginfo] target(s) in 53.36s
[INFO] running `Command { std: "docker" "inspect" "15fabbdc3ca3b0507de382701421582436de65ca8fb338b331663d2ded274c9c", kill_on_drop: false }`
[INFO] running `Command { std: "docker" "rm" "-f" "15fabbdc3ca3b0507de382701421582436de65ca8fb338b331663d2ded274c9c", kill_on_drop: false }`
[INFO] [stdout] 15fabbdc3ca3b0507de382701421582436de65ca8fb338b331663d2ded274c9c
[INFO] running `Command { std: "docker" "create" "-v" "/var/lib/crater-agent-workspace/builds/worker-6-tc1/target:/opt/rustwide/target:rw,Z" "-v" "/var/lib/crater-agent-workspace/builds/worker-6-tc1/source:/opt/rustwide/workdir:ro,Z" "-v" "/var/lib/crater-agent-workspace/cargo-home:/opt/rustwide/cargo-home:ro,Z" "-v" "/var/lib/crater-agent-workspace/rustup-home:/opt/rustwide/rustup-home:ro,Z" "-e" "SOURCE_DIR=/opt/rustwide/workdir" "-e" "CARGO_TARGET_DIR=/opt/rustwide/target" "-e" "CARGO_INCREMENTAL=0" "-e" "RUST_BACKTRACE=full" "-e" "RUSTFLAGS=--cap-lints=forbid" "-e" "RUSTDOCFLAGS=--cap-lints=forbid" "-e" "CARGO_HOME=/opt/rustwide/cargo-home" "-e" "RUSTUP_HOME=/opt/rustwide/rustup-home" "-w" "/opt/rustwide/workdir" "-m" "1610612736" "--user" "0:0" "--network" "none" "ghcr.io/rust-lang/crates-build-env/linux@sha256:4a844ea9eb2546a2d2c7022eacef16ef2e8229c7fbb2c7d4d55a9ceca922f72d" "/opt/rustwide/cargo-home/bin/cargo" "+nightly-2024-10-28" "test" "--frozen" "--no-run" "--message-format=json", kill_on_drop: false }`
[INFO] [stdout] 89018addc131fd5a09761ca3dc210ecf1432e3b18854b7a322953093791309ff
[INFO] running `Command { std: "docker" "start" "-a" "89018addc131fd5a09761ca3dc210ecf1432e3b18854b7a322953093791309ff", kill_on_drop: false }`
[INFO] [stderr]    Compiling sk-store v1.1.1 (/opt/rustwide/workdir)
[INFO] [stdout] error[E0432]: unresolved import `clockabilly::mock`
[INFO] [stdout]   --> src/watchers/tests/pod_watcher_test.rs:7:18
[INFO] [stdout]    |
[INFO] [stdout] 7  | use clockabilly::mock::MockUtcClock;
[INFO] [stdout]    |                  ^^^^ could not find `mock` in `clockabilly`
[INFO] [stdout]    |
[INFO] [stdout] note: found an item that was configured out
[INFO] [stdout]   --> /opt/rustwide/cargo-home/registry/src/index.crates.io-6f17d22bba15001f/clockabilly-0.1.1/src/lib.rs:34:9
[INFO] [stdout]    |
[INFO] [stdout] 34 | pub mod mock {
[INFO] [stdout]    |         ^^^^
[INFO] [stdout] note: the item is gated behind the `mock` feature
[INFO] [stdout]   --> /opt/rustwide/cargo-home/registry/src/index.crates.io-6f17d22bba15001f/clockabilly-0.1.1/src/lib.rs:33:7
[INFO] [stdout]    |
[INFO] [stdout] 33 | #[cfg(feature = "mock")]
[INFO] [stdout]    |       ^^^^^^^^^^^^^^^^
[INFO] [stdout] 
[INFO] [stdout] 
[INFO] [stdout] error[E0432]: unresolved import `sk_core::k8s::testutils`
[INFO] [stdout]  --> src/watchers/tests/mod.rs:4:19
[INFO] [stdout]   |
[INFO] [stdout] 4 | use sk_core::k8s::testutils::*;
[INFO] [stdout]   |                   ^^^^^^^^^ could not find `testutils` in `k8s`
[INFO] [stdout] 
[INFO] [stdout] 
[INFO] [stdout] error[E0432]: unresolved import `clockabilly::mock`
[INFO] [stdout]   --> src/tests/import_export_test.rs:6:18
[INFO] [stdout]    |
[INFO] [stdout] 6  | use clockabilly::mock::MockUtcClock;
[INFO] [stdout]    |                  ^^^^ could not find `mock` in `clockabilly`
[INFO] [stdout]    |
[INFO] [stdout] note: found an item that was configured out
[INFO] [stdout]   --> /opt/rustwide/cargo-home/registry/src/index.crates.io-6f17d22bba15001f/clockabilly-0.1.1/src/lib.rs:34:9
[INFO] [stdout]    |
[INFO] [stdout] 34 | pub mod mock {
[INFO] [stdout]    |         ^^^^
[INFO] [stdout] note: the item is gated behind the `mock` feature
[INFO] [stdout]   --> /opt/rustwide/cargo-home/registry/src/index.crates.io-6f17d22bba15001f/clockabilly-0.1.1/src/lib.rs:33:7
[INFO] [stdout]    |
[INFO] [stdout] 33 | #[cfg(feature = "mock")]
[INFO] [stdout]    |       ^^^^^^^^^^^^^^^^
[INFO] [stdout] 
[INFO] [stdout] 
[INFO] [stdout] error[E0432]: unresolved import `sk_core::k8s::testutils`
[INFO] [stdout]  --> src/tests/mod.rs:6:19
[INFO] [stdout]   |
[INFO] [stdout] 6 | use sk_core::k8s::testutils::*;
[INFO] [stdout]   |                   ^^^^^^^^^ could not find `testutils` in `k8s`
[INFO] [stdout] 
[INFO] [stdout] 
[INFO] [stdout] error[E0432]: unresolved import `crate::mock`
[INFO] [stdout]   --> src/watchers/tests/pod_watcher_test.rs:23:12
[INFO] [stdout]    |
[INFO] [stdout] 23 | use crate::mock::MockTraceStore;
[INFO] [stdout]    |            ^^^^ could not find `mock` in the crate root
[INFO] [stdout]    |
[INFO] [stdout] note: found an item that was configured out
[INFO] [stdout]   --> src/lib.rs:64:9
[INFO] [stdout]    |
[INFO] [stdout] 64 | pub mod mock {
[INFO] [stdout]    |         ^^^^
[INFO] [stdout] note: the item is gated behind the `testutils` feature
[INFO] [stdout]   --> src/lib.rs:63:7
[INFO] [stdout]    |
[INFO] [stdout] 63 | #[cfg(feature = "testutils")]
[INFO] [stdout]    |       ^^^^^^^^^^^^^^^^^^^^^
[INFO] [stdout] 
[INFO] [stdout] 
[INFO] [stdout] error[E0432]: unresolved import `mockall`
[INFO] [stdout]   --> src/watchers/tests/pod_watcher_test.rs:13:5
[INFO] [stdout]    |
[INFO] [stdout] 13 | use mockall::predicate;
[INFO] [stdout]    |     ^^^^^^^ use of undeclared crate or module `mockall`
[INFO] [stdout] 
[INFO] [stdout] 
[INFO] [stdout] error[E0432]: unresolved import `rstest`
[INFO] [stdout]  --> src/watchers/tests/mod.rs:3:5
[INFO] [stdout]   |
[INFO] [stdout] 3 | use rstest::*;
[INFO] [stdout]   |     ^^^^^^ use of undeclared crate or module `rstest`
[INFO] [stdout] 
[INFO] [stdout] 
[INFO] [stdout] error[E0432]: unresolved import `tracing_test`
[INFO] [stdout]  --> src/watchers/tests/mod.rs:5:5
[INFO] [stdout]   |
[INFO] [stdout] 5 | use tracing_test::traced_test;
[INFO] [stdout]   |     ^^^^^^^^^^^^ use of undeclared crate or module `tracing_test`
[INFO] [stdout] 
[INFO] [stdout] 
[INFO] [stdout] error[E0432]: unresolved import `assertables`
[INFO] [stdout]  --> src/tests/trace_store_test.rs:3:5
[INFO] [stdout]   |
[INFO] [stdout] 3 | use assertables::*;
[INFO] [stdout]   |     ^^^^^^^^^^^ use of undeclared crate or module `assertables`
[INFO] [stdout] 
[INFO] [stdout] 
[INFO] [stdout] error[E0432]: unresolved import `rstest`
[INFO] [stdout]  --> src/tests/mod.rs:5:5
[INFO] [stdout]   |
[INFO] [stdout] 5 | use rstest::*;
[INFO] [stdout]   |     ^^^^^^ use of undeclared crate or module `rstest`
[INFO] [stdout] 
[INFO] [stdout] 
[INFO] [stdout] error[E0432]: unresolved import `tracing_test`
[INFO] [stdout]  --> src/tests/mod.rs:7:5
[INFO] [stdout]   |
[INFO] [stdout] 7 | use tracing_test::traced_test;
[INFO] [stdout]   |     ^^^^^^^^^^^^ use of undeclared crate or module `tracing_test`
[INFO] [stdout] 
[INFO] [stdout] 
[INFO] [stdout] error[E0433]: failed to resolve: use of undeclared crate or module `tokio`
[INFO] [stdout]   --> src/watchers/tests/pod_watcher_test.rs:72:3
[INFO] [stdout]    |
[INFO] [stdout] 72 | #[tokio::test]
[INFO] [stdout]    |   ^^^^^ use of undeclared crate or module `tokio`
[INFO] [stdout] 
[INFO] [stdout] 
[INFO] [stdout] error[E0433]: failed to resolve: use of undeclared crate or module `tokio`
[INFO] [stdout]   --> src/watchers/tests/pod_watcher_test.rs:86:3
[INFO] [stdout]    |
[INFO] [stdout] 86 | #[tokio::test]
[INFO] [stdout]    |   ^^^^^ use of undeclared crate or module `tokio`
[INFO] [stdout] 
[INFO] [stdout] 
[INFO] [stdout] error[E0433]: failed to resolve: use of undeclared crate or module `case`
[INFO] [stdout]    --> src/watchers/tests/pod_watcher_test.rs:101:3
[INFO] [stdout]     |
[INFO] [stdout] 101 | #[case::same_ts(START_TS)]
[INFO] [stdout]     |   ^^^^ use of undeclared crate or module `case`
[INFO] [stdout] 
[INFO] [stdout] 
[INFO] [stdout] error[E0433]: failed to resolve: use of undeclared crate or module `case`
[INFO] [stdout]    --> src/watchers/tests/pod_watcher_test.rs:102:3
[INFO] [stdout]     |
[INFO] [stdout] 102 | #[case::diff_ts(5555)]
[INFO] [stdout]     |   ^^^^ use of undeclared crate or module `case`
[INFO] [stdout] 
[INFO] [stdout] 
[INFO] [stdout] error[E0433]: failed to resolve: use of undeclared crate or module `tokio`
[INFO] [stdout]    --> src/watchers/tests/pod_watcher_test.rs:104:3
[INFO] [stdout]     |
[INFO] [stdout] 104 | #[tokio::test]
[INFO] [stdout]     |   ^^^^^ use of undeclared crate or module `tokio`
[INFO] [stdout] 
[INFO] [stdout] 
[INFO] [stdout] error[E0433]: failed to resolve: use of undeclared crate or module `tokio`
[INFO] [stdout]    --> src/watchers/tests/pod_watcher_test.rs:124:3
[INFO] [stdout]     |
[INFO] [stdout] 124 | #[tokio::test]
[INFO] [stdout]     |   ^^^^^ use of undeclared crate or module `tokio`
[INFO] [stdout] 
[INFO] [stdout] 
[INFO] [stdout] error[E0433]: failed to resolve: use of undeclared crate or module `tokio`
[INFO] [stdout]    --> src/watchers/tests/pod_watcher_test.rs:141:3
[INFO] [stdout]     |
[INFO] [stdout] 141 | #[tokio::test]
[INFO] [stdout]     |   ^^^^^ use of undeclared crate or module `tokio`
[INFO] [stdout] 
[INFO] [stdout] 
[INFO] [stdout] error[E0433]: failed to resolve: use of undeclared crate or module `case`
[INFO] [stdout]    --> src/watchers/tests/pod_watcher_test.rs:159:3
[INFO] [stdout]     |
[INFO] [stdout] 159 | #[case::no_data(None)]
[INFO] [stdout]     |   ^^^^ use of undeclared crate or module `case`
[INFO] [stdout] 
[INFO] [stdout] 
[INFO] [stdout] error[E0433]: failed to resolve: use of undeclared crate or module `case`
[INFO] [stdout]    --> src/watchers/tests/pod_watcher_test.rs:160:3
[INFO] [stdout]     |
[INFO] [stdout] 160 | #[case::mismatched_data(Some(&PodLifecycleData::Finished(1, 2)))]
[INFO] [stdout]     |   ^^^^ use of undeclared crate or module `case`
[INFO] [stdout] 
[INFO] [stdout] 
[INFO] [stdout] error[E0433]: failed to resolve: use of undeclared crate or module `tokio`
[INFO] [stdout]    --> src/watchers/tests/pod_watcher_test.rs:162:3
[INFO] [stdout]     |
[INFO] [stdout] 162 | #[tokio::test]
[INFO] [stdout]     |   ^^^^^ use of undeclared crate or module `tokio`
[INFO] [stdout] 
[INFO] [stdout] 
[INFO] [stdout] error[E0433]: failed to resolve: use of undeclared crate or module `case`
[INFO] [stdout]    --> src/watchers/tests/pod_watcher_test.rs:182:3
[INFO] [stdout]     |
[INFO] [stdout] 182 | #[case::old_still_running(false)]
[INFO] [stdout]     |   ^^^^ use of undeclared crate or module `case`
[INFO] [stdout] 
[INFO] [stdout] 
[INFO] [stdout] error[E0433]: failed to resolve: use of undeclared crate or module `case`
[INFO] [stdout]    --> src/watchers/tests/pod_watcher_test.rs:183:3
[INFO] [stdout]     |
[INFO] [stdout] 183 | #[case::old_finished(true)]
[INFO] [stdout]     |   ^^^^ use of undeclared crate or module `case`
[INFO] [stdout] 
[INFO] [stdout] 
[INFO] [stdout] error[E0433]: failed to resolve: use of undeclared crate or module `tokio`
[INFO] [stdout]    --> src/watchers/tests/pod_watcher_test.rs:185:3
[INFO] [stdout]     |
[INFO] [stdout] 185 | #[tokio::test]
[INFO] [stdout]     |   ^^^^^ use of undeclared crate or module `tokio`
[INFO] [stdout] 
[INFO] [stdout] 
[INFO] [stdout] error[E0433]: failed to resolve: use of undeclared crate or module `tokio`
[INFO] [stdout]    --> src/watchers/tests/pod_watcher_test.rs:211:3
[INFO] [stdout]     |
[INFO] [stdout] 211 | #[tokio::test]
[INFO] [stdout]     |   ^^^^^ use of undeclared crate or module `tokio`
[INFO] [stdout] 
[INFO] [stdout] 
[INFO] [stdout] error[E0433]: failed to resolve: use of undeclared crate or module `tokio`
[INFO] [stdout]    --> src/watchers/tests/pod_watcher_test.rs:232:3
[INFO] [stdout]     |
[INFO] [stdout] 232 | #[tokio::test]
[INFO] [stdout]     |   ^^^^^ use of undeclared crate or module `tokio`
[INFO] [stdout] 
[INFO] [stdout] 
[INFO] [stdout] error[E0433]: failed to resolve: use of undeclared crate or module `tokio`
[INFO] [stdout]    --> src/watchers/tests/pod_watcher_test.rs:250:3
[INFO] [stdout]     |
[INFO] [stdout] 250 | #[tokio::test]
[INFO] [stdout]     |   ^^^^^ use of undeclared crate or module `tokio`
[INFO] [stdout] 
[INFO] [stdout] 
[INFO] [stdout] error[E0433]: failed to resolve: use of undeclared crate or module `case`
[INFO] [stdout]    --> src/tests/import_export_test.rs:126:3
[INFO] [stdout]     |
[INFO] [stdout] 126 | #[case::full_trace(None)]
[INFO] [stdout]     |   ^^^^ use of undeclared crate or module `case`
[INFO] [stdout] 
[INFO] [stdout] 
[INFO] [stdout] error[E0433]: failed to resolve: use of undeclared crate or module `case`
[INFO] [stdout]    --> src/tests/import_export_test.rs:127:3
[INFO] [stdout]     |
[INFO] [stdout] 127 | #[case::partial_trace(Some("10s".into()))]
[INFO] [stdout]     |   ^^^^ use of undeclared crate or module `case`
[INFO] [stdout] 
[INFO] [stdout] 
[INFO] [stdout] error[E0433]: failed to resolve: use of undeclared crate or module `tokio`
[INFO] [stdout]    --> src/tests/import_export_test.rs:129:3
[INFO] [stdout]     |
[INFO] [stdout] 129 | #[tokio::test]
[INFO] [stdout]     |   ^^^^^ use of undeclared crate or module `tokio`
[INFO] [stdout] 
[INFO] [stdout] 
[INFO] [stdout] error[E0433]: failed to resolve: use of undeclared crate or module `case`
[INFO] [stdout]    --> src/tests/trace_store_test.rs:323:3
[INFO] [stdout]     |
[INFO] [stdout] 323 | #[case::track_lifecycle(true)]
[INFO] [stdout]     |   ^^^^ use of undeclared crate or module `case`
[INFO] [stdout] 
[INFO] [stdout] 
[INFO] [stdout] error[E0433]: failed to resolve: use of undeclared crate or module `case`
[INFO] [stdout]    --> src/tests/trace_store_test.rs:324:3
[INFO] [stdout]     |
[INFO] [stdout] 324 | #[case::dont_track_lifecycle(false)]
[INFO] [stdout]     |   ^^^^ use of undeclared crate or module `case`
[INFO] [stdout] 
[INFO] [stdout] 
[INFO] [stdout] error: cannot find attribute `fixture` in this scope
[INFO] [stdout]   --> src/watchers/tests/pod_watcher_test.rs:28:3
[INFO] [stdout]    |
[INFO] [stdout] 28 | #[fixture]
[INFO] [stdout]    |   ^^^^^^^ help: a built-in attribute with a similar name exists: `feature`
[INFO] [stdout] 
[INFO] [stdout] 
[INFO] [stdout] error: cannot find attribute `rstest` in this scope
[INFO] [stdout]   --> src/watchers/tests/pod_watcher_test.rs:70:3
[INFO] [stdout]    |
[INFO] [stdout] 70 | #[rstest]
[INFO] [stdout]    |   ^^^^^^ help: an attribute macro with a similar name exists: `test`
[INFO] [stdout]   --> /rustc/df4ca44d3fbc9301ee17f30f4d474e6ae4b05252/library/core/src/macros/mod.rs:1679:5
[INFO] [stdout]    |
[INFO] [stdout]    = note: similarly named attribute macro `test` defined here
[INFO] [stdout] 
[INFO] [stdout] 
[INFO] [stdout] error: cannot find attribute `rstest` in this scope
[INFO] [stdout]   --> src/watchers/tests/pod_watcher_test.rs:84:3
[INFO] [stdout]    |
[INFO] [stdout] 84 | #[rstest]
[INFO] [stdout]    |   ^^^^^^ help: an attribute macro with a similar name exists: `test`
[INFO] [stdout]   --> /rustc/df4ca44d3fbc9301ee17f30f4d474e6ae4b05252/library/core/src/macros/mod.rs:1679:5
[INFO] [stdout]    |
[INFO] [stdout]    = note: similarly named attribute macro `test` defined here
[INFO] [stdout] 
[INFO] [stdout] 
[INFO] [stdout] error: cannot find attribute `rstest` in this scope
[INFO] [stdout]    --> src/watchers/tests/pod_watcher_test.rs:100:3
[INFO] [stdout]     |
[INFO] [stdout] 100 | #[rstest]
[INFO] [stdout]     |   ^^^^^^ help: an attribute macro with a similar name exists: `test`
[INFO] [stdout]    --> /rustc/df4ca44d3fbc9301ee17f30f4d474e6ae4b05252/library/core/src/macros/mod.rs:1679:5
[INFO] [stdout]     |
[INFO] [stdout]     = note: similarly named attribute macro `test` defined here
[INFO] [stdout] 
[INFO] [stdout] 
[INFO] [stdout] error: cannot find attribute `case` in this scope
[INFO] [stdout]    --> src/watchers/tests/pod_watcher_test.rs:108:7
[INFO] [stdout]     |
[INFO] [stdout] 108 |     #[case] stored_ts: i64,
[INFO] [stdout]     |       ^^^^
[INFO] [stdout] 
[INFO] [stdout] 
[INFO] [stdout] error: cannot find attribute `rstest` in this scope
[INFO] [stdout]    --> src/watchers/tests/pod_watcher_test.rs:122:3
[INFO] [stdout]     |
[INFO] [stdout] 122 | #[rstest]
[INFO] [stdout]     |   ^^^^^^ help: an attribute macro with a similar name exists: `test`
[INFO] [stdout]    --> /rustc/df4ca44d3fbc9301ee17f30f4d474e6ae4b05252/library/core/src/macros/mod.rs:1679:5
[INFO] [stdout]     |
[INFO] [stdout]     = note: similarly named attribute macro `test` defined here
[INFO] [stdout] 
[INFO] [stdout] 
[INFO] [stdout] error: cannot find attribute `rstest` in this scope
[INFO] [stdout]    --> src/watchers/tests/pod_watcher_test.rs:139:3
[INFO] [stdout]     |
[INFO] [stdout] 139 | #[rstest]
[INFO] [stdout]     |   ^^^^^^ help: an attribute macro with a similar name exists: `test`
[INFO] [stdout]    --> /rustc/df4ca44d3fbc9301ee17f30f4d474e6ae4b05252/library/core/src/macros/mod.rs:1679:5
[INFO] [stdout]     |
[INFO] [stdout]     = note: similarly named attribute macro `test` defined here
[INFO] [stdout] 
[INFO] [stdout] 
[INFO] [stdout] error: cannot find attribute `rstest` in this scope
[INFO] [stdout]    --> src/watchers/tests/pod_watcher_test.rs:158:3
[INFO] [stdout]     |
[INFO] [stdout] 158 | #[rstest]
[INFO] [stdout]     |   ^^^^^^ help: an attribute macro with a similar name exists: `test`
[INFO] [stdout]    --> /rustc/df4ca44d3fbc9301ee17f30f4d474e6ae4b05252/library/core/src/macros/mod.rs:1679:5
[INFO] [stdout]     |
[INFO] [stdout]     = note: similarly named attribute macro `test` defined here
[INFO] [stdout] 
[INFO] [stdout] 
[INFO] [stdout] error: cannot find attribute `case` in this scope
[INFO] [stdout]    --> src/watchers/tests/pod_watcher_test.rs:166:7
[INFO] [stdout]     |
[INFO] [stdout] 166 |     #[case] stored_data: Option<&PodLifecycleData>,
[INFO] [stdout]     |       ^^^^
[INFO] [stdout] 
[INFO] [stdout] 
[INFO] [stdout] error: cannot find attribute `rstest` in this scope
[INFO] [stdout]    --> src/watchers/tests/pod_watcher_test.rs:181:3
[INFO] [stdout]     |
[INFO] [stdout] 181 | #[rstest]
[INFO] [stdout]     |   ^^^^^^ help: an attribute macro with a similar name exists: `test`
[INFO] [stdout]    --> /rustc/df4ca44d3fbc9301ee17f30f4d474e6ae4b05252/library/core/src/macros/mod.rs:1679:5
[INFO] [stdout]     |
[INFO] [stdout]     = note: similarly named attribute macro `test` defined here
[INFO] [stdout] 
[INFO] [stdout] 
[INFO] [stdout] error: cannot find attribute `case` in this scope
[INFO] [stdout]    --> src/watchers/tests/pod_watcher_test.rs:189:7
[INFO] [stdout]     |
[INFO] [stdout] 189 |     #[case] old_finished: bool,
[INFO] [stdout]     |       ^^^^
[INFO] [stdout] 
[INFO] [stdout] 
[INFO] [stdout] error: cannot find attribute `rstest` in this scope
[INFO] [stdout]    --> src/watchers/tests/pod_watcher_test.rs:209:3
[INFO] [stdout]     |
[INFO] [stdout] 209 | #[rstest]
[INFO] [stdout]     |   ^^^^^^ help: an attribute macro with a similar name exists: `test`
[INFO] [stdout]    --> /rustc/df4ca44d3fbc9301ee17f30f4d474e6ae4b05252/library/core/src/macros/mod.rs:1679:5
[INFO] [stdout]     |
[INFO] [stdout]     = note: similarly named attribute macro `test` defined here
[INFO] [stdout] 
[INFO] [stdout] 
[INFO] [stdout] error: cannot find attribute `rstest` in this scope
[INFO] [stdout]    --> src/watchers/tests/pod_watcher_test.rs:230:3
[INFO] [stdout]     |
[INFO] [stdout] 230 | #[rstest]
[INFO] [stdout]     |   ^^^^^^ help: an attribute macro with a similar name exists: `test`
[INFO] [stdout]    --> /rustc/df4ca44d3fbc9301ee17f30f4d474e6ae4b05252/library/core/src/macros/mod.rs:1679:5
[INFO] [stdout]     |
[INFO] [stdout]     = note: similarly named attribute macro `test` defined here
[INFO] [stdout] 
[INFO] [stdout] 
[INFO] [stdout] error: cannot find attribute `rstest` in this scope
[INFO] [stdout]    --> src/watchers/tests/pod_watcher_test.rs:248:3
[INFO] [stdout]     |
[INFO] [stdout] 248 | #[rstest]
[INFO] [stdout]     |   ^^^^^^ help: an attribute macro with a similar name exists: `test`
[INFO] [stdout]    --> /rustc/df4ca44d3fbc9301ee17f30f4d474e6ae4b05252/library/core/src/macros/mod.rs:1679:5
[INFO] [stdout]     |
[INFO] [stdout]     = note: similarly named attribute macro `test` defined here
[INFO] [stdout] 
[INFO] [stdout] 
[INFO] [stdout] error: cannot find attribute `rstest` in this scope
[INFO] [stdout]    --> src/tests/import_export_test.rs:125:3
[INFO] [stdout]     |
[INFO] [stdout] 125 | #[rstest]
[INFO] [stdout]     |   ^^^^^^ help: an attribute macro with a similar name exists: `test`
[INFO] [stdout]    --> /rustc/df4ca44d3fbc9301ee17f30f4d474e6ae4b05252/library/core/src/macros/mod.rs:1679:5
[INFO] [stdout]     |
[INFO] [stdout]     = note: similarly named attribute macro `test` defined here
[INFO] [stdout] 
[INFO] [stdout] 
[INFO] [stdout] error: cannot find attribute `case` in this scope
[INFO] [stdout]    --> src/tests/import_export_test.rs:130:25
[INFO] [stdout]     |
[INFO] [stdout] 130 | async fn itest_export(#[case] duration: Option<String>) {
[INFO] [stdout]     |                         ^^^^
[INFO] [stdout] 
[INFO] [stdout] 
[INFO] [stdout] error: cannot find attribute `fixture` in this scope
[INFO] [stdout]   --> src/tests/pod_owners_map_test.rs:13:3
[INFO] [stdout]    |
[INFO] [stdout] 13 | #[fixture]
[INFO] [stdout]    |   ^^^^^^^ help: a built-in attribute with a similar name exists: `feature`
[INFO] [stdout] 
[INFO] [stdout] 
[INFO] [stdout] error: cannot find attribute `rstest` in this scope
[INFO] [stdout]   --> src/tests/pod_owners_map_test.rs:18:3
[INFO] [stdout]    |
[INFO] [stdout] 18 | #[rstest]
[INFO] [stdout]    |   ^^^^^^ help: an attribute macro with a similar name exists: `test`
[INFO] [stdout]   --> /rustc/df4ca44d3fbc9301ee17f30f4d474e6ae4b05252/library/core/src/macros/mod.rs:1679:5
[INFO] [stdout]    |
[INFO] [stdout]    = note: similarly named attribute macro `test` defined here
[INFO] [stdout] 
[INFO] [stdout] 
[INFO] [stdout] error: cannot find attribute `rstest` in this scope
[INFO] [stdout]   --> src/tests/pod_owners_map_test.rs:37:3
[INFO] [stdout]    |
[INFO] [stdout] 37 | #[rstest]
[INFO] [stdout]    |   ^^^^^^ help: an attribute macro with a similar name exists: `test`
[INFO] [stdout]   --> /rustc/df4ca44d3fbc9301ee17f30f4d474e6ae4b05252/library/core/src/macros/mod.rs:1679:5
[INFO] [stdout]    |
[INFO] [stdout]    = note: similarly named attribute macro `test` defined here
[INFO] [stdout] 
[INFO] [stdout] 
[INFO] [stdout] error: cannot find attribute `rstest` in this scope
[INFO] [stdout]   --> src/tests/pod_owners_map_test.rs:62:3
[INFO] [stdout]    |
[INFO] [stdout] 62 | #[rstest]
[INFO] [stdout]    |   ^^^^^^ help: an attribute macro with a similar name exists: `test`
[INFO] [stdout]   --> /rustc/df4ca44d3fbc9301ee17f30f4d474e6ae4b05252/library/core/src/macros/mod.rs:1679:5
[INFO] [stdout]    |
[INFO] [stdout]    = note: similarly named attribute macro `test` defined here
[INFO] [stdout] 
[INFO] [stdout] 
[INFO] [stdout] error: cannot find attribute `rstest` in this scope
[INFO] [stdout]   --> src/tests/pod_owners_map_test.rs:83:3
[INFO] [stdout]    |
[INFO] [stdout] 83 | #[rstest]
[INFO] [stdout]    |   ^^^^^^ help: an attribute macro with a similar name exists: `test`
[INFO] [stdout]   --> /rustc/df4ca44d3fbc9301ee17f30f4d474e6ae4b05252/library/core/src/macros/mod.rs:1679:5
[INFO] [stdout]    |
[INFO] [stdout]    = note: similarly named attribute macro `test` defined here
[INFO] [stdout] 
[INFO] [stdout] 
[INFO] [stdout] error: cannot find attribute `fixture` in this scope
[INFO] [stdout]   --> src/tests/trace_store_test.rs:15:3
[INFO] [stdout]    |
[INFO] [stdout] 15 | #[fixture]
[INFO] [stdout]    |   ^^^^^^^ help: a built-in attribute with a similar name exists: `feature`
[INFO] [stdout] 
[INFO] [stdout] 
[INFO] [stdout] error: cannot find attribute `fixture` in this scope
[INFO] [stdout]   --> src/tests/trace_store_test.rs:28:3
[INFO] [stdout]    |
[INFO] [stdout] 28 | #[fixture]
[INFO] [stdout]    |   ^^^^^^^ help: a built-in attribute with a similar name exists: `feature`
[INFO] [stdout] 
[INFO] [stdout] 
[INFO] [stdout] error: cannot find attribute `default` in this scope
[INFO] [stdout]   --> src/tests/trace_store_test.rs:29:15
[INFO] [stdout]    |
[INFO] [stdout] 29 | fn test_obj(#[default("obj")] name: &str) -> DynamicObject {
[INFO] [stdout]    |               ^^^^^^^
[INFO] [stdout] 
[INFO] [stdout] 
[INFO] [stdout] error: cannot find attribute `fixture` in this scope
[INFO] [stdout]   --> src/tests/trace_store_test.rs:41:3
[INFO] [stdout]    |
[INFO] [stdout] 41 | #[fixture]
[INFO] [stdout]    |   ^^^^^^^ help: a built-in attribute with a similar name exists: `feature`
[INFO] [stdout] 
[INFO] [stdout] 
[INFO] [stdout] error: cannot find attribute `rstest` in this scope
[INFO] [stdout]   --> src/tests/trace_store_test.rs:51:3
[INFO] [stdout]    |
[INFO] [stdout] 51 | #[rstest]
[INFO] [stdout]    |   ^^^^^^ help: an attribute macro with a similar name exists: `test`
[INFO] [stdout]   --> /rustc/df4ca44d3fbc9301ee17f30f4d474e6ae4b05252/library/core/src/macros/mod.rs:1679:5
[INFO] [stdout]    |
[INFO] [stdout]    = note: similarly named attribute macro `test` defined here
[INFO] [stdout] 
[INFO] [stdout] 
[INFO] [stdout] error: cannot find attribute `rstest` in this scope
[INFO] [stdout]   --> src/tests/trace_store_test.rs:57:3
[INFO] [stdout]    |
[INFO] [stdout] 57 | #[rstest]
[INFO] [stdout]    |   ^^^^^^ help: an attribute macro with a similar name exists: `test`
[INFO] [stdout]   --> /rustc/df4ca44d3fbc9301ee17f30f4d474e6ae4b05252/library/core/src/macros/mod.rs:1679:5
[INFO] [stdout]    |
[INFO] [stdout]    = note: similarly named attribute macro `test` defined here
[INFO] [stdout] 
[INFO] [stdout] 
[INFO] [stdout] error: cannot find attribute `rstest` in this scope
[INFO] [stdout]   --> src/tests/trace_store_test.rs:64:3
[INFO] [stdout]    |
[INFO] [stdout] 64 | #[rstest]
[INFO] [stdout]    |   ^^^^^^ help: an attribute macro with a similar name exists: `test`
[INFO] [stdout]   --> /rustc/df4ca44d3fbc9301ee17f30f4d474e6ae4b05252/library/core/src/macros/mod.rs:1679:5
[INFO] [stdout]    |
[INFO] [stdout]    = note: similarly named attribute macro `test` defined here
[INFO] [stdout] 
[INFO] [stdout] 
[INFO] [stdout] error: cannot find attribute `rstest` in this scope
[INFO] [stdout]   --> src/tests/trace_store_test.rs:79:3
[INFO] [stdout]    |
[INFO] [stdout] 79 | #[rstest]
[INFO] [stdout]    |   ^^^^^^ help: an attribute macro with a similar name exists: `test`
[INFO] [stdout]   --> /rustc/df4ca44d3fbc9301ee17f30f4d474e6ae4b05252/library/core/src/macros/mod.rs:1679:5
[INFO] [stdout]    |
[INFO] [stdout]    = note: similarly named attribute macro `test` defined here
[INFO] [stdout] 
[INFO] [stdout] 
[INFO] [stdout] error: cannot find attribute `rstest` in this scope
[INFO] [stdout]    --> src/tests/trace_store_test.rs:105:3
[INFO] [stdout]     |
[INFO] [stdout] 105 | #[rstest]
[INFO] [stdout]     |   ^^^^^^ help: an attribute macro with a similar name exists: `test`
[INFO] [stdout]    --> /rustc/df4ca44d3fbc9301ee17f30f4d474e6ae4b05252/library/core/src/macros/mod.rs:1679:5
[INFO] [stdout]     |
[INFO] [stdout]     = note: similarly named attribute macro `test` defined here
[INFO] [stdout] 
[INFO] [stdout] 
[INFO] [stdout] error: cannot find macro `assert_bag_eq` in this scope
[INFO] [stdout]    --> src/tests/trace_store_test.rs:135:5
[INFO] [stdout]     |
[INFO] [stdout] 135 |     assert_bag_eq!(keys, ["test/obj1", "test/obj2", "test/obj3"].map(|s| s.to_string()));
[INFO] [stdout]     |     ^^^^^^^^^^^^^ help: a macro with a similar name exists: `assert_eq`
[INFO] [stdout]    --> /rustc/df4ca44d3fbc9301ee17f30f4d474e6ae4b05252/library/core/src/macros/mod.rs:42:1
[INFO] [stdout]     |
[INFO] [stdout]     = note: similarly named macro `assert_eq` defined here
[INFO] [stdout] 
[INFO] [stdout] 
[INFO] [stdout] error: cannot find attribute `rstest` in this scope
[INFO] [stdout]    --> src/tests/trace_store_test.rs:138:3
[INFO] [stdout]     |
[INFO] [stdout] 138 | #[rstest]
[INFO] [stdout]     |   ^^^^^^ help: an attribute macro with a similar name exists: `test`
[INFO] [stdout]    --> /rustc/df4ca44d3fbc9301ee17f30f4d474e6ae4b05252/library/core/src/macros/mod.rs:1679:5
[INFO] [stdout]     |
[INFO] [stdout]     = note: similarly named attribute macro `test` defined here
[INFO] [stdout] 
[INFO] [stdout] 
[INFO] [stdout] error: cannot find attribute `rstest` in this scope
[INFO] [stdout]    --> src/tests/trace_store_test.rs:155:3
[INFO] [stdout]     |
[INFO] [stdout] 155 | #[rstest]
[INFO] [stdout]     |   ^^^^^^ help: an attribute macro with a similar name exists: `test`
[INFO] [stdout]    --> /rustc/df4ca44d3fbc9301ee17f30f4d474e6ae4b05252/library/core/src/macros/mod.rs:1679:5
[INFO] [stdout]     |
[INFO] [stdout]     = note: similarly named attribute macro `test` defined here
[INFO] [stdout] 
[INFO] [stdout] 
[INFO] [stdout] error: cannot find attribute `rstest` in this scope
[INFO] [stdout]    --> src/tests/trace_store_test.rs:179:3
[INFO] [stdout]     |
[INFO] [stdout] 179 | #[rstest]
[INFO] [stdout]     |   ^^^^^^ help: an attribute macro with a similar name exists: `test`
[INFO] [stdout]    --> /rustc/df4ca44d3fbc9301ee17f30f4d474e6ae4b05252/library/core/src/macros/mod.rs:1679:5
[INFO] [stdout]     |
[INFO] [stdout]     = note: similarly named attribute macro `test` defined here
[INFO] [stdout] 
[INFO] [stdout] 
[INFO] [stdout] error: cannot find attribute `rstest` in this scope
[INFO] [stdout]    --> src/tests/trace_store_test.rs:195:3
[INFO] [stdout]     |
[INFO] [stdout] 195 | #[rstest]
[INFO] [stdout]     |   ^^^^^^ help: an attribute macro with a similar name exists: `test`
[INFO] [stdout]    --> /rustc/df4ca44d3fbc9301ee17f30f4d474e6ae4b05252/library/core/src/macros/mod.rs:1679:5
[INFO] [stdout]     |
[INFO] [stdout]     = note: similarly named attribute macro `test` defined here
[INFO] [stdout] 
[INFO] [stdout] 
[INFO] [stdout] error: cannot find attribute `rstest` in this scope
[INFO] [stdout]    --> src/tests/trace_store_test.rs:216:3
[INFO] [stdout]     |
[INFO] [stdout] 216 | #[rstest]
[INFO] [stdout]     |   ^^^^^^ help: an attribute macro with a similar name exists: `test`
[INFO] [stdout]    --> /rustc/df4ca44d3fbc9301ee17f30f4d474e6ae4b05252/library/core/src/macros/mod.rs:1679:5
[INFO] [stdout]     |
[INFO] [stdout]     = note: similarly named attribute macro `test` defined here
[INFO] [stdout] 
[INFO] [stdout] 
[INFO] [stdout] error: cannot find attribute `rstest` in this scope
[INFO] [stdout]    --> src/tests/trace_store_test.rs:242:3
[INFO] [stdout]     |
[INFO] [stdout] 242 | #[rstest]
[INFO] [stdout]     |   ^^^^^^ help: an attribute macro with a similar name exists: `test`
[INFO] [stdout]    --> /rustc/df4ca44d3fbc9301ee17f30f4d474e6ae4b05252/library/core/src/macros/mod.rs:1679:5
[INFO] [stdout]     |
[INFO] [stdout]     = note: similarly named attribute macro `test` defined here
[INFO] [stdout] 
[INFO] [stdout] 
[INFO] [stdout] error: cannot find attribute `rstest` in this scope
[INFO] [stdout]    --> src/tests/trace_store_test.rs:268:3
[INFO] [stdout]     |
[INFO] [stdout] 268 | #[rstest]
[INFO] [stdout]     |   ^^^^^^ help: an attribute macro with a similar name exists: `test`
[INFO] [stdout]    --> /rustc/df4ca44d3fbc9301ee17f30f4d474e6ae4b05252/library/core/src/macros/mod.rs:1679:5
[INFO] [stdout]     |
[INFO] [stdout]     = note: similarly named attribute macro `test` defined here
[INFO] [stdout] 
[INFO] [stdout] 
[INFO] [stdout] error: cannot find attribute `rstest` in this scope
[INFO] [stdout]    --> src/tests/trace_store_test.rs:276:3
[INFO] [stdout]     |
[INFO] [stdout] 276 | #[rstest]
[INFO] [stdout]     |   ^^^^^^ help: an attribute macro with a similar name exists: `test`
[INFO] [stdout]    --> /rustc/df4ca44d3fbc9301ee17f30f4d474e6ae4b05252/library/core/src/macros/mod.rs:1679:5
[INFO] [stdout]     |
[INFO] [stdout]     = note: similarly named attribute macro `test` defined here
[INFO] [stdout] 
[INFO] [stdout] 
[INFO] [stdout] error: cannot find attribute `rstest` in this scope
[INFO] [stdout]    --> src/tests/trace_store_test.rs:305:3
[INFO] [stdout]     |
[INFO] [stdout] 305 | #[rstest]
[INFO] [stdout]     |   ^^^^^^ help: an attribute macro with a similar name exists: `test`
[INFO] [stdout]    --> /rustc/df4ca44d3fbc9301ee17f30f4d474e6ae4b05252/library/core/src/macros/mod.rs:1679:5
[INFO] [stdout]     |
[INFO] [stdout]     = note: similarly named attribute macro `test` defined here
[INFO] [stdout] 
[INFO] [stdout] 
[INFO] [stdout] error: cannot find attribute `rstest` in this scope
[INFO] [stdout]    --> src/tests/trace_store_test.rs:322:3
[INFO] [stdout]     |
[INFO] [stdout] 322 | #[rstest]
[INFO] [stdout]     |   ^^^^^^ help: an attribute macro with a similar name exists: `test`
[INFO] [stdout]    --> /rustc/df4ca44d3fbc9301ee17f30f4d474e6ae4b05252/library/core/src/macros/mod.rs:1679:5
[INFO] [stdout]     |
[INFO] [stdout]     = note: similarly named attribute macro `test` defined here
[INFO] [stdout] 
[INFO] [stdout] 
[INFO] [stdout] error: cannot find attribute `case` in this scope
[INFO] [stdout]    --> src/tests/trace_store_test.rs:329:7
[INFO] [stdout]     |
[INFO] [stdout] 329 |     #[case] track_lifecycle: bool,
[INFO] [stdout]     |       ^^^^
[INFO] [stdout] 
[INFO] [stdout] 
[INFO] [stdout] error: cannot find attribute `rstest` in this scope
[INFO] [stdout]    --> src/tests/trace_store_test.rs:349:3
[INFO] [stdout]     |
[INFO] [stdout] 349 | #[rstest]
[INFO] [stdout]     |   ^^^^^^ help: an attribute macro with a similar name exists: `test`
[INFO] [stdout]    --> /rustc/df4ca44d3fbc9301ee17f30f4d474e6ae4b05252/library/core/src/macros/mod.rs:1679:5
[INFO] [stdout]     |
[INFO] [stdout]     = note: similarly named attribute macro `test` defined here
[INFO] [stdout] 
[INFO] [stdout] 
[INFO] [stdout] error: cannot find attribute `rstest` in this scope
[INFO] [stdout]    --> src/tests/trace_store_test.rs:379:3
[INFO] [stdout]     |
[INFO] [stdout] 379 | #[rstest]
[INFO] [stdout]     |   ^^^^^^ help: an attribute macro with a similar name exists: `test`
[INFO] [stdout]    --> /rustc/df4ca44d3fbc9301ee17f30f4d474e6ae4b05252/library/core/src/macros/mod.rs:1679:5
[INFO] [stdout]     |
[INFO] [stdout]     = note: similarly named attribute macro `test` defined here
[INFO] [stdout] 
[INFO] [stdout] 
[INFO] [stdout] Some errors have detailed explanations: E0432, E0433.
[INFO] [stdout] 
[INFO] [stdout] For more information about an error, try `rustc --explain E0432`.
[INFO] [stdout] 
[INFO] [stderr] error: could not compile `sk-store` (lib test) due to 76 previous errors
[INFO] running `Command { std: "docker" "inspect" "89018addc131fd5a09761ca3dc210ecf1432e3b18854b7a322953093791309ff", kill_on_drop: false }`
[INFO] running `Command { std: "docker" "rm" "-f" "89018addc131fd5a09761ca3dc210ecf1432e3b18854b7a322953093791309ff", kill_on_drop: false }`
[INFO] [stdout] 89018addc131fd5a09761ca3dc210ecf1432e3b18854b7a322953093791309ff
