[INFO] fetching crate singleton-attr 0.1.8...
[INFO] testing singleton-attr-0.1.8 against nightly-2024-10-28 for randomize-layout
[INFO] extracting crate singleton-attr 0.1.8 into /workspace/builds/worker-7-tc1/source
[INFO] validating manifest of crates.io crate singleton-attr 0.1.8 on toolchain nightly-2024-10-28
[INFO] running `Command { std: CARGO_HOME="/workspace/cargo-home" RUSTUP_HOME="/workspace/rustup-home" "/workspace/cargo-home/bin/cargo" "+nightly-2024-10-28" "metadata" "--manifest-path" "Cargo.toml" "--no-deps", kill_on_drop: false }`
[INFO] started tweaking crates.io crate singleton-attr 0.1.8
[INFO] removed 0 missing examples
[INFO] finished tweaking crates.io crate singleton-attr 0.1.8
[INFO] tweaked toml for crates.io crate singleton-attr 0.1.8 written to /workspace/builds/worker-7-tc1/source/Cargo.toml
[INFO] crate crates.io crate singleton-attr 0.1.8 already has a lockfile, it will not be regenerated
[INFO] running `Command { std: CARGO_HOME="/workspace/cargo-home" RUSTUP_HOME="/workspace/rustup-home" "/workspace/cargo-home/bin/cargo" "+nightly-2024-10-28" "fetch" "--manifest-path" "Cargo.toml", kill_on_drop: false }`
[INFO] [stderr]     Updating crates.io index
[INFO] [stderr]  Downloading crates ...
[INFO] [stderr]   Downloaded singleton-attr-proc-macro v0.1.8
[INFO] running `Command { std: "docker" "create" "-v" "/var/lib/crater-agent-workspace/builds/worker-7-tc1/target:/opt/rustwide/target:rw,Z" "-v" "/var/lib/crater-agent-workspace/builds/worker-7-tc1/source:/opt/rustwide/workdir:ro,Z" "-v" "/var/lib/crater-agent-workspace/cargo-home:/opt/rustwide/cargo-home:ro,Z" "-v" "/var/lib/crater-agent-workspace/rustup-home:/opt/rustwide/rustup-home:ro,Z" "-e" "SOURCE_DIR=/opt/rustwide/workdir" "-e" "CARGO_TARGET_DIR=/opt/rustwide/target" "-e" "CARGO_HOME=/opt/rustwide/cargo-home" "-e" "RUSTUP_HOME=/opt/rustwide/rustup-home" "-w" "/opt/rustwide/workdir" "-m" "1610612736" "--user" "0:0" "--network" "none" "ghcr.io/rust-lang/crates-build-env/linux@sha256:4a844ea9eb2546a2d2c7022eacef16ef2e8229c7fbb2c7d4d55a9ceca922f72d" "/opt/rustwide/cargo-home/bin/cargo" "+nightly-2024-10-28" "metadata" "--no-deps" "--format-version=1", kill_on_drop: false }`
[INFO] [stdout] 5d991bcfe14160d0de28766a0b2f85d4220f0ae3f89cb11a551b0dc712c04cb7
[INFO] running `Command { std: "docker" "start" "-a" "5d991bcfe14160d0de28766a0b2f85d4220f0ae3f89cb11a551b0dc712c04cb7", kill_on_drop: false }`
[INFO] running `Command { std: "docker" "inspect" "5d991bcfe14160d0de28766a0b2f85d4220f0ae3f89cb11a551b0dc712c04cb7", kill_on_drop: false }`
[INFO] running `Command { std: "docker" "rm" "-f" "5d991bcfe14160d0de28766a0b2f85d4220f0ae3f89cb11a551b0dc712c04cb7", kill_on_drop: false }`
[INFO] [stdout] 5d991bcfe14160d0de28766a0b2f85d4220f0ae3f89cb11a551b0dc712c04cb7
[INFO] running `Command { std: "docker" "create" "-v" "/var/lib/crater-agent-workspace/builds/worker-7-tc1/target:/opt/rustwide/target:rw,Z" "-v" "/var/lib/crater-agent-workspace/builds/worker-7-tc1/source:/opt/rustwide/workdir:ro,Z" "-v" "/var/lib/crater-agent-workspace/cargo-home:/opt/rustwide/cargo-home:ro,Z" "-v" "/var/lib/crater-agent-workspace/rustup-home:/opt/rustwide/rustup-home:ro,Z" "-e" "SOURCE_DIR=/opt/rustwide/workdir" "-e" "CARGO_TARGET_DIR=/opt/rustwide/target" "-e" "CARGO_INCREMENTAL=0" "-e" "RUST_BACKTRACE=full" "-e" "RUSTFLAGS=--cap-lints=forbid" "-e" "RUSTDOCFLAGS=--cap-lints=forbid" "-e" "CARGO_HOME=/opt/rustwide/cargo-home" "-e" "RUSTUP_HOME=/opt/rustwide/rustup-home" "-w" "/opt/rustwide/workdir" "-m" "1610612736" "--user" "0:0" "--network" "none" "ghcr.io/rust-lang/crates-build-env/linux@sha256:4a844ea9eb2546a2d2c7022eacef16ef2e8229c7fbb2c7d4d55a9ceca922f72d" "/opt/rustwide/cargo-home/bin/cargo" "+nightly-2024-10-28" "build" "--frozen" "--message-format=json", kill_on_drop: false }`
[INFO] [stdout] c3d4a14250d625fe827e1210780974f6c4d3f18e7e6ade6c81c84eb96e12c5d7
[INFO] running `Command { std: "docker" "start" "-a" "c3d4a14250d625fe827e1210780974f6c4d3f18e7e6ade6c81c84eb96e12c5d7", kill_on_drop: false }`
[INFO] [stderr]    Compiling proc-macro2 v1.0.86
[INFO] [stderr]    Compiling unicode-ident v1.0.12
[INFO] [stderr]    Compiling quote v1.0.36
[INFO] [stderr]    Compiling syn v2.0.75
[INFO] [stderr]    Compiling singleton-attr-proc-macro v0.1.8
[INFO] [stderr]    Compiling singleton-attr v0.1.8 (/opt/rustwide/workdir)
[INFO] [stdout] warning: unused `#[macro_use]` import
[INFO] [stdout]  --> src/lib.rs:5:1
[INFO] [stdout]   |
[INFO] [stdout] 5 | #[macro_use]
[INFO] [stdout]   | ^^^^^^^^^^^^
[INFO] [stdout]   |
[INFO] [stdout]   = note: `#[warn(unused_imports)]` on by default
[INFO] [stdout] 
[INFO] [stdout] 
[INFO] [stderr]     Finished `dev` profile [unoptimized + debuginfo] target(s) in 4.10s
[INFO] running `Command { std: "docker" "inspect" "c3d4a14250d625fe827e1210780974f6c4d3f18e7e6ade6c81c84eb96e12c5d7", kill_on_drop: false }`
[INFO] running `Command { std: "docker" "rm" "-f" "c3d4a14250d625fe827e1210780974f6c4d3f18e7e6ade6c81c84eb96e12c5d7", kill_on_drop: false }`
[INFO] [stdout] c3d4a14250d625fe827e1210780974f6c4d3f18e7e6ade6c81c84eb96e12c5d7
[INFO] running `Command { std: "docker" "create" "-v" "/var/lib/crater-agent-workspace/builds/worker-7-tc1/target:/opt/rustwide/target:rw,Z" "-v" "/var/lib/crater-agent-workspace/builds/worker-7-tc1/source:/opt/rustwide/workdir:ro,Z" "-v" "/var/lib/crater-agent-workspace/cargo-home:/opt/rustwide/cargo-home:ro,Z" "-v" "/var/lib/crater-agent-workspace/rustup-home:/opt/rustwide/rustup-home:ro,Z" "-e" "SOURCE_DIR=/opt/rustwide/workdir" "-e" "CARGO_TARGET_DIR=/opt/rustwide/target" "-e" "CARGO_INCREMENTAL=0" "-e" "RUST_BACKTRACE=full" "-e" "RUSTFLAGS=--cap-lints=forbid" "-e" "RUSTDOCFLAGS=--cap-lints=forbid" "-e" "CARGO_HOME=/opt/rustwide/cargo-home" "-e" "RUSTUP_HOME=/opt/rustwide/rustup-home" "-w" "/opt/rustwide/workdir" "-m" "1610612736" "--user" "0:0" "--network" "none" "ghcr.io/rust-lang/crates-build-env/linux@sha256:4a844ea9eb2546a2d2c7022eacef16ef2e8229c7fbb2c7d4d55a9ceca922f72d" "/opt/rustwide/cargo-home/bin/cargo" "+nightly-2024-10-28" "test" "--frozen" "--no-run" "--message-format=json", kill_on_drop: false }`
[INFO] [stdout] daf9bd9359d11a00ab8fe913672a5458aec05d0a83ae258bfbbbfa69917b238d
[INFO] running `Command { std: "docker" "start" "-a" "daf9bd9359d11a00ab8fe913672a5458aec05d0a83ae258bfbbbfa69917b238d", kill_on_drop: false }`
[INFO] [stdout] warning: unused `#[macro_use]` import
[INFO] [stdout]  --> src/lib.rs:5:1
[INFO] [stdout]   |
[INFO] [stdout] 5 | #[macro_use]
[INFO] [stdout]   | ^^^^^^^^^^^^
[INFO] [stdout]   |
[INFO] [stdout]   = note: `#[warn(unused_imports)]` on by default
[INFO] [stdout] 
[INFO] [stdout] 
[INFO] [stderr]    Compiling singleton-attr v0.1.8 (/opt/rustwide/workdir)
[INFO] [stdout] warning: unused `#[macro_use]` import
[INFO] [stdout]  --> src/lib.rs:5:1
[INFO] [stdout]   |
[INFO] [stdout] 5 | #[macro_use]
[INFO] [stdout]   | ^^^^^^^^^^^^
[INFO] [stdout]   |
[INFO] [stdout]   = note: `#[warn(unused_imports)]` on by default
[INFO] [stdout] 
[INFO] [stdout] 
[INFO] [stdout] warning: unused import: `time`
[INFO] [stdout]  --> examples/02_threads.rs:2:19
[INFO] [stdout]   |
[INFO] [stdout] 2 | use std::{thread, time};
[INFO] [stdout]   |                   ^^^^
[INFO] [stdout]   |
[INFO] [stdout]   = note: `#[warn(unused_imports)]` on by default
[INFO] [stdout] 
[INFO] [stdout] 
[INFO] [stdout] warning: unused import: `time`
[INFO] [stdout]  --> examples/03_safe_threads.rs:5:19
[INFO] [stdout]   |
[INFO] [stdout] 5 | use std::{thread, time};
[INFO] [stdout]   |                   ^^^^
[INFO] [stdout]   |
[INFO] [stdout]   = note: `#[warn(unused_imports)]` on by default
[INFO] [stdout] 
[INFO] [stdout] 
[INFO] [stdout] error[E0433]: failed to resolve: use of undeclared crate or module `rand`
[INFO] [stdout]   --> examples/02_threads.rs:20:20
[INFO] [stdout]    |
[INFO] [stdout] 20 |         config.a = rand::random::<u32>();
[INFO] [stdout]    |                    ^^^^ use of undeclared crate or module `rand`
[INFO] [stdout] 
[INFO] [stdout] 
[INFO] [stdout] error[E0433]: failed to resolve: use of undeclared crate or module `rand`
[INFO] [stdout]   --> examples/02_threads.rs:21:20
[INFO] [stdout]    |
[INFO] [stdout] 21 |         config.b = rand::random::<u32>();
[INFO] [stdout]    |                    ^^^^ use of undeclared crate or module `rand`
[INFO] [stdout] 
[INFO] [stdout] 
[INFO] [stdout] For more information about this error, try `rustc --explain E0433`.
[INFO] [stdout] 
[INFO] [stdout] error[E0433]: failed to resolve: use of undeclared crate or module `rand`
[INFO] [stdout]   --> examples/03_safe_threads.rs:26:20
[INFO] [stdout]    |
[INFO] [stdout] 26 |         config.a = rand::random::<u32>();
[INFO] [stdout]    |                    ^^^^ use of undeclared crate or module `rand`
[INFO] [stdout] 
[INFO] [stdout] 
[INFO] [stdout] error[E0433]: failed to resolve: use of undeclared crate or module `rand`
[INFO] [stdout]   --> examples/03_safe_threads.rs:27:20
[INFO] [stdout]    |
[INFO] [stdout] 27 |         config.b = rand::random::<u32>();
[INFO] [stdout]    |                    ^^^^ use of undeclared crate or module `rand`
[INFO] [stdout] 
[INFO] [stdout] 
[INFO] [stdout] warning: unused import: `Singleton`
[INFO] [stdout]  --> examples/03_safe_threads.rs:3:29
[INFO] [stdout]   |
[INFO] [stdout] 3 |     traits::{SafeSingleton, Singleton},
[INFO] [stdout]   |                             ^^^^^^^^^
[INFO] [stdout] 
[INFO] [stdout] 
[INFO] [stderr] error: could not compile `singleton-attr` (example "02_threads") due to 2 previous errors; 1 warning emitted
[INFO] [stderr] warning: build failed, waiting for other jobs to finish...
[INFO] [stdout] For more information about this error, try `rustc --explain E0433`.
[INFO] [stdout] 
[INFO] [stderr] error: could not compile `singleton-attr` (example "03_safe_threads") due to 2 previous errors; 2 warnings emitted
[INFO] running `Command { std: "docker" "inspect" "daf9bd9359d11a00ab8fe913672a5458aec05d0a83ae258bfbbbfa69917b238d", kill_on_drop: false }`
[INFO] running `Command { std: "docker" "rm" "-f" "daf9bd9359d11a00ab8fe913672a5458aec05d0a83ae258bfbbbfa69917b238d", kill_on_drop: false }`
[INFO] [stdout] daf9bd9359d11a00ab8fe913672a5458aec05d0a83ae258bfbbbfa69917b238d
