[INFO] fetching crate simple_parse_derive 0.6.3...
[INFO] testing simple_parse_derive-0.6.3 against nightly-2024-10-28+rustflags=-Zrandomize-layout for randomize-layout
[INFO] extracting crate simple_parse_derive 0.6.3 into /workspace/builds/worker-7-tc2/source
[INFO] validating manifest of crates.io crate simple_parse_derive 0.6.3 on toolchain nightly-2024-10-28
[INFO] running `Command { std: CARGO_HOME="/workspace/cargo-home" RUSTUP_HOME="/workspace/rustup-home" "/workspace/cargo-home/bin/cargo" "+nightly-2024-10-28" "metadata" "--manifest-path" "Cargo.toml" "--no-deps", kill_on_drop: false }`
[INFO] started tweaking crates.io crate simple_parse_derive 0.6.3
[INFO] finished tweaking crates.io crate simple_parse_derive 0.6.3
[INFO] tweaked toml for crates.io crate simple_parse_derive 0.6.3 written to /workspace/builds/worker-7-tc2/source/Cargo.toml
[INFO] running `Command { std: CARGO_HOME="/workspace/cargo-home" RUSTUP_HOME="/workspace/rustup-home" "/workspace/cargo-home/bin/cargo" "+nightly-2024-10-28" "generate-lockfile" "--manifest-path" "Cargo.toml", kill_on_drop: false }`
[INFO] [stderr]     Updating crates.io index
[INFO] [stderr]      Locking 13 packages to latest compatible versions
[INFO] [stderr]       Adding syn v1.0.109 (available: v2.0.86)
[INFO] running `Command { std: CARGO_HOME="/workspace/cargo-home" RUSTUP_HOME="/workspace/rustup-home" "/workspace/cargo-home/bin/cargo" "+nightly-2024-10-28" "fetch" "--manifest-path" "Cargo.toml", kill_on_drop: false }`
[INFO] running `Command { std: "docker" "create" "-v" "/var/lib/crater-agent-workspace/builds/worker-7-tc2/target:/opt/rustwide/target:rw,Z" "-v" "/var/lib/crater-agent-workspace/builds/worker-7-tc2/source:/opt/rustwide/workdir:ro,Z" "-v" "/var/lib/crater-agent-workspace/cargo-home:/opt/rustwide/cargo-home:ro,Z" "-v" "/var/lib/crater-agent-workspace/rustup-home:/opt/rustwide/rustup-home:ro,Z" "-e" "SOURCE_DIR=/opt/rustwide/workdir" "-e" "CARGO_TARGET_DIR=/opt/rustwide/target" "-e" "CARGO_HOME=/opt/rustwide/cargo-home" "-e" "RUSTUP_HOME=/opt/rustwide/rustup-home" "-w" "/opt/rustwide/workdir" "-m" "1610612736" "--user" "0:0" "--network" "none" "ghcr.io/rust-lang/crates-build-env/linux@sha256:4a844ea9eb2546a2d2c7022eacef16ef2e8229c7fbb2c7d4d55a9ceca922f72d" "/opt/rustwide/cargo-home/bin/cargo" "+nightly-2024-10-28" "metadata" "--no-deps" "--format-version=1", kill_on_drop: false }`
[INFO] [stdout] 76a61e2fc809a8f9655ba14ac5f2c6be5a40e27c040288659dce30c0a61e6852
[INFO] running `Command { std: "docker" "start" "-a" "76a61e2fc809a8f9655ba14ac5f2c6be5a40e27c040288659dce30c0a61e6852", kill_on_drop: false }`
[INFO] running `Command { std: "docker" "inspect" "76a61e2fc809a8f9655ba14ac5f2c6be5a40e27c040288659dce30c0a61e6852", kill_on_drop: false }`
[INFO] running `Command { std: "docker" "rm" "-f" "76a61e2fc809a8f9655ba14ac5f2c6be5a40e27c040288659dce30c0a61e6852", kill_on_drop: false }`
[INFO] [stdout] 76a61e2fc809a8f9655ba14ac5f2c6be5a40e27c040288659dce30c0a61e6852
[INFO] running `Command { std: "docker" "create" "-v" "/var/lib/crater-agent-workspace/builds/worker-7-tc2/target:/opt/rustwide/target:rw,Z" "-v" "/var/lib/crater-agent-workspace/builds/worker-7-tc2/source:/opt/rustwide/workdir:ro,Z" "-v" "/var/lib/crater-agent-workspace/cargo-home:/opt/rustwide/cargo-home:ro,Z" "-v" "/var/lib/crater-agent-workspace/rustup-home:/opt/rustwide/rustup-home:ro,Z" "-e" "SOURCE_DIR=/opt/rustwide/workdir" "-e" "CARGO_TARGET_DIR=/opt/rustwide/target" "-e" "CARGO_INCREMENTAL=0" "-e" "RUST_BACKTRACE=full" "-e" "RUSTFLAGS=--cap-lints=forbid -Zrandomize-layout" "-e" "RUSTDOCFLAGS=--cap-lints=forbid" "-e" "CARGO_HOME=/opt/rustwide/cargo-home" "-e" "RUSTUP_HOME=/opt/rustwide/rustup-home" "-w" "/opt/rustwide/workdir" "-m" "1610612736" "--user" "0:0" "--network" "none" "ghcr.io/rust-lang/crates-build-env/linux@sha256:4a844ea9eb2546a2d2c7022eacef16ef2e8229c7fbb2c7d4d55a9ceca922f72d" "/opt/rustwide/cargo-home/bin/cargo" "+nightly-2024-10-28" "build" "--frozen" "--message-format=json", kill_on_drop: false }`
[INFO] [stdout] b24b22484cb7fbf6f3ec7118a3ee46c21bdbb68dbd88c7d51876eb226e622e84
[INFO] running `Command { std: "docker" "start" "-a" "b24b22484cb7fbf6f3ec7118a3ee46c21bdbb68dbd88c7d51876eb226e622e84", kill_on_drop: false }`
[INFO] [stderr]    Compiling proc-macro2 v1.0.89
[INFO] [stderr]    Compiling fnv v1.0.7
[INFO] [stderr]    Compiling strsim v0.11.1
[INFO] [stderr]    Compiling ident_case v1.0.1
[INFO] [stderr]    Compiling syn v1.0.109
[INFO] [stderr]    Compiling static_assertions v1.1.0
[INFO] [stderr]    Compiling quote v1.0.37
[INFO] [stderr]    Compiling syn v2.0.86
[INFO] [stderr]    Compiling darling_core v0.20.10
[INFO] [stderr]    Compiling darling_macro v0.20.10
[INFO] [stderr]    Compiling darling v0.20.10
[INFO] [stderr]    Compiling simple_parse_derive v0.6.3 (/opt/rustwide/workdir)
[INFO] [stdout] error[E0308]: mismatched types
[INFO] [stdout]   --> src/opt_hints.rs:39:60
[INFO] [stdout]    |
[INFO] [stdout] 39 |             let attrs = FromDeriveInput::from_derive_input(&input).unwrap();
[INFO] [stdout]    |                         ---------------------------------- ^^^^^^ expected `&DeriveInput`, found `&&mut DeriveInput`
[INFO] [stdout]    |                         |
[INFO] [stdout]    |                         arguments to this function are incorrect
[INFO] [stdout]    |
[INFO] [stdout]    = note: expected reference `&syn::derive::DeriveInput`
[INFO] [stdout]               found reference `&&mut syn::DeriveInput`
[INFO] [stdout] note: associated function defined here
[INFO] [stdout]   --> /opt/rustwide/cargo-home/registry/src/index.crates.io-6f17d22bba15001f/darling_core-0.20.10/src/from_derive_input.rs:13:8
[INFO] [stdout]    |
[INFO] [stdout] 13 |     fn from_derive_input(input: &DeriveInput) -> Result<Self>;
[INFO] [stdout]    |        ^^^^^^^^^^^^^^^^^
[INFO] [stdout] 
[INFO] [stdout] 
[INFO] [stdout] error[E0308]: mismatched types
[INFO] [stdout]   --> src/opt_hints.rs:91:66
[INFO] [stdout]    |
[INFO] [stdout] 91 |         let field_attrs: FieldAttributes = FromField::from_field(&field).unwrap();
[INFO] [stdout]    |                                            --------------------- ^^^^^^ expected `&Field`, found `&&Field`
[INFO] [stdout]    |                                            |
[INFO] [stdout]    |                                            arguments to this function are incorrect
[INFO] [stdout]    |
[INFO] [stdout]    = note: expected reference `&syn::data::Field`
[INFO] [stdout]               found reference `&&syn::Field`
[INFO] [stdout] note: associated function defined here
[INFO] [stdout]   --> /opt/rustwide/cargo-home/registry/src/index.crates.io-6f17d22bba15001f/darling_core-0.20.10/src/from_field.rs:7:8
[INFO] [stdout]    |
[INFO] [stdout] 7  |     fn from_field(field: &Field) -> Result<Self>;
[INFO] [stdout]    |        ^^^^^^^^^^
[INFO] [stdout] 
[INFO] [stdout] 
[INFO] [stdout] error[E0308]: mismatched types
[INFO] [stdout]   --> src/read.rs:40:78
[INFO] [stdout]    |
[INFO] [stdout] 40 |             let attrs: StructAttributes = FromDeriveInput::from_derive_input(&input).unwrap();
[INFO] [stdout]    |                                           ---------------------------------- ^^^^^^ expected `&DeriveInput`, found `&&mut DeriveInput`
[INFO] [stdout]    |                                           |
[INFO] [stdout]    |                                           arguments to this function are incorrect
[INFO] [stdout]    |
[INFO] [stdout]    = note: expected reference `&syn::derive::DeriveInput`
[INFO] [stdout]               found reference `&&mut syn::DeriveInput`
[INFO] [stdout] note: associated function defined here
[INFO] [stdout]   --> /opt/rustwide/cargo-home/registry/src/index.crates.io-6f17d22bba15001f/darling_core-0.20.10/src/from_derive_input.rs:13:8
[INFO] [stdout]    |
[INFO] [stdout] 13 |     fn from_derive_input(input: &DeriveInput) -> Result<Self>;
[INFO] [stdout]    |        ^^^^^^^^^^^^^^^^^
[INFO] [stdout] 
[INFO] [stdout] 
[INFO] [stdout] error[E0308]: mismatched types
[INFO] [stdout]   --> src/read.rs:58:60
[INFO] [stdout]    |
[INFO] [stdout] 58 |             let attrs = FromDeriveInput::from_derive_input(&input).unwrap();
[INFO] [stdout]    |                         ---------------------------------- ^^^^^^ expected `&DeriveInput`, found `&&mut DeriveInput`
[INFO] [stdout]    |                         |
[INFO] [stdout]    |                         arguments to this function are incorrect
[INFO] [stdout]    |
[INFO] [stdout]    = note: expected reference `&syn::derive::DeriveInput`
[INFO] [stdout]               found reference `&&mut syn::DeriveInput`
[INFO] [stdout] note: associated function defined here
[INFO] [stdout]   --> /opt/rustwide/cargo-home/registry/src/index.crates.io-6f17d22bba15001f/darling_core-0.20.10/src/from_derive_input.rs:13:8
[INFO] [stdout]    |
[INFO] [stdout] 13 |     fn from_derive_input(input: &DeriveInput) -> Result<Self>;
[INFO] [stdout]    |        ^^^^^^^^^^^^^^^^^
[INFO] [stdout] 
[INFO] [stdout] 
[INFO] [stdout] error[E0308]: mismatched types
[INFO] [stdout]    --> src/read.rs:249:66
[INFO] [stdout]     |
[INFO] [stdout] 249 |         let field_attrs: FieldAttributes = FromField::from_field(field).unwrap();
[INFO] [stdout]     |                                            --------------------- ^^^^^ expected `&Field`, found `&&Field`
[INFO] [stdout]     |                                            |
[INFO] [stdout]     |                                            arguments to this function are incorrect
[INFO] [stdout]     |
[INFO] [stdout]     = note: expected reference `&syn::data::Field`
[INFO] [stdout]                found reference `&&syn::Field`
[INFO] [stdout] note: associated function defined here
[INFO] [stdout]    --> /opt/rustwide/cargo-home/registry/src/index.crates.io-6f17d22bba15001f/darling_core-0.20.10/src/from_field.rs:7:8
[INFO] [stdout]     |
[INFO] [stdout] 7   |     fn from_field(field: &Field) -> Result<Self>;
[INFO] [stdout]     |        ^^^^^^^^^^
[INFO] [stdout] 
[INFO] [stdout] 
[INFO] [stdout] error[E0308]: mismatched types
[INFO] [stdout]    --> src/read.rs:275:66
[INFO] [stdout]     |
[INFO] [stdout] 275 |         let field_attrs: FieldAttributes = FromField::from_field(field).unwrap();
[INFO] [stdout]     |                                            --------------------- ^^^^^ expected `&Field`, found `&&Field`
[INFO] [stdout]     |                                            |
[INFO] [stdout]     |                                            arguments to this function are incorrect
[INFO] [stdout]     |
[INFO] [stdout]     = note: expected reference `&syn::data::Field`
[INFO] [stdout]                found reference `&&syn::Field`
[INFO] [stdout] note: associated function defined here
[INFO] [stdout]    --> /opt/rustwide/cargo-home/registry/src/index.crates.io-6f17d22bba15001f/darling_core-0.20.10/src/from_field.rs:7:8
[INFO] [stdout]     |
[INFO] [stdout] 7   |     fn from_field(field: &Field) -> Result<Self>;
[INFO] [stdout]     |        ^^^^^^^^^^
[INFO] [stdout] 
[INFO] [stdout] 
[INFO] [stdout] error[E0308]: mismatched types
[INFO] [stdout]    --> src/read.rs:416:70
[INFO] [stdout]     |
[INFO] [stdout] 416 |         let var_attrs: VariantAttributes = FromVariant::from_variant(&variant).unwrap();
[INFO] [stdout]     |                                            ------------------------- ^^^^^^^^ expected `&Variant`, found `&&Variant`
[INFO] [stdout]     |                                            |
[INFO] [stdout]     |                                            arguments to this function are incorrect
[INFO] [stdout]     |
[INFO] [stdout]     = note: expected reference `&syn::data::Variant`
[INFO] [stdout]                found reference `&&syn::Variant`
[INFO] [stdout] note: associated function defined here
[INFO] [stdout]    --> /opt/rustwide/cargo-home/registry/src/index.crates.io-6f17d22bba15001f/darling_core-0.20.10/src/from_variant.rs:8:8
[INFO] [stdout]     |
[INFO] [stdout] 8   |     fn from_variant(variant: &Variant) -> Result<Self>;
[INFO] [stdout]     |        ^^^^^^^^^^^^
[INFO] [stdout] 
[INFO] [stdout] 
[INFO] [stdout] error[E0308]: mismatched types
[INFO] [stdout]   --> src/write.rs:12:78
[INFO] [stdout]    |
[INFO] [stdout] 12 |             let attrs: StructAttributes = FromDeriveInput::from_derive_input(&input).unwrap();
[INFO] [stdout]    |                                           ---------------------------------- ^^^^^^ expected `&DeriveInput`, found `&&mut DeriveInput`
[INFO] [stdout]    |                                           |
[INFO] [stdout]    |                                           arguments to this function are incorrect
[INFO] [stdout]    |
[INFO] [stdout]    = note: expected reference `&syn::derive::DeriveInput`
[INFO] [stdout]               found reference `&&mut syn::DeriveInput`
[INFO] [stdout] note: associated function defined here
[INFO] [stdout]   --> /opt/rustwide/cargo-home/registry/src/index.crates.io-6f17d22bba15001f/darling_core-0.20.10/src/from_derive_input.rs:13:8
[INFO] [stdout]    |
[INFO] [stdout] 13 |     fn from_derive_input(input: &DeriveInput) -> Result<Self>;
[INFO] [stdout]    |        ^^^^^^^^^^^^^^^^^
[INFO] [stdout] 
[INFO] [stdout] 
[INFO] [stdout] error[E0308]: mismatched types
[INFO] [stdout]   --> src/write.rs:16:60
[INFO] [stdout]    |
[INFO] [stdout] 16 |             let attrs = FromDeriveInput::from_derive_input(&input).unwrap();
[INFO] [stdout]    |                         ---------------------------------- ^^^^^^ expected `&DeriveInput`, found `&&mut DeriveInput`
[INFO] [stdout]    |                         |
[INFO] [stdout]    |                         arguments to this function are incorrect
[INFO] [stdout]    |
[INFO] [stdout]    = note: expected reference `&syn::derive::DeriveInput`
[INFO] [stdout]               found reference `&&mut syn::DeriveInput`
[INFO] [stdout] note: associated function defined here
[INFO] [stdout]   --> /opt/rustwide/cargo-home/registry/src/index.crates.io-6f17d22bba15001f/darling_core-0.20.10/src/from_derive_input.rs:13:8
[INFO] [stdout]    |
[INFO] [stdout] 13 |     fn from_derive_input(input: &DeriveInput) -> Result<Self>;
[INFO] [stdout]    |        ^^^^^^^^^^^^^^^^^
[INFO] [stdout] 
[INFO] [stdout] 
[INFO] [stdout] error[E0308]: mismatched types
[INFO] [stdout]   --> src/write.rs:79:66
[INFO] [stdout]    |
[INFO] [stdout] 79 |         let field_attrs: FieldAttributes = FromField::from_field(&field).unwrap();
[INFO] [stdout]    |                                            --------------------- ^^^^^^ expected `&Field`, found `&&&Field`
[INFO] [stdout]    |                                            |
[INFO] [stdout]    |                                            arguments to this function are incorrect
[INFO] [stdout]    |
[INFO] [stdout]    = note: expected reference `&syn::data::Field`
[INFO] [stdout]               found reference `&&&syn::Field`
[INFO] [stdout] note: associated function defined here
[INFO] [stdout]   --> /opt/rustwide/cargo-home/registry/src/index.crates.io-6f17d22bba15001f/darling_core-0.20.10/src/from_field.rs:7:8
[INFO] [stdout]    |
[INFO] [stdout] 7  |     fn from_field(field: &Field) -> Result<Self>;
[INFO] [stdout]    |        ^^^^^^^^^^
[INFO] [stdout] 
[INFO] [stdout] 
[INFO] [stdout] error[E0308]: mismatched types
[INFO] [stdout]    --> src/write.rs:125:66
[INFO] [stdout]     |
[INFO] [stdout] 125 |         let field_attrs: FieldAttributes = FromField::from_field(&field).unwrap();
[INFO] [stdout]     |                                            --------------------- ^^^^^^ expected `&Field`, found `&&&Field`
[INFO] [stdout]     |                                            |
[INFO] [stdout]     |                                            arguments to this function are incorrect
[INFO] [stdout]     |
[INFO] [stdout]     = note: expected reference `&syn::data::Field`
[INFO] [stdout]                found reference `&&&syn::Field`
[INFO] [stdout] note: associated function defined here
[INFO] [stdout]    --> /opt/rustwide/cargo-home/registry/src/index.crates.io-6f17d22bba15001f/darling_core-0.20.10/src/from_field.rs:7:8
[INFO] [stdout]     |
[INFO] [stdout] 7   |     fn from_field(field: &Field) -> Result<Self>;
[INFO] [stdout]     |        ^^^^^^^^^^
[INFO] [stdout] 
[INFO] [stdout] 
[INFO] [stdout] error[E0308]: mismatched types
[INFO] [stdout]    --> src/write.rs:248:70
[INFO] [stdout]     |
[INFO] [stdout] 248 |         let var_attrs: VariantAttributes = FromVariant::from_variant(&variant).unwrap();
[INFO] [stdout]     |                                            ------------------------- ^^^^^^^^ expected `&Variant`, found `&&Variant`
[INFO] [stdout]     |                                            |
[INFO] [stdout]     |                                            arguments to this function are incorrect
[INFO] [stdout]     |
[INFO] [stdout]     = note: expected reference `&syn::data::Variant`
[INFO] [stdout]                found reference `&&syn::Variant`
[INFO] [stdout] note: associated function defined here
[INFO] [stdout]    --> /opt/rustwide/cargo-home/registry/src/index.crates.io-6f17d22bba15001f/darling_core-0.20.10/src/from_variant.rs:8:8
[INFO] [stdout]     |
[INFO] [stdout] 8   |     fn from_variant(variant: &Variant) -> Result<Self>;
[INFO] [stdout]     |        ^^^^^^^^^^^^
[INFO] [stdout] 
[INFO] [stdout] 
[INFO] [stdout] error[E0308]: mismatched types
[INFO] [stdout]    --> src/lib.rs:139:87
[INFO] [stdout]     |
[INFO] [stdout] 139 |         let var_attrs: darling::Result<VariantAttributes> = FromVariant::from_variant(&variant);
[INFO] [stdout]     |                                                             ------------------------- ^^^^^^^^ expected `&Variant`, found `&&Variant`
[INFO] [stdout]     |                                                             |
[INFO] [stdout]     |                                                             arguments to this function are incorrect
[INFO] [stdout]     |
[INFO] [stdout]     = note: expected reference `&syn::data::Variant`
[INFO] [stdout]                found reference `&&syn::Variant`
[INFO] [stdout] note: associated function defined here
[INFO] [stdout]    --> /opt/rustwide/cargo-home/registry/src/index.crates.io-6f17d22bba15001f/darling_core-0.20.10/src/from_variant.rs:8:8
[INFO] [stdout]     |
[INFO] [stdout] 8   |     fn from_variant(variant: &Variant) -> Result<Self>;
[INFO] [stdout]     |        ^^^^^^^^^^^^
[INFO] [stdout] 
[INFO] [stdout] 
[INFO] [stdout] For more information about this error, try `rustc --explain E0308`.
[INFO] [stdout] 
[INFO] [stderr] error: could not compile `simple_parse_derive` (lib) due to 13 previous errors
[INFO] running `Command { std: "docker" "inspect" "b24b22484cb7fbf6f3ec7118a3ee46c21bdbb68dbd88c7d51876eb226e622e84", kill_on_drop: false }`
[INFO] running `Command { std: "docker" "rm" "-f" "b24b22484cb7fbf6f3ec7118a3ee46c21bdbb68dbd88c7d51876eb226e622e84", kill_on_drop: false }`
[INFO] [stdout] b24b22484cb7fbf6f3ec7118a3ee46c21bdbb68dbd88c7d51876eb226e622e84
