[INFO] fetching crate simple_llama 0.1.3-b...
[INFO] testing simple_llama-0.1.3-b against nightly-2024-10-28 for randomize-layout
[INFO] extracting crate simple_llama 0.1.3-b into /workspace/builds/worker-3-tc1/source
[INFO] validating manifest of crates.io crate simple_llama 0.1.3-b on toolchain nightly-2024-10-28
[INFO] running `Command { std: CARGO_HOME="/workspace/cargo-home" RUSTUP_HOME="/workspace/rustup-home" "/workspace/cargo-home/bin/cargo" "+nightly-2024-10-28" "metadata" "--manifest-path" "Cargo.toml" "--no-deps", kill_on_drop: false }`
[INFO] started tweaking crates.io crate simple_llama 0.1.3-b
[INFO] finished tweaking crates.io crate simple_llama 0.1.3-b
[INFO] tweaked toml for crates.io crate simple_llama 0.1.3-b written to /workspace/builds/worker-3-tc1/source/Cargo.toml
[INFO] crate crates.io crate simple_llama 0.1.3-b already has a lockfile, it will not be regenerated
[INFO] running `Command { std: CARGO_HOME="/workspace/cargo-home" RUSTUP_HOME="/workspace/rustup-home" "/workspace/cargo-home/bin/cargo" "+nightly-2024-10-28" "fetch" "--manifest-path" "Cargo.toml", kill_on_drop: false }`
[INFO] [stderr]     Updating crates.io index
[INFO] [stderr]  Downloading crates ...
[INFO] [stderr]   Downloaded mlua-sys v0.6.1
[INFO] [stderr]   Downloaded mlua v0.9.9
[INFO] [stderr]   Downloaded llama-cpp-sys-2 v0.1.62
[INFO] [stderr]   Downloaded lua-src v546.0.2
[INFO] [stderr]   Downloaded luajit-src v210.5.8+5790d25
[INFO] [stderr]   Downloaded llama-cpp-2 v0.1.62
[INFO] running `Command { std: "docker" "create" "-v" "/var/lib/crater-agent-workspace/builds/worker-3-tc1/target:/opt/rustwide/target:rw,Z" "-v" "/var/lib/crater-agent-workspace/builds/worker-3-tc1/source:/opt/rustwide/workdir:ro,Z" "-v" "/var/lib/crater-agent-workspace/cargo-home:/opt/rustwide/cargo-home:ro,Z" "-v" "/var/lib/crater-agent-workspace/rustup-home:/opt/rustwide/rustup-home:ro,Z" "-e" "SOURCE_DIR=/opt/rustwide/workdir" "-e" "CARGO_TARGET_DIR=/opt/rustwide/target" "-e" "CARGO_HOME=/opt/rustwide/cargo-home" "-e" "RUSTUP_HOME=/opt/rustwide/rustup-home" "-w" "/opt/rustwide/workdir" "-m" "1610612736" "--user" "0:0" "--network" "none" "ghcr.io/rust-lang/crates-build-env/linux@sha256:4a844ea9eb2546a2d2c7022eacef16ef2e8229c7fbb2c7d4d55a9ceca922f72d" "/opt/rustwide/cargo-home/bin/cargo" "+nightly-2024-10-28" "metadata" "--no-deps" "--format-version=1", kill_on_drop: false }`
[INFO] [stdout] aa9f049ef718ad12f942a05962d7ef2aa779207cff7065851e2066525ec45306
[INFO] running `Command { std: "docker" "start" "-a" "aa9f049ef718ad12f942a05962d7ef2aa779207cff7065851e2066525ec45306", kill_on_drop: false }`
[INFO] running `Command { std: "docker" "inspect" "aa9f049ef718ad12f942a05962d7ef2aa779207cff7065851e2066525ec45306", kill_on_drop: false }`
[INFO] running `Command { std: "docker" "rm" "-f" "aa9f049ef718ad12f942a05962d7ef2aa779207cff7065851e2066525ec45306", kill_on_drop: false }`
[INFO] [stdout] aa9f049ef718ad12f942a05962d7ef2aa779207cff7065851e2066525ec45306
[INFO] running `Command { std: "docker" "create" "-v" "/var/lib/crater-agent-workspace/builds/worker-3-tc1/target:/opt/rustwide/target:rw,Z" "-v" "/var/lib/crater-agent-workspace/builds/worker-3-tc1/source:/opt/rustwide/workdir:ro,Z" "-v" "/var/lib/crater-agent-workspace/cargo-home:/opt/rustwide/cargo-home:ro,Z" "-v" "/var/lib/crater-agent-workspace/rustup-home:/opt/rustwide/rustup-home:ro,Z" "-e" "SOURCE_DIR=/opt/rustwide/workdir" "-e" "CARGO_TARGET_DIR=/opt/rustwide/target" "-e" "CARGO_INCREMENTAL=0" "-e" "RUST_BACKTRACE=full" "-e" "RUSTFLAGS=--cap-lints=forbid" "-e" "RUSTDOCFLAGS=--cap-lints=forbid" "-e" "CARGO_HOME=/opt/rustwide/cargo-home" "-e" "RUSTUP_HOME=/opt/rustwide/rustup-home" "-w" "/opt/rustwide/workdir" "-m" "1610612736" "--user" "0:0" "--network" "none" "ghcr.io/rust-lang/crates-build-env/linux@sha256:4a844ea9eb2546a2d2c7022eacef16ef2e8229c7fbb2c7d4d55a9ceca922f72d" "/opt/rustwide/cargo-home/bin/cargo" "+nightly-2024-10-28" "build" "--frozen" "--message-format=json", kill_on_drop: false }`
[INFO] [stdout] b131c09edbd7b420df67ed13f14c867212740379bd930526d2c552ab6619bf30
[INFO] running `Command { std: "docker" "start" "-a" "b131c09edbd7b420df67ed13f14c867212740379bd930526d2c552ab6619bf30", kill_on_drop: false }`
[INFO] [stderr]    Compiling proc-macro2 v1.0.86
[INFO] [stderr]    Compiling unicode-ident v1.0.12
[INFO] [stderr]    Compiling libc v0.2.155
[INFO] [stderr]    Compiling glob v0.3.1
[INFO] [stderr]    Compiling rustix v0.38.34
[INFO] [stderr]    Compiling prettyplease v0.2.20
[INFO] [stderr]    Compiling either v1.13.0
[INFO] [stderr]    Compiling regex-syntax v0.8.4
[INFO] [stderr]    Compiling linux-raw-sys v0.4.14
[INFO] [stderr]    Compiling minimal-lexical v0.2.1
[INFO] [stderr]    Compiling bitflags v2.6.0
[INFO] [stderr]    Compiling memchr v2.7.4
[INFO] [stderr]    Compiling once_cell v1.19.0
[INFO] [stderr]    Compiling home v0.5.9
[INFO] [stderr]    Compiling bindgen v0.69.4
[INFO] [stderr]    Compiling libloading v0.8.4
[INFO] [stderr]    Compiling lazy_static v1.5.0
[INFO] [stderr]    Compiling rustc-hash v1.1.0
[INFO] [stderr]    Compiling lazycell v1.3.0
[INFO] [stderr]    Compiling shlex v1.3.0
[INFO] [stderr]    Compiling thiserror v1.0.61
[INFO] [stderr]    Compiling tracing-core v0.1.32
[INFO] [stderr]    Compiling pin-project-lite v0.2.14
[INFO] [stderr]    Compiling itertools v0.12.1
[INFO] [stderr]    Compiling anyhow v1.0.86
[INFO] [stderr]    Compiling serde v1.0.203
[INFO] [stderr]    Compiling encoding_rs v0.8.34
[INFO] [stderr]    Compiling clang-sys v1.8.1
[INFO] [stderr]    Compiling nom v7.1.3
[INFO] [stderr]    Compiling quote v1.0.36
[INFO] [stderr]    Compiling syn v2.0.68
[INFO] [stderr]    Compiling jobserver v0.1.31
[INFO] [stderr]    Compiling cc v1.1.0
[INFO] [stderr]    Compiling regex-automata v0.4.7
[INFO] [stderr]    Compiling which v4.4.2
[INFO] [stderr]    Compiling cexpr v0.6.0
[INFO] [stderr]    Compiling regex v1.10.5
[INFO] [stderr]    Compiling thiserror-impl v1.0.61
[INFO] [stderr]    Compiling tracing-attributes v0.1.27
[INFO] [stderr]    Compiling enumflags2_derive v0.7.10
[INFO] [stderr]    Compiling serde_derive v1.0.203
[INFO] [stderr]    Compiling enumflags2 v0.7.10
[INFO] [stderr]    Compiling tracing v0.1.40
[INFO] [stderr]    Compiling llama-cpp-sys-2 v0.1.62
[INFO] [stderr]    Compiling llama-cpp-2 v0.1.62
[INFO] [stderr]    Compiling simple_llama v0.1.3-b (/opt/rustwide/workdir)
[INFO] [stderr]     Finished `dev` profile [unoptimized + debuginfo] target(s) in 13.12s
[INFO] running `Command { std: "docker" "inspect" "b131c09edbd7b420df67ed13f14c867212740379bd930526d2c552ab6619bf30", kill_on_drop: false }`
[INFO] running `Command { std: "docker" "rm" "-f" "b131c09edbd7b420df67ed13f14c867212740379bd930526d2c552ab6619bf30", kill_on_drop: false }`
[INFO] [stdout] b131c09edbd7b420df67ed13f14c867212740379bd930526d2c552ab6619bf30
[INFO] running `Command { std: "docker" "create" "-v" "/var/lib/crater-agent-workspace/builds/worker-3-tc1/target:/opt/rustwide/target:rw,Z" "-v" "/var/lib/crater-agent-workspace/builds/worker-3-tc1/source:/opt/rustwide/workdir:ro,Z" "-v" "/var/lib/crater-agent-workspace/cargo-home:/opt/rustwide/cargo-home:ro,Z" "-v" "/var/lib/crater-agent-workspace/rustup-home:/opt/rustwide/rustup-home:ro,Z" "-e" "SOURCE_DIR=/opt/rustwide/workdir" "-e" "CARGO_TARGET_DIR=/opt/rustwide/target" "-e" "CARGO_INCREMENTAL=0" "-e" "RUST_BACKTRACE=full" "-e" "RUSTFLAGS=--cap-lints=forbid" "-e" "RUSTDOCFLAGS=--cap-lints=forbid" "-e" "CARGO_HOME=/opt/rustwide/cargo-home" "-e" "RUSTUP_HOME=/opt/rustwide/rustup-home" "-w" "/opt/rustwide/workdir" "-m" "1610612736" "--user" "0:0" "--network" "none" "ghcr.io/rust-lang/crates-build-env/linux@sha256:4a844ea9eb2546a2d2c7022eacef16ef2e8229c7fbb2c7d4d55a9ceca922f72d" "/opt/rustwide/cargo-home/bin/cargo" "+nightly-2024-10-28" "test" "--frozen" "--no-run" "--message-format=json", kill_on_drop: false }`
[INFO] [stdout] a1c3d6dc625783ecb8dbf0b10c0ec55cec548d7bd671d2a864983a0a09f28225
[INFO] running `Command { std: "docker" "start" "-a" "a1c3d6dc625783ecb8dbf0b10c0ec55cec548d7bd671d2a864983a0a09f28225", kill_on_drop: false }`
[INFO] [stderr]    Compiling nom v7.1.3
[INFO] [stderr]    Compiling autocfg v1.3.0
[INFO] [stderr]    Compiling pkg-config v0.3.30
[INFO] [stderr]    Compiling anstyle-query v1.1.0
[INFO] [stderr]    Compiling anstyle v1.0.7
[INFO] [stderr]    Compiling is_terminal_polyfill v1.70.0
[INFO] [stderr]    Compiling colorchoice v1.0.1
[INFO] [stderr]    Compiling which v6.0.1
[INFO] [stderr]    Compiling anstyle-parse v0.2.4
[INFO] [stderr]    Compiling equivalent v1.0.1
[INFO] [stderr]    Compiling lua-src v546.0.2
[INFO] [stderr]    Compiling hashbrown v0.14.5
[INFO] [stderr]    Compiling toml_datetime v0.6.6
[INFO] [stderr]    Compiling serde_spanned v0.6.6
[INFO] [stderr]    Compiling serde_json v1.0.120
[INFO] [stderr]    Compiling winnow v0.6.13
[INFO] [stderr]    Compiling heck v0.5.0
[INFO] [stderr]    Compiling clap_lex v0.7.1
[INFO] [stderr]    Compiling strsim v0.11.1
[INFO] [stderr]    Compiling bstr v1.9.1
[INFO] [stderr]    Compiling rustc-hash v2.0.0
[INFO] [stderr]    Compiling luajit-src v210.5.8+5790d25
[INFO] [stderr]    Compiling anstream v0.6.14
[INFO] [stderr]    Compiling clap_derive v4.5.8
[INFO] [stderr]    Compiling num-traits v0.2.19
[INFO] [stderr]    Compiling mlua-sys v0.6.1
[INFO] [stderr]    Compiling clap_builder v4.5.9
[INFO] [stderr]    Compiling indexmap v2.2.6
[INFO] [stderr]    Compiling cexpr v0.6.0
[INFO] [stderr]    Compiling toml_edit v0.22.14
[INFO] [stderr]    Compiling bindgen v0.69.4
[INFO] [stderr]    Compiling clap v4.5.9
[INFO] [stderr]    Compiling mlua v0.9.9
[INFO] [stderr]    Compiling toml v0.8.14
[INFO] [stderr]    Compiling llama-cpp-sys-2 v0.1.62
[INFO] [stderr]    Compiling llama-cpp-2 v0.1.62
[INFO] [stderr]    Compiling simple_llama v0.1.3-b (/opt/rustwide/workdir)
[INFO] [stdout] warning: unused import: `sync::Arc`
[INFO] [stdout]  --> examples/simple.rs:2:61
[INFO] [stdout]   |
[INFO] [stdout] 2 | use std::{collections::HashMap, io::Write, num::NonZeroU32, sync::Arc};
[INFO] [stdout]   |                                                             ^^^^^^^^^
[INFO] [stdout]   |
[INFO] [stdout]   = note: `#[warn(unused_imports)]` on by default
[INFO] [stdout] 
[INFO] [stdout] 
[INFO] [stdout] error: linking with `cc` failed: exit status: 1
[INFO] [stdout]   |
[INFO] [stdout]   = note: LC_ALL="C" PATH="/opt/rustwide/rustup-home/toolchains/nightly-2024-10-28-x86_64-unknown-linux-gnu/lib/rustlib/x86_64-unknown-linux-gnu/bin:/opt/rustwide/rustup-home/toolchains/nightly-2024-10-28-x86_64-unknown-linux-gnu/lib/rustlib/x86_64-unknown-linux-gnu/bin/self-contained:/opt/rustwide/cargo-home/bin:/usr/local/sbin:/usr/local/bin:/usr/sbin:/usr/bin:/sbin:/bin" VSLANG="1033" "cc" "-m64" "/tmp/rustc1KPySP/symbols.o" "/opt/rustwide/target/debug/deps/simple_llama-ea35ff72e150324a.simple_llama.f43e3f11aa3fb26e-cgu.0.rcgu.o" "/opt/rustwide/target/debug/deps/simple_llama-ea35ff72e150324a.9g8s5h5qlhh70zahrhscohuga.rcgu.o" "-Wl,--as-needed" "-Wl,-Bstatic" "/opt/rustwide/target/debug/deps/libanyhow-fddfbf3ae1c518e4.rlib" "/opt/rustwide/target/debug/deps/libencoding_rs-75b46f7d4eddca6a.rlib" "/opt/rustwide/target/debug/deps/libcfg_if-57bf25c23e31efdb.rlib" "/opt/rustwide/rustup-home/toolchains/nightly-2024-10-28-x86_64-unknown-linux-gnu/lib/rustlib/x86_64-unknown-linux-gnu/lib/libtest-a09fad3b5321e7d6.rlib" "/opt/rustwide/rustup-home/toolchains/nightly-2024-10-28-x86_64-unknown-linux-gnu/lib/rustlib/x86_64-unknown-linux-gnu/lib/libgetopts-f9c3dff41ad42661.rlib" "/opt/rustwide/rustup-home/toolchains/nightly-2024-10-28-x86_64-unknown-linux-gnu/lib/rustlib/x86_64-unknown-linux-gnu/lib/libunicode_width-ad2aef31af6addd3.rlib" "/opt/rustwide/rustup-home/toolchains/nightly-2024-10-28-x86_64-unknown-linux-gnu/lib/rustlib/x86_64-unknown-linux-gnu/lib/librustc_std_workspace_std-e3f907dc03deb913.rlib" "/opt/rustwide/target/debug/deps/liblog-b6b1a89bf87ced53.rlib" "/opt/rustwide/target/debug/deps/libserde-06a06485155e9c86.rlib" "/opt/rustwide/target/debug/deps/libllama_cpp_2-24d5c0a6bc5a72f5.rlib" "/opt/rustwide/target/debug/deps/libthiserror-5ee0892a57958ba2.rlib" "/opt/rustwide/target/debug/deps/libenumflags2-c78e59dba3add65f.rlib" "/opt/rustwide/target/debug/deps/libtracing-3e9d957c65f0278a.rlib" "/opt/rustwide/target/debug/deps/libpin_project_lite-0917a66d1286620d.rlib" "/opt/rustwide/target/debug/deps/libtracing_core-546a02a5507c5c18.rlib" "/opt/rustwide/target/debug/deps/libonce_cell-795d6939e3fe8636.rlib" "/opt/rustwide/target/debug/deps/libllama_cpp_sys_2-3047f4d2b3994edb.rlib" "/opt/rustwide/rustup-home/toolchains/nightly-2024-10-28-x86_64-unknown-linux-gnu/lib/rustlib/x86_64-unknown-linux-gnu/lib/libstd-fb8c387236db3c10.rlib" "/opt/rustwide/rustup-home/toolchains/nightly-2024-10-28-x86_64-unknown-linux-gnu/lib/rustlib/x86_64-unknown-linux-gnu/lib/libpanic_unwind-b251837809b2f64b.rlib" "/opt/rustwide/rustup-home/toolchains/nightly-2024-10-28-x86_64-unknown-linux-gnu/lib/rustlib/x86_64-unknown-linux-gnu/lib/libobject-cbef83eaa4e01f04.rlib" "/opt/rustwide/rustup-home/toolchains/nightly-2024-10-28-x86_64-unknown-linux-gnu/lib/rustlib/x86_64-unknown-linux-gnu/lib/libmemchr-12a772286de2fca7.rlib" "/opt/rustwide/rustup-home/toolchains/nightly-2024-10-28-x86_64-unknown-linux-gnu/lib/rustlib/x86_64-unknown-linux-gnu/lib/libaddr2line-023bbe5ada7abfc3.rlib" "/opt/rustwide/rustup-home/toolchains/nightly-2024-10-28-x86_64-unknown-linux-gnu/lib/rustlib/x86_64-unknown-linux-gnu/lib/libgimli-de2bcdf10ec69c2b.rlib" "/opt/rustwide/rustup-home/toolchains/nightly-2024-10-28-x86_64-unknown-linux-gnu/lib/rustlib/x86_64-unknown-linux-gnu/lib/librustc_demangle-8e1754df350800fd.rlib" "/opt/rustwide/rustup-home/toolchains/nightly-2024-10-28-x86_64-unknown-linux-gnu/lib/rustlib/x86_64-unknown-linux-gnu/lib/libstd_detect-06c2ab7b9c32e037.rlib" "/opt/rustwide/rustup-home/toolchains/nightly-2024-10-28-x86_64-unknown-linux-gnu/lib/rustlib/x86_64-unknown-linux-gnu/lib/libhashbrown-51d2621fc57a281b.rlib" "/opt/rustwide/rustup-home/toolchains/nightly-2024-10-28-x86_64-unknown-linux-gnu/lib/rustlib/x86_64-unknown-linux-gnu/lib/librustc_std_workspace_alloc-54a930408793772f.rlib" "/opt/rustwide/rustup-home/toolchains/nightly-2024-10-28-x86_64-unknown-linux-gnu/lib/rustlib/x86_64-unknown-linux-gnu/lib/libminiz_oxide-0c7d01cba400dcb2.rlib" "/opt/rustwide/rustup-home/toolchains/nightly-2024-10-28-x86_64-unknown-linux-gnu/lib/rustlib/x86_64-unknown-linux-gnu/lib/libadler-b9f84d69e331b75b.rlib" "/opt/rustwide/rustup-home/toolchains/nightly-2024-10-28-x86_64-unknown-linux-gnu/lib/rustlib/x86_64-unknown-linux-gnu/lib/libunwind-eec95493246aae39.rlib" "/opt/rustwide/rustup-home/toolchains/nightly-2024-10-28-x86_64-unknown-linux-gnu/lib/rustlib/x86_64-unknown-linux-gnu/lib/libcfg_if-6f6676c475e08ab0.rlib" "/opt/rustwide/rustup-home/toolchains/nightly-2024-10-28-x86_64-unknown-linux-gnu/lib/rustlib/x86_64-unknown-linux-gnu/lib/liblibc-799d520624f8b2e0.rlib" "/opt/rustwide/rustup-home/toolchains/nightly-2024-10-28-x86_64-unknown-linux-gnu/lib/rustlib/x86_64-unknown-linux-gnu/lib/liballoc-fcf93d4842acd9a9.rlib" "/opt/rustwide/rustup-home/toolchains/nightly-2024-10-28-x86_64-unknown-linux-gnu/lib/rustlib/x86_64-unknown-linux-gnu/lib/librustc_std_workspace_core-395a38b8e0851c9b.rlib" "/opt/rustwide/rustup-home/toolchains/nightly-2024-10-28-x86_64-unknown-linux-gnu/lib/rustlib/x86_64-unknown-linux-gnu/lib/libcore-d453bab70303062c.rlib" "/opt/rustwide/rustup-home/toolchains/nightly-2024-10-28-x86_64-unknown-linux-gnu/lib/rustlib/x86_64-unknown-linux-gnu/lib/libcompiler_builtins-0e6386368b0a24e8.rlib" "-Wl,-Bdynamic" "-lllama" "-lggml" "-lgcc_s" "-lutil" "-lrt" "-lpthread" "-lm" "-ldl" "-lc" "-B/opt/rustwide/rustup-home/toolchains/nightly-2024-10-28-x86_64-unknown-linux-gnu/lib/rustlib/x86_64-unknown-linux-gnu/bin/gcc-ld" "-fuse-ld=lld" "-Wl,--eh-frame-hdr" "-Wl,-z,noexecstack" "-L" "/opt/rustwide/target/debug/build/mlua-sys-07a0499b907f63a7/out/lua-build/lib" "-L" "/opt/rustwide/rustup-home/toolchains/nightly-2024-10-28-x86_64-unknown-linux-gnu/lib/rustlib/x86_64-unknown-linux-gnu/lib" "-o" "/opt/rustwide/target/debug/deps/simple_llama-ea35ff72e150324a" "-Wl,--gc-sections" "-pie" "-Wl,-z,relro,-z,now" "-nodefaultlibs"
[INFO] [stdout]   = note: rust-lld: error: unable to find library -lllama
[INFO] [stdout]           rust-lld: error: unable to find library -lggml
[INFO] [stdout]           collect2: error: ld returned 1 exit status
[INFO] [stdout]           
[INFO] [stdout] 
[INFO] [stdout] 
[INFO] [stderr] error: could not compile `simple_llama` (lib test) due to 1 previous error
[INFO] [stderr] warning: build failed, waiting for other jobs to finish...
[INFO] [stdout] error: linking with `cc` failed: exit status: 1
[INFO] [stdout]   |
[INFO] [stdout]   = note: LC_ALL="C" PATH="/opt/rustwide/rustup-home/toolchains/nightly-2024-10-28-x86_64-unknown-linux-gnu/lib/rustlib/x86_64-unknown-linux-gnu/bin:/opt/rustwide/rustup-home/toolchains/nightly-2024-10-28-x86_64-unknown-linux-gnu/lib/rustlib/x86_64-unknown-linux-gnu/bin/self-contained:/opt/rustwide/cargo-home/bin:/usr/local/sbin:/usr/local/bin:/usr/sbin:/usr/bin:/sbin:/bin" VSLANG="1033" "cc" "-m64" "/tmp/rustcZHu8Im/symbols.o" "/opt/rustwide/target/debug/examples/simple-f8763a4870daf9f9.simple.37c48aa9ed2b5ad6-cgu.0.rcgu.o" "/opt/rustwide/target/debug/examples/simple-f8763a4870daf9f9.simple.37c48aa9ed2b5ad6-cgu.1.rcgu.o" "/opt/rustwide/target/debug/examples/simple-f8763a4870daf9f9.simple.37c48aa9ed2b5ad6-cgu.2.rcgu.o" "/opt/rustwide/target/debug/examples/simple-f8763a4870daf9f9.simple.37c48aa9ed2b5ad6-cgu.3.rcgu.o" "/opt/rustwide/target/debug/examples/simple-f8763a4870daf9f9.simple.37c48aa9ed2b5ad6-cgu.4.rcgu.o" "/opt/rustwide/target/debug/examples/simple-f8763a4870daf9f9.simple.37c48aa9ed2b5ad6-cgu.5.rcgu.o" "/opt/rustwide/target/debug/examples/simple-f8763a4870daf9f9.simple.37c48aa9ed2b5ad6-cgu.6.rcgu.o" "/opt/rustwide/target/debug/examples/simple-f8763a4870daf9f9.simple.37c48aa9ed2b5ad6-cgu.7.rcgu.o" "/opt/rustwide/target/debug/examples/simple-f8763a4870daf9f9.68q6ps0bg6ve2sohrmw5t7fg7.rcgu.o" "-Wl,--as-needed" "-Wl,-Bstatic" "/opt/rustwide/target/debug/deps/libtoml-8fd5f8dfec1f5ae8.rlib" "/opt/rustwide/target/debug/deps/libtoml_edit-b993e7279373f7b4.rlib" "/opt/rustwide/target/debug/deps/libserde_spanned-7eebb7a285f1c2b6.rlib" "/opt/rustwide/target/debug/deps/libindexmap-e9758b5edd213421.rlib" "/opt/rustwide/target/debug/deps/libequivalent-9e89cbd86631a94f.rlib" "/opt/rustwide/target/debug/deps/libhashbrown-7d5e5d9d6d4f90ef.rlib" "/opt/rustwide/target/debug/deps/libwinnow-b5c6439ea6ed24ef.rlib" "/opt/rustwide/target/debug/deps/libtoml_datetime-3087fce9e1350c74.rlib" "/opt/rustwide/target/debug/deps/libsimple_llama-bc9f9da715f9db67.rlib" "/opt/rustwide/target/debug/deps/libanyhow-fddfbf3ae1c518e4.rlib" "/opt/rustwide/target/debug/deps/libencoding_rs-75b46f7d4eddca6a.rlib" "/opt/rustwide/target/debug/deps/libcfg_if-57bf25c23e31efdb.rlib" "/opt/rustwide/target/debug/deps/liblog-b6b1a89bf87ced53.rlib" "/opt/rustwide/target/debug/deps/libserde-06a06485155e9c86.rlib" "/opt/rustwide/target/debug/deps/libllama_cpp_2-24d5c0a6bc5a72f5.rlib" "/opt/rustwide/target/debug/deps/libthiserror-5ee0892a57958ba2.rlib" "/opt/rustwide/target/debug/deps/libenumflags2-c78e59dba3add65f.rlib" "/opt/rustwide/target/debug/deps/libtracing-3e9d957c65f0278a.rlib" "/opt/rustwide/target/debug/deps/libpin_project_lite-0917a66d1286620d.rlib" "/opt/rustwide/target/debug/deps/libtracing_core-546a02a5507c5c18.rlib" "/opt/rustwide/target/debug/deps/libonce_cell-795d6939e3fe8636.rlib" "/opt/rustwide/target/debug/deps/libllama_cpp_sys_2-3047f4d2b3994edb.rlib" "/opt/rustwide/target/debug/deps/libclap-5589a623c12e1d81.rlib" "/opt/rustwide/target/debug/deps/libclap_builder-77768616b9f2b6e1.rlib" "/opt/rustwide/target/debug/deps/libstrsim-0c998b0290db27b9.rlib" "/opt/rustwide/target/debug/deps/libanstream-2cdedfd307f759e7.rlib" "/opt/rustwide/target/debug/deps/libanstyle_query-5a024fef37b4b230.rlib" "/opt/rustwide/target/debug/deps/libis_terminal_polyfill-b597e53a3abf9b93.rlib" "/opt/rustwide/target/debug/deps/libcolorchoice-59ec4f279830c8c8.rlib" "/opt/rustwide/target/debug/deps/libanstyle_parse-a238c0b917528828.rlib" "/opt/rustwide/target/debug/deps/libutf8parse-d435e47da5544871.rlib" "/opt/rustwide/target/debug/deps/libclap_lex-4e06e4c45b975ae5.rlib" "/opt/rustwide/target/debug/deps/libanstyle-a9f033361773f9f4.rlib" "/opt/rustwide/rustup-home/toolchains/nightly-2024-10-28-x86_64-unknown-linux-gnu/lib/rustlib/x86_64-unknown-linux-gnu/lib/libstd-fb8c387236db3c10.rlib" "/opt/rustwide/rustup-home/toolchains/nightly-2024-10-28-x86_64-unknown-linux-gnu/lib/rustlib/x86_64-unknown-linux-gnu/lib/libpanic_unwind-b251837809b2f64b.rlib" "/opt/rustwide/rustup-home/toolchains/nightly-2024-10-28-x86_64-unknown-linux-gnu/lib/rustlib/x86_64-unknown-linux-gnu/lib/libobject-cbef83eaa4e01f04.rlib" "/opt/rustwide/rustup-home/toolchains/nightly-2024-10-28-x86_64-unknown-linux-gnu/lib/rustlib/x86_64-unknown-linux-gnu/lib/libmemchr-12a772286de2fca7.rlib" "/opt/rustwide/rustup-home/toolchains/nightly-2024-10-28-x86_64-unknown-linux-gnu/lib/rustlib/x86_64-unknown-linux-gnu/lib/libaddr2line-023bbe5ada7abfc3.rlib" "/opt/rustwide/rustup-home/toolchains/nightly-2024-10-28-x86_64-unknown-linux-gnu/lib/rustlib/x86_64-unknown-linux-gnu/lib/libgimli-de2bcdf10ec69c2b.rlib" "/opt/rustwide/rustup-home/toolchains/nightly-2024-10-28-x86_64-unknown-linux-gnu/lib/rustlib/x86_64-unknown-linux-gnu/lib/librustc_demangle-8e1754df350800fd.rlib" "/opt/rustwide/rustup-home/toolchains/nightly-2024-10-28-x86_64-unknown-linux-gnu/lib/rustlib/x86_64-unknown-linux-gnu/lib/libstd_detect-06c2ab7b9c32e037.rlib" "/opt/rustwide/rustup-home/toolchains/nightly-2024-10-28-x86_64-unknown-linux-gnu/lib/rustlib/x86_64-unknown-linux-gnu/lib/libhashbrown-51d2621fc57a281b.rlib" "/opt/rustwide/rustup-home/toolchains/nightly-2024-10-28-x86_64-unknown-linux-gnu/lib/rustlib/x86_64-unknown-linux-gnu/lib/librustc_std_workspace_alloc-54a930408793772f.rlib" "/opt/rustwide/rustup-home/toolchains/nightly-2024-10-28-x86_64-unknown-linux-gnu/lib/rustlib/x86_64-unknown-linux-gnu/lib/libminiz_oxide-0c7d01cba400dcb2.rlib" "/opt/rustwide/rustup-home/toolchains/nightly-2024-10-28-x86_64-unknown-linux-gnu/lib/rustlib/x86_64-unknown-linux-gnu/lib/libadler-b9f84d69e331b75b.rlib" "/opt/rustwide/rustup-home/toolchains/nightly-2024-10-28-x86_64-unknown-linux-gnu/lib/rustlib/x86_64-unknown-linux-gnu/lib/libunwind-eec95493246aae39.rlib" "/opt/rustwide/rustup-home/toolchains/nightly-2024-10-28-x86_64-unknown-linux-gnu/lib/rustlib/x86_64-unknown-linux-gnu/lib/libcfg_if-6f6676c475e08ab0.rlib" "/opt/rustwide/rustup-home/toolchains/nightly-2024-10-28-x86_64-unknown-linux-gnu/lib/rustlib/x86_64-unknown-linux-gnu/lib/liblibc-799d520624f8b2e0.rlib" "/opt/rustwide/rustup-home/toolchains/nightly-2024-10-28-x86_64-unknown-linux-gnu/lib/rustlib/x86_64-unknown-linux-gnu/lib/liballoc-fcf93d4842acd9a9.rlib" "/opt/rustwide/rustup-home/toolchains/nightly-2024-10-28-x86_64-unknown-linux-gnu/lib/rustlib/x86_64-unknown-linux-gnu/lib/librustc_std_workspace_core-395a38b8e0851c9b.rlib" "/opt/rustwide/rustup-home/toolchains/nightly-2024-10-28-x86_64-unknown-linux-gnu/lib/rustlib/x86_64-unknown-linux-gnu/lib/libcore-d453bab70303062c.rlib" "/opt/rustwide/rustup-home/toolchains/nightly-2024-10-28-x86_64-unknown-linux-gnu/lib/rustlib/x86_64-unknown-linux-gnu/lib/libcompiler_builtins-0e6386368b0a24e8.rlib" "-Wl,-Bdynamic" "-lllama" "-lggml" "-lgcc_s" "-lutil" "-lrt" "-lpthread" "-lm" "-ldl" "-lc" "-B/opt/rustwide/rustup-home/toolchains/nightly-2024-10-28-x86_64-unknown-linux-gnu/lib/rustlib/x86_64-unknown-linux-gnu/bin/gcc-ld" "-fuse-ld=lld" "-Wl,--eh-frame-hdr" "-Wl,-z,noexecstack" "-L" "/opt/rustwide/target/debug/build/mlua-sys-07a0499b907f63a7/out/lua-build/lib" "-L" "/opt/rustwide/rustup-home/toolchains/nightly-2024-10-28-x86_64-unknown-linux-gnu/lib/rustlib/x86_64-unknown-linux-gnu/lib" "-o" "/opt/rustwide/target/debug/examples/simple-f8763a4870daf9f9" "-Wl,--gc-sections" "-pie" "-Wl,-z,relro,-z,now" "-nodefaultlibs"
[INFO] [stdout]   = note: rust-lld: error: unable to find library -lllama
[INFO] [stdout]           rust-lld: error: unable to find library -lggml
[INFO] [stdout]           collect2: error: ld returned 1 exit status
[INFO] [stdout]           
[INFO] [stdout] 
[INFO] [stdout] 
[INFO] [stderr] error: could not compile `simple_llama` (example "simple") due to 1 previous error; 1 warning emitted
[INFO] running `Command { std: "docker" "inspect" "a1c3d6dc625783ecb8dbf0b10c0ec55cec548d7bd671d2a864983a0a09f28225", kill_on_drop: false }`
[INFO] running `Command { std: "docker" "rm" "-f" "a1c3d6dc625783ecb8dbf0b10c0ec55cec548d7bd671d2a864983a0a09f28225", kill_on_drop: false }`
[INFO] [stdout] a1c3d6dc625783ecb8dbf0b10c0ec55cec548d7bd671d2a864983a0a09f28225
