[INFO] fetching crate simple-generators-util 0.1.1...
[INFO] testing simple-generators-util-0.1.1 against nightly-2024-10-28+rustflags=-Zrandomize-layout for randomize-layout
[INFO] extracting crate simple-generators-util 0.1.1 into /workspace/builds/worker-2-tc2/source
[INFO] validating manifest of crates.io crate simple-generators-util 0.1.1 on toolchain nightly-2024-10-28
[INFO] running `Command { std: CARGO_HOME="/workspace/cargo-home" RUSTUP_HOME="/workspace/rustup-home" "/workspace/cargo-home/bin/cargo" "+nightly-2024-10-28" "metadata" "--manifest-path" "Cargo.toml" "--no-deps", kill_on_drop: false }`
[INFO] started tweaking crates.io crate simple-generators-util 0.1.1
[INFO] finished tweaking crates.io crate simple-generators-util 0.1.1
[INFO] tweaked toml for crates.io crate simple-generators-util 0.1.1 written to /workspace/builds/worker-2-tc2/source/Cargo.toml
[INFO] running `Command { std: CARGO_HOME="/workspace/cargo-home" RUSTUP_HOME="/workspace/rustup-home" "/workspace/cargo-home/bin/cargo" "+nightly-2024-10-28" "generate-lockfile" "--manifest-path" "Cargo.toml", kill_on_drop: false }`
[INFO] [stderr]     Updating crates.io index
[INFO] [stderr]      Locking 6 packages to latest compatible versions
[INFO] [stderr]       Adding pin-project v0.4.30 (available: v1.1.7)
[INFO] running `Command { std: CARGO_HOME="/workspace/cargo-home" RUSTUP_HOME="/workspace/rustup-home" "/workspace/cargo-home/bin/cargo" "+nightly-2024-10-28" "fetch" "--manifest-path" "Cargo.toml", kill_on_drop: false }`
[INFO] running `Command { std: "docker" "create" "-v" "/var/lib/crater-agent-workspace/builds/worker-2-tc2/target:/opt/rustwide/target:rw,Z" "-v" "/var/lib/crater-agent-workspace/builds/worker-2-tc2/source:/opt/rustwide/workdir:ro,Z" "-v" "/var/lib/crater-agent-workspace/cargo-home:/opt/rustwide/cargo-home:ro,Z" "-v" "/var/lib/crater-agent-workspace/rustup-home:/opt/rustwide/rustup-home:ro,Z" "-e" "SOURCE_DIR=/opt/rustwide/workdir" "-e" "CARGO_TARGET_DIR=/opt/rustwide/target" "-e" "CARGO_HOME=/opt/rustwide/cargo-home" "-e" "RUSTUP_HOME=/opt/rustwide/rustup-home" "-w" "/opt/rustwide/workdir" "-m" "1610612736" "--user" "0:0" "--network" "none" "ghcr.io/rust-lang/crates-build-env/linux@sha256:4a844ea9eb2546a2d2c7022eacef16ef2e8229c7fbb2c7d4d55a9ceca922f72d" "/opt/rustwide/cargo-home/bin/cargo" "+nightly-2024-10-28" "metadata" "--no-deps" "--format-version=1", kill_on_drop: false }`
[INFO] [stdout] a2ace1b1c1ba28bd732976e5cef8f042d4efe7dbe937b4ceb7754e5b374c22dc
[INFO] running `Command { std: "docker" "start" "-a" "a2ace1b1c1ba28bd732976e5cef8f042d4efe7dbe937b4ceb7754e5b374c22dc", kill_on_drop: false }`
[INFO] running `Command { std: "docker" "inspect" "a2ace1b1c1ba28bd732976e5cef8f042d4efe7dbe937b4ceb7754e5b374c22dc", kill_on_drop: false }`
[INFO] running `Command { std: "docker" "rm" "-f" "a2ace1b1c1ba28bd732976e5cef8f042d4efe7dbe937b4ceb7754e5b374c22dc", kill_on_drop: false }`
[INFO] [stdout] a2ace1b1c1ba28bd732976e5cef8f042d4efe7dbe937b4ceb7754e5b374c22dc
[INFO] running `Command { std: "docker" "create" "-v" "/var/lib/crater-agent-workspace/builds/worker-2-tc2/target:/opt/rustwide/target:rw,Z" "-v" "/var/lib/crater-agent-workspace/builds/worker-2-tc2/source:/opt/rustwide/workdir:ro,Z" "-v" "/var/lib/crater-agent-workspace/cargo-home:/opt/rustwide/cargo-home:ro,Z" "-v" "/var/lib/crater-agent-workspace/rustup-home:/opt/rustwide/rustup-home:ro,Z" "-e" "SOURCE_DIR=/opt/rustwide/workdir" "-e" "CARGO_TARGET_DIR=/opt/rustwide/target" "-e" "CARGO_INCREMENTAL=0" "-e" "RUST_BACKTRACE=full" "-e" "RUSTFLAGS=--cap-lints=forbid -Zrandomize-layout" "-e" "RUSTDOCFLAGS=--cap-lints=forbid" "-e" "CARGO_HOME=/opt/rustwide/cargo-home" "-e" "RUSTUP_HOME=/opt/rustwide/rustup-home" "-w" "/opt/rustwide/workdir" "-m" "1610612736" "--user" "0:0" "--network" "none" "ghcr.io/rust-lang/crates-build-env/linux@sha256:4a844ea9eb2546a2d2c7022eacef16ef2e8229c7fbb2c7d4d55a9ceca922f72d" "/opt/rustwide/cargo-home/bin/cargo" "+nightly-2024-10-28" "build" "--frozen" "--message-format=json", kill_on_drop: false }`
[INFO] [stdout] c25465c143ac43974e49cc225369a59d518149a49f9e980d73de188cb643476b
[INFO] running `Command { std: "docker" "start" "-a" "c25465c143ac43974e49cc225369a59d518149a49f9e980d73de188cb643476b", kill_on_drop: false }`
[INFO] [stderr]    Compiling proc-macro2 v1.0.89
[INFO] [stderr]    Compiling unicode-ident v1.0.13
[INFO] [stderr]    Compiling syn v1.0.109
[INFO] [stderr]    Compiling pin-project-internal v0.4.30
[INFO] [stderr]    Compiling quote v1.0.37
[INFO] [stderr]    Compiling pin-project v0.4.30
[INFO] [stderr]    Compiling simple-generators-util v0.1.1 (/opt/rustwide/workdir)
[INFO] [stdout] error[E0432]: unresolved imports `core::ops::Generator`, `core::ops::GeneratorState`
[INFO] [stdout]  --> src/iter.rs:4:11
[INFO] [stdout]   |
[INFO] [stdout] 4 |     ops::{Generator, GeneratorState},
[INFO] [stdout]   |           ^^^^^^^^^  ^^^^^^^^^^^^^^ no `GeneratorState` in `ops`
[INFO] [stdout]   |           |
[INFO] [stdout]   |           no `Generator` in `ops`
[INFO] [stdout]   |
[INFO] [stdout]   = help: consider importing this variant instead:
[INFO] [stdout]           crate::FusedGenIterator::Generator
[INFO] [stdout] 
[INFO] [stdout] 
[INFO] [stdout] error[E0432]: unresolved imports `core::ops::Generator`, `core::ops::GeneratorState`
[INFO] [stdout]  --> src/map.rs:3:11
[INFO] [stdout]   |
[INFO] [stdout] 3 |     ops::{Generator, GeneratorState},
[INFO] [stdout]   |           ^^^^^^^^^  ^^^^^^^^^^^^^^ no `GeneratorState` in `ops`
[INFO] [stdout]   |           |
[INFO] [stdout]   |           no `Generator` in `ops`
[INFO] [stdout]   |
[INFO] [stdout]   = help: consider importing this variant instead:
[INFO] [stdout]           crate::FusedGenIterator::Generator
[INFO] [stdout] 
[INFO] [stdout] 
[INFO] [stdout] error[E0432]: unresolved imports `core::ops::Generator`, `core::ops::GeneratorState`
[INFO] [stdout]   --> src/lib.rs:11:11
[INFO] [stdout]    |
[INFO] [stdout] 11 |     ops::{Generator, GeneratorState},
[INFO] [stdout]    |           ^^^^^^^^^  ^^^^^^^^^^^^^^ no `GeneratorState` in `ops`
[INFO] [stdout]    |           |
[INFO] [stdout]    |           no `Generator` in `ops`
[INFO] [stdout]    |
[INFO] [stdout]    = help: consider importing this variant instead:
[INFO] [stdout]            crate::FusedGenIterator::Generator
[INFO] [stdout] 
[INFO] [stdout] 
[INFO] [stdout] error[E0405]: cannot find trait `Generator` in module `core::ops`
[INFO] [stdout]   --> src/lib.rs:23:39
[INFO] [stdout]    |
[INFO] [stdout] 23 | pub trait GeneratorExt<R>: core::ops::Generator<R> {
[INFO] [stdout]    |                                       ^^^^^^^^^ not found in `core::ops`
[INFO] [stdout] 
[INFO] [stdout] 
[INFO] [stdout] error[E0635]: unknown feature `generator_trait`
[INFO] [stdout]  --> src/lib.rs:1:12
[INFO] [stdout]   |
[INFO] [stdout] 1 | #![feature(generator_trait, never_type)]
[INFO] [stdout]   |            ^^^^^^^^^^^^^^^
[INFO] [stdout] 
[INFO] [stdout] 
[INFO] [stdout] error[E0220]: associated type `Return` not found for `G`
[INFO] [stdout]   --> src/iter.rs:60:18
[INFO] [stdout]    |
[INFO] [stdout] 60 |     Completed(G::Return),
[INFO] [stdout]    |                  ^^^^^^ there is an associated type `Return` in the trait `Coroutine`
[INFO] [stdout]    |
[INFO] [stdout] help: consider further restricting this bound
[INFO] [stdout]    |
[INFO] [stdout] 56 | pub enum FusedGenIterator<G: Generator<()> + Coroutine</* R */>> {
[INFO] [stdout]    |                                            ++++++++++++++++++++
[INFO] [stdout] 
[INFO] [stdout] 
[INFO] [stdout] error[E0220]: associated type `Return` not found for `G`
[INFO] [stdout]   --> src/iter.rs:77:36
[INFO] [stdout]    |
[INFO] [stdout] 77 |     pub fn into_return(self) -> G::Return {
[INFO] [stdout]    |                                    ^^^^^^ there is an associated type `Return` in the trait `Coroutine`
[INFO] [stdout]    |
[INFO] [stdout] help: consider further restricting this bound
[INFO] [stdout]    |
[INFO] [stdout] 63 | impl<G: Generator<()> + Unpin + Coroutine</* R */>> FusedGenIterator<G> {
[INFO] [stdout]    |                               ++++++++++++++++++++
[INFO] [stdout] 
[INFO] [stdout] 
[INFO] [stdout] Some errors have detailed explanations: E0220, E0405, E0432, E0635.
[INFO] [stdout] 
[INFO] [stdout] For more information about an error, try `rustc --explain E0220`.
[INFO] [stdout] 
[INFO] [stderr] error: could not compile `simple-generators-util` (lib) due to 7 previous errors
[INFO] running `Command { std: "docker" "inspect" "c25465c143ac43974e49cc225369a59d518149a49f9e980d73de188cb643476b", kill_on_drop: false }`
[INFO] running `Command { std: "docker" "rm" "-f" "c25465c143ac43974e49cc225369a59d518149a49f9e980d73de188cb643476b", kill_on_drop: false }`
[INFO] [stdout] c25465c143ac43974e49cc225369a59d518149a49f9e980d73de188cb643476b
