[INFO] fetching crate simd_iter 0.2.0...
[INFO] testing simd_iter-0.2.0 against nightly-2024-10-28+rustflags=-Zrandomize-layout for randomize-layout
[INFO] extracting crate simd_iter 0.2.0 into /workspace/builds/worker-5-tc2/source
[INFO] validating manifest of crates.io crate simd_iter 0.2.0 on toolchain nightly-2024-10-28
[INFO] running `Command { std: CARGO_HOME="/workspace/cargo-home" RUSTUP_HOME="/workspace/rustup-home" "/workspace/cargo-home/bin/cargo" "+nightly-2024-10-28" "metadata" "--manifest-path" "Cargo.toml" "--no-deps", kill_on_drop: false }`
[INFO] started tweaking crates.io crate simd_iter 0.2.0
[INFO] finished tweaking crates.io crate simd_iter 0.2.0
[INFO] tweaked toml for crates.io crate simd_iter 0.2.0 written to /workspace/builds/worker-5-tc2/source/Cargo.toml
[INFO] running `Command { std: CARGO_HOME="/workspace/cargo-home" RUSTUP_HOME="/workspace/rustup-home" "/workspace/cargo-home/bin/cargo" "+nightly-2024-10-28" "generate-lockfile" "--manifest-path" "Cargo.toml", kill_on_drop: false }`
[INFO] [stderr]     Updating crates.io index
[INFO] [stderr]      Locking 102 packages to latest compatible versions
[INFO] [stderr]       Adding criterion v0.4.0 (available: v0.5.1)
[INFO] running `Command { std: CARGO_HOME="/workspace/cargo-home" RUSTUP_HOME="/workspace/rustup-home" "/workspace/cargo-home/bin/cargo" "+nightly-2024-10-28" "fetch" "--manifest-path" "Cargo.toml", kill_on_drop: false }`
[INFO] running `Command { std: "docker" "create" "-v" "/var/lib/crater-agent-workspace/builds/worker-5-tc2/target:/opt/rustwide/target:rw,Z" "-v" "/var/lib/crater-agent-workspace/builds/worker-5-tc2/source:/opt/rustwide/workdir:ro,Z" "-v" "/var/lib/crater-agent-workspace/cargo-home:/opt/rustwide/cargo-home:ro,Z" "-v" "/var/lib/crater-agent-workspace/rustup-home:/opt/rustwide/rustup-home:ro,Z" "-e" "SOURCE_DIR=/opt/rustwide/workdir" "-e" "CARGO_TARGET_DIR=/opt/rustwide/target" "-e" "CARGO_HOME=/opt/rustwide/cargo-home" "-e" "RUSTUP_HOME=/opt/rustwide/rustup-home" "-w" "/opt/rustwide/workdir" "-m" "1610612736" "--user" "0:0" "--network" "none" "ghcr.io/rust-lang/crates-build-env/linux@sha256:4a844ea9eb2546a2d2c7022eacef16ef2e8229c7fbb2c7d4d55a9ceca922f72d" "/opt/rustwide/cargo-home/bin/cargo" "+nightly-2024-10-28" "metadata" "--no-deps" "--format-version=1", kill_on_drop: false }`
[INFO] [stdout] 34723982fca7bcdae632f46a5bd91ff9fd212c36f37590118fd47e45587638b1
[INFO] running `Command { std: "docker" "start" "-a" "34723982fca7bcdae632f46a5bd91ff9fd212c36f37590118fd47e45587638b1", kill_on_drop: false }`
[INFO] running `Command { std: "docker" "inspect" "34723982fca7bcdae632f46a5bd91ff9fd212c36f37590118fd47e45587638b1", kill_on_drop: false }`
[INFO] running `Command { std: "docker" "rm" "-f" "34723982fca7bcdae632f46a5bd91ff9fd212c36f37590118fd47e45587638b1", kill_on_drop: false }`
[INFO] [stdout] 34723982fca7bcdae632f46a5bd91ff9fd212c36f37590118fd47e45587638b1
[INFO] running `Command { std: "docker" "create" "-v" "/var/lib/crater-agent-workspace/builds/worker-5-tc2/target:/opt/rustwide/target:rw,Z" "-v" "/var/lib/crater-agent-workspace/builds/worker-5-tc2/source:/opt/rustwide/workdir:ro,Z" "-v" "/var/lib/crater-agent-workspace/cargo-home:/opt/rustwide/cargo-home:ro,Z" "-v" "/var/lib/crater-agent-workspace/rustup-home:/opt/rustwide/rustup-home:ro,Z" "-e" "SOURCE_DIR=/opt/rustwide/workdir" "-e" "CARGO_TARGET_DIR=/opt/rustwide/target" "-e" "CARGO_INCREMENTAL=0" "-e" "RUST_BACKTRACE=full" "-e" "RUSTFLAGS=--cap-lints=forbid -Zrandomize-layout" "-e" "RUSTDOCFLAGS=--cap-lints=forbid" "-e" "CARGO_HOME=/opt/rustwide/cargo-home" "-e" "RUSTUP_HOME=/opt/rustwide/rustup-home" "-w" "/opt/rustwide/workdir" "-m" "1610612736" "--user" "0:0" "--network" "none" "ghcr.io/rust-lang/crates-build-env/linux@sha256:4a844ea9eb2546a2d2c7022eacef16ef2e8229c7fbb2c7d4d55a9ceca922f72d" "/opt/rustwide/cargo-home/bin/cargo" "+nightly-2024-10-28" "build" "--frozen" "--message-format=json", kill_on_drop: false }`
[INFO] [stdout] 1b6037893a5c370b90119357654fd8c7e4e6add69189fa23bff3d675ff4e07cc
[INFO] running `Command { std: "docker" "start" "-a" "1b6037893a5c370b90119357654fd8c7e4e6add69189fa23bff3d675ff4e07cc", kill_on_drop: false }`
[INFO] [stderr]    Compiling libm v0.2.11
[INFO] [stderr]    Compiling num-traits v0.2.19
[INFO] [stderr]    Compiling simd_iter v0.2.0 (/opt/rustwide/workdir)
[INFO] [stdout] error[E0432]: unresolved import `core::simd::SimdPartialOrd`
[INFO] [stdout]  --> src/lib.rs:4:54
[INFO] [stdout]   |
[INFO] [stdout] 4 | use core::simd::{LaneCount, Mask, Simd, SimdElement, SimdPartialOrd, SupportedLaneCount};
[INFO] [stdout]   |                                                      ^^^^^^^^^^^^^^ no `SimdPartialOrd` in `simd`
[INFO] [stdout]   |
[INFO] [stdout]   = help: consider importing this trait instead:
[INFO] [stdout]           core::simd::prelude::SimdPartialOrd
[INFO] [stdout] 
[INFO] [stdout] 
[INFO] [stdout] error[E0432]: unresolved imports `core::simd::SimdInt`, `core::simd::SimdUint`
[INFO] [stdout]  --> src/integer.rs:1:48
[INFO] [stdout]   |
[INFO] [stdout] 1 | use core::simd::{LaneCount, Simd, SimdElement, SimdInt, SimdUint, SupportedLaneCount};
[INFO] [stdout]   |                                                ^^^^^^^  ^^^^^^^^ no `SimdUint` in `simd`
[INFO] [stdout]   |                                                |
[INFO] [stdout]   |                                                no `SimdInt` in `simd`
[INFO] [stdout]   |
[INFO] [stdout]   = help: consider importing this trait instead:
[INFO] [stdout]           core::simd::prelude::SimdInt
[INFO] [stdout]   = help: consider importing this trait instead:
[INFO] [stdout]           core::simd::prelude::SimdUint
[INFO] [stdout] 
[INFO] [stdout] 
[INFO] [stdout] error[E0432]: unresolved imports `core::simd::SimdFloat`, `core::simd::SimdInt`, `core::simd::SimdUint`
[INFO] [stdout]  --> src/num.rs:1:48
[INFO] [stdout]   |
[INFO] [stdout] 1 | use core::simd::{LaneCount, Simd, SimdElement, SimdFloat, SimdInt, SimdUint, SupportedLaneCount};
[INFO] [stdout]   |                                                ^^^^^^^^^  ^^^^^^^  ^^^^^^^^ no `SimdUint` in `simd`
[INFO] [stdout]   |                                                |          |
[INFO] [stdout]   |                                                |          no `SimdInt` in `simd`
[INFO] [stdout]   |                                                no `SimdFloat` in `simd`
[INFO] [stdout]   |
[INFO] [stdout]   = help: consider importing this trait instead:
[INFO] [stdout]           core::simd::prelude::SimdFloat
[INFO] [stdout]   = help: consider importing this trait instead:
[INFO] [stdout]           core::simd::prelude::SimdInt
[INFO] [stdout]   = help: consider importing this trait instead:
[INFO] [stdout]           core::simd::prelude::SimdUint
[INFO] [stdout] 
[INFO] [stdout] 
[INFO] [stdout] error[E0432]: unresolved imports `core::simd::SimdFloat`, `core::simd::SimdInt`, `core::simd::SimdOrd`, `core::simd::SimdUint`
[INFO] [stdout]  --> src/ord.rs:2:35
[INFO] [stdout]   |
[INFO] [stdout] 2 |     LaneCount, Simd, SimdElement, SimdFloat, SimdInt, SimdOrd, SimdUint, SupportedLaneCount,
[INFO] [stdout]   |                                   ^^^^^^^^^  ^^^^^^^  ^^^^^^^  ^^^^^^^^ no `SimdUint` in `simd`
[INFO] [stdout]   |                                   |          |        |
[INFO] [stdout]   |                                   |          |        no `SimdOrd` in `simd`
[INFO] [stdout]   |                                   |          no `SimdInt` in `simd`
[INFO] [stdout]   |                                   no `SimdFloat` in `simd`
[INFO] [stdout]   |
[INFO] [stdout]   = help: consider importing this trait instead:
[INFO] [stdout]           core::simd::prelude::SimdFloat
[INFO] [stdout]   = help: consider importing this trait instead:
[INFO] [stdout]           core::simd::prelude::SimdInt
[INFO] [stdout]   = help: consider importing this trait instead:
[INFO] [stdout]           core::simd::prelude::SimdOrd
[INFO] [stdout]   = help: consider importing this trait instead:
[INFO] [stdout]           core::simd::prelude::SimdUint
[INFO] [stdout] 
[INFO] [stdout] 
[INFO] [stdout] For more information about this error, try `rustc --explain E0432`.
[INFO] [stdout] 
[INFO] [stderr] error: could not compile `simd_iter` (lib) due to 4 previous errors
[INFO] running `Command { std: "docker" "inspect" "1b6037893a5c370b90119357654fd8c7e4e6add69189fa23bff3d675ff4e07cc", kill_on_drop: false }`
[INFO] running `Command { std: "docker" "rm" "-f" "1b6037893a5c370b90119357654fd8c7e4e6add69189fa23bff3d675ff4e07cc", kill_on_drop: false }`
[INFO] [stdout] 1b6037893a5c370b90119357654fd8c7e4e6add69189fa23bff3d675ff4e07cc
