[INFO] fetching crate sigstat 0.0.1...
[INFO] testing sigstat-0.0.1 against nightly-2024-10-28 for randomize-layout
[INFO] extracting crate sigstat 0.0.1 into /workspace/builds/worker-2-tc1/source
[INFO] validating manifest of crates.io crate sigstat 0.0.1 on toolchain nightly-2024-10-28
[INFO] running `Command { std: CARGO_HOME="/workspace/cargo-home" RUSTUP_HOME="/workspace/rustup-home" "/workspace/cargo-home/bin/cargo" "+nightly-2024-10-28" "metadata" "--manifest-path" "Cargo.toml" "--no-deps", kill_on_drop: false }`
[INFO] started tweaking crates.io crate sigstat 0.0.1
[INFO] removed 0 missing tests
[INFO] finished tweaking crates.io crate sigstat 0.0.1
[INFO] tweaked toml for crates.io crate sigstat 0.0.1 written to /workspace/builds/worker-2-tc1/source/Cargo.toml
[INFO] running `Command { std: CARGO_HOME="/workspace/cargo-home" RUSTUP_HOME="/workspace/rustup-home" "/workspace/cargo-home/bin/cargo" "+nightly-2024-10-28" "generate-lockfile" "--manifest-path" "Cargo.toml", kill_on_drop: false }`
[INFO] [stderr]     Updating crates.io index
[INFO] [stderr]      Locking 178 packages to latest compatible versions
[INFO] running `Command { std: CARGO_HOME="/workspace/cargo-home" RUSTUP_HOME="/workspace/rustup-home" "/workspace/cargo-home/bin/cargo" "+nightly-2024-10-28" "fetch" "--manifest-path" "Cargo.toml", kill_on_drop: false }`
[INFO] running `Command { std: "docker" "create" "-v" "/var/lib/crater-agent-workspace/builds/worker-2-tc1/target:/opt/rustwide/target:rw,Z" "-v" "/var/lib/crater-agent-workspace/builds/worker-2-tc1/source:/opt/rustwide/workdir:ro,Z" "-v" "/var/lib/crater-agent-workspace/cargo-home:/opt/rustwide/cargo-home:ro,Z" "-v" "/var/lib/crater-agent-workspace/rustup-home:/opt/rustwide/rustup-home:ro,Z" "-e" "SOURCE_DIR=/opt/rustwide/workdir" "-e" "CARGO_TARGET_DIR=/opt/rustwide/target" "-e" "CARGO_HOME=/opt/rustwide/cargo-home" "-e" "RUSTUP_HOME=/opt/rustwide/rustup-home" "-w" "/opt/rustwide/workdir" "-m" "1610612736" "--user" "0:0" "--network" "none" "ghcr.io/rust-lang/crates-build-env/linux@sha256:4a844ea9eb2546a2d2c7022eacef16ef2e8229c7fbb2c7d4d55a9ceca922f72d" "/opt/rustwide/cargo-home/bin/cargo" "+nightly-2024-10-28" "metadata" "--no-deps" "--format-version=1", kill_on_drop: false }`
[INFO] [stdout] 783a1fbf420e50ca154ddabc89423145a09f773751601b707c99c021417ddd0f
[INFO] running `Command { std: "docker" "start" "-a" "783a1fbf420e50ca154ddabc89423145a09f773751601b707c99c021417ddd0f", kill_on_drop: false }`
[INFO] running `Command { std: "docker" "inspect" "783a1fbf420e50ca154ddabc89423145a09f773751601b707c99c021417ddd0f", kill_on_drop: false }`
[INFO] running `Command { std: "docker" "rm" "-f" "783a1fbf420e50ca154ddabc89423145a09f773751601b707c99c021417ddd0f", kill_on_drop: false }`
[INFO] [stdout] 783a1fbf420e50ca154ddabc89423145a09f773751601b707c99c021417ddd0f
[INFO] running `Command { std: "docker" "create" "-v" "/var/lib/crater-agent-workspace/builds/worker-2-tc1/target:/opt/rustwide/target:rw,Z" "-v" "/var/lib/crater-agent-workspace/builds/worker-2-tc1/source:/opt/rustwide/workdir:ro,Z" "-v" "/var/lib/crater-agent-workspace/cargo-home:/opt/rustwide/cargo-home:ro,Z" "-v" "/var/lib/crater-agent-workspace/rustup-home:/opt/rustwide/rustup-home:ro,Z" "-e" "SOURCE_DIR=/opt/rustwide/workdir" "-e" "CARGO_TARGET_DIR=/opt/rustwide/target" "-e" "CARGO_INCREMENTAL=0" "-e" "RUST_BACKTRACE=full" "-e" "RUSTFLAGS=--cap-lints=forbid" "-e" "RUSTDOCFLAGS=--cap-lints=forbid" "-e" "CARGO_HOME=/opt/rustwide/cargo-home" "-e" "RUSTUP_HOME=/opt/rustwide/rustup-home" "-w" "/opt/rustwide/workdir" "-m" "1610612736" "--user" "0:0" "--network" "none" "ghcr.io/rust-lang/crates-build-env/linux@sha256:4a844ea9eb2546a2d2c7022eacef16ef2e8229c7fbb2c7d4d55a9ceca922f72d" "/opt/rustwide/cargo-home/bin/cargo" "+nightly-2024-10-28" "build" "--frozen" "--message-format=json", kill_on_drop: false }`
[INFO] [stdout] 5414ae97eaf9feca3f57a6c1158e631496a8d8269263931323c6cb1c3beeb258
[INFO] running `Command { std: "docker" "start" "-a" "5414ae97eaf9feca3f57a6c1158e631496a8d8269263931323c6cb1c3beeb258", kill_on_drop: false }`
[INFO] [stderr]    Compiling lock_api v0.4.12
[INFO] [stderr]    Compiling cc v1.1.31
[INFO] [stderr]    Compiling pkg-config v0.3.31
[INFO] [stderr]    Compiling syn v2.0.86
[INFO] [stderr]    Compiling parking_lot_core v0.9.10
[INFO] [stderr]    Compiling typenum v1.17.0
[INFO] [stderr]    Compiling http v1.1.0
[INFO] [stderr]    Compiling version_check v0.9.5
[INFO] [stderr]    Compiling generic-array v0.14.7
[INFO] [stderr]    Compiling futures-task v0.3.31
[INFO] [stderr]    Compiling parking_lot v0.12.3
[INFO] [stderr]    Compiling openssl v0.10.68
[INFO] [stderr]    Compiling futures-util v0.3.31
[INFO] [stderr]    Compiling tracing v0.1.40
[INFO] [stderr]    Compiling memchr v2.7.4
[INFO] [stderr]    Compiling serde v1.0.214
[INFO] [stderr]    Compiling http-body v1.0.1
[INFO] [stderr]    Compiling log v0.4.22
[INFO] [stderr]    Compiling unicode-normalization v0.1.24
[INFO] [stderr]    Compiling num-traits v0.2.19
[INFO] [stderr]    Compiling unicode-bidi v0.3.17
[INFO] [stderr]    Compiling serde_json v1.0.132
[INFO] [stderr]    Compiling openssl-sys v0.9.104
[INFO] [stderr]    Compiling num-conv v0.1.0
[INFO] [stderr]    Compiling powerfmt v0.2.0
[INFO] [stderr]    Compiling time-core v0.1.2
[INFO] [stderr]    Compiling idna v0.5.0
[INFO] [stderr]    Compiling time-macros v0.2.18
[INFO] [stderr]    Compiling deranged v0.3.11
[INFO] [stderr]    Compiling block-buffer v0.10.4
[INFO] [stderr]    Compiling http-body-util v0.1.2
[INFO] [stderr]    Compiling crypto-common v0.1.6
[INFO] [stderr]    Compiling native-tls v0.2.12
[INFO] [stderr]    Compiling aho-corasick v1.1.3
[INFO] [stderr]    Compiling rustls-pki-types v1.10.0
[INFO] [stderr]    Compiling num_threads v0.1.7
[INFO] [stderr]    Compiling regex-syntax v0.8.5
[INFO] [stderr]    Compiling lazy_static v1.5.0
[INFO] [stderr]    Compiling colored v2.1.0
[INFO] [stderr]    Compiling rustls-pemfile v2.2.0
[INFO] [stderr]    Compiling url v2.5.2
[INFO] [stderr]    Compiling digest v0.10.7
[INFO] [stderr]    Compiling sync_wrapper v1.0.1
[INFO] [stderr]    Compiling encoding_rs v0.8.35
[INFO] [stderr]    Compiling cpufeatures v0.2.14
[INFO] [stderr]    Compiling iana-time-zone v0.1.61
[INFO] [stderr]    Compiling time v0.3.36
[INFO] [stderr]    Compiling ipnet v2.10.1
[INFO] [stderr]    Compiling chrono v0.4.38
[INFO] [stderr]    Compiling sha2 v0.10.8
[INFO] [stderr]    Compiling regex-automata v0.4.8
[INFO] [stderr]    Compiling tokio-macros v2.4.0
[INFO] [stderr]    Compiling openssl-macros v0.1.1
[INFO] [stderr]    Compiling tokio v1.41.0
[INFO] [stderr]    Compiling serde_derive v1.0.214
[INFO] [stderr]    Compiling async-trait v0.1.83
[INFO] [stderr]    Compiling simple_logger v5.0.0
[INFO] [stderr]    Compiling regex v1.11.1
[INFO] [stderr]    Compiling tokio-util v0.7.12
[INFO] [stderr]    Compiling tokio-native-tls v0.3.1
[INFO] [stderr]    Compiling h2 v0.4.6
[INFO] [stderr]    Compiling serde_urlencoded v0.7.1
[INFO] [stderr]    Compiling hyper v1.5.0
[INFO] [stderr]    Compiling hyper-util v0.1.10
[INFO] [stderr]    Compiling hyper-tls v0.6.0
[INFO] [stderr]    Compiling reqwest v0.12.9
[INFO] [stderr]    Compiling sigstat v0.0.1 (/opt/rustwide/workdir)
[INFO] [stdout] warning: unused import: `log_d`
[INFO] [stdout]  --> src/evaluation/comparisons/compare_versions.rs:1:13
[INFO] [stdout]   |
[INFO] [stdout] 1 | use crate::{log_d, unwrap_or_return, DynamicValue};
[INFO] [stdout]   |             ^^^^^
[INFO] [stdout]   |
[INFO] [stdout]   = note: `#[warn(unused_imports)]` on by default
[INFO] [stdout] 
[INFO] [stdout] 
[INFO] [stderr]     Finished `dev` profile [unoptimized + debuginfo] target(s) in 16.64s
[INFO] running `Command { std: "docker" "inspect" "5414ae97eaf9feca3f57a6c1158e631496a8d8269263931323c6cb1c3beeb258", kill_on_drop: false }`
[INFO] running `Command { std: "docker" "rm" "-f" "5414ae97eaf9feca3f57a6c1158e631496a8d8269263931323c6cb1c3beeb258", kill_on_drop: false }`
[INFO] [stdout] 5414ae97eaf9feca3f57a6c1158e631496a8d8269263931323c6cb1c3beeb258
[INFO] running `Command { std: "docker" "create" "-v" "/var/lib/crater-agent-workspace/builds/worker-2-tc1/target:/opt/rustwide/target:rw,Z" "-v" "/var/lib/crater-agent-workspace/builds/worker-2-tc1/source:/opt/rustwide/workdir:ro,Z" "-v" "/var/lib/crater-agent-workspace/cargo-home:/opt/rustwide/cargo-home:ro,Z" "-v" "/var/lib/crater-agent-workspace/rustup-home:/opt/rustwide/rustup-home:ro,Z" "-e" "SOURCE_DIR=/opt/rustwide/workdir" "-e" "CARGO_TARGET_DIR=/opt/rustwide/target" "-e" "CARGO_INCREMENTAL=0" "-e" "RUST_BACKTRACE=full" "-e" "RUSTFLAGS=--cap-lints=forbid" "-e" "RUSTDOCFLAGS=--cap-lints=forbid" "-e" "CARGO_HOME=/opt/rustwide/cargo-home" "-e" "RUSTUP_HOME=/opt/rustwide/rustup-home" "-w" "/opt/rustwide/workdir" "-m" "1610612736" "--user" "0:0" "--network" "none" "ghcr.io/rust-lang/crates-build-env/linux@sha256:4a844ea9eb2546a2d2c7022eacef16ef2e8229c7fbb2c7d4d55a9ceca922f72d" "/opt/rustwide/cargo-home/bin/cargo" "+nightly-2024-10-28" "test" "--frozen" "--no-run" "--message-format=json", kill_on_drop: false }`
[INFO] [stdout] 172449a151d55be4e9fb5f1759e8d2370a6665bd0636e8a7aab7ccdc9fb3ce48
[INFO] running `Command { std: "docker" "start" "-a" "172449a151d55be4e9fb5f1759e8d2370a6665bd0636e8a7aab7ccdc9fb3ce48", kill_on_drop: false }`
[INFO] [stdout] warning: unused import: `log_d`
[INFO] [stdout]  --> src/evaluation/comparisons/compare_versions.rs:1:13
[INFO] [stdout]   |
[INFO] [stdout] 1 | use crate::{log_d, unwrap_or_return, DynamicValue};
[INFO] [stdout]   |             ^^^^^
[INFO] [stdout]   |
[INFO] [stdout]   = note: `#[warn(unused_imports)]` on by default
[INFO] [stdout] 
[INFO] [stdout] 
[INFO] [stderr]    Compiling sigstat v0.0.1 (/opt/rustwide/workdir)
[INFO] [stdout] error[E0432]: unresolved import `statsig`
[INFO] [stdout]  --> tests/mock_specs_adapter.rs:8:5
[INFO] [stdout]   |
[INFO] [stdout] 8 | use statsig::{SpecsAdapter, SpecsUpdateListener, SpecsUpdate, SpecsSource, StatsigErr};
[INFO] [stdout]   |     ^^^^^^^ use of undeclared crate or module `statsig`
[INFO] [stdout] 
[INFO] [stdout] 
[INFO] [stdout] error[E0432]: unresolved import `statsig`
[INFO] [stdout]  --> tests/mock_event_logging_adapter.rs:6:5
[INFO] [stdout]   |
[INFO] [stdout] 6 | use statsig::{EventLoggingAdapter, StatsigOptions};
[INFO] [stdout]   |     ^^^^^^^ use of undeclared crate or module `statsig`
[INFO] [stdout] 
[INFO] [stdout] 
[INFO] [stdout] error[E0432]: unresolved import `statsig`
[INFO] [stdout]  --> tests/user_json_tests.rs:3:9
[INFO] [stdout]   |
[INFO] [stdout] 3 |     use statsig::StatsigUser;
[INFO] [stdout]   |         ^^^^^^^ use of undeclared crate or module `statsig`
[INFO] [stdout] 
[INFO] [stdout] 
[INFO] [stdout] error[E0432]: unresolved import `statsig`
[INFO] [stdout]  --> tests/perf_tests.rs:6:5
[INFO] [stdout]   |
[INFO] [stdout] 6 | use statsig::{InitializeResponse, Statsig, StatsigOptions, StatsigUser};
[INFO] [stdout]   |     ^^^^^^^ use of undeclared crate or module `statsig`
[INFO] [stdout] 
[INFO] [stdout] 
[INFO] [stdout] error[E0432]: unresolved import `statsig`
[INFO] [stdout]  --> tests/mock_specs_adapter.rs:8:5
[INFO] [stdout]   |
[INFO] [stdout] 8 | use statsig::{SpecsAdapter, SpecsUpdateListener, SpecsUpdate, SpecsSource, StatsigErr};
[INFO] [stdout]   |     ^^^^^^^ use of undeclared crate or module `statsig`
[INFO] [stdout] 
[INFO] [stdout] 
[INFO] [stdout] error[E0432]: unresolved import `statsig`
[INFO] [stdout]  --> tests/mock_event_logging_adapter.rs:6:5
[INFO] [stdout]   |
[INFO] [stdout] 6 | use statsig::{EventLoggingAdapter, StatsigOptions};
[INFO] [stdout]   |     ^^^^^^^ use of undeclared crate or module `statsig`
[INFO] [stdout] 
[INFO] [stdout] 
[INFO] [stdout] error[E0432]: unresolved import `statsig`
[INFO] [stdout]  --> tests/typed_getters_tests.rs:5:5
[INFO] [stdout]   |
[INFO] [stdout] 5 | use statsig::{Statsig, StatsigOptions, StatsigUser};
[INFO] [stdout]   |     ^^^^^^^ use of undeclared crate or module `statsig`
[INFO] [stdout] 
[INFO] [stdout] 
[INFO] [stdout] error[E0432]: unresolved import `statsig`
[INFO] [stdout]  --> tests/mock_specs_adapter.rs:8:5
[INFO] [stdout]   |
[INFO] [stdout] 8 | use statsig::{SpecsAdapter, SpecsUpdateListener, SpecsUpdate, SpecsSource, StatsigErr};
[INFO] [stdout]   |     ^^^^^^^ use of undeclared crate or module `statsig`
[INFO] [stdout] 
[INFO] [stdout] 
[INFO] [stdout] error[E0432]: unresolved import `statsig`
[INFO] [stdout]  --> tests/mock_event_logging_adapter.rs:6:5
[INFO] [stdout]   |
[INFO] [stdout] 6 | use statsig::{EventLoggingAdapter, StatsigOptions};
[INFO] [stdout]   |     ^^^^^^^ use of undeclared crate or module `statsig`
[INFO] [stdout] 
[INFO] [stdout] 
[INFO] [stdout] For more information about this error, try `rustc --explain E0432`.
[INFO] [stdout] 
[INFO] [stdout] For more information about this error, try `rustc --explain E0432`.
[INFO] [stdout] 
[INFO] [stdout] error[E0432]: unresolved import `statsig`
[INFO] [stdout]  --> tests/mock_specs_adapter.rs:8:5
[INFO] [stdout]   |
[INFO] [stdout] 8 | use statsig::{SpecsAdapter, SpecsUpdateListener, SpecsUpdate, SpecsSource, StatsigErr};
[INFO] [stdout]   |     ^^^^^^^ use of undeclared crate or module `statsig`
[INFO] [stdout] 
[INFO] [stdout] 
[INFO] [stdout] error[E0432]: unresolved import `statsig`
[INFO] [stdout]  --> tests/mock_event_logging_adapter.rs:6:5
[INFO] [stdout]   |
[INFO] [stdout] 6 | use statsig::{EventLoggingAdapter, StatsigOptions};
[INFO] [stdout]   |     ^^^^^^^ use of undeclared crate or module `statsig`
[INFO] [stdout] 
[INFO] [stdout] 
[INFO] [stdout] error[E0432]: unresolved import `statsig`
[INFO] [stdout]  --> tests/eval_reason_tests.rs:9:9
[INFO] [stdout]   |
[INFO] [stdout] 9 |     use statsig::{Statsig, StatsigOptions, StatsigUser};
[INFO] [stdout]   |         ^^^^^^^ use of undeclared crate or module `statsig`
[INFO] [stdout] 
[INFO] [stdout] 
[INFO] [stdout] warning: unused import: `serde_json::json`
[INFO] [stdout]  --> tests/typed_getters_tests.rs:7:5
[INFO] [stdout]   |
[INFO] [stdout] 7 | use serde_json::json;
[INFO] [stdout]   |     ^^^^^^^^^^^^^^^^
[INFO] [stdout]   |
[INFO] [stdout]   = note: `#[warn(unused_imports)]` on by default
[INFO] [stdout] 
[INFO] [stdout] 
[INFO] [stderr] error: could not compile `sigstat` (test "mock_specs_adapter") due to 1 previous error
[INFO] [stderr] warning: build failed, waiting for other jobs to finish...
[INFO] [stderr] error: could not compile `sigstat` (test "mock_event_logging_adapter") due to 1 previous error
[INFO] [stdout] For more information about this error, try `rustc --explain E0432`.
[INFO] [stdout] 
[INFO] [stdout] For more information about this error, try `rustc --explain E0432`.
[INFO] [stdout] 
[INFO] [stdout] For more information about this error, try `rustc --explain E0432`.
[INFO] [stdout] 
[INFO] [stdout] For more information about this error, try `rustc --explain E0432`.
[INFO] [stdout] 
[INFO] [stderr] error: could not compile `sigstat` (test "user_json_tests") due to 1 previous error
[INFO] [stderr] error: could not compile `sigstat` (test "eval_reason_tests") due to 3 previous errors
[INFO] [stderr] error: could not compile `sigstat` (test "perf_tests") due to 3 previous errors
[INFO] [stderr] error: could not compile `sigstat` (test "typed_getters_tests") due to 3 previous errors; 1 warning emitted
[INFO] [stdout] warning: unused import: `log_d`
[INFO] [stdout]  --> src/evaluation/comparisons/compare_versions.rs:1:13
[INFO] [stdout]   |
[INFO] [stdout] 1 | use crate::{log_d, unwrap_or_return, DynamicValue};
[INFO] [stdout]   |             ^^^^^
[INFO] [stdout]   |
[INFO] [stdout]   = note: `#[warn(unused_imports)]` on by default
[INFO] [stdout] 
[INFO] [stdout] 
[INFO] running `Command { std: "docker" "inspect" "172449a151d55be4e9fb5f1759e8d2370a6665bd0636e8a7aab7ccdc9fb3ce48", kill_on_drop: false }`
[INFO] running `Command { std: "docker" "rm" "-f" "172449a151d55be4e9fb5f1759e8d2370a6665bd0636e8a7aab7ccdc9fb3ce48", kill_on_drop: false }`
[INFO] [stdout] 172449a151d55be4e9fb5f1759e8d2370a6665bd0636e8a7aab7ccdc9fb3ce48
