[INFO] fetching crate signalrs-client-custom-auth 0.1.7...
[INFO] testing signalrs-client-custom-auth-0.1.7 against nightly-2024-10-28+rustflags=-Zrandomize-layout for randomize-layout
[INFO] extracting crate signalrs-client-custom-auth 0.1.7 into /workspace/builds/worker-5-tc2/source
[INFO] validating manifest of crates.io crate signalrs-client-custom-auth 0.1.7 on toolchain nightly-2024-10-28
[INFO] running `Command { std: CARGO_HOME="/workspace/cargo-home" RUSTUP_HOME="/workspace/rustup-home" "/workspace/cargo-home/bin/cargo" "+nightly-2024-10-28" "metadata" "--manifest-path" "Cargo.toml" "--no-deps", kill_on_drop: false }`
[INFO] started tweaking crates.io crate signalrs-client-custom-auth 0.1.7
[INFO] finished tweaking crates.io crate signalrs-client-custom-auth 0.1.7
[INFO] tweaked toml for crates.io crate signalrs-client-custom-auth 0.1.7 written to /workspace/builds/worker-5-tc2/source/Cargo.toml
[INFO] crate crates.io crate signalrs-client-custom-auth 0.1.7 already has a lockfile, it will not be regenerated
[INFO] running `Command { std: CARGO_HOME="/workspace/cargo-home" RUSTUP_HOME="/workspace/rustup-home" "/workspace/cargo-home/bin/cargo" "+nightly-2024-10-28" "fetch" "--manifest-path" "Cargo.toml", kill_on_drop: false }`
[INFO] running `Command { std: "docker" "create" "-v" "/var/lib/crater-agent-workspace/builds/worker-5-tc2/target:/opt/rustwide/target:rw,Z" "-v" "/var/lib/crater-agent-workspace/builds/worker-5-tc2/source:/opt/rustwide/workdir:ro,Z" "-v" "/var/lib/crater-agent-workspace/cargo-home:/opt/rustwide/cargo-home:ro,Z" "-v" "/var/lib/crater-agent-workspace/rustup-home:/opt/rustwide/rustup-home:ro,Z" "-e" "SOURCE_DIR=/opt/rustwide/workdir" "-e" "CARGO_TARGET_DIR=/opt/rustwide/target" "-e" "CARGO_HOME=/opt/rustwide/cargo-home" "-e" "RUSTUP_HOME=/opt/rustwide/rustup-home" "-w" "/opt/rustwide/workdir" "-m" "1610612736" "--user" "0:0" "--network" "none" "ghcr.io/rust-lang/crates-build-env/linux@sha256:4a844ea9eb2546a2d2c7022eacef16ef2e8229c7fbb2c7d4d55a9ceca922f72d" "/opt/rustwide/cargo-home/bin/cargo" "+nightly-2024-10-28" "metadata" "--no-deps" "--format-version=1", kill_on_drop: false }`
[INFO] [stdout] 20883776fe5ef65e57aff8489df1725b4819421b50a81a1c9ddc7879fc4c9f07
[INFO] running `Command { std: "docker" "start" "-a" "20883776fe5ef65e57aff8489df1725b4819421b50a81a1c9ddc7879fc4c9f07", kill_on_drop: false }`
[INFO] running `Command { std: "docker" "inspect" "20883776fe5ef65e57aff8489df1725b4819421b50a81a1c9ddc7879fc4c9f07", kill_on_drop: false }`
[INFO] running `Command { std: "docker" "rm" "-f" "20883776fe5ef65e57aff8489df1725b4819421b50a81a1c9ddc7879fc4c9f07", kill_on_drop: false }`
[INFO] [stdout] 20883776fe5ef65e57aff8489df1725b4819421b50a81a1c9ddc7879fc4c9f07
[INFO] running `Command { std: "docker" "create" "-v" "/var/lib/crater-agent-workspace/builds/worker-5-tc2/target:/opt/rustwide/target:rw,Z" "-v" "/var/lib/crater-agent-workspace/builds/worker-5-tc2/source:/opt/rustwide/workdir:ro,Z" "-v" "/var/lib/crater-agent-workspace/cargo-home:/opt/rustwide/cargo-home:ro,Z" "-v" "/var/lib/crater-agent-workspace/rustup-home:/opt/rustwide/rustup-home:ro,Z" "-e" "SOURCE_DIR=/opt/rustwide/workdir" "-e" "CARGO_TARGET_DIR=/opt/rustwide/target" "-e" "CARGO_INCREMENTAL=0" "-e" "RUST_BACKTRACE=full" "-e" "RUSTFLAGS=--cap-lints=forbid -Zrandomize-layout" "-e" "RUSTDOCFLAGS=--cap-lints=forbid" "-e" "CARGO_HOME=/opt/rustwide/cargo-home" "-e" "RUSTUP_HOME=/opt/rustwide/rustup-home" "-w" "/opt/rustwide/workdir" "-m" "1610612736" "--user" "0:0" "--network" "none" "ghcr.io/rust-lang/crates-build-env/linux@sha256:4a844ea9eb2546a2d2c7022eacef16ef2e8229c7fbb2c7d4d55a9ceca922f72d" "/opt/rustwide/cargo-home/bin/cargo" "+nightly-2024-10-28" "build" "--frozen" "--message-format=json", kill_on_drop: false }`
[INFO] [stdout] 5d18ec7ecfc3bc8930aa2a965549c418d2acbe69ae5eeab0084dab8f1228d614
[INFO] running `Command { std: "docker" "start" "-a" "5d18ec7ecfc3bc8930aa2a965549c418d2acbe69ae5eeab0084dab8f1228d614", kill_on_drop: false }`
[INFO] [stderr]    Compiling proc-macro2 v1.0.85
[INFO] [stderr]    Compiling libc v0.2.155
[INFO] [stderr]    Compiling autocfg v1.3.0
[INFO] [stderr]    Compiling cc v1.0.98
[INFO] [stderr]    Compiling bytes v1.6.0
[INFO] [stderr]    Compiling pin-project-lite v0.2.14
[INFO] [stderr]    Compiling once_cell v1.19.0
[INFO] [stderr]    Compiling futures-core v0.3.30
[INFO] [stderr]    Compiling parking_lot_core v0.9.10
[INFO] [stderr]    Compiling futures-sink v0.3.30
[INFO] [stderr]    Compiling pkg-config v0.3.30
[INFO] [stderr]    Compiling smallvec v1.13.2
[INFO] [stderr]    Compiling futures-channel v0.3.30
[INFO] [stderr]    Compiling lock_api v0.4.12
[INFO] [stderr]    Compiling slab v0.4.9
[INFO] [stderr]    Compiling memchr v2.7.2
[INFO] [stderr]    Compiling futures-task v0.3.30
[INFO] [stderr]    Compiling futures-io v0.3.30
[INFO] [stderr]    Compiling generic-array v0.14.7
[INFO] [stderr]    Compiling quote v1.0.36
[INFO] [stderr]    Compiling openssl v0.10.64
[INFO] [stderr]    Compiling httparse v1.8.0
[INFO] [stderr]    Compiling http v1.1.0
[INFO] [stderr]    Compiling bitflags v2.5.0
[INFO] [stderr]    Compiling syn v2.0.66
[INFO] [stderr]    Compiling native-tls v0.2.12
[INFO] [stderr]    Compiling log v0.4.21
[INFO] [stderr]    Compiling tinyvec v1.6.0
[INFO] [stderr]    Compiling spin v0.9.8
[INFO] [stderr]    Compiling openssl-sys v0.9.102
[INFO] [stderr]    Compiling ring v0.17.8
[INFO] [stderr]    Compiling tracing-core v0.1.32
[INFO] [stderr]    Compiling getrandom v0.2.15
[INFO] [stderr]    Compiling signal-hook-registry v1.4.2
[INFO] [stderr]    Compiling num_cpus v1.16.0
[INFO] [stderr]    Compiling mio v0.8.11
[INFO] [stderr]    Compiling socket2 v0.5.7
[INFO] [stderr]    Compiling parking_lot v0.12.3
[INFO] [stderr]    Compiling percent-encoding v2.3.1
[INFO] [stderr]    Compiling hashbrown v0.14.5
[INFO] [stderr]    Compiling equivalent v1.0.1
[INFO] [stderr]    Compiling form_urlencoded v1.2.1
[INFO] [stderr]    Compiling unicode-normalization v0.1.23
[INFO] [stderr]    Compiling rand_core v0.6.4
[INFO] [stderr]    Compiling http-body v1.0.0
[INFO] [stderr]    Compiling ring v0.16.20
[INFO] [stderr]    Compiling serde v1.0.203
[INFO] [stderr]    Compiling ppv-lite86 v0.2.17
[INFO] [stderr]    Compiling try-lock v0.2.5
[INFO] [stderr]    Compiling unicode-bidi v0.3.15
[INFO] [stderr]    Compiling atomic-waker v1.1.2
[INFO] [stderr]    Compiling indexmap v2.2.6
[INFO] [stderr]    Compiling untrusted v0.9.0
[INFO] [stderr]    Compiling want v0.3.1
[INFO] [stderr]    Compiling rand_chacha v0.3.1
[INFO] [stderr]    Compiling crypto-common v0.1.6
[INFO] [stderr]    Compiling block-buffer v0.10.4
[INFO] [stderr]    Compiling idna v0.5.0
[INFO] [stderr]    Compiling tower-layer v0.3.2
[INFO] [stderr]    Compiling tower-service v0.3.2
[INFO] [stderr]    Compiling thiserror v1.0.61
[INFO] [stderr]    Compiling digest v0.10.7
[INFO] [stderr]    Compiling rand v0.8.5
[INFO] [stderr]    Compiling untrusted v0.7.1
[INFO] [stderr]    Compiling url v2.5.0
[INFO] [stderr]    Compiling rustls v0.20.9
[INFO] [stderr]    Compiling spin v0.5.2
[INFO] [stderr]    Compiling cpufeatures v0.2.12
[INFO] [stderr]    Compiling syn v1.0.109
[INFO] [stderr]    Compiling sha-1 v0.10.1
[INFO] [stderr]    Compiling http-body-util v0.1.1
[INFO] [stderr]    Compiling http v0.2.12
[INFO] [stderr]    Compiling serde_json v1.0.117
[INFO] [stderr]    Compiling base64 v0.13.1
[INFO] [stderr]    Compiling base64 v0.22.1
[INFO] [stderr]    Compiling rustls-pki-types v1.7.0
[INFO] [stderr]    Compiling utf-8 v0.7.6
[INFO] [stderr]    Compiling rustls-pemfile v2.1.2
[INFO] [stderr]    Compiling nanorand v0.7.0
[INFO] [stderr]    Compiling encoding_rs v0.8.34
[INFO] [stderr]    Compiling sync_wrapper v1.0.1
[INFO] [stderr]    Compiling ipnet v2.9.0
[INFO] [stderr]    Compiling mime v0.3.17
[INFO] [stderr]    Compiling tokio-macros v2.3.0
[INFO] [stderr]    Compiling futures-macro v0.3.30
[INFO] [stderr]    Compiling openssl-macros v0.1.1
[INFO] [stderr]    Compiling pin-project-internal v1.1.5
[INFO] [stderr]    Compiling tokio v1.38.0
[INFO] [stderr]    Compiling futures-util v0.3.30
[INFO] [stderr]    Compiling tracing-attributes v0.1.27
[INFO] [stderr]    Compiling pin-project v1.1.5
[INFO] [stderr]    Compiling serde_derive v1.0.203
[INFO] [stderr]    Compiling thiserror-impl v1.0.61
[INFO] [stderr]    Compiling webpki v0.22.4
[INFO] [stderr]    Compiling sct v0.7.1
[INFO] [stderr]    Compiling tracing v0.1.40
[INFO] [stderr]    Compiling uuid-macro-internal v1.8.0
[INFO] [stderr]    Compiling flume v0.10.14
[INFO] [stderr]    Compiling serde_repr v0.1.19
[INFO] [stderr]    Compiling uuid v1.8.0
[INFO] [stderr]    Compiling futures-executor v0.3.30
[INFO] [stderr]    Compiling tungstenite v0.17.3
[INFO] [stderr]    Compiling futures v0.3.30
[INFO] [stderr]    Compiling signalrs-derive v0.1.0
[INFO] [stderr]    Compiling tokio-util v0.7.11
[INFO] [stderr]    Compiling tower v0.4.13
[INFO] [stderr]    Compiling tokio-native-tls v0.3.1
[INFO] [stderr]    Compiling tokio-tungstenite v0.17.2
[INFO] [stderr]    Compiling h2 v0.4.5
[INFO] [stderr]    Compiling serde_urlencoded v0.7.1
[INFO] [stderr]    Compiling hyper v1.3.1
[INFO] [stderr]    Compiling hyper-util v0.1.5
[INFO] [stderr]    Compiling hyper-tls v0.6.0
[INFO] [stderr]    Compiling dusks-reqwest v0.12.4
[INFO] [stderr]    Compiling signalrs-client-custom-auth v0.1.7 (/opt/rustwide/workdir)
[INFO] [stdout] warning: unused import: `serde_json::Value`
[INFO] [stdout]  --> src/hub/invocation.rs:6:5
[INFO] [stdout]   |
[INFO] [stdout] 6 | use serde_json::Value;
[INFO] [stdout]   |     ^^^^^^^^^^^^^^^^^
[INFO] [stdout]   |
[INFO] [stdout]   = note: `#[warn(unused_imports)]` on by default
[INFO] [stdout] 
[INFO] [stdout] 
[INFO] [stdout] warning: field `0` is never read
[INFO] [stdout]  --> src/hub/arguments.rs:9:21
[INFO] [stdout]   |
[INFO] [stdout] 9 | struct StreamArg<T>(Box<dyn Stream<Item = T>>);
[INFO] [stdout]   |        ---------    ^^^^^^^^^^^^^^^^^^^^^^^^^
[INFO] [stdout]   |        |
[INFO] [stdout]   |        field in this struct
[INFO] [stdout]   |
[INFO] [stdout]   = help: consider removing this field
[INFO] [stdout]   = note: `#[warn(dead_code)]` on by default
[INFO] [stdout] 
[INFO] [stdout] 
[INFO] [stdout] warning: field `invocation_id` is never read
[INFO] [stdout]    --> src/protocol.rs:304:9
[INFO] [stdout]     |
[INFO] [stdout] 302 | pub struct OptionalId {
[INFO] [stdout]     |            ---------- field in this struct
[INFO] [stdout] 303 |     #[serde(rename = "invocationId")]
[INFO] [stdout] 304 |     pub invocation_id: Option<String>,
[INFO] [stdout]     |         ^^^^^^^^^^^^^
[INFO] [stdout]     |
[INFO] [stdout]     = note: `OptionalId` has derived impls for the traits `Clone` and `Debug`, but these are intentionally ignored during dead code analysis
[INFO] [stdout] 
[INFO] [stdout] 
[INFO] [stdout] warning: field `invocation_id` is never read
[INFO] [stdout]    --> src/protocol.rs:310:9
[INFO] [stdout]     |
[INFO] [stdout] 308 | pub struct Id {
[INFO] [stdout]     |            -- field in this struct
[INFO] [stdout] 309 |     #[serde(rename = "invocationId")]
[INFO] [stdout] 310 |     pub invocation_id: String,
[INFO] [stdout]     |         ^^^^^^^^^^^^^
[INFO] [stdout]     |
[INFO] [stdout]     = note: `Id` has derived impls for the traits `Clone` and `Debug`, but these are intentionally ignored during dead code analysis
[INFO] [stdout] 
[INFO] [stdout] 
[INFO] [stdout] warning: fields `target` and `message_type` are never read
[INFO] [stdout]    --> src/protocol.rs:315:9
[INFO] [stdout]     |
[INFO] [stdout] 314 | pub struct RoutingData {
[INFO] [stdout]     |            ----------- fields in this struct
[INFO] [stdout] 315 |     pub target: Option<String>,
[INFO] [stdout]     |         ^^^^^^
[INFO] [stdout] 316 |     #[serde(rename = "type")]
[INFO] [stdout] 317 |     pub message_type: MessageType,
[INFO] [stdout]     |         ^^^^^^^^^^^^
[INFO] [stdout]     |
[INFO] [stdout]     = note: `RoutingData` has derived impls for the traits `Clone` and `Debug`, but these are intentionally ignored during dead code analysis
[INFO] [stdout] 
[INFO] [stdout] 
[INFO] [stdout] warning: field `stream_ids` is never read
[INFO] [stdout]    --> src/protocol.rs:329:9
[INFO] [stdout]     |
[INFO] [stdout] 327 | pub struct ClientStreams {
[INFO] [stdout]     |            ------------- field in this struct
[INFO] [stdout] 328 |     #[serde(rename = "streamIds")]
[INFO] [stdout] 329 |     pub stream_ids: Option<Vec<String>>,
[INFO] [stdout]     |         ^^^^^^^^^^
[INFO] [stdout]     |
[INFO] [stdout]     = note: `ClientStreams` has a derived impl for the trait `Debug`, but this is intentionally ignored during dead code analysis
[INFO] [stdout] 
[INFO] [stdout] 
[INFO] [stderr]     Finished `dev` profile [unoptimized + debuginfo] target(s) in 15.60s
[INFO] running `Command { std: "docker" "inspect" "5d18ec7ecfc3bc8930aa2a965549c418d2acbe69ae5eeab0084dab8f1228d614", kill_on_drop: false }`
[INFO] running `Command { std: "docker" "rm" "-f" "5d18ec7ecfc3bc8930aa2a965549c418d2acbe69ae5eeab0084dab8f1228d614", kill_on_drop: false }`
[INFO] [stdout] 5d18ec7ecfc3bc8930aa2a965549c418d2acbe69ae5eeab0084dab8f1228d614
[INFO] running `Command { std: "docker" "create" "-v" "/var/lib/crater-agent-workspace/builds/worker-5-tc2/target:/opt/rustwide/target:rw,Z" "-v" "/var/lib/crater-agent-workspace/builds/worker-5-tc2/source:/opt/rustwide/workdir:ro,Z" "-v" "/var/lib/crater-agent-workspace/cargo-home:/opt/rustwide/cargo-home:ro,Z" "-v" "/var/lib/crater-agent-workspace/rustup-home:/opt/rustwide/rustup-home:ro,Z" "-e" "SOURCE_DIR=/opt/rustwide/workdir" "-e" "CARGO_TARGET_DIR=/opt/rustwide/target" "-e" "CARGO_INCREMENTAL=0" "-e" "RUST_BACKTRACE=full" "-e" "RUSTFLAGS=--cap-lints=forbid -Zrandomize-layout" "-e" "RUSTDOCFLAGS=--cap-lints=forbid" "-e" "CARGO_HOME=/opt/rustwide/cargo-home" "-e" "RUSTUP_HOME=/opt/rustwide/rustup-home" "-w" "/opt/rustwide/workdir" "-m" "1610612736" "--user" "0:0" "--network" "none" "ghcr.io/rust-lang/crates-build-env/linux@sha256:4a844ea9eb2546a2d2c7022eacef16ef2e8229c7fbb2c7d4d55a9ceca922f72d" "/opt/rustwide/cargo-home/bin/cargo" "+nightly-2024-10-28" "test" "--frozen" "--no-run" "--message-format=json", kill_on_drop: false }`
[INFO] [stdout] bfdb6f9a279b33d130785010cf406d7533284848ee1f168b56f7fdeb12f28c9f
[INFO] running `Command { std: "docker" "start" "-a" "bfdb6f9a279b33d130785010cf406d7533284848ee1f168b56f7fdeb12f28c9f", kill_on_drop: false }`
[INFO] [stderr]    Compiling rustc_version v0.4.0
[INFO] [stderr]    Compiling anyhow v1.0.66
[INFO] [stderr]    Compiling overload v0.1.1
[INFO] [stderr]    Compiling sharded-slab v0.1.7
[INFO] [stderr]    Compiling tracing-log v0.2.0
[INFO] [stderr]    Compiling async-stream-impl v0.3.5
[INFO] [stderr]    Compiling thread_local v1.1.8
[INFO] [stderr]    Compiling futures-timer v3.0.3
[INFO] [stderr]    Compiling nu-ansi-term v0.46.0
[INFO] [stdout] warning: unused import: `serde_json::Value`
[INFO] [stdout]  --> src/hub/invocation.rs:6:5
[INFO] [stdout]   |
[INFO] [stdout] 6 | use serde_json::Value;
[INFO] [stdout]   |     ^^^^^^^^^^^^^^^^^
[INFO] [stdout]   |
[INFO] [stdout]   = note: `#[warn(unused_imports)]` on by default
[INFO] [stdout] 
[INFO] [stdout] 
[INFO] [stdout] warning: field `0` is never read
[INFO] [stdout]  --> src/hub/arguments.rs:9:21
[INFO] [stdout]   |
[INFO] [stdout] 9 | struct StreamArg<T>(Box<dyn Stream<Item = T>>);
[INFO] [stdout]   |        ---------    ^^^^^^^^^^^^^^^^^^^^^^^^^
[INFO] [stdout]   |        |
[INFO] [stdout]   |        field in this struct
[INFO] [stdout]   |
[INFO] [stdout]   = help: consider removing this field
[INFO] [stdout]   = note: `#[warn(dead_code)]` on by default
[INFO] [stdout] 
[INFO] [stdout] 
[INFO] [stdout] warning: field `invocation_id` is never read
[INFO] [stdout]    --> src/protocol.rs:304:9
[INFO] [stdout]     |
[INFO] [stdout] 302 | pub struct OptionalId {
[INFO] [stdout]     |            ---------- field in this struct
[INFO] [stdout] 303 |     #[serde(rename = "invocationId")]
[INFO] [stdout] 304 |     pub invocation_id: Option<String>,
[INFO] [stdout]     |         ^^^^^^^^^^^^^
[INFO] [stdout]     |
[INFO] [stdout]     = note: `OptionalId` has derived impls for the traits `Clone` and `Debug`, but these are intentionally ignored during dead code analysis
[INFO] [stdout] 
[INFO] [stdout] 
[INFO] [stdout] warning: field `invocation_id` is never read
[INFO] [stdout]    --> src/protocol.rs:310:9
[INFO] [stdout]     |
[INFO] [stdout] 308 | pub struct Id {
[INFO] [stdout]     |            -- field in this struct
[INFO] [stdout] 309 |     #[serde(rename = "invocationId")]
[INFO] [stdout] 310 |     pub invocation_id: String,
[INFO] [stdout]     |         ^^^^^^^^^^^^^
[INFO] [stdout]     |
[INFO] [stdout]     = note: `Id` has derived impls for the traits `Clone` and `Debug`, but these are intentionally ignored during dead code analysis
[INFO] [stdout] 
[INFO] [stdout] 
[INFO] [stdout] warning: fields `target` and `message_type` are never read
[INFO] [stdout]    --> src/protocol.rs:315:9
[INFO] [stdout]     |
[INFO] [stdout] 314 | pub struct RoutingData {
[INFO] [stdout]     |            ----------- fields in this struct
[INFO] [stdout] 315 |     pub target: Option<String>,
[INFO] [stdout]     |         ^^^^^^
[INFO] [stdout] 316 |     #[serde(rename = "type")]
[INFO] [stdout] 317 |     pub message_type: MessageType,
[INFO] [stdout]     |         ^^^^^^^^^^^^
[INFO] [stdout]     |
[INFO] [stdout]     = note: `RoutingData` has derived impls for the traits `Clone` and `Debug`, but these are intentionally ignored during dead code analysis
[INFO] [stdout] 
[INFO] [stdout] 
[INFO] [stdout] warning: field `stream_ids` is never read
[INFO] [stdout]    --> src/protocol.rs:329:9
[INFO] [stdout]     |
[INFO] [stdout] 327 | pub struct ClientStreams {
[INFO] [stdout]     |            ------------- field in this struct
[INFO] [stdout] 328 |     #[serde(rename = "streamIds")]
[INFO] [stdout] 329 |     pub stream_ids: Option<Vec<String>>,
[INFO] [stdout]     |         ^^^^^^^^^^
[INFO] [stdout]     |
[INFO] [stdout]     = note: `ClientStreams` has a derived impl for the trait `Debug`, but this is intentionally ignored during dead code analysis
[INFO] [stdout] 
[INFO] [stdout] 
[INFO] [stderr]    Compiling rstest_macros v0.14.0
[INFO] [stderr]    Compiling async-stream v0.3.5
[INFO] [stderr]    Compiling tracing-subscriber v0.3.18
[INFO] [stderr]    Compiling rstest v0.15.0
[INFO] [stderr]    Compiling signalrs-client-custom-auth v0.1.7 (/opt/rustwide/workdir)
[INFO] [stdout] error[E0433]: failed to resolve: use of undeclared crate or module `signalrs_client`
[INFO] [stdout]  --> examples/sample-server-chat.rs:1:5
[INFO] [stdout]   |
[INFO] [stdout] 1 | use signalrs_client::{hub::Hub, SignalRClient};
[INFO] [stdout]   |     ^^^^^^^^^^^^^^^ use of undeclared crate or module `signalrs_client`
[INFO] [stdout] 
[INFO] [stdout] 
[INFO] [stdout] error[E0433]: failed to resolve: use of undeclared crate or module `signalrs_client`
[INFO] [stdout]  --> examples/sample-server-stream-echo.rs:2:5
[INFO] [stdout]   |
[INFO] [stdout] 2 | use signalrs_client::{arguments::InvocationStream, SignalRClient};
[INFO] [stdout]   |     ^^^^^^^^^^^^^^^ use of undeclared crate or module `signalrs_client`
[INFO] [stdout] 
[INFO] [stdout] 
[INFO] [stdout] error[E0432]: unresolved import `signalrs_client`
[INFO] [stdout]  --> examples/sample-server-stream-echo.rs:2:5
[INFO] [stdout]   |
[INFO] [stdout] 2 | use signalrs_client::{arguments::InvocationStream, SignalRClient};
[INFO] [stdout]   |     ^^^^^^^^^^^^^^^ use of undeclared crate or module `signalrs_client`
[INFO] [stdout] 
[INFO] [stdout] 
[INFO] [stdout] error[E0432]: unresolved import `signalrs_client`
[INFO] [stdout]  --> examples/sample-server-chat.rs:1:5
[INFO] [stdout]   |
[INFO] [stdout] 1 | use signalrs_client::{hub::Hub, SignalRClient};
[INFO] [stdout]   |     ^^^^^^^^^^^^^^^ use of undeclared crate or module `signalrs_client`
[INFO] [stdout] 
[INFO] [stdout] 
[INFO] [stdout] error[E0432]: unresolved import `signalrs_client`
[INFO] [stdout]  --> examples/sample-server-echo.rs:1:5
[INFO] [stdout]   |
[INFO] [stdout] 1 | use signalrs_client::SignalRClient;
[INFO] [stdout]   |     ^^^^^^^^^^^^^^^ use of undeclared crate or module `signalrs_client`
[INFO] [stdout] 
[INFO] [stdout] 
[INFO] [stdout] error[E0432]: unresolved import `signalrs_client`
[INFO] [stdout]  --> examples/sample-server-stream.rs:2:5
[INFO] [stdout]   |
[INFO] [stdout] 2 | use signalrs_client::SignalRClient;
[INFO] [stdout]   |     ^^^^^^^^^^^^^^^ use of undeclared crate or module `signalrs_client`
[INFO] [stdout] 
[INFO] [stdout] 
[INFO] [stdout] For more information about this error, try `rustc --explain E0432`.
[INFO] [stdout] 
[INFO] [stdout] Some errors have detailed explanations: E0432, E0433.
[INFO] [stdout] 
[INFO] [stdout] For more information about an error, try `rustc --explain E0432`.
[INFO] [stdout] 
[INFO] [stdout] Some errors have detailed explanations: E0432, E0433.
[INFO] [stdout] 
[INFO] [stdout] For more information about an error, try `rustc --explain E0432`.
[INFO] [stdout] 
[INFO] [stderr] error: could not compile `signalrs-client-custom-auth` (example "sample-server-stream-echo") due to 2 previous errors
[INFO] [stderr] warning: build failed, waiting for other jobs to finish...
[INFO] [stderr] error: could not compile `signalrs-client-custom-auth` (example "sample-server-echo") due to 1 previous error
[INFO] [stderr] error: could not compile `signalrs-client-custom-auth` (example "sample-server-chat") due to 2 previous errors
[INFO] [stdout] For more information about this error, try `rustc --explain E0432`.
[INFO] [stdout] 
[INFO] [stderr] error: could not compile `signalrs-client-custom-auth` (example "sample-server-stream") due to 1 previous error
[INFO] [stdout] warning: unused import: `serde_json::Value`
[INFO] [stdout]  --> src/hub/invocation.rs:6:5
[INFO] [stdout]   |
[INFO] [stdout] 6 | use serde_json::Value;
[INFO] [stdout]   |     ^^^^^^^^^^^^^^^^^
[INFO] [stdout]   |
[INFO] [stdout]   = note: `#[warn(unused_imports)]` on by default
[INFO] [stdout] 
[INFO] [stdout] 
[INFO] [stdout] warning: field `0` is never read
[INFO] [stdout]  --> src/hub/arguments.rs:9:21
[INFO] [stdout]   |
[INFO] [stdout] 9 | struct StreamArg<T>(Box<dyn Stream<Item = T>>);
[INFO] [stdout]   |        ---------    ^^^^^^^^^^^^^^^^^^^^^^^^^
[INFO] [stdout]   |        |
[INFO] [stdout]   |        field in this struct
[INFO] [stdout]   |
[INFO] [stdout]   = help: consider removing this field
[INFO] [stdout]   = note: `#[warn(dead_code)]` on by default
[INFO] [stdout] 
[INFO] [stdout] 
[INFO] [stdout] warning: field `invocation_id` is never read
[INFO] [stdout]    --> src/protocol.rs:304:9
[INFO] [stdout]     |
[INFO] [stdout] 302 | pub struct OptionalId {
[INFO] [stdout]     |            ---------- field in this struct
[INFO] [stdout] 303 |     #[serde(rename = "invocationId")]
[INFO] [stdout] 304 |     pub invocation_id: Option<String>,
[INFO] [stdout]     |         ^^^^^^^^^^^^^
[INFO] [stdout]     |
[INFO] [stdout]     = note: `OptionalId` has derived impls for the traits `Clone` and `Debug`, but these are intentionally ignored during dead code analysis
[INFO] [stdout] 
[INFO] [stdout] 
[INFO] [stdout] warning: field `invocation_id` is never read
[INFO] [stdout]    --> src/protocol.rs:310:9
[INFO] [stdout]     |
[INFO] [stdout] 308 | pub struct Id {
[INFO] [stdout]     |            -- field in this struct
[INFO] [stdout] 309 |     #[serde(rename = "invocationId")]
[INFO] [stdout] 310 |     pub invocation_id: String,
[INFO] [stdout]     |         ^^^^^^^^^^^^^
[INFO] [stdout]     |
[INFO] [stdout]     = note: `Id` has derived impls for the traits `Clone` and `Debug`, but these are intentionally ignored during dead code analysis
[INFO] [stdout] 
[INFO] [stdout] 
[INFO] [stdout] warning: fields `target` and `message_type` are never read
[INFO] [stdout]    --> src/protocol.rs:315:9
[INFO] [stdout]     |
[INFO] [stdout] 314 | pub struct RoutingData {
[INFO] [stdout]     |            ----------- fields in this struct
[INFO] [stdout] 315 |     pub target: Option<String>,
[INFO] [stdout]     |         ^^^^^^
[INFO] [stdout] 316 |     #[serde(rename = "type")]
[INFO] [stdout] 317 |     pub message_type: MessageType,
[INFO] [stdout]     |         ^^^^^^^^^^^^
[INFO] [stdout]     |
[INFO] [stdout]     = note: `RoutingData` has derived impls for the traits `Clone` and `Debug`, but these are intentionally ignored during dead code analysis
[INFO] [stdout] 
[INFO] [stdout] 
[INFO] [stdout] warning: field `stream_ids` is never read
[INFO] [stdout]    --> src/protocol.rs:329:9
[INFO] [stdout]     |
[INFO] [stdout] 327 | pub struct ClientStreams {
[INFO] [stdout]     |            ------------- field in this struct
[INFO] [stdout] 328 |     #[serde(rename = "streamIds")]
[INFO] [stdout] 329 |     pub stream_ids: Option<Vec<String>>,
[INFO] [stdout]     |         ^^^^^^^^^^
[INFO] [stdout]     |
[INFO] [stdout]     = note: `ClientStreams` has a derived impl for the trait `Debug`, but this is intentionally ignored during dead code analysis
[INFO] [stdout] 
[INFO] [stdout] 
[INFO] running `Command { std: "docker" "inspect" "bfdb6f9a279b33d130785010cf406d7533284848ee1f168b56f7fdeb12f28c9f", kill_on_drop: false }`
[INFO] running `Command { std: "docker" "rm" "-f" "bfdb6f9a279b33d130785010cf406d7533284848ee1f168b56f7fdeb12f28c9f", kill_on_drop: false }`
[INFO] [stdout] bfdb6f9a279b33d130785010cf406d7533284848ee1f168b56f7fdeb12f28c9f
