[INFO] fetching crate sigmatch 0.1.3...
[INFO] testing sigmatch-0.1.3 against nightly-2024-10-28+rustflags=-Zrandomize-layout for randomize-layout
[INFO] extracting crate sigmatch 0.1.3 into /workspace/builds/worker-2-tc2/source
[INFO] validating manifest of crates.io crate sigmatch 0.1.3 on toolchain nightly-2024-10-28
[INFO] running `Command { std: CARGO_HOME="/workspace/cargo-home" RUSTUP_HOME="/workspace/rustup-home" "/workspace/cargo-home/bin/cargo" "+nightly-2024-10-28" "metadata" "--manifest-path" "Cargo.toml" "--no-deps", kill_on_drop: false }`
[INFO] started tweaking crates.io crate sigmatch 0.1.3
[INFO] removed 0 missing examples
[INFO] finished tweaking crates.io crate sigmatch 0.1.3
[INFO] tweaked toml for crates.io crate sigmatch 0.1.3 written to /workspace/builds/worker-2-tc2/source/Cargo.toml
[INFO] crate crates.io crate sigmatch 0.1.3 already has a lockfile, it will not be regenerated
[INFO] running `Command { std: CARGO_HOME="/workspace/cargo-home" RUSTUP_HOME="/workspace/rustup-home" "/workspace/cargo-home/bin/cargo" "+nightly-2024-10-28" "fetch" "--manifest-path" "Cargo.toml", kill_on_drop: false }`
[INFO] [stderr]     Blocking waiting for file lock on package cache
[INFO] [stderr]     Blocking waiting for file lock on package cache
[INFO] running `Command { std: "docker" "create" "-v" "/var/lib/crater-agent-workspace/builds/worker-2-tc2/target:/opt/rustwide/target:rw,Z" "-v" "/var/lib/crater-agent-workspace/builds/worker-2-tc2/source:/opt/rustwide/workdir:ro,Z" "-v" "/var/lib/crater-agent-workspace/cargo-home:/opt/rustwide/cargo-home:ro,Z" "-v" "/var/lib/crater-agent-workspace/rustup-home:/opt/rustwide/rustup-home:ro,Z" "-e" "SOURCE_DIR=/opt/rustwide/workdir" "-e" "CARGO_TARGET_DIR=/opt/rustwide/target" "-e" "CARGO_HOME=/opt/rustwide/cargo-home" "-e" "RUSTUP_HOME=/opt/rustwide/rustup-home" "-w" "/opt/rustwide/workdir" "-m" "1610612736" "--user" "0:0" "--network" "none" "ghcr.io/rust-lang/crates-build-env/linux@sha256:4a844ea9eb2546a2d2c7022eacef16ef2e8229c7fbb2c7d4d55a9ceca922f72d" "/opt/rustwide/cargo-home/bin/cargo" "+nightly-2024-10-28" "metadata" "--no-deps" "--format-version=1", kill_on_drop: false }`
[INFO] [stdout] 820a813054fc69be3def422fc039454fb85ded6eacfd06f59e40ff2196113199
[INFO] running `Command { std: "docker" "start" "-a" "820a813054fc69be3def422fc039454fb85ded6eacfd06f59e40ff2196113199", kill_on_drop: false }`
[INFO] running `Command { std: "docker" "inspect" "820a813054fc69be3def422fc039454fb85ded6eacfd06f59e40ff2196113199", kill_on_drop: false }`
[INFO] running `Command { std: "docker" "rm" "-f" "820a813054fc69be3def422fc039454fb85ded6eacfd06f59e40ff2196113199", kill_on_drop: false }`
[INFO] [stdout] 820a813054fc69be3def422fc039454fb85ded6eacfd06f59e40ff2196113199
[INFO] running `Command { std: "docker" "create" "-v" "/var/lib/crater-agent-workspace/builds/worker-2-tc2/target:/opt/rustwide/target:rw,Z" "-v" "/var/lib/crater-agent-workspace/builds/worker-2-tc2/source:/opt/rustwide/workdir:ro,Z" "-v" "/var/lib/crater-agent-workspace/cargo-home:/opt/rustwide/cargo-home:ro,Z" "-v" "/var/lib/crater-agent-workspace/rustup-home:/opt/rustwide/rustup-home:ro,Z" "-e" "SOURCE_DIR=/opt/rustwide/workdir" "-e" "CARGO_TARGET_DIR=/opt/rustwide/target" "-e" "CARGO_INCREMENTAL=0" "-e" "RUST_BACKTRACE=full" "-e" "RUSTFLAGS=--cap-lints=forbid -Zrandomize-layout" "-e" "RUSTDOCFLAGS=--cap-lints=forbid" "-e" "CARGO_HOME=/opt/rustwide/cargo-home" "-e" "RUSTUP_HOME=/opt/rustwide/rustup-home" "-w" "/opt/rustwide/workdir" "-m" "1610612736" "--user" "0:0" "--network" "none" "ghcr.io/rust-lang/crates-build-env/linux@sha256:4a844ea9eb2546a2d2c7022eacef16ef2e8229c7fbb2c7d4d55a9ceca922f72d" "/opt/rustwide/cargo-home/bin/cargo" "+nightly-2024-10-28" "build" "--frozen" "--message-format=json", kill_on_drop: false }`
[INFO] [stdout] eff948f627eebc80dba1350f399b6b1c664e3b981dca2c876420823691ddbf1b
[INFO] running `Command { std: "docker" "start" "-a" "eff948f627eebc80dba1350f399b6b1c664e3b981dca2c876420823691ddbf1b", kill_on_drop: false }`
[INFO] [stderr]    Compiling windows_x86_64_gnu v0.52.4
[INFO] [stderr]    Compiling autocfg v1.1.0
[INFO] [stderr]    Compiling memchr v2.7.1
[INFO] [stderr]    Compiling regex-syntax v0.8.2
[INFO] [stderr]    Compiling anyhow v1.0.80
[INFO] [stderr]    Compiling windows-targets v0.52.4
[INFO] [stderr]    Compiling windows-result v0.1.0
[INFO] [stderr]    Compiling memoffset v0.9.0
[INFO] [stderr]    Compiling windows-core v0.54.0
[INFO] [stderr]    Compiling aho-corasick v1.1.2
[INFO] [stderr]    Compiling windows v0.54.0
[INFO] [stderr]    Compiling regex-automata v0.4.6
[INFO] [stderr]    Compiling regex v1.10.3
[INFO] [stderr]    Compiling sigmatch v0.1.3 (/opt/rustwide/workdir)
[INFO] [stderr]     Finished `dev` profile [unoptimized + debuginfo] target(s) in 6.71s
[INFO] running `Command { std: "docker" "inspect" "eff948f627eebc80dba1350f399b6b1c664e3b981dca2c876420823691ddbf1b", kill_on_drop: false }`
[INFO] running `Command { std: "docker" "rm" "-f" "eff948f627eebc80dba1350f399b6b1c664e3b981dca2c876420823691ddbf1b", kill_on_drop: false }`
[INFO] [stdout] eff948f627eebc80dba1350f399b6b1c664e3b981dca2c876420823691ddbf1b
[INFO] running `Command { std: "docker" "create" "-v" "/var/lib/crater-agent-workspace/builds/worker-2-tc2/target:/opt/rustwide/target:rw,Z" "-v" "/var/lib/crater-agent-workspace/builds/worker-2-tc2/source:/opt/rustwide/workdir:ro,Z" "-v" "/var/lib/crater-agent-workspace/cargo-home:/opt/rustwide/cargo-home:ro,Z" "-v" "/var/lib/crater-agent-workspace/rustup-home:/opt/rustwide/rustup-home:ro,Z" "-e" "SOURCE_DIR=/opt/rustwide/workdir" "-e" "CARGO_TARGET_DIR=/opt/rustwide/target" "-e" "CARGO_INCREMENTAL=0" "-e" "RUST_BACKTRACE=full" "-e" "RUSTFLAGS=--cap-lints=forbid -Zrandomize-layout" "-e" "RUSTDOCFLAGS=--cap-lints=forbid" "-e" "CARGO_HOME=/opt/rustwide/cargo-home" "-e" "RUSTUP_HOME=/opt/rustwide/rustup-home" "-w" "/opt/rustwide/workdir" "-m" "1610612736" "--user" "0:0" "--network" "none" "ghcr.io/rust-lang/crates-build-env/linux@sha256:4a844ea9eb2546a2d2c7022eacef16ef2e8229c7fbb2c7d4d55a9ceca922f72d" "/opt/rustwide/cargo-home/bin/cargo" "+nightly-2024-10-28" "test" "--frozen" "--no-run" "--message-format=json", kill_on_drop: false }`
[INFO] [stdout] 2989669a5185758428f864eec109ad93aa2d13907029f5c0c0ade70d89661a4c
[INFO] running `Command { std: "docker" "start" "-a" "2989669a5185758428f864eec109ad93aa2d13907029f5c0c0ade70d89661a4c", kill_on_drop: false }`
[INFO] [stderr]    Compiling sigmatch v0.1.3 (/opt/rustwide/workdir)
[INFO] [stdout] error: linking with `cc` failed: exit status: 1
[INFO] [stdout]   |
[INFO] [stdout]   = note: LC_ALL="C" PATH="/opt/rustwide/rustup-home/toolchains/nightly-2024-10-28-x86_64-unknown-linux-gnu/lib/rustlib/x86_64-unknown-linux-gnu/bin:/opt/rustwide/rustup-home/toolchains/nightly-2024-10-28-x86_64-unknown-linux-gnu/lib/rustlib/x86_64-unknown-linux-gnu/bin/self-contained:/opt/rustwide/cargo-home/bin:/usr/local/sbin:/usr/local/bin:/usr/sbin:/usr/bin:/sbin:/bin" VSLANG="1033" "cc" "-m64" "/tmp/rustcI1N0kT/symbols.o" "/opt/rustwide/target/debug/examples/demo-ed046c54da158b42.demo.2a280dae4a439982-cgu.0.rcgu.o" "/opt/rustwide/target/debug/examples/demo-ed046c54da158b42.6riy9mqqa67yhu9f7jg3izf9j.rcgu.o" "-Wl,--as-needed" "-Wl,-Bstatic" "/opt/rustwide/target/debug/deps/libsigmatch-c4efcf20a970429a.rlib" "/opt/rustwide/target/debug/deps/libregex-43298252189d118d.rlib" "/opt/rustwide/target/debug/deps/libregex_automata-28cd2e698bad2a11.rlib" "/opt/rustwide/target/debug/deps/libaho_corasick-562a07f1d57c902c.rlib" "/opt/rustwide/target/debug/deps/libmemchr-1a6b6f07e0015d42.rlib" "/opt/rustwide/target/debug/deps/libregex_syntax-d8ff97c660566b14.rlib" "/opt/rustwide/target/debug/deps/libmemoffset-3c81425daee5e787.rlib" "/opt/rustwide/target/debug/deps/libwindows-cd9de0ce5470fd33.rlib" "/opt/rustwide/target/debug/deps/libwindows_core-79518d442e8d6b0c.rlib" "/opt/rustwide/target/debug/deps/libwindows_result-693a869c78f1129d.rlib" "/opt/rustwide/target/debug/deps/libwindows_targets-190526f9e4a8e9d5.rlib" "/opt/rustwide/target/debug/deps/libanyhow-31837490e2b1e886.rlib" "/opt/rustwide/rustup-home/toolchains/nightly-2024-10-28-x86_64-unknown-linux-gnu/lib/rustlib/x86_64-unknown-linux-gnu/lib/libstd-fb8c387236db3c10.rlib" "/opt/rustwide/rustup-home/toolchains/nightly-2024-10-28-x86_64-unknown-linux-gnu/lib/rustlib/x86_64-unknown-linux-gnu/lib/libpanic_unwind-b251837809b2f64b.rlib" "/opt/rustwide/rustup-home/toolchains/nightly-2024-10-28-x86_64-unknown-linux-gnu/lib/rustlib/x86_64-unknown-linux-gnu/lib/libobject-cbef83eaa4e01f04.rlib" "/opt/rustwide/rustup-home/toolchains/nightly-2024-10-28-x86_64-unknown-linux-gnu/lib/rustlib/x86_64-unknown-linux-gnu/lib/libmemchr-12a772286de2fca7.rlib" "/opt/rustwide/rustup-home/toolchains/nightly-2024-10-28-x86_64-unknown-linux-gnu/lib/rustlib/x86_64-unknown-linux-gnu/lib/libaddr2line-023bbe5ada7abfc3.rlib" "/opt/rustwide/rustup-home/toolchains/nightly-2024-10-28-x86_64-unknown-linux-gnu/lib/rustlib/x86_64-unknown-linux-gnu/lib/libgimli-de2bcdf10ec69c2b.rlib" "/opt/rustwide/rustup-home/toolchains/nightly-2024-10-28-x86_64-unknown-linux-gnu/lib/rustlib/x86_64-unknown-linux-gnu/lib/librustc_demangle-8e1754df350800fd.rlib" "/opt/rustwide/rustup-home/toolchains/nightly-2024-10-28-x86_64-unknown-linux-gnu/lib/rustlib/x86_64-unknown-linux-gnu/lib/libstd_detect-06c2ab7b9c32e037.rlib" "/opt/rustwide/rustup-home/toolchains/nightly-2024-10-28-x86_64-unknown-linux-gnu/lib/rustlib/x86_64-unknown-linux-gnu/lib/libhashbrown-51d2621fc57a281b.rlib" "/opt/rustwide/rustup-home/toolchains/nightly-2024-10-28-x86_64-unknown-linux-gnu/lib/rustlib/x86_64-unknown-linux-gnu/lib/librustc_std_workspace_alloc-54a930408793772f.rlib" "/opt/rustwide/rustup-home/toolchains/nightly-2024-10-28-x86_64-unknown-linux-gnu/lib/rustlib/x86_64-unknown-linux-gnu/lib/libminiz_oxide-0c7d01cba400dcb2.rlib" "/opt/rustwide/rustup-home/toolchains/nightly-2024-10-28-x86_64-unknown-linux-gnu/lib/rustlib/x86_64-unknown-linux-gnu/lib/libadler-b9f84d69e331b75b.rlib" "/opt/rustwide/rustup-home/toolchains/nightly-2024-10-28-x86_64-unknown-linux-gnu/lib/rustlib/x86_64-unknown-linux-gnu/lib/libunwind-eec95493246aae39.rlib" "/opt/rustwide/rustup-home/toolchains/nightly-2024-10-28-x86_64-unknown-linux-gnu/lib/rustlib/x86_64-unknown-linux-gnu/lib/libcfg_if-6f6676c475e08ab0.rlib" "/opt/rustwide/rustup-home/toolchains/nightly-2024-10-28-x86_64-unknown-linux-gnu/lib/rustlib/x86_64-unknown-linux-gnu/lib/liblibc-799d520624f8b2e0.rlib" "/opt/rustwide/rustup-home/toolchains/nightly-2024-10-28-x86_64-unknown-linux-gnu/lib/rustlib/x86_64-unknown-linux-gnu/lib/liballoc-fcf93d4842acd9a9.rlib" "/opt/rustwide/rustup-home/toolchains/nightly-2024-10-28-x86_64-unknown-linux-gnu/lib/rustlib/x86_64-unknown-linux-gnu/lib/librustc_std_workspace_core-395a38b8e0851c9b.rlib" "/opt/rustwide/rustup-home/toolchains/nightly-2024-10-28-x86_64-unknown-linux-gnu/lib/rustlib/x86_64-unknown-linux-gnu/lib/libcore-d453bab70303062c.rlib" "/opt/rustwide/rustup-home/toolchains/nightly-2024-10-28-x86_64-unknown-linux-gnu/lib/rustlib/x86_64-unknown-linux-gnu/lib/libcompiler_builtins-0e6386368b0a24e8.rlib" "-Wl,-Bdynamic" "-lgcc_s" "-lutil" "-lrt" "-lpthread" "-lm" "-ldl" "-lc" "-B/opt/rustwide/rustup-home/toolchains/nightly-2024-10-28-x86_64-unknown-linux-gnu/lib/rustlib/x86_64-unknown-linux-gnu/bin/gcc-ld" "-fuse-ld=lld" "-Wl,--eh-frame-hdr" "-Wl,-z,noexecstack" "-L" "/opt/rustwide/rustup-home/toolchains/nightly-2024-10-28-x86_64-unknown-linux-gnu/lib/rustlib/x86_64-unknown-linux-gnu/lib" "-o" "/opt/rustwide/target/debug/examples/demo-ed046c54da158b42" "-Wl,--gc-sections" "-pie" "-Wl,-z,relro,-z,now" "-nodefaultlibs"
[INFO] [stdout]   = note: rust-lld: error: undefined symbol: GetSystemInfo
[INFO] [stdout]           >>> referenced by mod.rs:118 (/opt/rustwide/cargo-home/registry/src/index.crates.io-6f17d22bba15001f/windows-0.54.0/src/Windows/Win32/System/SystemInformation/mod.rs:118)
[INFO] [stdout]           >>>               sigmatch-c4efcf20a970429a.sigmatch.65945aba23dcbbca-cgu.2.rcgu.o:(windows::Win32::System::SystemInformation::GetSystemInfo::h8cd99c6324a9f4ea) in archive /opt/rustwide/target/debug/deps/libsigmatch-c4efcf20a970429a.rlib
[INFO] [stdout]           
[INFO] [stdout]           rust-lld: error: undefined symbol: GetModuleHandleW
[INFO] [stdout]           >>> referenced by mod.rs:278 (/opt/rustwide/cargo-home/registry/src/index.crates.io-6f17d22bba15001f/windows-0.54.0/src/Windows/Win32/System/LibraryLoader/mod.rs:278)
[INFO] [stdout]           >>>               sigmatch-c4efcf20a970429a.sigmatch.65945aba23dcbbca-cgu.0.rcgu.o:(windows::Win32::System::LibraryLoader::GetModuleHandleW::h3df2ab369cfbe7fb) in archive /opt/rustwide/target/debug/deps/libsigmatch-c4efcf20a970429a.rlib
[INFO] [stdout]           
[INFO] [stdout]           rust-lld: error: undefined symbol: GetLastError
[INFO] [stdout]           >>> referenced by error.rs:42 (src/error.rs:42)
[INFO] [stdout]           >>>               windows_result-693a869c78f1129d.windows_result.4062c27b82ec55a5-cgu.0.rcgu.o:(windows_result::error::Error::from_win32::h71bd66e1d730f82f) in archive /opt/rustwide/target/debug/deps/libwindows_result-693a869c78f1129d.rlib
[INFO] [stdout]           collect2: error: ld returned 1 exit status
[INFO] [stdout]           
[INFO] [stdout] 
[INFO] [stdout] 
[INFO] [stderr] error: could not compile `sigmatch` (example "demo") due to 1 previous error
[INFO] running `Command { std: "docker" "inspect" "2989669a5185758428f864eec109ad93aa2d13907029f5c0c0ade70d89661a4c", kill_on_drop: false }`
[INFO] running `Command { std: "docker" "rm" "-f" "2989669a5185758428f864eec109ad93aa2d13907029f5c0c0ade70d89661a4c", kill_on_drop: false }`
[INFO] [stdout] 2989669a5185758428f864eec109ad93aa2d13907029f5c0c0ade70d89661a4c
