[INFO] fetching crate shape-triangulation 0.1.1...
[INFO] testing shape-triangulation-0.1.1 against nightly-2024-10-28+rustflags=-Zrandomize-layout for randomize-layout
[INFO] extracting crate shape-triangulation 0.1.1 into /workspace/builds/worker-1-tc2/source
[INFO] validating manifest of crates.io crate shape-triangulation 0.1.1 on toolchain nightly-2024-10-28
[INFO] running `Command { std: CARGO_HOME="/workspace/cargo-home" RUSTUP_HOME="/workspace/rustup-home" "/workspace/cargo-home/bin/cargo" "+nightly-2024-10-28" "metadata" "--manifest-path" "Cargo.toml" "--no-deps", kill_on_drop: false }`
[INFO] started tweaking crates.io crate shape-triangulation 0.1.1
[INFO] finished tweaking crates.io crate shape-triangulation 0.1.1
[INFO] tweaked toml for crates.io crate shape-triangulation 0.1.1 written to /workspace/builds/worker-1-tc2/source/Cargo.toml
[INFO] running `Command { std: CARGO_HOME="/workspace/cargo-home" RUSTUP_HOME="/workspace/rustup-home" "/workspace/cargo-home/bin/cargo" "+nightly-2024-10-28" "generate-lockfile" "--manifest-path" "Cargo.toml", kill_on_drop: false }`
[INFO] [stderr]     Updating crates.io index
[INFO] [stderr]      Locking 93 packages to latest compatible versions
[INFO] [stderr]       Adding criterion v0.4.0 (available: v0.5.1)
[INFO] [stderr]       Adding shape-svg v0.0.7 (available: v0.0.9)
[INFO] running `Command { std: CARGO_HOME="/workspace/cargo-home" RUSTUP_HOME="/workspace/rustup-home" "/workspace/cargo-home/bin/cargo" "+nightly-2024-10-28" "fetch" "--manifest-path" "Cargo.toml", kill_on_drop: false }`
[INFO] running `Command { std: "docker" "create" "-v" "/var/lib/crater-agent-workspace/builds/worker-1-tc2/target:/opt/rustwide/target:rw,Z" "-v" "/var/lib/crater-agent-workspace/builds/worker-1-tc2/source:/opt/rustwide/workdir:ro,Z" "-v" "/var/lib/crater-agent-workspace/cargo-home:/opt/rustwide/cargo-home:ro,Z" "-v" "/var/lib/crater-agent-workspace/rustup-home:/opt/rustwide/rustup-home:ro,Z" "-e" "SOURCE_DIR=/opt/rustwide/workdir" "-e" "CARGO_TARGET_DIR=/opt/rustwide/target" "-e" "CARGO_HOME=/opt/rustwide/cargo-home" "-e" "RUSTUP_HOME=/opt/rustwide/rustup-home" "-w" "/opt/rustwide/workdir" "-m" "1610612736" "--user" "0:0" "--network" "none" "ghcr.io/rust-lang/crates-build-env/linux@sha256:4a844ea9eb2546a2d2c7022eacef16ef2e8229c7fbb2c7d4d55a9ceca922f72d" "/opt/rustwide/cargo-home/bin/cargo" "+nightly-2024-10-28" "metadata" "--no-deps" "--format-version=1", kill_on_drop: false }`
[INFO] [stdout] d4af9fc0f0bb0714668a3f41f65a1401c3abb2f12667a37ace29f93444cc37ad
[INFO] running `Command { std: "docker" "start" "-a" "d4af9fc0f0bb0714668a3f41f65a1401c3abb2f12667a37ace29f93444cc37ad", kill_on_drop: false }`
[INFO] running `Command { std: "docker" "inspect" "d4af9fc0f0bb0714668a3f41f65a1401c3abb2f12667a37ace29f93444cc37ad", kill_on_drop: false }`
[INFO] running `Command { std: "docker" "rm" "-f" "d4af9fc0f0bb0714668a3f41f65a1401c3abb2f12667a37ace29f93444cc37ad", kill_on_drop: false }`
[INFO] [stdout] d4af9fc0f0bb0714668a3f41f65a1401c3abb2f12667a37ace29f93444cc37ad
[INFO] running `Command { std: "docker" "create" "-v" "/var/lib/crater-agent-workspace/builds/worker-1-tc2/target:/opt/rustwide/target:rw,Z" "-v" "/var/lib/crater-agent-workspace/builds/worker-1-tc2/source:/opt/rustwide/workdir:ro,Z" "-v" "/var/lib/crater-agent-workspace/cargo-home:/opt/rustwide/cargo-home:ro,Z" "-v" "/var/lib/crater-agent-workspace/rustup-home:/opt/rustwide/rustup-home:ro,Z" "-e" "SOURCE_DIR=/opt/rustwide/workdir" "-e" "CARGO_TARGET_DIR=/opt/rustwide/target" "-e" "CARGO_INCREMENTAL=0" "-e" "RUST_BACKTRACE=full" "-e" "RUSTFLAGS=--cap-lints=forbid -Zrandomize-layout" "-e" "RUSTDOCFLAGS=--cap-lints=forbid" "-e" "CARGO_HOME=/opt/rustwide/cargo-home" "-e" "RUSTUP_HOME=/opt/rustwide/rustup-home" "-w" "/opt/rustwide/workdir" "-m" "1610612736" "--user" "0:0" "--network" "none" "ghcr.io/rust-lang/crates-build-env/linux@sha256:4a844ea9eb2546a2d2c7022eacef16ef2e8229c7fbb2c7d4d55a9ceca922f72d" "/opt/rustwide/cargo-home/bin/cargo" "+nightly-2024-10-28" "build" "--frozen" "--message-format=json", kill_on_drop: false }`
[INFO] [stdout] 6d50add99aca3b9d6c08468470e1554f39b266eb5c3e40241d4cba863ba5e249
[INFO] running `Command { std: "docker" "start" "-a" "6d50add99aca3b9d6c08468470e1554f39b266eb5c3e40241d4cba863ba5e249", kill_on_drop: false }`
[INFO] [stderr]    Compiling autocfg v1.4.0
[INFO] [stderr]    Compiling either v1.13.0
[INFO] [stderr]    Compiling distantia v0.0.0
[INFO] [stderr]    Compiling robust v0.2.3
[INFO] [stderr]    Compiling color-core v0.1.6
[INFO] [stderr]    Compiling delaunator v1.0.2
[INFO] [stderr]    Compiling itertools v0.12.1
[INFO] [stderr]    Compiling num-traits v0.2.19
[INFO] [stderr]    Compiling projective v0.3.0
[INFO] [stderr]    Compiling shape-core v0.1.17
[INFO] [stderr]    Compiling shape-triangulation v0.1.1 (/opt/rustwide/workdir)
[INFO] [stdout] error[E0557]: feature has been removed
[INFO] [stdout]  --> src/lib.rs:2:12
[INFO] [stdout]   |
[INFO] [stdout] 2 | #![feature(generators)]
[INFO] [stdout]   |            ^^^^^^^^^^ feature has been removed
[INFO] [stdout]   |
[INFO] [stdout]   = note: renamed to `coroutines`
[INFO] [stdout] 
[INFO] [stdout] 
[INFO] [stdout] error[E0432]: unresolved import `std::iter::from_generator`
[INFO] [stdout]  --> src/triangulation/mod.rs:2:34
[INFO] [stdout]   |
[INFO] [stdout] 2 | use std::{collections::BTreeSet, iter::from_generator};
[INFO] [stdout]   |                                  ^^^^^^^^^^^^^^^^^^^^ no `from_generator` in `iter`
[INFO] [stdout] 
[INFO] [stdout] 
[INFO] [stdout] error[E0658]: yield syntax is experimental
[INFO] [stdout]   --> src/triangulation/mod.rs:23:21
[INFO] [stdout]    |
[INFO] [stdout] 23 |                     yield line;
[INFO] [stdout]    |                     ^^^^^^^^^^
[INFO] [stdout]    |
[INFO] [stdout]    = note: see issue #43122 <https://github.com/rust-lang/rust/issues/43122> for more information
[INFO] [stdout]    = help: add `#![feature(coroutines)]` to the crate attributes to enable
[INFO] [stdout]    = note: this compiler was built on 2024-10-27; consider upgrading it if it is out of date
[INFO] [stdout] 
[INFO] [stdout] 
[INFO] [stdout] error[E0658]: yield syntax is experimental
[INFO] [stdout]   --> src/triangulation/mod.rs:26:21
[INFO] [stdout]    |
[INFO] [stdout] 26 |                     yield line;
[INFO] [stdout]    |                     ^^^^^^^^^^
[INFO] [stdout]    |
[INFO] [stdout]    = note: see issue #43122 <https://github.com/rust-lang/rust/issues/43122> for more information
[INFO] [stdout]    = help: add `#![feature(coroutines)]` to the crate attributes to enable
[INFO] [stdout]    = note: this compiler was built on 2024-10-27; consider upgrading it if it is out of date
[INFO] [stdout] 
[INFO] [stdout] 
[INFO] [stdout] error[E0658]: yield syntax is experimental
[INFO] [stdout]   --> src/triangulation/mod.rs:29:21
[INFO] [stdout]    |
[INFO] [stdout] 29 |                     yield line;
[INFO] [stdout]    |                     ^^^^^^^^^^
[INFO] [stdout]    |
[INFO] [stdout]    = note: see issue #43122 <https://github.com/rust-lang/rust/issues/43122> for more information
[INFO] [stdout]    = help: add `#![feature(coroutines)]` to the crate attributes to enable
[INFO] [stdout]    = note: this compiler was built on 2024-10-27; consider upgrading it if it is out of date
[INFO] [stdout] 
[INFO] [stdout] 
[INFO] [stdout] warning: unused import: `crate::triangulation::*`
[INFO] [stdout]   --> src/lib.rs:10:9
[INFO] [stdout]    |
[INFO] [stdout] 10 | pub use crate::triangulation::*;
[INFO] [stdout]    |         ^^^^^^^^^^^^^^^^^^^^^^^
[INFO] [stdout]    |
[INFO] [stdout]    = note: `#[warn(unused_imports)]` on by default
[INFO] [stdout] 
[INFO] [stdout] 
[INFO] [stdout] error[E0658]: yield syntax is experimental
[INFO] [stdout]   --> src/triangulation/mod.rs:23:21
[INFO] [stdout]    |
[INFO] [stdout] 23 |                     yield line;
[INFO] [stdout]    |                     ^^^^^^^^^^
[INFO] [stdout]    |
[INFO] [stdout]    = note: see issue #43122 <https://github.com/rust-lang/rust/issues/43122> for more information
[INFO] [stdout]    = help: add `#![feature(coroutines)]` to the crate attributes to enable
[INFO] [stdout]    = note: this compiler was built on 2024-10-27; consider upgrading it if it is out of date
[INFO] [stdout] 
[INFO] [stdout] 
[INFO] [stdout] error: `yield` can only be used in `#[coroutine]` closures, or `gen` blocks
[INFO] [stdout]   --> src/triangulation/mod.rs:23:21
[INFO] [stdout]    |
[INFO] [stdout] 23 |                     yield line;
[INFO] [stdout]    |                     ^^^^^^^^^^
[INFO] [stdout]    |
[INFO] [stdout] help: use `#[coroutine]` to make this closure a coroutine
[INFO] [stdout]    |
[INFO] [stdout] 20 |         from_generator(#[coroutine] move || {
[INFO] [stdout]    |                        ++++++++++++
[INFO] [stdout] 
[INFO] [stdout] 
[INFO] [stdout] error[E0658]: yield syntax is experimental
[INFO] [stdout]   --> src/triangulation/mod.rs:26:21
[INFO] [stdout]    |
[INFO] [stdout] 26 |                     yield line;
[INFO] [stdout]    |                     ^^^^^^^^^^
[INFO] [stdout]    |
[INFO] [stdout]    = note: see issue #43122 <https://github.com/rust-lang/rust/issues/43122> for more information
[INFO] [stdout]    = help: add `#![feature(coroutines)]` to the crate attributes to enable
[INFO] [stdout]    = note: this compiler was built on 2024-10-27; consider upgrading it if it is out of date
[INFO] [stdout] 
[INFO] [stdout] 
[INFO] [stdout] error[E0658]: yield syntax is experimental
[INFO] [stdout]   --> src/triangulation/mod.rs:29:21
[INFO] [stdout]    |
[INFO] [stdout] 29 |                     yield line;
[INFO] [stdout]    |                     ^^^^^^^^^^
[INFO] [stdout]    |
[INFO] [stdout]    = note: see issue #43122 <https://github.com/rust-lang/rust/issues/43122> for more information
[INFO] [stdout]    = help: add `#![feature(coroutines)]` to the crate attributes to enable
[INFO] [stdout]    = note: this compiler was built on 2024-10-27; consider upgrading it if it is out of date
[INFO] [stdout] 
[INFO] [stdout] 
[INFO] [stdout] error[E0635]: unknown feature `iter_from_generator`
[INFO] [stdout]  --> src/lib.rs:1:12
[INFO] [stdout]   |
[INFO] [stdout] 1 | #![feature(iter_from_generator)]
[INFO] [stdout]   |            ^^^^^^^^^^^^^^^^^^^
[INFO] [stdout] 
[INFO] [stdout] 
[INFO] [stdout] Some errors have detailed explanations: E0432, E0557, E0635, E0658.
[INFO] [stdout] 
[INFO] [stdout] For more information about an error, try `rustc --explain E0432`.
[INFO] [stdout] 
[INFO] [stderr] error: could not compile `shape-triangulation` (lib) due to 10 previous errors; 1 warning emitted
[INFO] running `Command { std: "docker" "inspect" "6d50add99aca3b9d6c08468470e1554f39b266eb5c3e40241d4cba863ba5e249", kill_on_drop: false }`
[INFO] running `Command { std: "docker" "rm" "-f" "6d50add99aca3b9d6c08468470e1554f39b266eb5c3e40241d4cba863ba5e249", kill_on_drop: false }`
[INFO] [stdout] 6d50add99aca3b9d6c08468470e1554f39b266eb5c3e40241d4cba863ba5e249
