[INFO] fetching crate shader_language_server 0.3.1...
[INFO] testing shader_language_server-0.3.1 against nightly-2024-10-28+rustflags=-Zrandomize-layout for randomize-layout
[INFO] extracting crate shader_language_server 0.3.1 into /workspace/builds/worker-1-tc2/source
[INFO] validating manifest of crates.io crate shader_language_server 0.3.1 on toolchain nightly-2024-10-28
[INFO] running `Command { std: CARGO_HOME="/workspace/cargo-home" RUSTUP_HOME="/workspace/rustup-home" "/workspace/cargo-home/bin/cargo" "+nightly-2024-10-28" "metadata" "--manifest-path" "Cargo.toml" "--no-deps", kill_on_drop: false }`
[INFO] removed /workspace/builds/worker-1-tc2/source/.cargo/config.toml
[INFO] started tweaking crates.io crate shader_language_server 0.3.1
[INFO] finished tweaking crates.io crate shader_language_server 0.3.1
[INFO] tweaked toml for crates.io crate shader_language_server 0.3.1 written to /workspace/builds/worker-1-tc2/source/Cargo.toml
[INFO] crate crates.io crate shader_language_server 0.3.1 already has a lockfile, it will not be regenerated
[INFO] running `Command { std: CARGO_HOME="/workspace/cargo-home" RUSTUP_HOME="/workspace/rustup-home" "/workspace/cargo-home/bin/cargo" "+nightly-2024-10-28" "fetch" "--manifest-path" "Cargo.toml", kill_on_drop: false }`
[INFO] running `Command { std: "docker" "create" "-v" "/var/lib/crater-agent-workspace/builds/worker-1-tc2/target:/opt/rustwide/target:rw,Z" "-v" "/var/lib/crater-agent-workspace/builds/worker-1-tc2/source:/opt/rustwide/workdir:ro,Z" "-v" "/var/lib/crater-agent-workspace/cargo-home:/opt/rustwide/cargo-home:ro,Z" "-v" "/var/lib/crater-agent-workspace/rustup-home:/opt/rustwide/rustup-home:ro,Z" "-e" "SOURCE_DIR=/opt/rustwide/workdir" "-e" "CARGO_TARGET_DIR=/opt/rustwide/target" "-e" "CARGO_HOME=/opt/rustwide/cargo-home" "-e" "RUSTUP_HOME=/opt/rustwide/rustup-home" "-w" "/opt/rustwide/workdir" "-m" "1610612736" "--user" "0:0" "--network" "none" "ghcr.io/rust-lang/crates-build-env/linux@sha256:4a844ea9eb2546a2d2c7022eacef16ef2e8229c7fbb2c7d4d55a9ceca922f72d" "/opt/rustwide/cargo-home/bin/cargo" "+nightly-2024-10-28" "metadata" "--no-deps" "--format-version=1", kill_on_drop: false }`
[INFO] [stdout] 386fcd9589e7f6719a9114a4334adacc2f78c146e01f31d77b92e3e2e2331b31
[INFO] running `Command { std: "docker" "start" "-a" "386fcd9589e7f6719a9114a4334adacc2f78c146e01f31d77b92e3e2e2331b31", kill_on_drop: false }`
[INFO] running `Command { std: "docker" "inspect" "386fcd9589e7f6719a9114a4334adacc2f78c146e01f31d77b92e3e2e2331b31", kill_on_drop: false }`
[INFO] running `Command { std: "docker" "rm" "-f" "386fcd9589e7f6719a9114a4334adacc2f78c146e01f31d77b92e3e2e2331b31", kill_on_drop: false }`
[INFO] [stdout] 386fcd9589e7f6719a9114a4334adacc2f78c146e01f31d77b92e3e2e2331b31
[INFO] running `Command { std: "docker" "create" "-v" "/var/lib/crater-agent-workspace/builds/worker-1-tc2/target:/opt/rustwide/target:rw,Z" "-v" "/var/lib/crater-agent-workspace/builds/worker-1-tc2/source:/opt/rustwide/workdir:ro,Z" "-v" "/var/lib/crater-agent-workspace/cargo-home:/opt/rustwide/cargo-home:ro,Z" "-v" "/var/lib/crater-agent-workspace/rustup-home:/opt/rustwide/rustup-home:ro,Z" "-e" "SOURCE_DIR=/opt/rustwide/workdir" "-e" "CARGO_TARGET_DIR=/opt/rustwide/target" "-e" "CARGO_INCREMENTAL=0" "-e" "RUST_BACKTRACE=full" "-e" "RUSTFLAGS=--cap-lints=forbid -Zrandomize-layout" "-e" "RUSTDOCFLAGS=--cap-lints=forbid" "-e" "CARGO_HOME=/opt/rustwide/cargo-home" "-e" "RUSTUP_HOME=/opt/rustwide/rustup-home" "-w" "/opt/rustwide/workdir" "-m" "1610612736" "--user" "0:0" "--network" "none" "ghcr.io/rust-lang/crates-build-env/linux@sha256:4a844ea9eb2546a2d2c7022eacef16ef2e8229c7fbb2c7d4d55a9ceca922f72d" "/opt/rustwide/cargo-home/bin/cargo" "+nightly-2024-10-28" "build" "--frozen" "--message-format=json", kill_on_drop: false }`
[INFO] [stdout] 03ab5f987a87dff5387eda2870f49451ecc8bb3d71f50c03d4bfb4517445bd18
[INFO] running `Command { std: "docker" "start" "-a" "03ab5f987a87dff5387eda2870f49451ecc8bb3d71f50c03d4bfb4517445bd18", kill_on_drop: false }`
[INFO] [stderr]    Compiling proc-macro2 v1.0.86
[INFO] [stderr]    Compiling libc v0.2.159
[INFO] [stderr]    Compiling serde v1.0.210
[INFO] [stderr]    Compiling thiserror v1.0.64
[INFO] [stderr]    Compiling crossbeam-utils v0.8.20
[INFO] [stderr]    Compiling glob v0.3.1
[INFO] [stderr]    Compiling serde_json v1.0.128
[INFO] [stderr]    Compiling smartstring v1.0.1
[INFO] [stderr]    Compiling regex-automata v0.4.8
[INFO] [stderr]    Compiling unicode-normalization v0.1.24
[INFO] [stderr]    Compiling num-traits v0.2.19
[INFO] [stderr]    Compiling indexmap v1.9.3
[INFO] [stderr]    Compiling utf8parse v0.2.2
[INFO] [stderr]    Compiling anstyle-parse v0.2.5
[INFO] [stderr]    Compiling anstyle v1.0.8
[INFO] [stderr]    Compiling anstyle-query v1.1.1
[INFO] [stderr]    Compiling bit-vec v0.6.3
[INFO] [stderr]    Compiling is_terminal_polyfill v1.70.1
[INFO] [stderr]    Compiling static_assertions v1.1.0
[INFO] [stderr]    Compiling idna v0.5.0
[INFO] [stderr]    Compiling bitflags v2.6.0
[INFO] [stderr]    Compiling colorchoice v1.0.2
[INFO] [stderr]    Compiling quote v1.0.37
[INFO] [stderr]    Compiling anstream v0.6.15
[INFO] [stderr]    Compiling crossbeam-channel v0.5.13
[INFO] [stderr]    Compiling syn v2.0.79
[INFO] [stderr]    Compiling syn v1.0.109
[INFO] [stderr]    Compiling jobserver v0.1.32
[INFO] [stderr]    Compiling codespan-reporting v0.11.1
[INFO] [stderr]    Compiling cc v1.1.24
[INFO] [stderr]    Compiling bit-set v0.5.3
[INFO] [stderr]    Compiling libloading v0.8.5
[INFO] [stderr]    Compiling widestring v1.1.0
[INFO] [stderr]    Compiling rustc-hash v2.0.0
[INFO] [stderr]    Compiling unicode-xid v0.2.6
[INFO] [stderr]    Compiling hexf-parse v0.2.1
[INFO] [stderr]    Compiling rustc-hash v1.1.0
[INFO] [stderr]    Compiling regex v1.11.0
[INFO] [stderr]    Compiling glslang-sys v0.6.1+46ef757
[INFO] [stderr]    Compiling env_filter v0.1.2
[INFO] [stderr]    Compiling env_logger v0.11.5
[INFO] [stderr]    Compiling serde_derive v1.0.210
[INFO] [stderr]    Compiling thiserror-impl v1.0.64
[INFO] [stderr]    Compiling serde_repr v0.1.19
[INFO] [stderr]    Compiling com_macros_support v0.6.0
[INFO] [stderr]    Compiling naga v0.12.3
[INFO] [stderr]    Compiling com_macros v0.6.0
[INFO] [stderr]    Compiling com v0.6.0
[INFO] [stderr]    Compiling hassle-rs v0.11.0
[INFO] [stderr] error: could not compile `naga` (lib)
[INFO] [stderr] 
[INFO] [stderr] Caused by:
[INFO] [stderr]   process didn't exit successfully: `/opt/rustwide/rustup-home/toolchains/nightly-2024-10-28-x86_64-unknown-linux-gnu/bin/rustc --crate-name naga --edition=2021 /opt/rustwide/cargo-home/registry/src/index.crates.io-6f17d22bba15001f/naga-0.12.3/src/lib.rs --error-format=json --json=diagnostic-rendered-ansi,artifacts,future-incompat --crate-type lib --emit=dep-info,metadata,link -C embed-bitcode=no -C debuginfo=2 --cfg 'feature="codespan-reporting"' --cfg 'feature="default"' --cfg 'feature="hexf-parse"' --cfg 'feature="span"' --cfg 'feature="termcolor"' --cfg 'feature="unicode-xid"' --cfg 'feature="validate"' --cfg 'feature="wgsl-in"' --check-cfg 'cfg(docsrs)' --check-cfg 'cfg(feature, values("arbitrary", "clone", "codespan-reporting", "default", "deserialize", "dot-out", "glsl-in", "glsl-out", "hexf-parse", "hlsl-out", "msl-out", "petgraph", "pp-rs", "serde", "serialize", "span", "spirv", "spv-in", "spv-out", "termcolor", "unicode-xid", "validate", "wgsl-in", "wgsl-out"))' -C metadata=737d050c31c87a98 -C extra-filename=-737d050c31c87a98 --out-dir /opt/rustwide/target/debug/deps -L dependency=/opt/rustwide/target/debug/deps --extern bit_set=/opt/rustwide/target/debug/deps/libbit_set-2a33e3ce6ff17b81.rmeta --extern bitflags=/opt/rustwide/target/debug/deps/libbitflags-560efdb99b117eef.rmeta --extern codespan_reporting=/opt/rustwide/target/debug/deps/libcodespan_reporting-fd004766546d470d.rmeta --extern hexf_parse=/opt/rustwide/target/debug/deps/libhexf_parse-39f1e4b1f93d298c.rmeta --extern indexmap=/opt/rustwide/target/debug/deps/libindexmap-2f7e9c8b83b719ab.rmeta --extern log=/opt/rustwide/target/debug/deps/liblog-e7e7e8ec9ff686da.rmeta --extern num_traits=/opt/rustwide/target/debug/deps/libnum_traits-e35ec60fee4843d4.rmeta --extern rustc_hash=/opt/rustwide/target/debug/deps/librustc_hash-449b4f68ddd88550.rmeta --extern termcolor=/opt/rustwide/target/debug/deps/libtermcolor-116a8f6e8f4ddb54.rmeta --extern thiserror=/opt/rustwide/target/debug/deps/libthiserror-150e97b2d53c66d6.rmeta --extern unicode_xid=/opt/rustwide/target/debug/deps/libunicode_xid-17387e3c86045dd5.rmeta --cap-lints allow --cap-lints=forbid -Zrandomize-layout` (signal: 9, SIGKILL: kill)
[INFO] [stderr] warning: build failed, waiting for other jobs to finish...
[INFO] [stderr] The following warnings were emitted during compilation:
[INFO] [stderr] 
[INFO] [stderr] warning: glslang-sys@0.6.1+46ef757: c++: fatal error: Killed signal terminated program cc1plus
[INFO] [stderr] warning: glslang-sys@0.6.1+46ef757: compilation terminated.
[INFO] [stderr] warning: glslang-sys@0.6.1+46ef757: ToolExecError: Command "c++" "-O0" "-ffunction-sections" "-fdata-sections" "-fPIC" "-gdwarf-4" "-fno-omit-frame-pointer" "-m64" "-std=c++17" "-I" "native/glslang" "-I" "native/build_info" "-Wall" "-Wextra" "-DENABLE_SPIRV=ON" "-DENABLE_HLSL=ON" "-DENABLE_OPT=OFF" "-DENABLE_GLSLANG_BINARIES=OFF" "-o" "/opt/rustwide/target/debug/build/glslang-sys-449494438a9656db/out/661cb1557dbeaf24-hlslParseHelper.o" "-c" "native/glslang/glslang/HLSL/hlslParseHelper.cpp" with args c++ did not execute successfully (status code exit status: 1).
[INFO] [stderr] warning: glslang-sys@0.6.1+46ef757: c++: fatal error: Killed signal terminated program cc1plus
[INFO] [stderr] warning: glslang-sys@0.6.1+46ef757: compilation terminated.
[INFO] [stderr] warning: glslang-sys@0.6.1+46ef757: ToolExecError: Command "c++" "-O0" "-ffunction-sections" "-fdata-sections" "-fPIC" "-gdwarf-4" "-fno-omit-frame-pointer" "-m64" "-std=c++17" "-I" "native/glslang" "-I" "native/build_info" "-Wall" "-Wextra" "-DENABLE_SPIRV=ON" "-DENABLE_HLSL=ON" "-DENABLE_OPT=OFF" "-DENABLE_GLSLANG_BINARIES=OFF" "-o" "/opt/rustwide/target/debug/build/glslang-sys-449494438a9656db/out/f5e2b3a5ae22d19c-ParseContextBase.o" "-c" "native/glslang/glslang/MachineIndependent/ParseContextBase.cpp" with args c++ did not execute successfully (status code exit status: 1).cargo:warning=c++: fatal error: Killed signal terminated program cc1plus
[INFO] [stderr] warning: glslang-sys@0.6.1+46ef757: compilation terminated.
[INFO] [stderr] warning: glslang-sys@0.6.1+46ef757: ToolExecError: Command "c++" "-O0" "-ffunction-sections" "-fdata-sections" "-fPIC" "-gdwarf-4" "-fno-omit-frame-pointer" "-m64" "-std=c++17" "-I" "native/glslang" "-I" "native/build_info" "-Wall" "-Wextra" "-DENABLE_SPIRV=ON" "-DENABLE_HLSL=ON" "-DENABLE_OPT=OFF" "-DENABLE_GLSLANG_BINARIES=OFF" "-o" "/opt/rustwide/target/debug/build/glslang-sys-449494438a9656db/out/f5e2b3a5ae22d19c-Intermediate.o" "-c" "native/glslang/glslang/MachineIndependent/Intermediate.cpp" with args c++ did not execute successfully (status code exit status: 1).cargo:warning=c++: fatal error: Killed signal terminated program cc1plus
[INFO] [stderr] warning: glslang-sys@0.6.1+46ef757: compilation terminated.
[INFO] [stderr] warning: glslang-sys@0.6.1+46ef757: ToolExecError: Command "c++" "-O0" "-ffunction-sections" "-fdata-sections" "-fPIC" "-gdwarf-4" "-fno-omit-frame-pointer" "-m64" "-std=c++17" "-I" "native/glslang" "-I" "native/build_info" "-Wall" "-Wextra" "-DENABLE_SPIRV=ON" "-DENABLE_HLSL=ON" "-DENABLE_OPT=OFF" "-DENABLE_GLSLANG_BINARIES=OFF" "-o" "/opt/rustwide/target/debug/build/glslang-sys-449494438a9656db/out/f5e2b3a5ae22d19c-ParseHelper.o" "-c" "native/glslang/glslang/MachineIndependent/ParseHelper.cpp" with args c++ did not execute successfully (status code exit status: 1).cargo:warning=c++: fatal error: Killed signal terminated program cc1plus
[INFO] [stderr] warning: glslang-sys@0.6.1+46ef757: compilation terminated.
[INFO] [stderr] warning: glslang-sys@0.6.1+46ef757: ToolExecError: Command "c++" "-O0" "-ffunction-sections" "-fdata-sections" "-fPIC" "-gdwarf-4" "-fno-omit-frame-pointer" "-m64" "-std=c++17" "-I" "native/glslang" "-I" "native/build_info" "-Wall" "-Wextra" "-DENABLE_SPIRV=ON" "-DENABLE_HLSL=ON" "-DENABLE_OPT=OFF" "-DENABLE_GLSLANG_BINARIES=OFF" "-o" "/opt/rustwide/target/debug/build/glslang-sys-449494438a9656db/out/f5e2b3a5ae22d19c-Scan.o" "-c" "native/glslang/glslang/MachineIndependent/Scan.cpp" with args c++ did not execute successfully (status code exit status: 1).cargo:warning=c++: fatal error: Killed signal terminated program cc1plus
[INFO] [stderr] warning: glslang-sys@0.6.1+46ef757: compilation terminated.
[INFO] [stderr] warning: glslang-sys@0.6.1+46ef757: ToolExecError: Command "c++" "-O0" "-ffunction-sections" "-fdata-sections" "-fPIC" "-gdwarf-4" "-fno-omit-frame-pointer" "-m64" "-std=c++17" "-I" "native/glslang" "-I" "native/build_info" "-Wall" "-Wextra" "-DENABLE_SPIRV=ON" "-DENABLE_HLSL=ON" "-DENABLE_OPT=OFF" "-DENABLE_GLSLANG_BINARIES=OFF" "-o" "/opt/rustwide/target/debug/build/glslang-sys-449494438a9656db/out/f5e2b3a5ae22d19c-ShaderLang.o" "-c" "native/glslang/glslang/MachineIndependent/ShaderLang.cpp" with args c++ did not execute successfully (status code exit status: 1).cargo:warning=c++: fatal error: Killed signal terminated program cc1plus
[INFO] [stderr] warning: glslang-sys@0.6.1+46ef757: compilation terminated.
[INFO] [stderr] warning: glslang-sys@0.6.1+46ef757: ToolExecError: Command "c++" "-O0" "-ffunction-sections" "-fdata-sections" "-fPIC" "-gdwarf-4" "-fno-omit-frame-pointer" "-m64" "-std=c++17" "-I" "native/glslang" "-I" "native/build_info" "-Wall" "-Wextra" "-DENABLE_SPIRV=ON" "-DENABLE_HLSL=ON" "-DENABLE_OPT=OFF" "-DENABLE_GLSLANG_BINARIES=OFF" "-o" "/opt/rustwide/target/debug/build/glslang-sys-449494438a9656db/out/f5e2b3a5ae22d19c-glslang_tab.o" "-c" "native/glslang/glslang/MachineIndependent/glslang_tab.cpp" with args c++ did not execute successfully (status code exit status: 1).cargo:warning=c++: fatal error: Killed signal terminated program cc1plus
[INFO] [stderr] warning: glslang-sys@0.6.1+46ef757: compilation terminated.
[INFO] [stderr] warning: glslang-sys@0.6.1+46ef757: ToolExecError: Command "c++" "-O0" "-ffunction-sections" "-fdata-sections" "-fPIC" "-gdwarf-4" "-fno-omit-frame-pointer" "-m64" "-std=c++17" "-I" "native/glslang" "-I" "native/build_info" "-Wall" "-Wextra" "-DENABLE_SPIRV=ON" "-DENABLE_HLSL=ON" "-DENABLE_OPT=OFF" "-DENABLE_GLSLANG_BINARIES=OFF" "-o" "/opt/rustwide/target/debug/build/glslang-sys-449494438a9656db/out/f5e2b3a5ae22d19c-iomapper.o" "-c" "native/glslang/glslang/MachineIndependent/iomapper.cpp" with args c++ did not execute successfully (status code exit status: 1).cargo:warning=c++: fatal error: Killed signal terminated program cc1plus
[INFO] [stderr] warning: glslang-sys@0.6.1+46ef757: compilation terminated.
[INFO] [stderr] warning: glslang-sys@0.6.1+46ef757: ToolExecError: Command "c++" "-O0" "-ffunction-sections" "-fdata-sections" "-fPIC" "-gdwarf-4" "-fno-omit-frame-pointer" "-m64" "-std=c++17" "-I" "native/glslang" "-I" "native/build_info" "-Wall" "-Wextra" "-DENABLE_SPIRV=ON" "-DENABLE_HLSL=ON" "-DENABLE_OPT=OFF" "-DENABLE_GLSLANG_BINARIES=OFF" "-o" "/opt/rustwide/target/debug/build/glslang-sys-449494438a9656db/out/f5e2b3a5ae22d19c-linkValidate.o" "-c" "native/glslang/glslang/MachineIndependent/linkValidate.cpp" with args c++ did not execute successfully (status code exit status: 1).cargo:warning=c++: fatal error: Killed signal terminated program cc1plus
[INFO] [stderr] warning: glslang-sys@0.6.1+46ef757: compilation terminated.
[INFO] [stderr] warning: glslang-sys@0.6.1+46ef757: ToolExecError: Command "c++" "-O0" "-ffunction-sections" "-fdata-sections" "-fPIC" "-gdwarf-4" "-fno-omit-frame-pointer" "-m64" "-std=c++17" "-I" "native/glslang" "-I" "native/build_info" "-Wall" "-Wextra" "-DENABLE_SPIRV=ON" "-DENABLE_HLSL=ON" "-DENABLE_OPT=OFF" "-DENABLE_GLSLANG_BINARIES=OFF" "-o" "/opt/rustwide/target/debug/build/glslang-sys-449494438a9656db/out/374fb2c1d45230ab-Pp.o" "-c" "native/glslang/glslang/MachineIndependent/preprocessor/Pp.cpp" with args c++ did not execute successfully (status code exit status: 1).
[INFO] [stderr] 
[INFO] [stderr] error: failed to run custom build command for `glslang-sys v0.6.1+46ef757`
[INFO] [stderr] note: To improve backtraces for build dependencies, set the CARGO_PROFILE_DEV_BUILD_OVERRIDE_DEBUG=true environment variable to enable debug information generation.
[INFO] [stderr] 
[INFO] [stderr] Caused by:
[INFO] [stderr]   process didn't exit successfully: `/opt/rustwide/target/debug/build/glslang-sys-b8128fbb8c6fe375/build-script-build` (exit status: 1)
[INFO] [stderr]   --- stdout
[INFO] [stderr]   cargo:rerun-if-changed=native/glslang
[INFO] [stderr]   cargo:rerun-if-changed=native/build_info
[INFO] [stderr]   OUT_DIR = Some(/opt/rustwide/target/debug/build/glslang-sys-449494438a9656db/out)
[INFO] [stderr]   TARGET = Some(x86_64-unknown-linux-gnu)
[INFO] [stderr]   OPT_LEVEL = Some(0)
[INFO] [stderr]   HOST = Some(x86_64-unknown-linux-gnu)
[INFO] [stderr]   cargo:rerun-if-env-changed=CXX_x86_64-unknown-linux-gnu
[INFO] [stderr]   CXX_x86_64-unknown-linux-gnu = None
[INFO] [stderr]   cargo:rerun-if-env-changed=CXX_x86_64_unknown_linux_gnu
[INFO] [stderr]   CXX_x86_64_unknown_linux_gnu = None
[INFO] [stderr]   cargo:rerun-if-env-changed=HOST_CXX
[INFO] [stderr]   HOST_CXX = None
[INFO] [stderr]   cargo:rerun-if-env-changed=CXX
[INFO] [stderr]   CXX = None
[INFO] [stderr]   cargo:rerun-if-env-changed=CC_ENABLE_DEBUG_OUTPUT
[INFO] [stderr]   RUSTC_WRAPPER = None
[INFO] [stderr]   cargo:rerun-if-env-changed=CRATE_CC_NO_DEFAULTS
[INFO] [stderr]   CRATE_CC_NO_DEFAULTS = None
[INFO] [stderr]   DEBUG = Some(true)
[INFO] [stderr]   CARGO_CFG_TARGET_FEATURE = Some(fxsr,sse,sse2)
[INFO] [stderr]   cargo:rerun-if-env-changed=CXXFLAGS_x86_64-unknown-linux-gnu
[INFO] [stderr]   CXXFLAGS_x86_64-unknown-linux-gnu = None
[INFO] [stderr]   cargo:rerun-if-env-changed=CXXFLAGS_x86_64_unknown_linux_gnu
[INFO] [stderr]   CXXFLAGS_x86_64_unknown_linux_gnu = None
[INFO] [stderr]   cargo:rerun-if-env-changed=HOST_CXXFLAGS
[INFO] [stderr]   HOST_CXXFLAGS = None
[INFO] [stderr]   cargo:rerun-if-env-changed=CXXFLAGS
[INFO] [stderr]   CXXFLAGS = None
[INFO] [stderr]   cargo:warning=c++: fatal error: Killed signal terminated program cc1plus
[INFO] [stderr]   cargo:warning=compilation terminated.
[INFO] [stderr]   exit status: 0
[INFO] [stderr]   exit status: 0
[INFO] [stderr]   exit status: 0
[INFO] [stderr]   exit status: 0
[INFO] [stderr]   exit status: 0
[INFO] [stderr]   exit status: 0
[INFO] [stderr]   exit status: 1
[INFO] [stderr]   cargo:warning=ToolExecError: Command "c++" "-O0" "-ffunction-sections" "-fdata-sections" "-fPIC" "-gdwarf-4" "-fno-omit-frame-pointer" "-m64" "-std=c++17" "-I" "native/glslang" "-I" "native/build_info" "-Wall" "-Wextra" "-DENABLE_SPIRV=ON" "-DENABLE_HLSL=ON" "-DENABLE_OPT=OFF" "-DENABLE_GLSLANG_BINARIES=OFF" "-o" "/opt/rustwide/target/debug/build/glslang-sys-449494438a9656db/out/661cb1557dbeaf24-hlslParseHelper.o" "-c" "native/glslang/glslang/HLSL/hlslParseHelper.cpp" with args c++ did not execute successfully (status code exit status: 1).
[INFO] [stderr]   exit status: 0
[INFO] [stderr]   exit status: 0
[INFO] [stderr]   exit status: 0
[INFO] [stderr]   exit status: 0
[INFO] [stderr]   exit status: 0
[INFO] [stderr]   exit status: 0
[INFO] [stderr]   exit status: 0
[INFO] [stderr]   exit status: 0
[INFO] [stderr]   cargo:warning=c++: fatal error: Killed signal terminated program cc1plus
[INFO] [stderr]   cargo:warning=compilation terminated.
[INFO] [stderr]   exit status: 0
[INFO] [stderr]   exit status: 1
[INFO] [stderr]   cargo:warning=ToolExecError: Command "c++" "-O0" "-ffunction-sections" "-fdata-sections" "-fPIC" "-gdwarf-4" "-fno-omit-frame-pointer" "-m64" "-std=c++17" "-I" "native/glslang" "-I" "native/build_info" "-Wall" "-Wextra" "-DENABLE_SPIRV=ON" "-DENABLE_HLSL=ON" "-DENABLE_OPT=OFF" "-DENABLE_GLSLANG_BINARIES=OFF" "-o" "/opt/rustwide/target/debug/build/glslang-sys-449494438a9656db/out/f5e2b3a5ae22d19c-ParseContextBase.o" "-c" "native/glslang/glslang/MachineIndependent/ParseContextBase.cpp" with args c++ did not execute successfully (status code exit status: 1).cargo:warning=c++: fatal error: Killed signal terminated program cc1plus
[INFO] [stderr]   cargo:warning=compilation terminated.
[INFO] [stderr] 
[INFO] [stderr]   exit status: 1
[INFO] [stderr]   cargo:warning=ToolExecError: Command "c++" "-O0" "-ffunction-sections" "-fdata-sections" "-fPIC" "-gdwarf-4" "-fno-omit-frame-pointer" "-m64" "-std=c++17" "-I" "native/glslang" "-I" "native/build_info" "-Wall" "-Wextra" "-DENABLE_SPIRV=ON" "-DENABLE_HLSL=ON" "-DENABLE_OPT=OFF" "-DENABLE_GLSLANG_BINARIES=OFF" "-o" "/opt/rustwide/target/debug/build/glslang-sys-449494438a9656db/out/f5e2b3a5ae22d19c-Intermediate.o" "-c" "native/glslang/glslang/MachineIndependent/Intermediate.cpp" with args c++ did not execute successfully (status code exit status: 1).cargo:warning=c++: fatal error: Killed signal terminated program cc1plus
[INFO] [stderr]   cargo:warning=compilation terminated.
[INFO] [stderr] 
[INFO] [stderr]   exit status: 1
[INFO] [stderr]   cargo:warning=ToolExecError: Command "c++" "-O0" "-ffunction-sections" "-fdata-sections" "-fPIC" "-gdwarf-4" "-fno-omit-frame-pointer" "-m64" "-std=c++17" "-I" "native/glslang" "-I" "native/build_info" "-Wall" "-Wextra" "-DENABLE_SPIRV=ON" "-DENABLE_HLSL=ON" "-DENABLE_OPT=OFF" "-DENABLE_GLSLANG_BINARIES=OFF" "-o" "/opt/rustwide/target/debug/build/glslang-sys-449494438a9656db/out/f5e2b3a5ae22d19c-ParseHelper.o" "-c" "native/glslang/glslang/MachineIndependent/ParseHelper.cpp" with args c++ did not execute successfully (status code exit status: 1).cargo:warning=c++: fatal error: Killed signal terminated program cc1plus
[INFO] [stderr]   cargo:warning=compilation terminated.
[INFO] [stderr] 
[INFO] [stderr]   exit status: 1
[INFO] [stderr]   cargo:warning=ToolExecError: Command "c++" "-O0" "-ffunction-sections" "-fdata-sections" "-fPIC" "-gdwarf-4" "-fno-omit-frame-pointer" "-m64" "-std=c++17" "-I" "native/glslang" "-I" "native/build_info" "-Wall" "-Wextra" "-DENABLE_SPIRV=ON" "-DENABLE_HLSL=ON" "-DENABLE_OPT=OFF" "-DENABLE_GLSLANG_BINARIES=OFF" "-o" "/opt/rustwide/target/debug/build/glslang-sys-449494438a9656db/out/f5e2b3a5ae22d19c-Scan.o" "-c" "native/glslang/glslang/MachineIndependent/Scan.cpp" with args c++ did not execute successfully (status code exit status: 1).cargo:warning=c++: fatal error: Killed signal terminated program cc1plus
[INFO] [stderr]   cargo:warning=compilation terminated.
[INFO] [stderr] 
[INFO] [stderr]   exit status: 0
[INFO] [stderr]   exit status: 0
[INFO] [stderr]   exit status: 0
[INFO] [stderr]   exit status: 0
[INFO] [stderr]   exit status: 0
[INFO] [stderr]   exit status: 1
[INFO] [stderr]   cargo:warning=ToolExecError: Command "c++" "-O0" "-ffunction-sections" "-fdata-sections" "-fPIC" "-gdwarf-4" "-fno-omit-frame-pointer" "-m64" "-std=c++17" "-I" "native/glslang" "-I" "native/build_info" "-Wall" "-Wextra" "-DENABLE_SPIRV=ON" "-DENABLE_HLSL=ON" "-DENABLE_OPT=OFF" "-DENABLE_GLSLANG_BINARIES=OFF" "-o" "/opt/rustwide/target/debug/build/glslang-sys-449494438a9656db/out/f5e2b3a5ae22d19c-ShaderLang.o" "-c" "native/glslang/glslang/MachineIndependent/ShaderLang.cpp" with args c++ did not execute successfully (status code exit status: 1).cargo:warning=c++: fatal error: Killed signal terminated program cc1plus
[INFO] [stderr]   cargo:warning=compilation terminated.
[INFO] [stderr] 
[INFO] [stderr]   exit status: 1
[INFO] [stderr]   cargo:warning=ToolExecError: Command "c++" "-O0" "-ffunction-sections" "-fdata-sections" "-fPIC" "-gdwarf-4" "-fno-omit-frame-pointer" "-m64" "-std=c++17" "-I" "native/glslang" "-I" "native/build_info" "-Wall" "-Wextra" "-DENABLE_SPIRV=ON" "-DENABLE_HLSL=ON" "-DENABLE_OPT=OFF" "-DENABLE_GLSLANG_BINARIES=OFF" "-o" "/opt/rustwide/target/debug/build/glslang-sys-449494438a9656db/out/f5e2b3a5ae22d19c-glslang_tab.o" "-c" "native/glslang/glslang/MachineIndependent/glslang_tab.cpp" with args c++ did not execute successfully (status code exit status: 1).cargo:warning=c++: fatal error: Killed signal terminated program cc1plus
[INFO] [stderr]   cargo:warning=compilation terminated.
[INFO] [stderr] 
[INFO] [stderr]   exit status: 0
[INFO] [stderr]   exit status: 1
[INFO] [stderr]   cargo:warning=ToolExecError: Command "c++" "-O0" "-ffunction-sections" "-fdata-sections" "-fPIC" "-gdwarf-4" "-fno-omit-frame-pointer" "-m64" "-std=c++17" "-I" "native/glslang" "-I" "native/build_info" "-Wall" "-Wextra" "-DENABLE_SPIRV=ON" "-DENABLE_HLSL=ON" "-DENABLE_OPT=OFF" "-DENABLE_GLSLANG_BINARIES=OFF" "-o" "/opt/rustwide/target/debug/build/glslang-sys-449494438a9656db/out/f5e2b3a5ae22d19c-iomapper.o" "-c" "native/glslang/glslang/MachineIndependent/iomapper.cpp" with args c++ did not execute successfully (status code exit status: 1).cargo:warning=c++: fatal error: Killed signal terminated program cc1plus
[INFO] [stderr]   cargo:warning=compilation terminated.
[INFO] [stderr] 
[INFO] [stderr]   exit status: 0
[INFO] [stderr]   exit status: 1
[INFO] [stderr]   cargo:warning=ToolExecError: Command "c++" "-O0" "-ffunction-sections" "-fdata-sections" "-fPIC" "-gdwarf-4" "-fno-omit-frame-pointer" "-m64" "-std=c++17" "-I" "native/glslang" "-I" "native/build_info" "-Wall" "-Wextra" "-DENABLE_SPIRV=ON" "-DENABLE_HLSL=ON" "-DENABLE_OPT=OFF" "-DENABLE_GLSLANG_BINARIES=OFF" "-o" "/opt/rustwide/target/debug/build/glslang-sys-449494438a9656db/out/f5e2b3a5ae22d19c-linkValidate.o" "-c" "native/glslang/glslang/MachineIndependent/linkValidate.cpp" with args c++ did not execute successfully (status code exit status: 1).cargo:warning=c++: fatal error: Killed signal terminated program cc1plus
[INFO] [stderr]   cargo:warning=compilation terminated.
[INFO] [stderr] 
[INFO] [stderr]   exit status: 1
[INFO] [stderr]   cargo:warning=ToolExecError: Command "c++" "-O0" "-ffunction-sections" "-fdata-sections" "-fPIC" "-gdwarf-4" "-fno-omit-frame-pointer" "-m64" "-std=c++17" "-I" "native/glslang" "-I" "native/build_info" "-Wall" "-Wextra" "-DENABLE_SPIRV=ON" "-DENABLE_HLSL=ON" "-DENABLE_OPT=OFF" "-DENABLE_GLSLANG_BINARIES=OFF" "-o" "/opt/rustwide/target/debug/build/glslang-sys-449494438a9656db/out/374fb2c1d45230ab-Pp.o" "-c" "native/glslang/glslang/MachineIndependent/preprocessor/Pp.cpp" with args c++ did not execute successfully (status code exit status: 1).
[INFO] [stderr]   exit status: 0
[INFO] [stderr]   exit status: 0
[INFO] [stderr]   exit status: 0
[INFO] [stderr]   exit status: 0
[INFO] [stderr]   exit status: 0
[INFO] [stderr]   exit status: 0
[INFO] [stderr]   exit status: 0
[INFO] [stderr]   exit status: 0
[INFO] [stderr]   exit status: 0
[INFO] [stderr]   exit status: 0
[INFO] [stderr]   exit status: 0
[INFO] [stderr]   exit status: 0
[INFO] [stderr]   exit status: 0
[INFO] [stderr]   exit status: 0
[INFO] [stderr]   exit status: 0
[INFO] [stderr]   exit status: 0
[INFO] [stderr] 
[INFO] [stderr]   --- stderr
[INFO] [stderr] 
[INFO] [stderr] 
[INFO] [stderr]   error occurred: Command "c++" "-O0" "-ffunction-sections" "-fdata-sections" "-fPIC" "-gdwarf-4" "-fno-omit-frame-pointer" "-m64" "-std=c++17" "-I" "native/glslang" "-I" "native/build_info" "-Wall" "-Wextra" "-DENABLE_SPIRV=ON" "-DENABLE_HLSL=ON" "-DENABLE_OPT=OFF" "-DENABLE_GLSLANG_BINARIES=OFF" "-o" "/opt/rustwide/target/debug/build/glslang-sys-449494438a9656db/out/374fb2c1d45230ab-Pp.o" "-c" "native/glslang/glslang/MachineIndependent/preprocessor/Pp.cpp" with args c++ did not execute successfully (status code exit status: 1).
[INFO] [stderr] 
[INFO] [stderr] 
[INFO] running `Command { std: "docker" "inspect" "03ab5f987a87dff5387eda2870f49451ecc8bb3d71f50c03d4bfb4517445bd18", kill_on_drop: false }`
[INFO] running `Command { std: "docker" "rm" "-f" "03ab5f987a87dff5387eda2870f49451ecc8bb3d71f50c03d4bfb4517445bd18", kill_on_drop: false }`
[INFO] [stdout] 03ab5f987a87dff5387eda2870f49451ecc8bb3d71f50c03d4bfb4517445bd18
