[INFO] fetching crate sessions 0.6.0...
[INFO] testing sessions-0.6.0 against nightly-2024-10-28+rustflags=-Zrandomize-layout for randomize-layout
[INFO] extracting crate sessions 0.6.0 into /workspace/builds/worker-5-tc2/source
[INFO] validating manifest of crates.io crate sessions 0.6.0 on toolchain nightly-2024-10-28
[INFO] running `Command { std: CARGO_HOME="/workspace/cargo-home" RUSTUP_HOME="/workspace/rustup-home" "/workspace/cargo-home/bin/cargo" "+nightly-2024-10-28" "metadata" "--manifest-path" "Cargo.toml" "--no-deps", kill_on_drop: false }`
[INFO] started tweaking crates.io crate sessions 0.6.0
[INFO] finished tweaking crates.io crate sessions 0.6.0
[INFO] tweaked toml for crates.io crate sessions 0.6.0 written to /workspace/builds/worker-5-tc2/source/Cargo.toml
[INFO] running `Command { std: CARGO_HOME="/workspace/cargo-home" RUSTUP_HOME="/workspace/rustup-home" "/workspace/cargo-home/bin/cargo" "+nightly-2024-10-28" "generate-lockfile" "--manifest-path" "Cargo.toml", kill_on_drop: false }`
[INFO] [stderr]     Updating crates.io index
[INFO] [stderr]      Locking 120 packages to latest compatible versions
[INFO] [stderr]       Adding nano-id v0.3.3 (available: v0.4.0)
[INFO] [stderr]       Adding redis v0.24.0 (available: v0.27.5)
[INFO] running `Command { std: CARGO_HOME="/workspace/cargo-home" RUSTUP_HOME="/workspace/rustup-home" "/workspace/cargo-home/bin/cargo" "+nightly-2024-10-28" "fetch" "--manifest-path" "Cargo.toml", kill_on_drop: false }`
[INFO] running `Command { std: "docker" "create" "-v" "/var/lib/crater-agent-workspace/builds/worker-5-tc2/target:/opt/rustwide/target:rw,Z" "-v" "/var/lib/crater-agent-workspace/builds/worker-5-tc2/source:/opt/rustwide/workdir:ro,Z" "-v" "/var/lib/crater-agent-workspace/cargo-home:/opt/rustwide/cargo-home:ro,Z" "-v" "/var/lib/crater-agent-workspace/rustup-home:/opt/rustwide/rustup-home:ro,Z" "-e" "SOURCE_DIR=/opt/rustwide/workdir" "-e" "CARGO_TARGET_DIR=/opt/rustwide/target" "-e" "CARGO_HOME=/opt/rustwide/cargo-home" "-e" "RUSTUP_HOME=/opt/rustwide/rustup-home" "-w" "/opt/rustwide/workdir" "-m" "1610612736" "--user" "0:0" "--network" "none" "ghcr.io/rust-lang/crates-build-env/linux@sha256:4a844ea9eb2546a2d2c7022eacef16ef2e8229c7fbb2c7d4d55a9ceca922f72d" "/opt/rustwide/cargo-home/bin/cargo" "+nightly-2024-10-28" "metadata" "--no-deps" "--format-version=1", kill_on_drop: false }`
[INFO] [stdout] aaa989c9b28dd6245bb03c27473edebe36ad4364c0a46195f143e65884fc7cc6
[INFO] running `Command { std: "docker" "start" "-a" "aaa989c9b28dd6245bb03c27473edebe36ad4364c0a46195f143e65884fc7cc6", kill_on_drop: false }`
[INFO] running `Command { std: "docker" "inspect" "aaa989c9b28dd6245bb03c27473edebe36ad4364c0a46195f143e65884fc7cc6", kill_on_drop: false }`
[INFO] running `Command { std: "docker" "rm" "-f" "aaa989c9b28dd6245bb03c27473edebe36ad4364c0a46195f143e65884fc7cc6", kill_on_drop: false }`
[INFO] [stdout] aaa989c9b28dd6245bb03c27473edebe36ad4364c0a46195f143e65884fc7cc6
[INFO] running `Command { std: "docker" "create" "-v" "/var/lib/crater-agent-workspace/builds/worker-5-tc2/target:/opt/rustwide/target:rw,Z" "-v" "/var/lib/crater-agent-workspace/builds/worker-5-tc2/source:/opt/rustwide/workdir:ro,Z" "-v" "/var/lib/crater-agent-workspace/cargo-home:/opt/rustwide/cargo-home:ro,Z" "-v" "/var/lib/crater-agent-workspace/rustup-home:/opt/rustwide/rustup-home:ro,Z" "-e" "SOURCE_DIR=/opt/rustwide/workdir" "-e" "CARGO_TARGET_DIR=/opt/rustwide/target" "-e" "CARGO_INCREMENTAL=0" "-e" "RUST_BACKTRACE=full" "-e" "RUSTFLAGS=--cap-lints=forbid -Zrandomize-layout" "-e" "RUSTDOCFLAGS=--cap-lints=forbid" "-e" "CARGO_HOME=/opt/rustwide/cargo-home" "-e" "RUSTUP_HOME=/opt/rustwide/rustup-home" "-w" "/opt/rustwide/workdir" "-m" "1610612736" "--user" "0:0" "--network" "none" "ghcr.io/rust-lang/crates-build-env/linux@sha256:4a844ea9eb2546a2d2c7022eacef16ef2e8229c7fbb2c7d4d55a9ceca922f72d" "/opt/rustwide/cargo-home/bin/cargo" "+nightly-2024-10-28" "build" "--frozen" "--message-format=json", kill_on_drop: false }`
[INFO] [stdout] 1ccbf317d29a73e0da15b5852f87ea6b5cc58920f61d31e741b24edcef122f6e
[INFO] running `Command { std: "docker" "start" "-a" "1ccbf317d29a73e0da15b5852f87ea6b5cc58920f61d31e741b24edcef122f6e", kill_on_drop: false }`
[INFO] [stderr]    Compiling sessions-core v0.6.0
[INFO] [stderr]    Compiling sessions v0.6.0 (/opt/rustwide/workdir)
[INFO] [stderr]     Finished `dev` profile [unoptimized + debuginfo] target(s) in 0.13s
[INFO] running `Command { std: "docker" "inspect" "1ccbf317d29a73e0da15b5852f87ea6b5cc58920f61d31e741b24edcef122f6e", kill_on_drop: false }`
[INFO] running `Command { std: "docker" "rm" "-f" "1ccbf317d29a73e0da15b5852f87ea6b5cc58920f61d31e741b24edcef122f6e", kill_on_drop: false }`
[INFO] [stdout] 1ccbf317d29a73e0da15b5852f87ea6b5cc58920f61d31e741b24edcef122f6e
[INFO] running `Command { std: "docker" "create" "-v" "/var/lib/crater-agent-workspace/builds/worker-5-tc2/target:/opt/rustwide/target:rw,Z" "-v" "/var/lib/crater-agent-workspace/builds/worker-5-tc2/source:/opt/rustwide/workdir:ro,Z" "-v" "/var/lib/crater-agent-workspace/cargo-home:/opt/rustwide/cargo-home:ro,Z" "-v" "/var/lib/crater-agent-workspace/rustup-home:/opt/rustwide/rustup-home:ro,Z" "-e" "SOURCE_DIR=/opt/rustwide/workdir" "-e" "CARGO_TARGET_DIR=/opt/rustwide/target" "-e" "CARGO_INCREMENTAL=0" "-e" "RUST_BACKTRACE=full" "-e" "RUSTFLAGS=--cap-lints=forbid -Zrandomize-layout" "-e" "RUSTDOCFLAGS=--cap-lints=forbid" "-e" "CARGO_HOME=/opt/rustwide/cargo-home" "-e" "RUSTUP_HOME=/opt/rustwide/rustup-home" "-w" "/opt/rustwide/workdir" "-m" "1610612736" "--user" "0:0" "--network" "none" "ghcr.io/rust-lang/crates-build-env/linux@sha256:4a844ea9eb2546a2d2c7022eacef16ef2e8229c7fbb2c7d4d55a9ceca922f72d" "/opt/rustwide/cargo-home/bin/cargo" "+nightly-2024-10-28" "test" "--frozen" "--no-run" "--message-format=json", kill_on_drop: false }`
[INFO] [stdout] e3fcf5d2a8997d0a98c247d84c883fd257613afb598956fb8d97679e1030a387
[INFO] running `Command { std: "docker" "start" "-a" "e3fcf5d2a8997d0a98c247d84c883fd257613afb598956fb8d97679e1030a387", kill_on_drop: false }`
[INFO] [stderr]    Compiling byteorder v1.5.0
[INFO] [stderr]    Compiling libc v0.2.161
[INFO] [stderr]    Compiling futures-channel v0.3.31
[INFO] [stderr]    Compiling futures-task v0.3.31
[INFO] [stderr]    Compiling futures-io v0.3.31
[INFO] [stderr]    Compiling anyhow v1.0.92
[INFO] [stderr]    Compiling arc-swap v1.7.1
[INFO] [stderr]    Compiling syn v2.0.86
[INFO] [stderr]    Compiling serde_json v1.0.132
[INFO] [stderr]    Compiling getrandom v0.2.15
[INFO] [stderr]    Compiling mio v1.0.2
[INFO] [stderr]    Compiling socket2 v0.5.7
[INFO] [stderr]    Compiling rand_core v0.6.4
[INFO] [stderr]    Compiling nano-id v0.3.3
[INFO] [stderr]    Compiling sessions-core v0.6.0
[INFO] [stderr]    Compiling sessions v0.6.0 (/opt/rustwide/workdir)
[INFO] [stderr]    Compiling zerocopy-derive v0.7.35
[INFO] [stderr]    Compiling tokio-macros v2.4.0
[INFO] [stderr]    Compiling futures-macro v0.3.31
[INFO] [stderr]    Compiling pin-project-internal v1.1.7
[INFO] [stderr]    Compiling async-trait v0.1.83
[INFO] [stderr]    Compiling tokio v1.41.0
[INFO] [stderr]    Compiling zerocopy v0.7.35
[INFO] [stderr]    Compiling futures-util v0.3.31
[INFO] [stderr]    Compiling pin-project v1.1.7
[INFO] [stderr]    Compiling ppv-lite86 v0.2.20
[INFO] [stderr]    Compiling rand_chacha v0.3.1
[INFO] [stderr]    Compiling rand v0.8.5
[INFO] [stderr]    Compiling futures-executor v0.3.31
[INFO] [stderr]    Compiling futures v0.3.31
[INFO] [stderr]    Compiling tokio-util v0.7.12
[INFO] [stderr]    Compiling tokio-retry v0.3.0
[INFO] [stderr]    Compiling combine v4.6.7
[INFO] [stderr]    Compiling redis v0.24.0
[INFO] [stdout] error: tokio-comp or async-std-comp features required for aio feature
[INFO] [stdout]    --> /opt/rustwide/cargo-home/registry/src/index.crates.io-6f17d22bba15001f/redis-0.24.0/src/aio/multiplexed_connection.rs:340:9
[INFO] [stdout]     |
[INFO] [stdout] 340 |         compile_error!("tokio-comp or async-std-comp features required for aio feature");
[INFO] [stdout]     |         ^^^^^^^^^^^^^^^^^^^^^^^^^^^^^^^^^^^^^^^^^^^^^^^^^^^^^^^^^^^^^^^^^^^^^^^^^^^^^^^^
[INFO] [stdout] 
[INFO] [stdout] 
[INFO] [stdout] error: tokio-comp or async-std-comp features required for aio feature
[INFO] [stdout]   --> /opt/rustwide/cargo-home/registry/src/index.crates.io-6f17d22bba15001f/redis-0.24.0/src/aio/runtime.rs:39:13
[INFO] [stdout]    |
[INFO] [stdout] 39 |             compile_error!("tokio-comp or async-std-comp features required for aio feature")
[INFO] [stdout]    |             ^^^^^^^^^^^^^^^^^^^^^^^^^^^^^^^^^^^^^^^^^^^^^^^^^^^^^^^^^^^^^^^^^^^^^^^^^^^^^^^^
[INFO] [stdout] 
[INFO] [stdout] 
[INFO] [stdout] error[E0433]: failed to resolve: use of undeclared type `ValueCodec`
[INFO] [stdout]    --> /opt/rustwide/cargo-home/registry/src/index.crates.io-6f17d22bba15001f/redis-0.24.0/src/aio/connection.rs:307:9
[INFO] [stdout]     |
[INFO] [stdout] 307 |         ValueCodec::default()
[INFO] [stdout]     |         ^^^^^^^^^^ use of undeclared type `ValueCodec`
[INFO] [stdout]     |
[INFO] [stdout] help: consider importing this struct through its public re-export
[INFO] [stdout]     |
[INFO] [stdout] 3   + use crate::parser::ValueCodec;
[INFO] [stdout]     |
[INFO] [stdout] 
[INFO] [stdout] 
[INFO] [stdout] error[E0433]: failed to resolve: use of undeclared type `ValueCodec`
[INFO] [stdout]    --> /opt/rustwide/cargo-home/registry/src/index.crates.io-6f17d22bba15001f/redis-0.24.0/src/aio/connection.rs:319:9
[INFO] [stdout]     |
[INFO] [stdout] 319 |         ValueCodec::default()
[INFO] [stdout]     |         ^^^^^^^^^^ use of undeclared type `ValueCodec`
[INFO] [stdout]     |
[INFO] [stdout] help: consider importing this struct through its public re-export
[INFO] [stdout]     |
[INFO] [stdout] 3   + use crate::parser::ValueCodec;
[INFO] [stdout]     |
[INFO] [stdout] 
[INFO] [stdout] 
[INFO] [stdout] error[E0433]: failed to resolve: use of undeclared type `ValueCodec`
[INFO] [stdout]    --> /opt/rustwide/cargo-home/registry/src/index.crates.io-6f17d22bba15001f/redis-0.24.0/src/aio/connection.rs:348:9
[INFO] [stdout]     |
[INFO] [stdout] 348 |         ValueCodec::default()
[INFO] [stdout]     |         ^^^^^^^^^^ use of undeclared type `ValueCodec`
[INFO] [stdout]     |
[INFO] [stdout] help: consider importing this struct through its public re-export
[INFO] [stdout]     |
[INFO] [stdout] 3   + use crate::parser::ValueCodec;
[INFO] [stdout]     |
[INFO] [stdout] 
[INFO] [stdout] 
[INFO] [stdout] error[E0433]: failed to resolve: use of undeclared type `ValueCodec`
[INFO] [stdout]    --> /opt/rustwide/cargo-home/registry/src/index.crates.io-6f17d22bba15001f/redis-0.24.0/src/aio/connection.rs:357:9
[INFO] [stdout]     |
[INFO] [stdout] 357 |         ValueCodec::default()
[INFO] [stdout]     |         ^^^^^^^^^^ use of undeclared type `ValueCodec`
[INFO] [stdout]     |
[INFO] [stdout] help: consider importing this struct through its public re-export
[INFO] [stdout]     |
[INFO] [stdout] 3   + use crate::parser::ValueCodec;
[INFO] [stdout]     |
[INFO] [stdout] 
[INFO] [stdout] 
[INFO] [stdout] error[E0425]: cannot find value `socket_addrs` in this scope
[INFO] [stdout]    --> /opt/rustwide/cargo-home/registry/src/index.crates.io-6f17d22bba15001f/redis-0.24.0/src/aio/connection.rs:374:28
[INFO] [stdout]     |
[INFO] [stdout] 374 |     let mut socket_addrs = socket_addrs.peekable();
[INFO] [stdout]     |                            ^^^^^^^^^^^^ not found in this scope
[INFO] [stdout] 
[INFO] [stdout] 
[INFO] [stdout] error[E0433]: failed to resolve: use of undeclared type `ValueCodec`
[INFO] [stdout]    --> /opt/rustwide/cargo-home/registry/src/index.crates.io-6f17d22bba15001f/redis-0.24.0/src/aio/multiplexed_connection.rs:342:21
[INFO] [stdout]     |
[INFO] [stdout] 342 |         let codec = ValueCodec::default()
[INFO] [stdout]     |                     ^^^^^^^^^^ use of undeclared type `ValueCodec`
[INFO] [stdout]     |
[INFO] [stdout] help: consider importing this struct through its public re-export
[INFO] [stdout]     |
[INFO] [stdout] 1   + use crate::parser::ValueCodec;
[INFO] [stdout]     |
[INFO] [stdout] 
[INFO] [stdout] 
[INFO] [stdout] error[E0599]: no method named `get_multiplexed_async_connection` found for struct `Client` in the current scope
[INFO] [stdout]    --> /opt/rustwide/cargo-home/registry/src/index.crates.io-6f17d22bba15001f/redis-0.24.0/src/aio/connection_manager.rs:148:48
[INFO] [stdout]     |
[INFO] [stdout] 148 |         Retry::spawn(retry_strategy, || client.get_multiplexed_async_connection()).await
[INFO] [stdout]     |                                                ^^^^^^^^^^^^^^^^^^^^^^^^^^^^^^^^ method not found in `Client`
[INFO] [stdout]     |
[INFO] [stdout]    ::: /opt/rustwide/cargo-home/registry/src/index.crates.io-6f17d22bba15001f/redis-0.24.0/src/client.rs:16:1
[INFO] [stdout]     |
[INFO] [stdout] 16  | pub struct Client {
[INFO] [stdout]     | ----------------- method `get_multiplexed_async_connection` not found for this struct
[INFO] [stdout] 
[INFO] [stdout] 
[INFO] [stdout] error[E0004]: non-exhaustive patterns: type `&aio::runtime::Runtime` is non-empty
[INFO] [stdout]   --> /opt/rustwide/cargo-home/registry/src/index.crates.io-6f17d22bba15001f/redis-0.24.0/src/aio/runtime.rs:45:15
[INFO] [stdout]    |
[INFO] [stdout] 45 |         match self {
[INFO] [stdout]    |               ^^^^
[INFO] [stdout]    |
[INFO] [stdout] note: `aio::runtime::Runtime` defined here
[INFO] [stdout]   --> /opt/rustwide/cargo-home/registry/src/index.crates.io-6f17d22bba15001f/redis-0.24.0/src/aio/runtime.rs:9:17
[INFO] [stdout]    |
[INFO] [stdout] 9  | pub(crate) enum Runtime {
[INFO] [stdout]    |                 ^^^^^^^
[INFO] [stdout]    = note: the matched value is of type `&aio::runtime::Runtime`
[INFO] [stdout]    = note: references are always considered inhabited
[INFO] [stdout] help: ensure that all possible cases are being handled by adding a match arm with a wildcard pattern as shown
[INFO] [stdout]    |
[INFO] [stdout] 45 ~         match self {
[INFO] [stdout] 46 +             _ => todo!(),
[INFO] [stdout] 47 +         }
[INFO] [stdout]    |
[INFO] [stdout] 
[INFO] [stdout] 
[INFO] [stdout] Some errors have detailed explanations: E0004, E0425, E0433, E0599.
[INFO] [stdout] 
[INFO] [stdout] For more information about an error, try `rustc --explain E0004`.
[INFO] [stdout] 
[INFO] [stderr] error: could not compile `redis` (lib) due to 10 previous errors
[INFO] running `Command { std: "docker" "inspect" "e3fcf5d2a8997d0a98c247d84c883fd257613afb598956fb8d97679e1030a387", kill_on_drop: false }`
[INFO] running `Command { std: "docker" "rm" "-f" "e3fcf5d2a8997d0a98c247d84c883fd257613afb598956fb8d97679e1030a387", kill_on_drop: false }`
[INFO] [stdout] e3fcf5d2a8997d0a98c247d84c883fd257613afb598956fb8d97679e1030a387
