[INFO] fetching crate serde_bibtex 0.6.0...
[INFO] testing serde_bibtex-0.6.0 against nightly-2024-10-28 for randomize-layout
[INFO] extracting crate serde_bibtex 0.6.0 into /workspace/builds/worker-0-tc1/source
[INFO] validating manifest of crates.io crate serde_bibtex 0.6.0 on toolchain nightly-2024-10-28
[INFO] running `Command { std: CARGO_HOME="/workspace/cargo-home" RUSTUP_HOME="/workspace/rustup-home" "/workspace/cargo-home/bin/cargo" "+nightly-2024-10-28" "metadata" "--manifest-path" "Cargo.toml" "--no-deps", kill_on_drop: false }`
[INFO] started tweaking crates.io crate serde_bibtex 0.6.0
[INFO] removed 0 missing examples
[INFO] removed 0 missing tests
[INFO] finished tweaking crates.io crate serde_bibtex 0.6.0
[INFO] tweaked toml for crates.io crate serde_bibtex 0.6.0 written to /workspace/builds/worker-0-tc1/source/Cargo.toml
[INFO] crate crates.io crate serde_bibtex 0.6.0 already has a lockfile, it will not be regenerated
[INFO] running `Command { std: CARGO_HOME="/workspace/cargo-home" RUSTUP_HOME="/workspace/rustup-home" "/workspace/cargo-home/bin/cargo" "+nightly-2024-10-28" "fetch" "--manifest-path" "Cargo.toml", kill_on_drop: false }`
[INFO] [stderr]     Updating crates.io index
[INFO] [stderr]  Downloading crates ...
[INFO] [stderr]   Downloaded nom-tracable v0.9.1
[INFO] [stderr]   Downloaded numerals v0.1.4
[INFO] [stderr]   Downloaded unscanny v0.1.0
[INFO] [stderr]   Downloaded nom-bibtex v0.5.0
[INFO] [stderr]   Downloaded biblatex v0.9.3
[INFO] [stderr]   Downloaded nom-tracable-macros v0.9.1
[INFO] running `Command { std: "docker" "create" "-v" "/var/lib/crater-agent-workspace/builds/worker-0-tc1/target:/opt/rustwide/target:rw,Z" "-v" "/var/lib/crater-agent-workspace/builds/worker-0-tc1/source:/opt/rustwide/workdir:ro,Z" "-v" "/var/lib/crater-agent-workspace/cargo-home:/opt/rustwide/cargo-home:ro,Z" "-v" "/var/lib/crater-agent-workspace/rustup-home:/opt/rustwide/rustup-home:ro,Z" "-e" "SOURCE_DIR=/opt/rustwide/workdir" "-e" "CARGO_TARGET_DIR=/opt/rustwide/target" "-e" "CARGO_HOME=/opt/rustwide/cargo-home" "-e" "RUSTUP_HOME=/opt/rustwide/rustup-home" "-w" "/opt/rustwide/workdir" "-m" "1610612736" "--user" "0:0" "--network" "none" "ghcr.io/rust-lang/crates-build-env/linux@sha256:4a844ea9eb2546a2d2c7022eacef16ef2e8229c7fbb2c7d4d55a9ceca922f72d" "/opt/rustwide/cargo-home/bin/cargo" "+nightly-2024-10-28" "metadata" "--no-deps" "--format-version=1", kill_on_drop: false }`
[INFO] [stdout] 8b282031477e3ea40a43906d47746bc972932687aacd6d2ea337899a5ffd946c
[INFO] running `Command { std: "docker" "start" "-a" "8b282031477e3ea40a43906d47746bc972932687aacd6d2ea337899a5ffd946c", kill_on_drop: false }`
[INFO] running `Command { std: "docker" "inspect" "8b282031477e3ea40a43906d47746bc972932687aacd6d2ea337899a5ffd946c", kill_on_drop: false }`
[INFO] running `Command { std: "docker" "rm" "-f" "8b282031477e3ea40a43906d47746bc972932687aacd6d2ea337899a5ffd946c", kill_on_drop: false }`
[INFO] [stdout] 8b282031477e3ea40a43906d47746bc972932687aacd6d2ea337899a5ffd946c
[INFO] running `Command { std: "docker" "create" "-v" "/var/lib/crater-agent-workspace/builds/worker-0-tc1/target:/opt/rustwide/target:rw,Z" "-v" "/var/lib/crater-agent-workspace/builds/worker-0-tc1/source:/opt/rustwide/workdir:ro,Z" "-v" "/var/lib/crater-agent-workspace/cargo-home:/opt/rustwide/cargo-home:ro,Z" "-v" "/var/lib/crater-agent-workspace/rustup-home:/opt/rustwide/rustup-home:ro,Z" "-e" "SOURCE_DIR=/opt/rustwide/workdir" "-e" "CARGO_TARGET_DIR=/opt/rustwide/target" "-e" "CARGO_INCREMENTAL=0" "-e" "RUST_BACKTRACE=full" "-e" "RUSTFLAGS=--cap-lints=forbid" "-e" "RUSTDOCFLAGS=--cap-lints=forbid" "-e" "CARGO_HOME=/opt/rustwide/cargo-home" "-e" "RUSTUP_HOME=/opt/rustwide/rustup-home" "-w" "/opt/rustwide/workdir" "-m" "1610612736" "--user" "0:0" "--network" "none" "ghcr.io/rust-lang/crates-build-env/linux@sha256:4a844ea9eb2546a2d2c7022eacef16ef2e8229c7fbb2c7d4d55a9ceca922f72d" "/opt/rustwide/cargo-home/bin/cargo" "+nightly-2024-10-28" "build" "--frozen" "--message-format=json", kill_on_drop: false }`
[INFO] [stdout] 8f8e7f6b6873ab6d8f1e98e8c984f2d851cb068924ca2c1e444908b820a5743b
[INFO] running `Command { std: "docker" "start" "-a" "8f8e7f6b6873ab6d8f1e98e8c984f2d851cb068924ca2c1e444908b820a5743b", kill_on_drop: false }`
[INFO] [stderr]    Compiling version_check v0.9.5
[INFO] [stderr]    Compiling serde v1.0.210
[INFO] [stderr]    Compiling memchr v2.7.4
[INFO] [stderr]    Compiling unicase v2.7.0
[INFO] [stderr]    Compiling serde_bibtex v0.6.0 (/opt/rustwide/workdir)
[INFO] [stderr]     Finished `dev` profile [unoptimized + debuginfo] target(s) in 4.01s
[INFO] running `Command { std: "docker" "inspect" "8f8e7f6b6873ab6d8f1e98e8c984f2d851cb068924ca2c1e444908b820a5743b", kill_on_drop: false }`
[INFO] running `Command { std: "docker" "rm" "-f" "8f8e7f6b6873ab6d8f1e98e8c984f2d851cb068924ca2c1e444908b820a5743b", kill_on_drop: false }`
[INFO] [stdout] 8f8e7f6b6873ab6d8f1e98e8c984f2d851cb068924ca2c1e444908b820a5743b
[INFO] running `Command { std: "docker" "create" "-v" "/var/lib/crater-agent-workspace/builds/worker-0-tc1/target:/opt/rustwide/target:rw,Z" "-v" "/var/lib/crater-agent-workspace/builds/worker-0-tc1/source:/opt/rustwide/workdir:ro,Z" "-v" "/var/lib/crater-agent-workspace/cargo-home:/opt/rustwide/cargo-home:ro,Z" "-v" "/var/lib/crater-agent-workspace/rustup-home:/opt/rustwide/rustup-home:ro,Z" "-e" "SOURCE_DIR=/opt/rustwide/workdir" "-e" "CARGO_TARGET_DIR=/opt/rustwide/target" "-e" "CARGO_INCREMENTAL=0" "-e" "RUST_BACKTRACE=full" "-e" "RUSTFLAGS=--cap-lints=forbid" "-e" "RUSTDOCFLAGS=--cap-lints=forbid" "-e" "CARGO_HOME=/opt/rustwide/cargo-home" "-e" "RUSTUP_HOME=/opt/rustwide/rustup-home" "-w" "/opt/rustwide/workdir" "-m" "1610612736" "--user" "0:0" "--network" "none" "ghcr.io/rust-lang/crates-build-env/linux@sha256:4a844ea9eb2546a2d2c7022eacef16ef2e8229c7fbb2c7d4d55a9ceca922f72d" "/opt/rustwide/cargo-home/bin/cargo" "+nightly-2024-10-28" "test" "--frozen" "--no-run" "--message-format=json", kill_on_drop: false }`
[INFO] [stdout] f989b864a5c03b9dec704a1c4cc3082e286391ad766efda6628e7f5aecd89636
[INFO] running `Command { std: "docker" "start" "-a" "f989b864a5c03b9dec704a1c4cc3082e286391ad766efda6628e7f5aecd89636", kill_on_drop: false }`
[INFO] [stderr]    Compiling proc-macro2 v1.0.87
[INFO] [stderr]    Compiling unicode-ident v1.0.13
[INFO] [stderr]    Compiling libc v0.2.159
[INFO] [stderr]    Compiling cfg-if v1.0.0
[INFO] [stderr]    Compiling serde v1.0.210
[INFO] [stderr]    Compiling memchr v2.7.4
[INFO] [stderr]    Compiling crossbeam-utils v0.8.20
[INFO] [stderr]    Compiling libm v0.2.8
[INFO] [stderr]    Compiling autocfg v1.4.0
[INFO] [stderr]    Compiling rustix v0.38.37
[INFO] [stderr]    Compiling byteorder v1.5.0
[INFO] [stderr]    Compiling rustversion v1.0.17
[INFO] [stderr]    Compiling syn v1.0.109
[INFO] [stderr]    Compiling serde_json v1.0.128
[INFO] [stderr]    Compiling minimal-lexical v0.2.1
[INFO] [stderr]    Compiling regex-syntax v0.8.5
[INFO] [stderr]    Compiling rayon-core v1.12.1
[INFO] [stderr]    Compiling bitflags v2.6.0
[INFO] [stderr]    Compiling either v1.13.0
[INFO] [stderr]    Compiling linux-raw-sys v0.4.14
[INFO] [stderr]    Compiling once_cell v1.20.2
[INFO] [stderr]    Compiling half v2.4.1
[INFO] [stderr]    Compiling plotters-backend v0.3.7
[INFO] [stderr]    Compiling bytecount v0.6.8
[INFO] [stderr]    Compiling clap_lex v0.7.2
[INFO] [stderr]    Compiling anstyle v1.0.8
[INFO] [stderr]    Compiling itoa v1.0.11
[INFO] [stderr]    Compiling heck v0.5.0
[INFO] [stderr]    Compiling paste v1.0.15
[INFO] [stderr]    Compiling num-traits v0.2.19
[INFO] [stderr]    Compiling fastrand v2.1.1
[INFO] [stderr]    Compiling nom v7.1.3
[INFO] [stderr]    Compiling ryu v1.0.18
[INFO] [stderr]    Compiling tinyvec_macros v0.1.1
[INFO] [stderr]    Compiling ciborium-io v0.2.2
[INFO] [stderr]    Compiling tinyvec v1.8.0
[INFO] [stderr]    Compiling clap_builder v4.5.20
[INFO] [stderr]    Compiling plotters-svg v0.3.7
[INFO] [stderr]    Compiling ciborium-ll v0.2.2
[INFO] [stderr]    Compiling crossbeam-epoch v0.9.18
[INFO] [stderr]    Compiling quote v1.0.37
[INFO] [stderr]    Compiling itertools v0.10.5
[INFO] [stderr]    Compiling syn v2.0.79
[INFO] [stderr]    Compiling crossbeam-deque v0.8.5
[INFO] [stderr]    Compiling bit-vec v0.6.3
[INFO] [stderr]    Compiling same-file v1.0.6
[INFO] [stderr]    Compiling quick-error v1.2.3
[INFO] [stderr]    Compiling fnv v1.0.7
[INFO] [stderr]    Compiling cast v0.3.0
[INFO] [stderr]    Compiling walkdir v2.5.0
[INFO] [stderr]    Compiling bit-set v0.5.3
[INFO] [stderr]    Compiling lazy_static v1.5.0
[INFO] [stderr]    Compiling getrandom v0.2.15
[INFO] [stderr]    Compiling wait-timeout v0.2.0
[INFO] [stderr]    Compiling is-terminal v0.4.13
[INFO] [stderr]    Compiling unscanny v0.1.0
[INFO] [stderr]    Compiling rand_core v0.6.4
[INFO] [stderr]    Compiling numerals v0.1.4
[INFO] [stderr]    Compiling anes v0.1.6
[INFO] [stderr]    Compiling unicode-normalization v0.1.24
[INFO] [stderr]    Compiling rand_xorshift v0.3.0
[INFO] [stderr]    Compiling rayon v1.10.0
[INFO] [stderr]    Compiling oorandom v11.1.4
[INFO] [stderr]    Compiling unarray v0.1.4
[INFO] [stderr]    Compiling quick-error v2.0.1
[INFO] [stderr]    Compiling criterion-plot v0.5.0
[INFO] [stderr]    Compiling plotters v0.3.7
[INFO] [stderr]    Compiling nom_locate v4.2.0
[INFO] [stderr]    Compiling clap v4.5.20
[INFO] [stderr]    Compiling regex-automata v0.4.8
[INFO] [stderr]    Compiling tempfile v3.13.0
[INFO] [stderr]    Compiling rusty-fork v0.3.0
[INFO] [stderr]    Compiling serde_derive v1.0.210
[INFO] [stderr]    Compiling zerocopy-derive v0.7.35
[INFO] [stderr]    Compiling strum_macros v0.26.4
[INFO] [stderr]    Compiling regex v1.11.0
[INFO] [stderr]    Compiling zerocopy v0.7.35
[INFO] [stderr]    Compiling ppv-lite86 v0.2.20
[INFO] [stderr]    Compiling rand_chacha v0.3.1
[INFO] [stderr]    Compiling strum v0.26.3
[INFO] [stderr]    Compiling biblatex v0.9.3
[INFO] [stderr]    Compiling nom-tracable-macros v0.9.1
[INFO] [stderr]    Compiling rand v0.8.5
[INFO] [stderr]    Compiling nom-tracable v0.9.1
[INFO] [stderr]    Compiling nom-bibtex v0.5.0
[INFO] [stderr]    Compiling proptest v1.5.0
[INFO] [stderr]    Compiling ciborium v0.2.2
[INFO] [stderr]    Compiling serde_bytes v0.11.15
[INFO] [stderr]    Compiling serde_bibtex v0.6.0 (/opt/rustwide/workdir)
[INFO] [stderr]    Compiling tinytemplate v1.2.1
[INFO] [stderr]    Compiling criterion v0.5.1
[INFO] [stdout] error[E0432]: unresolved imports `serde_bibtex::entry`, `serde_bibtex::syntax`
[INFO] [stdout]    --> tests/syntax.rs:5:5
[INFO] [stdout]     |
[INFO] [stdout] 5   |     entry::{OwnedBibliography, RawBibliography},
[INFO] [stdout]     |     ^^^^^ could not find `entry` in `serde_bibtex`
[INFO] [stdout] 6   |     syntax::{BibtexParser, Rule},
[INFO] [stdout]     |     ^^^^^^ could not find `syntax` in `serde_bibtex`
[INFO] [stdout]     |
[INFO] [stdout] note: found an item that was configured out
[INFO] [stdout]    --> /opt/rustwide/workdir/src/lib.rs:136:9
[INFO] [stdout]     |
[INFO] [stdout] 136 | pub mod entry;
[INFO] [stdout]     |         ^^^^^
[INFO] [stdout] note: the item is gated behind the `entry` feature
[INFO] [stdout]    --> /opt/rustwide/workdir/src/lib.rs:134:7
[INFO] [stdout]     |
[INFO] [stdout] 134 | #[cfg(feature = "entry")]
[INFO] [stdout]     |       ^^^^^^^^^^^^^^^^^
[INFO] [stdout] note: found an item that was configured out
[INFO] [stdout]    --> /opt/rustwide/workdir/src/lib.rs:143:9
[INFO] [stdout]     |
[INFO] [stdout] 143 | pub mod syntax;
[INFO] [stdout]     |         ^^^^^^
[INFO] [stdout] note: the item is gated behind the `syntax` feature
[INFO] [stdout]    --> /opt/rustwide/workdir/src/lib.rs:141:7
[INFO] [stdout]     |
[INFO] [stdout] 141 | #[cfg(feature = "syntax")]
[INFO] [stdout]     |       ^^^^^^^^^^^^^^^^^^
[INFO] [stdout] 
[INFO] [stdout] 
[INFO] [stdout] error[E0432]: unresolved import `pest`
[INFO] [stdout]  --> tests/syntax.rs:1:5
[INFO] [stdout]   |
[INFO] [stdout] 1 | use pest::Parser;
[INFO] [stdout]   |     ^^^^ use of undeclared crate or module `pest`
[INFO] [stdout]   |
[INFO] [stdout] help: there is a crate or module with a similar name
[INFO] [stdout]   |
[INFO] [stdout] 1 | use test::Parser;
[INFO] [stdout]   |     ~~~~
[INFO] [stdout] 
[INFO] [stdout] 
[INFO] [stdout] error[E0432]: unresolved import `serde_bibtex::entry`
[INFO] [stdout]    --> examples/tugboat.rs:6:19
[INFO] [stdout]     |
[INFO] [stdout] 6   | use serde_bibtex::entry::{BorrowEntry, Entry};
[INFO] [stdout]     |                   ^^^^^ could not find `entry` in `serde_bibtex`
[INFO] [stdout]     |
[INFO] [stdout] note: found an item that was configured out
[INFO] [stdout]    --> /opt/rustwide/workdir/src/lib.rs:136:9
[INFO] [stdout]     |
[INFO] [stdout] 136 | pub mod entry;
[INFO] [stdout]     |         ^^^^^
[INFO] [stdout] note: the item is gated behind the `entry` feature
[INFO] [stdout]    --> /opt/rustwide/workdir/src/lib.rs:134:7
[INFO] [stdout]     |
[INFO] [stdout] 134 | #[cfg(feature = "entry")]
[INFO] [stdout]     |       ^^^^^^^^^^^^^^^^^
[INFO] [stdout] 
[INFO] [stdout] 
[INFO] [stdout] For more information about this error, try `rustc --explain E0432`.
[INFO] [stdout] 
[INFO] [stderr] error: could not compile `serde_bibtex` (test "syntax") due to 2 previous errors
[INFO] [stderr] warning: build failed, waiting for other jobs to finish...
[INFO] [stdout] error[E0432]: unresolved import `crate::syntax`
[INFO] [stdout]    --> src/de/bibliography.rs:262:9
[INFO] [stdout]     |
[INFO] [stdout] 262 |         syntax::{BibtexParser, Rule},
[INFO] [stdout]     |         ^^^^^^ could not find `syntax` in the crate root
[INFO] [stdout]     |
[INFO] [stdout] note: found an item that was configured out
[INFO] [stdout]    --> src/lib.rs:143:9
[INFO] [stdout]     |
[INFO] [stdout] 143 | pub mod syntax;
[INFO] [stdout]     |         ^^^^^^
[INFO] [stdout] note: the item is gated behind the `syntax` feature
[INFO] [stdout]    --> src/lib.rs:141:7
[INFO] [stdout]     |
[INFO] [stdout] 141 | #[cfg(feature = "syntax")]
[INFO] [stdout]     |       ^^^^^^^^^^^^^^^^^^
[INFO] [stdout] 
[INFO] [stdout] 
[INFO] [stdout] error[E0432]: unresolved import `pest`
[INFO] [stdout]    --> src/de/bibliography.rs:266:9
[INFO] [stdout]     |
[INFO] [stdout] 266 |     use pest::Parser;
[INFO] [stdout]     |         ^^^^ use of undeclared crate or module `pest`
[INFO] [stdout] 
[INFO] [stdout] 
[INFO] [stdout] For more information about this error, try `rustc --explain E0432`.
[INFO] [stdout] 
[INFO] [stderr] error: could not compile `serde_bibtex` (example "tugboat") due to 1 previous error
[INFO] [stdout] For more information about this error, try `rustc --explain E0432`.
[INFO] [stdout] 
[INFO] [stderr] error: could not compile `serde_bibtex` (lib test) due to 2 previous errors
[INFO] running `Command { std: "docker" "inspect" "f989b864a5c03b9dec704a1c4cc3082e286391ad766efda6628e7f5aecd89636", kill_on_drop: false }`
[INFO] running `Command { std: "docker" "rm" "-f" "f989b864a5c03b9dec704a1c4cc3082e286391ad766efda6628e7f5aecd89636", kill_on_drop: false }`
[INFO] [stdout] f989b864a5c03b9dec704a1c4cc3082e286391ad766efda6628e7f5aecd89636
