[INFO] fetching crate serde_avro_derive 0.3.1...
[INFO] testing serde_avro_derive-0.3.1 against nightly-2024-10-28+rustflags=-Zrandomize-layout for randomize-layout
[INFO] extracting crate serde_avro_derive 0.3.1 into /workspace/builds/worker-3-tc2/source
[INFO] validating manifest of crates.io crate serde_avro_derive 0.3.1 on toolchain nightly-2024-10-28
[INFO] running `Command { std: CARGO_HOME="/workspace/cargo-home" RUSTUP_HOME="/workspace/rustup-home" "/workspace/cargo-home/bin/cargo" "+nightly-2024-10-28" "metadata" "--manifest-path" "Cargo.toml" "--no-deps", kill_on_drop: false }`
[INFO] started tweaking crates.io crate serde_avro_derive 0.3.1
[INFO] removed 0 missing tests
[INFO] finished tweaking crates.io crate serde_avro_derive 0.3.1
[INFO] tweaked toml for crates.io crate serde_avro_derive 0.3.1 written to /workspace/builds/worker-3-tc2/source/Cargo.toml
[INFO] running `Command { std: CARGO_HOME="/workspace/cargo-home" RUSTUP_HOME="/workspace/rustup-home" "/workspace/cargo-home/bin/cargo" "+nightly-2024-10-28" "generate-lockfile" "--manifest-path" "Cargo.toml", kill_on_drop: false }`
[INFO] [stderr]     Updating crates.io index
[INFO] [stderr]      Locking 51 packages to latest compatible versions
[INFO] running `Command { std: CARGO_HOME="/workspace/cargo-home" RUSTUP_HOME="/workspace/rustup-home" "/workspace/cargo-home/bin/cargo" "+nightly-2024-10-28" "fetch" "--manifest-path" "Cargo.toml", kill_on_drop: false }`
[INFO] running `Command { std: "docker" "create" "-v" "/var/lib/crater-agent-workspace/builds/worker-3-tc2/target:/opt/rustwide/target:rw,Z" "-v" "/var/lib/crater-agent-workspace/builds/worker-3-tc2/source:/opt/rustwide/workdir:ro,Z" "-v" "/var/lib/crater-agent-workspace/cargo-home:/opt/rustwide/cargo-home:ro,Z" "-v" "/var/lib/crater-agent-workspace/rustup-home:/opt/rustwide/rustup-home:ro,Z" "-e" "SOURCE_DIR=/opt/rustwide/workdir" "-e" "CARGO_TARGET_DIR=/opt/rustwide/target" "-e" "CARGO_HOME=/opt/rustwide/cargo-home" "-e" "RUSTUP_HOME=/opt/rustwide/rustup-home" "-w" "/opt/rustwide/workdir" "-m" "1610612736" "--user" "0:0" "--network" "none" "ghcr.io/rust-lang/crates-build-env/linux@sha256:4a844ea9eb2546a2d2c7022eacef16ef2e8229c7fbb2c7d4d55a9ceca922f72d" "/opt/rustwide/cargo-home/bin/cargo" "+nightly-2024-10-28" "metadata" "--no-deps" "--format-version=1", kill_on_drop: false }`
[INFO] [stdout] e084c1fb861a481d4b6f892a788ff5d1f6deb5f778758f91ed14da5a5fb6d22f
[INFO] running `Command { std: "docker" "start" "-a" "e084c1fb861a481d4b6f892a788ff5d1f6deb5f778758f91ed14da5a5fb6d22f", kill_on_drop: false }`
[INFO] running `Command { std: "docker" "inspect" "e084c1fb861a481d4b6f892a788ff5d1f6deb5f778758f91ed14da5a5fb6d22f", kill_on_drop: false }`
[INFO] running `Command { std: "docker" "rm" "-f" "e084c1fb861a481d4b6f892a788ff5d1f6deb5f778758f91ed14da5a5fb6d22f", kill_on_drop: false }`
[INFO] [stdout] e084c1fb861a481d4b6f892a788ff5d1f6deb5f778758f91ed14da5a5fb6d22f
[INFO] running `Command { std: "docker" "create" "-v" "/var/lib/crater-agent-workspace/builds/worker-3-tc2/target:/opt/rustwide/target:rw,Z" "-v" "/var/lib/crater-agent-workspace/builds/worker-3-tc2/source:/opt/rustwide/workdir:ro,Z" "-v" "/var/lib/crater-agent-workspace/cargo-home:/opt/rustwide/cargo-home:ro,Z" "-v" "/var/lib/crater-agent-workspace/rustup-home:/opt/rustwide/rustup-home:ro,Z" "-e" "SOURCE_DIR=/opt/rustwide/workdir" "-e" "CARGO_TARGET_DIR=/opt/rustwide/target" "-e" "CARGO_INCREMENTAL=0" "-e" "RUST_BACKTRACE=full" "-e" "RUSTFLAGS=--cap-lints=forbid -Zrandomize-layout" "-e" "RUSTDOCFLAGS=--cap-lints=forbid" "-e" "CARGO_HOME=/opt/rustwide/cargo-home" "-e" "RUSTUP_HOME=/opt/rustwide/rustup-home" "-w" "/opt/rustwide/workdir" "-m" "1610612736" "--user" "0:0" "--network" "none" "ghcr.io/rust-lang/crates-build-env/linux@sha256:4a844ea9eb2546a2d2c7022eacef16ef2e8229c7fbb2c7d4d55a9ceca922f72d" "/opt/rustwide/cargo-home/bin/cargo" "+nightly-2024-10-28" "build" "--frozen" "--message-format=json", kill_on_drop: false }`
[INFO] [stdout] 19c0ddcad9182900bebceb7e58994f2996451a1986e48ce11ccffd368ae5b4d8
[INFO] running `Command { std: "docker" "start" "-a" "19c0ddcad9182900bebceb7e58994f2996451a1986e48ce11ccffd368ae5b4d8", kill_on_drop: false }`
[INFO] [stderr]    Compiling fnv v1.0.7
[INFO] [stderr]    Compiling ident_case v1.0.1
[INFO] [stderr]    Compiling strsim v0.11.1
[INFO] [stderr]    Compiling rust_decimal v1.36.0
[INFO] [stderr]    Compiling crc32fast v1.4.2
[INFO] [stderr]    Compiling num-traits v0.2.19
[INFO] [stderr]    Compiling miniz_oxide v0.8.0
[INFO] [stderr]    Compiling integer-encoding v4.0.2
[INFO] [stderr]    Compiling serde_serializer_quick_unsupported v0.1.2
[INFO] [stderr]    Compiling serde-transcode v1.1.1
[INFO] [stderr]    Compiling thiserror-impl v1.0.66
[INFO] [stderr]    Compiling zerocopy v0.7.35
[INFO] [stderr]    Compiling darling_core v0.20.10
[INFO] [stderr]    Compiling flate2 v1.0.34
[INFO] [stderr]    Compiling ppv-lite86 v0.2.20
[INFO] [stderr]    Compiling thiserror v1.0.66
[INFO] [stderr]    Compiling rand_chacha v0.3.1
[INFO] [stderr]    Compiling rand v0.8.5
[INFO] [stderr]    Compiling darling_macro v0.20.10
[INFO] [stderr]    Compiling serde_avro_fast v2.0.0
[INFO] [stderr]    Compiling darling v0.20.10
[INFO] [stderr]    Compiling serde_avro_derive_macros v0.3.1
[INFO] [stderr]    Compiling serde_avro_derive v0.3.1 (/opt/rustwide/workdir)
[INFO] [stderr]     Finished `dev` profile [unoptimized + debuginfo] target(s) in 3.80s
[INFO] running `Command { std: "docker" "inspect" "19c0ddcad9182900bebceb7e58994f2996451a1986e48ce11ccffd368ae5b4d8", kill_on_drop: false }`
[INFO] running `Command { std: "docker" "rm" "-f" "19c0ddcad9182900bebceb7e58994f2996451a1986e48ce11ccffd368ae5b4d8", kill_on_drop: false }`
[INFO] [stdout] 19c0ddcad9182900bebceb7e58994f2996451a1986e48ce11ccffd368ae5b4d8
[INFO] running `Command { std: "docker" "create" "-v" "/var/lib/crater-agent-workspace/builds/worker-3-tc2/target:/opt/rustwide/target:rw,Z" "-v" "/var/lib/crater-agent-workspace/builds/worker-3-tc2/source:/opt/rustwide/workdir:ro,Z" "-v" "/var/lib/crater-agent-workspace/cargo-home:/opt/rustwide/cargo-home:ro,Z" "-v" "/var/lib/crater-agent-workspace/rustup-home:/opt/rustwide/rustup-home:ro,Z" "-e" "SOURCE_DIR=/opt/rustwide/workdir" "-e" "CARGO_TARGET_DIR=/opt/rustwide/target" "-e" "CARGO_INCREMENTAL=0" "-e" "RUST_BACKTRACE=full" "-e" "RUSTFLAGS=--cap-lints=forbid -Zrandomize-layout" "-e" "RUSTDOCFLAGS=--cap-lints=forbid" "-e" "CARGO_HOME=/opt/rustwide/cargo-home" "-e" "RUSTUP_HOME=/opt/rustwide/rustup-home" "-w" "/opt/rustwide/workdir" "-m" "1610612736" "--user" "0:0" "--network" "none" "ghcr.io/rust-lang/crates-build-env/linux@sha256:4a844ea9eb2546a2d2c7022eacef16ef2e8229c7fbb2c7d4d55a9ceca922f72d" "/opt/rustwide/cargo-home/bin/cargo" "+nightly-2024-10-28" "test" "--frozen" "--no-run" "--message-format=json", kill_on_drop: false }`
[INFO] [stdout] 986a5abbe5c46d248024e3458a66b42f3191d09c0cedd06d9fdbd0be31120ee1
[INFO] running `Command { std: "docker" "start" "-a" "986a5abbe5c46d248024e3458a66b42f3191d09c0cedd06d9fdbd0be31120ee1", kill_on_drop: false }`
[INFO] [stderr]    Compiling yansi v1.0.1
[INFO] [stderr]    Compiling diff v0.1.13
[INFO] [stderr]    Compiling pretty_assertions v1.4.1
[INFO] [stderr]    Compiling serde_avro_derive v0.3.1 (/opt/rustwide/workdir)
[INFO] [stdout] warning: missing documentation for the crate
[INFO] [stdout]   --> tests/direct_lookup_newtype.rs:1:1
[INFO] [stdout]    |
[INFO] [stdout] 1  | / #![allow(unused)]
[INFO] [stdout] 2  | |
[INFO] [stdout] 3  | | use serde_avro_derive::BuildSchema;
[INFO] [stdout] ...  |
[INFO] [stdout] 19 | |     assert_eq!(Foo::schema().unwrap().json(), "{\"type\":\"record\",\"name\":\"direct_lookup_newtype.Foo\",\"fields\":[{\"name\":\"a\",\"...
[INFO] [stdout] 20 | | }
[INFO] [stdout]    | |_^
[INFO] [stdout]    |
[INFO] [stdout]    = note: requested on the command line with `-W missing-docs`
[INFO] [stdout] 
[INFO] [stdout] 
[INFO] [stdout] error[E0433]: failed to resolve: could not find `Serialize` in `serde`
[INFO] [stdout]    --> tests/derive_schema.rs:460:31
[INFO] [stdout]     |
[INFO] [stdout] 460 |     #[derive(BuildSchema, serde::Serialize, serde::Deserialize)]
[INFO] [stdout]     |                                  ^^^^^^^^^ could not find `Serialize` in `serde`
[INFO] [stdout]     |
[INFO] [stdout] note: found an item that was configured out
[INFO] [stdout]    --> /opt/rustwide/cargo-home/registry/src/index.crates.io-6f17d22bba15001f/serde-1.0.214/src/lib.rs:343:37
[INFO] [stdout]     |
[INFO] [stdout] 343 | pub use serde_derive::{Deserialize, Serialize};
[INFO] [stdout]     |                                     ^^^^^^^^^
[INFO] [stdout] note: the item is gated behind the `serde_derive` feature
[INFO] [stdout]    --> /opt/rustwide/cargo-home/registry/src/index.crates.io-6f17d22bba15001f/serde-1.0.214/src/lib.rs:341:7
[INFO] [stdout]     |
[INFO] [stdout] 341 | #[cfg(feature = "serde_derive")]
[INFO] [stdout]     |       ^^^^^^^^^^^^^^^^^^^^^^^^
[INFO] [stdout] 
[INFO] [stdout] 
[INFO] [stdout] error[E0433]: failed to resolve: could not find `Deserialize` in `serde`
[INFO] [stdout]    --> tests/derive_schema.rs:460:49
[INFO] [stdout]     |
[INFO] [stdout] 460 |     #[derive(BuildSchema, serde::Serialize, serde::Deserialize)]
[INFO] [stdout]     |                                                    ^^^^^^^^^^^ could not find `Deserialize` in `serde`
[INFO] [stdout]     |
[INFO] [stdout] note: found an item that was configured out
[INFO] [stdout]    --> /opt/rustwide/cargo-home/registry/src/index.crates.io-6f17d22bba15001f/serde-1.0.214/src/lib.rs:343:24
[INFO] [stdout]     |
[INFO] [stdout] 343 | pub use serde_derive::{Deserialize, Serialize};
[INFO] [stdout]     |                        ^^^^^^^^^^^
[INFO] [stdout] note: the item is gated behind the `serde_derive` feature
[INFO] [stdout]    --> /opt/rustwide/cargo-home/registry/src/index.crates.io-6f17d22bba15001f/serde-1.0.214/src/lib.rs:341:7
[INFO] [stdout]     |
[INFO] [stdout] 341 | #[cfg(feature = "serde_derive")]
[INFO] [stdout]     |       ^^^^^^^^^^^^^^^^^^^^^^^^
[INFO] [stdout] 
[INFO] [stdout] 
[INFO] [stdout] error[E0277]: the trait bound `Test: Serialize` is not satisfied
[INFO] [stdout]    --> tests/derive_schema.rs:494:4
[INFO] [stdout]     |
[INFO] [stdout] 493 |         &serde_avro_fast::to_datum_vec(
[INFO] [stdout]     |          ----------------------------- required by a bound introduced by this call
[INFO] [stdout] 494 |             &x,
[INFO] [stdout]     |             ^^ the trait `Serialize` is not implemented for `Test`
[INFO] [stdout]     |
[INFO] [stdout]     = note: for local types consider adding `#[derive(serde::Serialize)]` to your `Test` type
[INFO] [stdout]     = note: for types from other crates check whether the crate offers a `serde` feature flag
[INFO] [stdout]     = help: the following other types implement trait `Serialize`:
[INFO] [stdout]               &'a T
[INFO] [stdout]               &'a mut T
[INFO] [stdout]               ()
[INFO] [stdout]               (T,)
[INFO] [stdout]               (T0, T1)
[INFO] [stdout]               (T0, T1, T2)
[INFO] [stdout]               (T0, T1, T2, T3)
[INFO] [stdout]               (T0, T1, T2, T3, T4)
[INFO] [stdout]             and 134 others
[INFO] [stdout] note: required by a bound in `to_datum_vec`
[INFO] [stdout]    --> /opt/rustwide/cargo-home/registry/src/index.crates.io-6f17d22bba15001f/serde_avro_fast-2.0.0/src/lib.rs:222:5
[INFO] [stdout]     |
[INFO] [stdout] 217 | pub fn to_datum_vec<T>(
[INFO] [stdout]     |        ------------ required by a bound in this function
[INFO] [stdout] ...
[INFO] [stdout] 222 |     T: serde::Serialize + ?Sized,
[INFO] [stdout]     |        ^^^^^^^^^^^^^^^^ required by this bound in `to_datum_vec`
[INFO] [stdout] 
[INFO] [stdout] 
[INFO] [stdout] error[E0277]: the trait bound `Test: Deserialize<'_>` is not satisfied
[INFO] [stdout]    --> tests/derive_schema.rs:492:16
[INFO] [stdout]     |
[INFO] [stdout] 492 |       let _: Test = serde_avro_fast::from_datum_slice(
[INFO] [stdout]     |  ___________________^
[INFO] [stdout] 493 | |         &serde_avro_fast::to_datum_vec(
[INFO] [stdout] 494 | |             &x,
[INFO] [stdout] 495 | |             &mut serde_avro_fast::ser::SerializerConfig::new(schema),
[INFO] [stdout] ...   |
[INFO] [stdout] 498 | |         schema,
[INFO] [stdout] 499 | |     )
[INFO] [stdout]     | |_____^ the trait `Deserialize<'_>` is not implemented for `Test`
[INFO] [stdout]     |
[INFO] [stdout]     = note: for local types consider adding `#[derive(serde::Deserialize)]` to your `Test` type
[INFO] [stdout]     = note: for types from other crates check whether the crate offers a `serde` feature flag
[INFO] [stdout]     = help: the following other types implement trait `Deserialize<'de>`:
[INFO] [stdout]               &'a Path
[INFO] [stdout]               &'a [u8]
[INFO] [stdout]               &'a str
[INFO] [stdout]               ()
[INFO] [stdout]               (T,)
[INFO] [stdout]               (T0, T1)
[INFO] [stdout]               (T0, T1, T2)
[INFO] [stdout]               (T0, T1, T2, T3)
[INFO] [stdout]             and 143 others
[INFO] [stdout] note: required by a bound in `from_datum_slice`
[INFO] [stdout]    --> /opt/rustwide/cargo-home/registry/src/index.crates.io-6f17d22bba15001f/serde_avro_fast-2.0.0/src/lib.rs:154:5
[INFO] [stdout]     |
[INFO] [stdout] 152 | pub fn from_datum_slice<'a, T>(slice: &'a [u8], schema: &Schema) -> Result<T, de::DeError>
[INFO] [stdout]     |        ---------------- required by a bound in this function
[INFO] [stdout] 153 | where
[INFO] [stdout] 154 |     T: serde::Deserialize<'a>,
[INFO] [stdout]     |        ^^^^^^^^^^^^^^^^^^^^^^ required by this bound in `from_datum_slice`
[INFO] [stdout] 
[INFO] [stdout] 
[INFO] [stdout] Some errors have detailed explanations: E0277, E0433.
[INFO] [stdout] 
[INFO] [stdout] For more information about an error, try `rustc --explain E0277`.
[INFO] [stdout] 
[INFO] [stderr] error: could not compile `serde_avro_derive` (test "derive_schema") due to 4 previous errors
[INFO] [stderr] warning: build failed, waiting for other jobs to finish...
[INFO] running `Command { std: "docker" "inspect" "986a5abbe5c46d248024e3458a66b42f3191d09c0cedd06d9fdbd0be31120ee1", kill_on_drop: false }`
[INFO] running `Command { std: "docker" "rm" "-f" "986a5abbe5c46d248024e3458a66b42f3191d09c0cedd06d9fdbd0be31120ee1", kill_on_drop: false }`
[INFO] [stdout] 986a5abbe5c46d248024e3458a66b42f3191d09c0cedd06d9fdbd0be31120ee1
