[INFO] fetching crate serde-xml-rust 0.6.0...
[INFO] testing serde-xml-rust-0.6.0 against nightly-2024-10-28+rustflags=-Zrandomize-layout for randomize-layout
[INFO] extracting crate serde-xml-rust 0.6.0 into /workspace/builds/worker-4-tc2/source
[INFO] validating manifest of crates.io crate serde-xml-rust 0.6.0 on toolchain nightly-2024-10-28
[INFO] running `Command { std: CARGO_HOME="/workspace/cargo-home" RUSTUP_HOME="/workspace/rustup-home" "/workspace/cargo-home/bin/cargo" "+nightly-2024-10-28" "metadata" "--manifest-path" "Cargo.toml" "--no-deps", kill_on_drop: false }`
[INFO] started tweaking crates.io crate serde-xml-rust 0.6.0
[INFO] finished tweaking crates.io crate serde-xml-rust 0.6.0
[INFO] tweaked toml for crates.io crate serde-xml-rust 0.6.0 written to /workspace/builds/worker-4-tc2/source/Cargo.toml
[INFO] running `Command { std: CARGO_HOME="/workspace/cargo-home" RUSTUP_HOME="/workspace/rustup-home" "/workspace/cargo-home/bin/cargo" "+nightly-2024-10-28" "generate-lockfile" "--manifest-path" "Cargo.toml", kill_on_drop: false }`
[INFO] [stderr]     Updating crates.io index
[INFO] [stderr]      Locking 61 packages to latest compatible versions
[INFO] [stderr]       Adding rstest v0.12.0 (available: v0.23.0)
[INFO] [stderr]       Adding simple_logger v2.3.0 (available: v5.0.0)
[INFO] running `Command { std: CARGO_HOME="/workspace/cargo-home" RUSTUP_HOME="/workspace/rustup-home" "/workspace/cargo-home/bin/cargo" "+nightly-2024-10-28" "fetch" "--manifest-path" "Cargo.toml", kill_on_drop: false }`
[INFO] running `Command { std: "docker" "create" "-v" "/var/lib/crater-agent-workspace/builds/worker-4-tc2/target:/opt/rustwide/target:rw,Z" "-v" "/var/lib/crater-agent-workspace/builds/worker-4-tc2/source:/opt/rustwide/workdir:ro,Z" "-v" "/var/lib/crater-agent-workspace/cargo-home:/opt/rustwide/cargo-home:ro,Z" "-v" "/var/lib/crater-agent-workspace/rustup-home:/opt/rustwide/rustup-home:ro,Z" "-e" "SOURCE_DIR=/opt/rustwide/workdir" "-e" "CARGO_TARGET_DIR=/opt/rustwide/target" "-e" "CARGO_HOME=/opt/rustwide/cargo-home" "-e" "RUSTUP_HOME=/opt/rustwide/rustup-home" "-w" "/opt/rustwide/workdir" "-m" "1610612736" "--user" "0:0" "--network" "none" "ghcr.io/rust-lang/crates-build-env/linux@sha256:4a844ea9eb2546a2d2c7022eacef16ef2e8229c7fbb2c7d4d55a9ceca922f72d" "/opt/rustwide/cargo-home/bin/cargo" "+nightly-2024-10-28" "metadata" "--no-deps" "--format-version=1", kill_on_drop: false }`
[INFO] [stdout] 6a9236cd2fe7c34d5f95d84b96371f14318b0b420c7f2ee233fdc032bcb79d09
[INFO] running `Command { std: "docker" "start" "-a" "6a9236cd2fe7c34d5f95d84b96371f14318b0b420c7f2ee233fdc032bcb79d09", kill_on_drop: false }`
[INFO] running `Command { std: "docker" "inspect" "6a9236cd2fe7c34d5f95d84b96371f14318b0b420c7f2ee233fdc032bcb79d09", kill_on_drop: false }`
[INFO] running `Command { std: "docker" "rm" "-f" "6a9236cd2fe7c34d5f95d84b96371f14318b0b420c7f2ee233fdc032bcb79d09", kill_on_drop: false }`
[INFO] [stdout] 6a9236cd2fe7c34d5f95d84b96371f14318b0b420c7f2ee233fdc032bcb79d09
[INFO] running `Command { std: "docker" "create" "-v" "/var/lib/crater-agent-workspace/builds/worker-4-tc2/target:/opt/rustwide/target:rw,Z" "-v" "/var/lib/crater-agent-workspace/builds/worker-4-tc2/source:/opt/rustwide/workdir:ro,Z" "-v" "/var/lib/crater-agent-workspace/cargo-home:/opt/rustwide/cargo-home:ro,Z" "-v" "/var/lib/crater-agent-workspace/rustup-home:/opt/rustwide/rustup-home:ro,Z" "-e" "SOURCE_DIR=/opt/rustwide/workdir" "-e" "CARGO_TARGET_DIR=/opt/rustwide/target" "-e" "CARGO_INCREMENTAL=0" "-e" "RUST_BACKTRACE=full" "-e" "RUSTFLAGS=--cap-lints=forbid -Zrandomize-layout" "-e" "RUSTDOCFLAGS=--cap-lints=forbid" "-e" "CARGO_HOME=/opt/rustwide/cargo-home" "-e" "RUSTUP_HOME=/opt/rustwide/rustup-home" "-w" "/opt/rustwide/workdir" "-m" "1610612736" "--user" "0:0" "--network" "none" "ghcr.io/rust-lang/crates-build-env/linux@sha256:4a844ea9eb2546a2d2c7022eacef16ef2e8229c7fbb2c7d4d55a9ceca922f72d" "/opt/rustwide/cargo-home/bin/cargo" "+nightly-2024-10-28" "build" "--frozen" "--message-format=json", kill_on_drop: false }`
[INFO] [stdout] da1d3f694412722445dbdea63a609f3e4b09560048ef627d2ff192f12272b272
[INFO] running `Command { std: "docker" "start" "-a" "da1d3f694412722445dbdea63a609f3e4b09560048ef627d2ff192f12272b272", kill_on_drop: false }`
[INFO] [stderr]    Compiling thiserror v1.0.66
[INFO] [stderr]    Compiling log v0.4.22
[INFO] [stderr]    Compiling xml-rs v0.8.22
[INFO] [stderr]    Compiling syn v2.0.86
[INFO] [stderr]    Compiling serde_derive v1.0.214
[INFO] [stderr]    Compiling thiserror-impl v1.0.66
[INFO] [stderr]    Compiling serde v1.0.214
[INFO] [stderr]    Compiling serde-xml-rust v0.6.0 (/opt/rustwide/workdir)
[INFO] [stderr]     Finished `dev` profile [unoptimized + debuginfo] target(s) in 5.96s
[INFO] running `Command { std: "docker" "inspect" "da1d3f694412722445dbdea63a609f3e4b09560048ef627d2ff192f12272b272", kill_on_drop: false }`
[INFO] running `Command { std: "docker" "rm" "-f" "da1d3f694412722445dbdea63a609f3e4b09560048ef627d2ff192f12272b272", kill_on_drop: false }`
[INFO] [stdout] da1d3f694412722445dbdea63a609f3e4b09560048ef627d2ff192f12272b272
[INFO] running `Command { std: "docker" "create" "-v" "/var/lib/crater-agent-workspace/builds/worker-4-tc2/target:/opt/rustwide/target:rw,Z" "-v" "/var/lib/crater-agent-workspace/builds/worker-4-tc2/source:/opt/rustwide/workdir:ro,Z" "-v" "/var/lib/crater-agent-workspace/cargo-home:/opt/rustwide/cargo-home:ro,Z" "-v" "/var/lib/crater-agent-workspace/rustup-home:/opt/rustwide/rustup-home:ro,Z" "-e" "SOURCE_DIR=/opt/rustwide/workdir" "-e" "CARGO_TARGET_DIR=/opt/rustwide/target" "-e" "CARGO_INCREMENTAL=0" "-e" "RUST_BACKTRACE=full" "-e" "RUSTFLAGS=--cap-lints=forbid -Zrandomize-layout" "-e" "RUSTDOCFLAGS=--cap-lints=forbid" "-e" "CARGO_HOME=/opt/rustwide/cargo-home" "-e" "RUSTUP_HOME=/opt/rustwide/rustup-home" "-w" "/opt/rustwide/workdir" "-m" "1610612736" "--user" "0:0" "--network" "none" "ghcr.io/rust-lang/crates-build-env/linux@sha256:4a844ea9eb2546a2d2c7022eacef16ef2e8229c7fbb2c7d4d55a9ceca922f72d" "/opt/rustwide/cargo-home/bin/cargo" "+nightly-2024-10-28" "test" "--frozen" "--no-run" "--message-format=json", kill_on_drop: false }`
[INFO] [stdout] d6ca7801fdce3db2a04988019cbc4c9920aee9285fef28933392d8cf2627c8a6
[INFO] running `Command { std: "docker" "start" "-a" "d6ca7801fdce3db2a04988019cbc4c9920aee9285fef28933392d8cf2627c8a6", kill_on_drop: false }`
[INFO] [stderr]    Compiling gimli v0.31.1
[INFO] [stderr]    Compiling adler2 v2.0.0
[INFO] [stderr]    Compiling memchr v2.7.4
[INFO] [stderr]    Compiling rustc-demangle v0.1.24
[INFO] [stderr]    Compiling syn v1.0.109
[INFO] [stderr]    Compiling time-core v0.1.2
[INFO] [stderr]    Compiling powerfmt v0.2.0
[INFO] [stderr]    Compiling num-conv v0.1.0
[INFO] [stderr]    Compiling num_threads v0.1.7
[INFO] [stderr]    Compiling lazy_static v1.5.0
[INFO] [stderr]    Compiling rustc_version v0.4.1
[INFO] [stderr]    Compiling colored v2.1.0
[INFO] [stderr]    Compiling miniz_oxide v0.8.0
[INFO] [stderr]    Compiling deranged v0.3.11
[INFO] [stderr]    Compiling time-macros v0.2.18
[INFO] [stderr]    Compiling rstest v0.12.0
[INFO] [stderr]    Compiling object v0.36.5
[INFO] [stderr]    Compiling time v0.3.36
[INFO] [stderr]    Compiling simple_logger v2.3.0
[INFO] [stderr]    Compiling addr2line v0.24.2
[INFO] [stderr]    Compiling backtrace v0.3.74
[INFO] [stderr]    Compiling failure v0.1.8
[INFO] [stderr]    Compiling which v2.0.1
[INFO] [stderr]    Compiling docmatic v0.1.2
[INFO] [stderr]    Compiling serde-xml-rust v0.6.0 (/opt/rustwide/workdir)
[INFO] [stdout] error[E0432]: unresolved import `serde_xml_rs`
[INFO] [stdout]  --> tests/failures.rs:7:5
[INFO] [stdout]   |
[INFO] [stdout] 7 | use serde_xml_rs::from_str;
[INFO] [stdout]   |     ^^^^^^^^^^^^ use of undeclared crate or module `serde_xml_rs`
[INFO] [stdout]   |
[INFO] [stdout] help: there is a crate or module with a similar name
[INFO] [stdout]   |
[INFO] [stdout] 7 | use serde_xml_rust::from_str;
[INFO] [stdout]   |     ~~~~~~~~~~~~~~
[INFO] [stdout] 
[INFO] [stdout] 
[INFO] [stdout] error[E0432]: unresolved import `serde_xml_rs`
[INFO] [stdout]  --> tests/round_trip.rs:2:20
[INFO] [stdout]   |
[INFO] [stdout] 2 | use serde_xml_rs::{self, from_str, to_string, EventReader, ParserConfig};
[INFO] [stdout]   |                    ^^^^ no external crate `serde_xml_rs`
[INFO] [stdout] 
[INFO] [stdout] 
[INFO] [stdout] error[E0432]: unresolved import `serde_xml_rs`
[INFO] [stdout]  --> tests/test.rs:5:5
[INFO] [stdout]   |
[INFO] [stdout] 5 | use serde_xml_rs::{from_str, Deserializer};
[INFO] [stdout]   |     ^^^^^^^^^^^^ use of undeclared crate or module `serde_xml_rs`
[INFO] [stdout]   |
[INFO] [stdout] help: there is a crate or module with a similar name
[INFO] [stdout]   |
[INFO] [stdout] 5 | use serde_xml_rust::{from_str, Deserializer};
[INFO] [stdout]   |     ~~~~~~~~~~~~~~
[INFO] [stdout] 
[INFO] [stdout] 
[INFO] [stdout] For more information about this error, try `rustc --explain E0432`.
[INFO] [stdout] 
[INFO] [stdout] error[E0432]: unresolved import `serde_xml_rs`
[INFO] [stdout]  --> tests/migrated.rs:5:5
[INFO] [stdout]   |
[INFO] [stdout] 5 | use serde_xml_rs::{from_str, Error};
[INFO] [stdout]   |     ^^^^^^^^^^^^ use of undeclared crate or module `serde_xml_rs`
[INFO] [stdout]   |
[INFO] [stdout] help: there is a crate or module with a similar name
[INFO] [stdout]   |
[INFO] [stdout] 5 | use serde_xml_rust::{from_str, Error};
[INFO] [stdout]   |     ~~~~~~~~~~~~~~
[INFO] [stdout] 
[INFO] [stdout] 
[INFO] [stderr] error: could not compile `serde-xml-rust` (test "failures") due to 1 previous error
[INFO] [stderr] warning: build failed, waiting for other jobs to finish...
[INFO] [stdout] For more information about this error, try `rustc --explain E0432`.
[INFO] [stdout] 
[INFO] [stderr] error: could not compile `serde-xml-rust` (test "round_trip") due to 1 previous error
[INFO] [stdout] error[E0432]: unresolved import `serde_xml_rs`
[INFO] [stdout]   --> tests/datatypes.rs:13:9
[INFO] [stdout]    |
[INFO] [stdout] 13 |     use serde_xml_rs::from_str;
[INFO] [stdout]    |         ^^^^^^^^^^^^ use of undeclared crate or module `serde_xml_rs`
[INFO] [stdout]    |
[INFO] [stdout] help: there is a crate or module with a similar name
[INFO] [stdout]    |
[INFO] [stdout] 13 |     use serde_xml_rust::from_str;
[INFO] [stdout]    |         ~~~~~~~~~~~~~~
[INFO] [stdout] 
[INFO] [stdout] 
[INFO] [stdout] error[E0432]: unresolved import `serde_xml_rs`
[INFO] [stdout]   --> tests/datatypes.rs:85:9
[INFO] [stdout]    |
[INFO] [stdout] 85 |     use serde_xml_rs::to_string;
[INFO] [stdout]    |         ^^^^^^^^^^^^ use of undeclared crate or module `serde_xml_rs`
[INFO] [stdout]    |
[INFO] [stdout] help: there is a crate or module with a similar name
[INFO] [stdout]    |
[INFO] [stdout] 85 |     use serde_xml_rust::to_string;
[INFO] [stdout]    |         ~~~~~~~~~~~~~~
[INFO] [stdout] 
[INFO] [stdout] 
[INFO] [stdout] For more information about this error, try `rustc --explain E0432`.
[INFO] [stdout] 
[INFO] [stderr] error: could not compile `serde-xml-rust` (test "test") due to 1 previous error
[INFO] [stdout] For more information about this error, try `rustc --explain E0432`.
[INFO] [stdout] 
[INFO] [stderr] error: could not compile `serde-xml-rust` (test "datatypes") due to 2 previous errors
[INFO] [stdout] For more information about this error, try `rustc --explain E0432`.
[INFO] [stdout] 
[INFO] [stderr] error: could not compile `serde-xml-rust` (test "migrated") due to 1 previous error
[INFO] running `Command { std: "docker" "inspect" "d6ca7801fdce3db2a04988019cbc4c9920aee9285fef28933392d8cf2627c8a6", kill_on_drop: false }`
[INFO] running `Command { std: "docker" "rm" "-f" "d6ca7801fdce3db2a04988019cbc4c9920aee9285fef28933392d8cf2627c8a6", kill_on_drop: false }`
[INFO] [stdout] d6ca7801fdce3db2a04988019cbc4c9920aee9285fef28933392d8cf2627c8a6
