[INFO] fetching crate serde-double-tag 0.0.4...
[INFO] testing serde-double-tag-0.0.4 against nightly-2024-10-28 for randomize-layout
[INFO] extracting crate serde-double-tag 0.0.4 into /workspace/builds/worker-3-tc1/source
[INFO] validating manifest of crates.io crate serde-double-tag 0.0.4 on toolchain nightly-2024-10-28
[INFO] running `Command { std: CARGO_HOME="/workspace/cargo-home" RUSTUP_HOME="/workspace/rustup-home" "/workspace/cargo-home/bin/cargo" "+nightly-2024-10-28" "metadata" "--manifest-path" "Cargo.toml" "--no-deps", kill_on_drop: false }`
[INFO] started tweaking crates.io crate serde-double-tag 0.0.4
[INFO] finished tweaking crates.io crate serde-double-tag 0.0.4
[INFO] tweaked toml for crates.io crate serde-double-tag 0.0.4 written to /workspace/builds/worker-3-tc1/source/Cargo.toml
[INFO] running `Command { std: CARGO_HOME="/workspace/cargo-home" RUSTUP_HOME="/workspace/rustup-home" "/workspace/cargo-home/bin/cargo" "+nightly-2024-10-28" "generate-lockfile" "--manifest-path" "Cargo.toml", kill_on_drop: false }`
[INFO] [stderr]     Updating crates.io index
[INFO] [stderr]      Locking 40 packages to latest compatible versions
[INFO] running `Command { std: CARGO_HOME="/workspace/cargo-home" RUSTUP_HOME="/workspace/rustup-home" "/workspace/cargo-home/bin/cargo" "+nightly-2024-10-28" "fetch" "--manifest-path" "Cargo.toml", kill_on_drop: false }`
[INFO] [stderr]  Downloading crates ...
[INFO] [stderr]   Downloaded serde-double-tag-derive v0.0.4
[INFO] [stderr]   Downloaded assert2 v0.3.15
[INFO] [stderr]   Downloaded assert2-macros v0.3.15
[INFO] running `Command { std: "docker" "create" "-v" "/var/lib/crater-agent-workspace/builds/worker-3-tc1/target:/opt/rustwide/target:rw,Z" "-v" "/var/lib/crater-agent-workspace/builds/worker-3-tc1/source:/opt/rustwide/workdir:ro,Z" "-v" "/var/lib/crater-agent-workspace/cargo-home:/opt/rustwide/cargo-home:ro,Z" "-v" "/var/lib/crater-agent-workspace/rustup-home:/opt/rustwide/rustup-home:ro,Z" "-e" "SOURCE_DIR=/opt/rustwide/workdir" "-e" "CARGO_TARGET_DIR=/opt/rustwide/target" "-e" "CARGO_HOME=/opt/rustwide/cargo-home" "-e" "RUSTUP_HOME=/opt/rustwide/rustup-home" "-w" "/opt/rustwide/workdir" "-m" "1610612736" "--user" "0:0" "--network" "none" "ghcr.io/rust-lang/crates-build-env/linux@sha256:4a844ea9eb2546a2d2c7022eacef16ef2e8229c7fbb2c7d4d55a9ceca922f72d" "/opt/rustwide/cargo-home/bin/cargo" "+nightly-2024-10-28" "metadata" "--no-deps" "--format-version=1", kill_on_drop: false }`
[INFO] [stdout] d83544f9f72981ded60e5975516cf2a4ac9b806c07e21f8757bac1d0d17f7082
[INFO] running `Command { std: "docker" "start" "-a" "d83544f9f72981ded60e5975516cf2a4ac9b806c07e21f8757bac1d0d17f7082", kill_on_drop: false }`
[INFO] running `Command { std: "docker" "inspect" "d83544f9f72981ded60e5975516cf2a4ac9b806c07e21f8757bac1d0d17f7082", kill_on_drop: false }`
[INFO] running `Command { std: "docker" "rm" "-f" "d83544f9f72981ded60e5975516cf2a4ac9b806c07e21f8757bac1d0d17f7082", kill_on_drop: false }`
[INFO] [stdout] d83544f9f72981ded60e5975516cf2a4ac9b806c07e21f8757bac1d0d17f7082
[INFO] running `Command { std: "docker" "create" "-v" "/var/lib/crater-agent-workspace/builds/worker-3-tc1/target:/opt/rustwide/target:rw,Z" "-v" "/var/lib/crater-agent-workspace/builds/worker-3-tc1/source:/opt/rustwide/workdir:ro,Z" "-v" "/var/lib/crater-agent-workspace/cargo-home:/opt/rustwide/cargo-home:ro,Z" "-v" "/var/lib/crater-agent-workspace/rustup-home:/opt/rustwide/rustup-home:ro,Z" "-e" "SOURCE_DIR=/opt/rustwide/workdir" "-e" "CARGO_TARGET_DIR=/opt/rustwide/target" "-e" "CARGO_INCREMENTAL=0" "-e" "RUST_BACKTRACE=full" "-e" "RUSTFLAGS=--cap-lints=forbid" "-e" "RUSTDOCFLAGS=--cap-lints=forbid" "-e" "CARGO_HOME=/opt/rustwide/cargo-home" "-e" "RUSTUP_HOME=/opt/rustwide/rustup-home" "-w" "/opt/rustwide/workdir" "-m" "1610612736" "--user" "0:0" "--network" "none" "ghcr.io/rust-lang/crates-build-env/linux@sha256:4a844ea9eb2546a2d2c7022eacef16ef2e8229c7fbb2c7d4d55a9ceca922f72d" "/opt/rustwide/cargo-home/bin/cargo" "+nightly-2024-10-28" "build" "--frozen" "--message-format=json", kill_on_drop: false }`
[INFO] [stdout] 7e241796f552707d4c6c71c1c9a087c789938ae40ae00aa68ada679cd9356eca
[INFO] running `Command { std: "docker" "start" "-a" "7e241796f552707d4c6c71c1c9a087c789938ae40ae00aa68ada679cd9356eca", kill_on_drop: false }`
[INFO] [stderr]    Compiling syn v2.0.86
[INFO] [stderr]    Compiling serde_derive v1.0.214
[INFO] [stderr]    Compiling serde-double-tag-derive v0.0.4
[INFO] [stderr]    Compiling serde v1.0.214
[INFO] [stderr]    Compiling serde-double-tag v0.0.4 (/opt/rustwide/workdir)
[INFO] [stderr]     Finished `dev` profile [unoptimized + debuginfo] target(s) in 14.03s
[INFO] running `Command { std: "docker" "inspect" "7e241796f552707d4c6c71c1c9a087c789938ae40ae00aa68ada679cd9356eca", kill_on_drop: false }`
[INFO] running `Command { std: "docker" "rm" "-f" "7e241796f552707d4c6c71c1c9a087c789938ae40ae00aa68ada679cd9356eca", kill_on_drop: false }`
[INFO] [stdout] 7e241796f552707d4c6c71c1c9a087c789938ae40ae00aa68ada679cd9356eca
[INFO] running `Command { std: "docker" "create" "-v" "/var/lib/crater-agent-workspace/builds/worker-3-tc1/target:/opt/rustwide/target:rw,Z" "-v" "/var/lib/crater-agent-workspace/builds/worker-3-tc1/source:/opt/rustwide/workdir:ro,Z" "-v" "/var/lib/crater-agent-workspace/cargo-home:/opt/rustwide/cargo-home:ro,Z" "-v" "/var/lib/crater-agent-workspace/rustup-home:/opt/rustwide/rustup-home:ro,Z" "-e" "SOURCE_DIR=/opt/rustwide/workdir" "-e" "CARGO_TARGET_DIR=/opt/rustwide/target" "-e" "CARGO_INCREMENTAL=0" "-e" "RUST_BACKTRACE=full" "-e" "RUSTFLAGS=--cap-lints=forbid" "-e" "RUSTDOCFLAGS=--cap-lints=forbid" "-e" "CARGO_HOME=/opt/rustwide/cargo-home" "-e" "RUSTUP_HOME=/opt/rustwide/rustup-home" "-w" "/opt/rustwide/workdir" "-m" "1610612736" "--user" "0:0" "--network" "none" "ghcr.io/rust-lang/crates-build-env/linux@sha256:4a844ea9eb2546a2d2c7022eacef16ef2e8229c7fbb2c7d4d55a9ceca922f72d" "/opt/rustwide/cargo-home/bin/cargo" "+nightly-2024-10-28" "test" "--frozen" "--no-run" "--message-format=json", kill_on_drop: false }`
[INFO] [stdout] 0f8312bf115d4edd8d9449b8c05de095a034cd0ecf0f395feff73d7d6cf3b6cf
[INFO] running `Command { std: "docker" "start" "-a" "0f8312bf115d4edd8d9449b8c05de095a034cd0ecf0f395feff73d7d6cf3b6cf", kill_on_drop: false }`
[INFO] [stderr]    Compiling syn v2.0.86
[INFO] [stderr]    Compiling serde_json v1.0.132
[INFO] [stderr]    Compiling diff v0.1.13
[INFO] [stderr]    Compiling yansi v1.0.1
[INFO] [stderr]    Compiling assert2-macros v0.3.15
[INFO] [stderr]    Compiling serde_derive v1.0.214
[INFO] [stderr]    Compiling serde-double-tag-derive v0.0.4
[INFO] [stderr]    Compiling assert2 v0.3.15
[INFO] [stderr]    Compiling serde v1.0.214
[INFO] [stderr]    Compiling serde-double-tag v0.0.4 (/opt/rustwide/workdir)
[INFO] [stdout] error[E0433]: failed to resolve: could not find `JsonSchema` in `serde_double_tag`
[INFO] [stdout]   --> tests/serialize.rs:11:89
[INFO] [stdout]    |
[INFO] [stdout] 11 |     #[derive(serde_double_tag::Serialize, serde_double_tag::Deserialize, serde_double_tag::JsonSchema)]
[INFO] [stdout]    |                                                                                            ^^^^^^^^^^ could not find `JsonSchema` in `serde_double_tag`
[INFO] [stdout]    |
[INFO] [stdout] note: found an item that was configured out
[INFO] [stdout]   --> /opt/rustwide/workdir/src/lib.rs:78:34
[INFO] [stdout]    |
[INFO] [stdout] 78 | pub use serde_double_tag_derive::JsonSchema;
[INFO] [stdout]    |                                  ^^^^^^^^^^
[INFO] [stdout] note: the item is gated behind the `schemars` feature
[INFO] [stdout]   --> /opt/rustwide/workdir/src/lib.rs:76:7
[INFO] [stdout]    |
[INFO] [stdout] 76 | #[cfg(feature = "schemars")]
[INFO] [stdout]    |       ^^^^^^^^^^^^^^^^^^^^
[INFO] [stdout] 
[INFO] [stdout] 
[INFO] [stdout] error[E0433]: failed to resolve: could not find `JsonSchema` in `serde_double_tag`
[INFO] [stdout]   --> tests/serialize.rs:38:89
[INFO] [stdout]    |
[INFO] [stdout] 38 |     #[derive(serde_double_tag::Serialize, serde_double_tag::Deserialize, serde_double_tag::JsonSchema)]
[INFO] [stdout]    |                                                                                            ^^^^^^^^^^ could not find `JsonSchema` in `serde_double_tag`
[INFO] [stdout]    |
[INFO] [stdout] note: found an item that was configured out
[INFO] [stdout]   --> /opt/rustwide/workdir/src/lib.rs:78:34
[INFO] [stdout]    |
[INFO] [stdout] 78 | pub use serde_double_tag_derive::JsonSchema;
[INFO] [stdout]    |                                  ^^^^^^^^^^
[INFO] [stdout] note: the item is gated behind the `schemars` feature
[INFO] [stdout]   --> /opt/rustwide/workdir/src/lib.rs:76:7
[INFO] [stdout]    |
[INFO] [stdout] 76 | #[cfg(feature = "schemars")]
[INFO] [stdout]    |       ^^^^^^^^^^^^^^^^^^^^
[INFO] [stdout] 
[INFO] [stdout] 
[INFO] [stdout] error[E0433]: failed to resolve: could not find `JsonSchema` in `serde_double_tag`
[INFO] [stdout]   --> tests/serialize.rs:64:58
[INFO] [stdout]    |
[INFO] [stdout] 64 |     #[derive(serde_double_tag::Serialize, serde_double_tag::JsonSchema)]
[INFO] [stdout]    |                                                             ^^^^^^^^^^ could not find `JsonSchema` in `serde_double_tag`
[INFO] [stdout]    |
[INFO] [stdout] note: found an item that was configured out
[INFO] [stdout]   --> /opt/rustwide/workdir/src/lib.rs:78:34
[INFO] [stdout]    |
[INFO] [stdout] 78 | pub use serde_double_tag_derive::JsonSchema;
[INFO] [stdout]    |                                  ^^^^^^^^^^
[INFO] [stdout] note: the item is gated behind the `schemars` feature
[INFO] [stdout]   --> /opt/rustwide/workdir/src/lib.rs:76:7
[INFO] [stdout]    |
[INFO] [stdout] 76 | #[cfg(feature = "schemars")]
[INFO] [stdout]    |       ^^^^^^^^^^^^^^^^^^^^
[INFO] [stdout] 
[INFO] [stdout] 
[INFO] [stdout] For more information about this error, try `rustc --explain E0433`.
[INFO] [stdout] 
[INFO] [stderr] error: could not compile `serde-double-tag` (test "serialize") due to 3 previous errors
[INFO] running `Command { std: "docker" "inspect" "0f8312bf115d4edd8d9449b8c05de095a034cd0ecf0f395feff73d7d6cf3b6cf", kill_on_drop: false }`
[INFO] running `Command { std: "docker" "rm" "-f" "0f8312bf115d4edd8d9449b8c05de095a034cd0ecf0f395feff73d7d6cf3b6cf", kill_on_drop: false }`
[INFO] [stdout] 0f8312bf115d4edd8d9449b8c05de095a034cd0ecf0f395feff73d7d6cf3b6cf
