[INFO] fetching crate serde-bindgen-core 0.1.9...
[INFO] testing serde-bindgen-core-0.1.9 against nightly-2024-10-28+rustflags=-Zrandomize-layout for randomize-layout
[INFO] extracting crate serde-bindgen-core 0.1.9 into /workspace/builds/worker-4-tc2/source
[INFO] validating manifest of crates.io crate serde-bindgen-core 0.1.9 on toolchain nightly-2024-10-28
[INFO] running `Command { std: CARGO_HOME="/workspace/cargo-home" RUSTUP_HOME="/workspace/rustup-home" "/workspace/cargo-home/bin/cargo" "+nightly-2024-10-28" "metadata" "--manifest-path" "Cargo.toml" "--no-deps", kill_on_drop: false }`
[INFO] started tweaking crates.io crate serde-bindgen-core 0.1.9
[INFO] finished tweaking crates.io crate serde-bindgen-core 0.1.9
[INFO] tweaked toml for crates.io crate serde-bindgen-core 0.1.9 written to /workspace/builds/worker-4-tc2/source/Cargo.toml
[INFO] running `Command { std: CARGO_HOME="/workspace/cargo-home" RUSTUP_HOME="/workspace/rustup-home" "/workspace/cargo-home/bin/cargo" "+nightly-2024-10-28" "generate-lockfile" "--manifest-path" "Cargo.toml", kill_on_drop: false }`
[INFO] [stderr]     Updating crates.io index
[INFO] [stderr]      Locking 50 packages to latest compatible versions
[INFO] [stderr]       Adding serde-json-core v0.4.0 (available: v0.6.0)
[INFO] running `Command { std: CARGO_HOME="/workspace/cargo-home" RUSTUP_HOME="/workspace/rustup-home" "/workspace/cargo-home/bin/cargo" "+nightly-2024-10-28" "fetch" "--manifest-path" "Cargo.toml", kill_on_drop: false }`
[INFO] running `Command { std: "docker" "create" "-v" "/var/lib/crater-agent-workspace/builds/worker-4-tc2/target:/opt/rustwide/target:rw,Z" "-v" "/var/lib/crater-agent-workspace/builds/worker-4-tc2/source:/opt/rustwide/workdir:ro,Z" "-v" "/var/lib/crater-agent-workspace/cargo-home:/opt/rustwide/cargo-home:ro,Z" "-v" "/var/lib/crater-agent-workspace/rustup-home:/opt/rustwide/rustup-home:ro,Z" "-e" "SOURCE_DIR=/opt/rustwide/workdir" "-e" "CARGO_TARGET_DIR=/opt/rustwide/target" "-e" "CARGO_HOME=/opt/rustwide/cargo-home" "-e" "RUSTUP_HOME=/opt/rustwide/rustup-home" "-w" "/opt/rustwide/workdir" "-m" "1610612736" "--user" "0:0" "--network" "none" "ghcr.io/rust-lang/crates-build-env/linux@sha256:4a844ea9eb2546a2d2c7022eacef16ef2e8229c7fbb2c7d4d55a9ceca922f72d" "/opt/rustwide/cargo-home/bin/cargo" "+nightly-2024-10-28" "metadata" "--no-deps" "--format-version=1", kill_on_drop: false }`
[INFO] [stdout] 96e793719206a67cccf8834a647944c3d9bc230b53e29b4a42bcf6f72674aec9
[INFO] running `Command { std: "docker" "start" "-a" "96e793719206a67cccf8834a647944c3d9bc230b53e29b4a42bcf6f72674aec9", kill_on_drop: false }`
[INFO] running `Command { std: "docker" "inspect" "96e793719206a67cccf8834a647944c3d9bc230b53e29b4a42bcf6f72674aec9", kill_on_drop: false }`
[INFO] running `Command { std: "docker" "rm" "-f" "96e793719206a67cccf8834a647944c3d9bc230b53e29b4a42bcf6f72674aec9", kill_on_drop: false }`
[INFO] [stdout] 96e793719206a67cccf8834a647944c3d9bc230b53e29b4a42bcf6f72674aec9
[INFO] running `Command { std: "docker" "create" "-v" "/var/lib/crater-agent-workspace/builds/worker-4-tc2/target:/opt/rustwide/target:rw,Z" "-v" "/var/lib/crater-agent-workspace/builds/worker-4-tc2/source:/opt/rustwide/workdir:ro,Z" "-v" "/var/lib/crater-agent-workspace/cargo-home:/opt/rustwide/cargo-home:ro,Z" "-v" "/var/lib/crater-agent-workspace/rustup-home:/opt/rustwide/rustup-home:ro,Z" "-e" "SOURCE_DIR=/opt/rustwide/workdir" "-e" "CARGO_TARGET_DIR=/opt/rustwide/target" "-e" "CARGO_INCREMENTAL=0" "-e" "RUST_BACKTRACE=full" "-e" "RUSTFLAGS=--cap-lints=forbid -Zrandomize-layout" "-e" "RUSTDOCFLAGS=--cap-lints=forbid" "-e" "CARGO_HOME=/opt/rustwide/cargo-home" "-e" "RUSTUP_HOME=/opt/rustwide/rustup-home" "-w" "/opt/rustwide/workdir" "-m" "1610612736" "--user" "0:0" "--network" "none" "ghcr.io/rust-lang/crates-build-env/linux@sha256:4a844ea9eb2546a2d2c7022eacef16ef2e8229c7fbb2c7d4d55a9ceca922f72d" "/opt/rustwide/cargo-home/bin/cargo" "+nightly-2024-10-28" "build" "--frozen" "--message-format=json", kill_on_drop: false }`
[INFO] [stdout] 2b4280ff6bc7249d8ac9e43fb39d488fa0411360963f90169a07817f801f488b
[INFO] running `Command { std: "docker" "start" "-a" "2b4280ff6bc7249d8ac9e43fb39d488fa0411360963f90169a07817f801f488b", kill_on_drop: false }`
[INFO] [stderr]    Compiling semver v1.0.23
[INFO] [stderr]    Compiling scopeguard v1.2.0
[INFO] [stderr]    Compiling byteorder v1.5.0
[INFO] [stderr]    Compiling syn v1.0.109
[INFO] [stderr]    Compiling serde v1.0.214
[INFO] [stderr]    Compiling stable_deref_trait v1.2.0
[INFO] [stderr]    Compiling lock_api v0.4.12
[INFO] [stderr]    Compiling syn v2.0.86
[INFO] [stderr]    Compiling hash32 v0.2.1
[INFO] [stderr]    Compiling spin v0.9.8
[INFO] [stderr]    Compiling rustc_version v0.4.1
[INFO] [stderr]    Compiling heapless v0.7.17
[INFO] [stderr]    Compiling serde_derive v1.0.214
[INFO] [stderr]    Compiling serde-bindgen-core-derive v0.1.12
[INFO] [stderr]    Compiling serde-json-core v0.4.0
[INFO] [stderr]    Compiling serde-bindgen-core v0.1.9 (/opt/rustwide/workdir)
[INFO] [stdout] warning: the feature `lang_items` is internal to the compiler or standard library
[INFO] [stdout]   --> src/lib.rs:21:12
[INFO] [stdout]    |
[INFO] [stdout] 21 | #![feature(lang_items)]
[INFO] [stdout]    |            ^^^^^^^^^^
[INFO] [stdout]    |
[INFO] [stdout]    = note: using it is strongly discouraged
[INFO] [stdout]    = note: `#[warn(internal_features)]` on by default
[INFO] [stdout] 
[INFO] [stdout] 
[INFO] [stderr]     Finished `dev` profile [unoptimized + debuginfo] target(s) in 4.20s
[INFO] running `Command { std: "docker" "inspect" "2b4280ff6bc7249d8ac9e43fb39d488fa0411360963f90169a07817f801f488b", kill_on_drop: false }`
[INFO] running `Command { std: "docker" "rm" "-f" "2b4280ff6bc7249d8ac9e43fb39d488fa0411360963f90169a07817f801f488b", kill_on_drop: false }`
[INFO] [stdout] 2b4280ff6bc7249d8ac9e43fb39d488fa0411360963f90169a07817f801f488b
[INFO] running `Command { std: "docker" "create" "-v" "/var/lib/crater-agent-workspace/builds/worker-4-tc2/target:/opt/rustwide/target:rw,Z" "-v" "/var/lib/crater-agent-workspace/builds/worker-4-tc2/source:/opt/rustwide/workdir:ro,Z" "-v" "/var/lib/crater-agent-workspace/cargo-home:/opt/rustwide/cargo-home:ro,Z" "-v" "/var/lib/crater-agent-workspace/rustup-home:/opt/rustwide/rustup-home:ro,Z" "-e" "SOURCE_DIR=/opt/rustwide/workdir" "-e" "CARGO_TARGET_DIR=/opt/rustwide/target" "-e" "CARGO_INCREMENTAL=0" "-e" "RUST_BACKTRACE=full" "-e" "RUSTFLAGS=--cap-lints=forbid -Zrandomize-layout" "-e" "RUSTDOCFLAGS=--cap-lints=forbid" "-e" "CARGO_HOME=/opt/rustwide/cargo-home" "-e" "RUSTUP_HOME=/opt/rustwide/rustup-home" "-w" "/opt/rustwide/workdir" "-m" "1610612736" "--user" "0:0" "--network" "none" "ghcr.io/rust-lang/crates-build-env/linux@sha256:4a844ea9eb2546a2d2c7022eacef16ef2e8229c7fbb2c7d4d55a9ceca922f72d" "/opt/rustwide/cargo-home/bin/cargo" "+nightly-2024-10-28" "test" "--frozen" "--no-run" "--message-format=json", kill_on_drop: false }`
[INFO] [stdout] 5d47fc999c2dfd838b32b43b8100e9e417f4541ebd61ba10b6633563070428d2
[INFO] running `Command { std: "docker" "start" "-a" "5d47fc999c2dfd838b32b43b8100e9e417f4541ebd61ba10b6633563070428d2", kill_on_drop: false }`
[INFO] [stderr]    Compiling equivalent v1.0.1
[INFO] [stderr]    Compiling hashbrown v0.15.0
[INFO] [stderr]    Compiling target-triple v0.1.3
[INFO] [stderr]    Compiling winnow v0.6.20
[INFO] [stderr]    Compiling serde v1.0.214
[INFO] [stderr]    Compiling termcolor v1.4.1
[INFO] [stderr]    Compiling glob v0.3.1
[INFO] [stderr]    Compiling dissimilar v1.0.9
[INFO] [stderr]    Compiling indexmap v2.6.0
[INFO] [stderr]    Compiling toml_datetime v0.6.8
[INFO] [stderr]    Compiling serde_spanned v0.6.8
[INFO] [stderr]    Compiling serde_json v1.0.132
[INFO] [stderr]    Compiling serde-json-core v0.4.0
[INFO] [stdout] error[E0277]: the trait bound `de::Error: StdError` is not satisfied
[INFO] [stdout]    --> /opt/rustwide/cargo-home/registry/src/index.crates.io-6f17d22bba15001f/serde-json-core-0.4.0/src/de/mod.rs:335:18
[INFO] [stdout]     |
[INFO] [stdout] 335 |     type Error = Error;
[INFO] [stdout]     |                  ^^^^^ the trait `StdError` is not implemented for `de::Error`, which is required by `<&'a mut de::Deserializer<'de> as serde::Deserializer<'de>>::Error: serde::de::Error`
[INFO] [stdout]     |
[INFO] [stdout]     = help: the following other types implement trait `serde::de::Error`:
[INFO] [stdout]               de::Error
[INFO] [stdout]               serde::de::value::Error
[INFO] [stdout]     = note: required for `<&'a mut de::Deserializer<'de> as serde::Deserializer<'de>>::Error` to implement `serde::de::Error`
[INFO] [stdout] note: required by a bound in `serde::Deserializer::Error`
[INFO] [stdout]    --> /opt/rustwide/cargo-home/registry/src/index.crates.io-6f17d22bba15001f/serde-1.0.214/src/de/mod.rs:917:17
[INFO] [stdout]     |
[INFO] [stdout] 917 |     type Error: Error;
[INFO] [stdout]     |                 ^^^^^ required by this bound in `Deserializer::Error`
[INFO] [stdout] 
[INFO] [stdout] 
[INFO] [stdout] error[E0277]: the trait bound `de::Error: StdError` is not satisfied
[INFO] [stdout]    --> /opt/rustwide/cargo-home/registry/src/index.crates.io-6f17d22bba15001f/serde-json-core-0.4.0/src/de/mod.rs:661:20
[INFO] [stdout]     |
[INFO] [stdout] 661 | impl de::Error for Error {
[INFO] [stdout]     |                    ^^^^^ the trait `StdError` is not implemented for `de::Error`
[INFO] [stdout]     |
[INFO] [stdout] note: required by a bound in `serde::de::Error`
[INFO] [stdout]    --> /opt/rustwide/cargo-home/registry/src/index.crates.io-6f17d22bba15001f/serde-1.0.214/src/de/mod.rs:300:1
[INFO] [stdout]     |
[INFO] [stdout] 300 | declare_error_trait!(Error: Sized + StdError);
[INFO] [stdout]     | ^^^^^^^^^^^^^^^^^^^^^^^^^^^^^^^^^^^^^^^^^^^^^ required by this bound in `Error`
[INFO] [stdout]     = note: this error originates in the macro `declare_error_trait` (in Nightly builds, run with -Z macro-backtrace for more info)
[INFO] [stdout] 
[INFO] [stdout] 
[INFO] [stdout] error[E0277]: the trait bound `de::Error: StdError` is not satisfied
[INFO] [stdout]     --> /opt/rustwide/cargo-home/registry/src/index.crates.io-6f17d22bba15001f/serde-json-core-0.4.0/src/de/enum_.rs:16:18
[INFO] [stdout]      |
[INFO] [stdout] 16   |     type Error = Error;
[INFO] [stdout]      |                  ^^^^^ the trait `StdError` is not implemented for `de::Error`, which is required by `<UnitVariantAccess<'a, 'de> as EnumAccess<'de>>::Error: serde::de::Error`
[INFO] [stdout]      |
[INFO] [stdout]      = help: the following other types implement trait `serde::de::Error`:
[INFO] [stdout]                de::Error
[INFO] [stdout]                serde::de::value::Error
[INFO] [stdout]      = note: required for `<UnitVariantAccess<'a, 'de> as EnumAccess<'de>>::Error` to implement `serde::de::Error`
[INFO] [stdout] note: required by a bound in `serde::de::EnumAccess::Error`
[INFO] [stdout]     --> /opt/rustwide/cargo-home/registry/src/index.crates.io-6f17d22bba15001f/serde-1.0.214/src/de/mod.rs:1987:17
[INFO] [stdout]      |
[INFO] [stdout] 1987 |     type Error: Error;
[INFO] [stdout]      |                 ^^^^^ required by this bound in `EnumAccess::Error`
[INFO] [stdout] 
[INFO] [stdout] 
[INFO] [stdout] error[E0277]: the trait bound `de::Error: StdError` is not satisfied
[INFO] [stdout]     --> /opt/rustwide/cargo-home/registry/src/index.crates.io-6f17d22bba15001f/serde-json-core-0.4.0/src/de/enum_.rs:29:18
[INFO] [stdout]      |
[INFO] [stdout] 29   |     type Error = Error;
[INFO] [stdout]      |                  ^^^^^ the trait `StdError` is not implemented for `de::Error`, which is required by `<UnitVariantAccess<'a, 'de> as serde::de::VariantAccess<'de>>::Error: serde::de::Error`
[INFO] [stdout]      |
[INFO] [stdout]      = help: the following other types implement trait `serde::de::Error`:
[INFO] [stdout]                de::Error
[INFO] [stdout]                serde::de::value::Error
[INFO] [stdout]      = note: required for `<UnitVariantAccess<'a, 'de> as serde::de::VariantAccess<'de>>::Error` to implement `serde::de::Error`
[INFO] [stdout] note: required by a bound in `serde::de::VariantAccess::Error`
[INFO] [stdout]     --> /opt/rustwide/cargo-home/registry/src/index.crates.io-6f17d22bba15001f/serde-1.0.214/src/de/mod.rs:2034:17
[INFO] [stdout]      |
[INFO] [stdout] 2034 |     type Error: Error;
[INFO] [stdout]      |                 ^^^^^ required by this bound in `VariantAccess::Error`
[INFO] [stdout] 
[INFO] [stdout] 
[INFO] [stdout] error[E0277]: the trait bound `de::Error: StdError` is not satisfied
[INFO] [stdout]     --> /opt/rustwide/cargo-home/registry/src/index.crates.io-6f17d22bba15001f/serde-json-core-0.4.0/src/de/enum_.rs:68:18
[INFO] [stdout]      |
[INFO] [stdout] 68   |     type Error = Error;
[INFO] [stdout]      |                  ^^^^^ the trait `StdError` is not implemented for `de::Error`, which is required by `<enum_::VariantAccess<'a, 'de> as EnumAccess<'de>>::Error: serde::de::Error`
[INFO] [stdout]      |
[INFO] [stdout]      = help: the following other types implement trait `serde::de::Error`:
[INFO] [stdout]                de::Error
[INFO] [stdout]                serde::de::value::Error
[INFO] [stdout]      = note: required for `<enum_::VariantAccess<'a, 'de> as EnumAccess<'de>>::Error` to implement `serde::de::Error`
[INFO] [stdout] note: required by a bound in `serde::de::EnumAccess::Error`
[INFO] [stdout]     --> /opt/rustwide/cargo-home/registry/src/index.crates.io-6f17d22bba15001f/serde-1.0.214/src/de/mod.rs:1987:17
[INFO] [stdout]      |
[INFO] [stdout] 1987 |     type Error: Error;
[INFO] [stdout]      |                 ^^^^^ required by this bound in `EnumAccess::Error`
[INFO] [stdout] 
[INFO] [stdout] 
[INFO] [stdout] error[E0277]: the trait bound `de::Error: StdError` is not satisfied
[INFO] [stdout]     --> /opt/rustwide/cargo-home/registry/src/index.crates.io-6f17d22bba15001f/serde-json-core-0.4.0/src/de/enum_.rs:82:18
[INFO] [stdout]      |
[INFO] [stdout] 82   |     type Error = Error;
[INFO] [stdout]      |                  ^^^^^ the trait `StdError` is not implemented for `de::Error`, which is required by `<enum_::VariantAccess<'a, 'de> as serde::de::VariantAccess<'de>>::Error: serde::de::Error`
[INFO] [stdout]      |
[INFO] [stdout]      = help: the following other types implement trait `serde::de::Error`:
[INFO] [stdout]                de::Error
[INFO] [stdout]                serde::de::value::Error
[INFO] [stdout]      = note: required for `<enum_::VariantAccess<'a, 'de> as serde::de::VariantAccess<'de>>::Error` to implement `serde::de::Error`
[INFO] [stdout] note: required by a bound in `serde::de::VariantAccess::Error`
[INFO] [stdout]     --> /opt/rustwide/cargo-home/registry/src/index.crates.io-6f17d22bba15001f/serde-1.0.214/src/de/mod.rs:2034:17
[INFO] [stdout]      |
[INFO] [stdout] 2034 |     type Error: Error;
[INFO] [stdout]      |                 ^^^^^ required by this bound in `VariantAccess::Error`
[INFO] [stdout] 
[INFO] [stdout] 
[INFO] [stdout] error[E0277]: the trait bound `de::Error: StdError` is not satisfied
[INFO] [stdout]     --> /opt/rustwide/cargo-home/registry/src/index.crates.io-6f17d22bba15001f/serde-json-core-0.4.0/src/de/map.rs:17:18
[INFO] [stdout]      |
[INFO] [stdout] 17   |     type Error = Error;
[INFO] [stdout]      |                  ^^^^^ the trait `StdError` is not implemented for `de::Error`, which is required by `<de::map::MapAccess<'a, 'de> as serde::de::MapAccess<'de>>::Error: serde::de::Error`
[INFO] [stdout]      |
[INFO] [stdout]      = help: the following other types implement trait `serde::de::Error`:
[INFO] [stdout]                de::Error
[INFO] [stdout]                serde::de::value::Error
[INFO] [stdout]      = note: required for `<de::map::MapAccess<'a, 'de> as serde::de::MapAccess<'de>>::Error` to implement `serde::de::Error`
[INFO] [stdout] note: required by a bound in `serde::de::MapAccess::Error`
[INFO] [stdout]     --> /opt/rustwide/cargo-home/registry/src/index.crates.io-6f17d22bba15001f/serde-1.0.214/src/de/mod.rs:1795:17
[INFO] [stdout]      |
[INFO] [stdout] 1795 |     type Error: Error;
[INFO] [stdout]      |                 ^^^^^ required by this bound in `MapAccess::Error`
[INFO] [stdout] 
[INFO] [stdout] 
[INFO] [stdout] error[E0277]: the trait bound `de::Error: StdError` is not satisfied
[INFO] [stdout]    --> /opt/rustwide/cargo-home/registry/src/index.crates.io-6f17d22bba15001f/serde-json-core-0.4.0/src/de/map.rs:65:18
[INFO] [stdout]     |
[INFO] [stdout] 65  |     type Error = Error;
[INFO] [stdout]     |                  ^^^^^ the trait `StdError` is not implemented for `de::Error`, which is required by `<MapKey<'a, 'de> as serde::Deserializer<'de>>::Error: serde::de::Error`
[INFO] [stdout]     |
[INFO] [stdout]     = help: the following other types implement trait `serde::de::Error`:
[INFO] [stdout]               de::Error
[INFO] [stdout]               serde::de::value::Error
[INFO] [stdout]     = note: required for `<MapKey<'a, 'de> as serde::Deserializer<'de>>::Error` to implement `serde::de::Error`
[INFO] [stdout] note: required by a bound in `serde::Deserializer::Error`
[INFO] [stdout]    --> /opt/rustwide/cargo-home/registry/src/index.crates.io-6f17d22bba15001f/serde-1.0.214/src/de/mod.rs:917:17
[INFO] [stdout]     |
[INFO] [stdout] 917 |     type Error: Error;
[INFO] [stdout]     |                 ^^^^^ required by this bound in `Deserializer::Error`
[INFO] [stdout] 
[INFO] [stdout] 
[INFO] [stdout] error[E0277]: the trait bound `de::Error: StdError` is not satisfied
[INFO] [stdout]     --> /opt/rustwide/cargo-home/registry/src/index.crates.io-6f17d22bba15001f/serde-json-core-0.4.0/src/de/seq.rs:17:18
[INFO] [stdout]      |
[INFO] [stdout] 17   |     type Error = Error;
[INFO] [stdout]      |                  ^^^^^ the trait `StdError` is not implemented for `de::Error`, which is required by `<de::seq::SeqAccess<'a, 'de> as serde::de::SeqAccess<'de>>::Error: serde::de::Error`
[INFO] [stdout]      |
[INFO] [stdout]      = help: the following other types implement trait `serde::de::Error`:
[INFO] [stdout]                de::Error
[INFO] [stdout]                serde::de::value::Error
[INFO] [stdout]      = note: required for `<de::seq::SeqAccess<'a, 'de> as serde::de::SeqAccess<'de>>::Error` to implement `serde::de::Error`
[INFO] [stdout] note: required by a bound in `serde::de::SeqAccess::Error`
[INFO] [stdout]     --> /opt/rustwide/cargo-home/registry/src/index.crates.io-6f17d22bba15001f/serde-1.0.214/src/de/mod.rs:1713:17
[INFO] [stdout]      |
[INFO] [stdout] 1713 |     type Error: Error;
[INFO] [stdout]      |                 ^^^^^ required by this bound in `SeqAccess::Error`
[INFO] [stdout] 
[INFO] [stdout] 
[INFO] [stdout] error[E0277]: the trait bound `ser::Error: StdError` is not satisfied
[INFO] [stdout]    --> /opt/rustwide/cargo-home/registry/src/index.crates.io-6f17d22bba15001f/serde-json-core-0.4.0/src/ser/mod.rs:175:18
[INFO] [stdout]     |
[INFO] [stdout] 175 |     type Error = Error;
[INFO] [stdout]     |                  ^^^^^ the trait `StdError` is not implemented for `ser::Error`, which is required by `<&'a mut ser::Serializer<'b> as serde::Serializer>::Error: serde::ser::Error`
[INFO] [stdout]     |
[INFO] [stdout]     = help: the following other types implement trait `serde::ser::Error`:
[INFO] [stdout]               core::fmt::Error
[INFO] [stdout]               doc::Error
[INFO] [stdout]               ser::Error
[INFO] [stdout]               serde::de::value::Error
[INFO] [stdout]     = note: required for `<&'a mut ser::Serializer<'b> as serde::Serializer>::Error` to implement `serde::ser::Error`
[INFO] [stdout] note: required by a bound in `serde::Serializer::Error`
[INFO] [stdout]    --> /opt/rustwide/cargo-home/registry/src/index.crates.io-6f17d22bba15001f/serde-1.0.214/src/ser/mod.rs:352:17
[INFO] [stdout]     |
[INFO] [stdout] 352 |     type Error: Error;
[INFO] [stdout]     |                 ^^^^^ required by this bound in `Serializer::Error`
[INFO] [stdout] 
[INFO] [stdout] 
[INFO] [stdout] error[E0277]: the trait bound `ser::Error: StdError` is not satisfied
[INFO] [stdout]    --> /opt/rustwide/cargo-home/registry/src/index.crates.io-6f17d22bba15001f/serde-json-core-0.4.0/src/ser/mod.rs:458:21
[INFO] [stdout]     |
[INFO] [stdout] 458 | impl ser::Error for Error {
[INFO] [stdout]     |                     ^^^^^ the trait `StdError` is not implemented for `ser::Error`
[INFO] [stdout]     |
[INFO] [stdout] note: required by a bound in `serde::ser::Error`
[INFO] [stdout]    --> /opt/rustwide/cargo-home/registry/src/index.crates.io-6f17d22bba15001f/serde-1.0.214/src/ser/mod.rs:186:1
[INFO] [stdout]     |
[INFO] [stdout] 186 | declare_error_trait!(Error: Sized + StdError);
[INFO] [stdout]     | ^^^^^^^^^^^^^^^^^^^^^^^^^^^^^^^^^^^^^^^^^^^^^ required by this bound in `Error`
[INFO] [stdout]     = note: this error originates in the macro `declare_error_trait` (in Nightly builds, run with -Z macro-backtrace for more info)
[INFO] [stdout] 
[INFO] [stdout] 
[INFO] [stdout] error[E0277]: the trait bound `ser::Error: StdError` is not satisfied
[INFO] [stdout]     --> /opt/rustwide/cargo-home/registry/src/index.crates.io-6f17d22bba15001f/serde-json-core-0.4.0/src/ser/mod.rs:471:18
[INFO] [stdout]      |
[INFO] [stdout] 471  |     type Error = Error;
[INFO] [stdout]      |                  ^^^^^ the trait `StdError` is not implemented for `ser::Error`, which is required by `<Unreachable as SerializeTupleStruct>::Error: serde::ser::Error`
[INFO] [stdout]      |
[INFO] [stdout]      = help: the following other types implement trait `serde::ser::Error`:
[INFO] [stdout]                core::fmt::Error
[INFO] [stdout]                doc::Error
[INFO] [stdout]                ser::Error
[INFO] [stdout]                serde::de::value::Error
[INFO] [stdout]      = note: required for `<Unreachable as SerializeTupleStruct>::Error` to implement `serde::ser::Error`
[INFO] [stdout] note: required by a bound in `serde::ser::SerializeTupleStruct::Error`
[INFO] [stdout]     --> /opt/rustwide/cargo-home/registry/src/index.crates.io-6f17d22bba15001f/serde-1.0.214/src/ser/mod.rs:1648:17
[INFO] [stdout]      |
[INFO] [stdout] 1648 |     type Error: Error;
[INFO] [stdout]      |                 ^^^^^ required by this bound in `SerializeTupleStruct::Error`
[INFO] [stdout] 
[INFO] [stdout] 
[INFO] [stdout] error[E0277]: the trait bound `ser::Error: StdError` is not satisfied
[INFO] [stdout]     --> /opt/rustwide/cargo-home/registry/src/index.crates.io-6f17d22bba15001f/serde-json-core-0.4.0/src/ser/mod.rs:484:18
[INFO] [stdout]      |
[INFO] [stdout] 484  |     type Error = Error;
[INFO] [stdout]      |                  ^^^^^ the trait `StdError` is not implemented for `ser::Error`, which is required by `<Unreachable as SerializeTupleVariant>::Error: serde::ser::Error`
[INFO] [stdout]      |
[INFO] [stdout]      = help: the following other types implement trait `serde::ser::Error`:
[INFO] [stdout]                core::fmt::Error
[INFO] [stdout]                doc::Error
[INFO] [stdout]                ser::Error
[INFO] [stdout]                serde::de::value::Error
[INFO] [stdout]      = note: required for `<Unreachable as SerializeTupleVariant>::Error` to implement `serde::ser::Error`
[INFO] [stdout] note: required by a bound in `serde::ser::SerializeTupleVariant::Error`
[INFO] [stdout]     --> /opt/rustwide/cargo-home/registry/src/index.crates.io-6f17d22bba15001f/serde-1.0.214/src/ser/mod.rs:1706:17
[INFO] [stdout]      |
[INFO] [stdout] 1706 |     type Error: Error;
[INFO] [stdout]      |                 ^^^^^ required by this bound in `SerializeTupleVariant::Error`
[INFO] [stdout] 
[INFO] [stdout] 
[INFO] [stdout] error[E0277]: the trait bound `ser::Error: StdError` is not satisfied
[INFO] [stdout]     --> /opt/rustwide/cargo-home/registry/src/index.crates.io-6f17d22bba15001f/serde-json-core-0.4.0/src/ser/mod.rs:497:18
[INFO] [stdout]      |
[INFO] [stdout] 497  |     type Error = Error;
[INFO] [stdout]      |                  ^^^^^ the trait `StdError` is not implemented for `ser::Error`, which is required by `<Unreachable as serde::ser::SerializeMap>::Error: serde::ser::Error`
[INFO] [stdout]      |
[INFO] [stdout]      = help: the following other types implement trait `serde::ser::Error`:
[INFO] [stdout]                core::fmt::Error
[INFO] [stdout]                doc::Error
[INFO] [stdout]                ser::Error
[INFO] [stdout]                serde::de::value::Error
[INFO] [stdout]      = note: required for `<Unreachable as serde::ser::SerializeMap>::Error` to implement `serde::ser::Error`
[INFO] [stdout] note: required by a bound in `serde::ser::SerializeMap::Error`
[INFO] [stdout]     --> /opt/rustwide/cargo-home/registry/src/index.crates.io-6f17d22bba15001f/serde-1.0.214/src/ser/mod.rs:1772:17
[INFO] [stdout]      |
[INFO] [stdout] 1772 |     type Error: Error;
[INFO] [stdout]      |                 ^^^^^ required by this bound in `SerializeMap::Error`
[INFO] [stdout] 
[INFO] [stdout] 
[INFO] [stdout] error[E0277]: the trait bound `ser::Error: StdError` is not satisfied
[INFO] [stdout]     --> /opt/rustwide/cargo-home/registry/src/index.crates.io-6f17d22bba15001f/serde-json-core-0.4.0/src/ser/map.rs:18:18
[INFO] [stdout]      |
[INFO] [stdout] 18   |     type Error = Error;
[INFO] [stdout]      |                  ^^^^^ the trait `StdError` is not implemented for `ser::Error`, which is required by `<ser::map::SerializeMap<'a, 'b> as serde::ser::SerializeMap>::Error: serde::ser::Error`
[INFO] [stdout]      |
[INFO] [stdout]      = help: the following other types implement trait `serde::ser::Error`:
[INFO] [stdout]                core::fmt::Error
[INFO] [stdout]                doc::Error
[INFO] [stdout]                ser::Error
[INFO] [stdout]                serde::de::value::Error
[INFO] [stdout]      = note: required for `<ser::map::SerializeMap<'a, 'b> as serde::ser::SerializeMap>::Error` to implement `serde::ser::Error`
[INFO] [stdout] note: required by a bound in `serde::ser::SerializeMap::Error`
[INFO] [stdout]     --> /opt/rustwide/cargo-home/registry/src/index.crates.io-6f17d22bba15001f/serde-1.0.214/src/ser/mod.rs:1772:17
[INFO] [stdout]      |
[INFO] [stdout] 1772 |     type Error: Error;
[INFO] [stdout]      |                 ^^^^^ required by this bound in `SerializeMap::Error`
[INFO] [stdout] 
[INFO] [stdout] 
[INFO] [stdout] error[E0277]: the trait bound `ser::Error: StdError` is not satisfied
[INFO] [stdout]     --> /opt/rustwide/cargo-home/registry/src/index.crates.io-6f17d22bba15001f/serde-json-core-0.4.0/src/ser/seq.rs:18:18
[INFO] [stdout]      |
[INFO] [stdout] 18   |     type Error = Error;
[INFO] [stdout]      |                  ^^^^^ the trait `StdError` is not implemented for `ser::Error`, which is required by `<ser::seq::SerializeSeq<'a, 'b> as serde::ser::SerializeSeq>::Error: serde::ser::Error`
[INFO] [stdout]      |
[INFO] [stdout]      = help: the following other types implement trait `serde::ser::Error`:
[INFO] [stdout]                core::fmt::Error
[INFO] [stdout]                doc::Error
[INFO] [stdout]                ser::Error
[INFO] [stdout]                serde::de::value::Error
[INFO] [stdout]      = note: required for `<ser::seq::SerializeSeq<'a, 'b> as serde::ser::SerializeSeq>::Error` to implement `serde::ser::Error`
[INFO] [stdout] note: required by a bound in `serde::ser::SerializeSeq::Error`
[INFO] [stdout]     --> /opt/rustwide/cargo-home/registry/src/index.crates.io-6f17d22bba15001f/serde-1.0.214/src/ser/mod.rs:1503:17
[INFO] [stdout]      |
[INFO] [stdout] 1503 |     type Error: Error;
[INFO] [stdout]      |                 ^^^^^ required by this bound in `SerializeSeq::Error`
[INFO] [stdout] 
[INFO] [stdout] 
[INFO] [stdout] error[E0277]: the trait bound `ser::Error: StdError` is not satisfied
[INFO] [stdout]     --> /opt/rustwide/cargo-home/registry/src/index.crates.io-6f17d22bba15001f/serde-json-core-0.4.0/src/ser/seq.rs:41:18
[INFO] [stdout]      |
[INFO] [stdout] 41   |     type Error = Error;
[INFO] [stdout]      |                  ^^^^^ the trait `StdError` is not implemented for `ser::Error`, which is required by `<ser::seq::SerializeSeq<'a, 'b> as SerializeTuple>::Error: serde::ser::Error`
[INFO] [stdout]      |
[INFO] [stdout]      = help: the following other types implement trait `serde::ser::Error`:
[INFO] [stdout]                core::fmt::Error
[INFO] [stdout]                doc::Error
[INFO] [stdout]                ser::Error
[INFO] [stdout]                serde::de::value::Error
[INFO] [stdout]      = note: required for `<ser::seq::SerializeSeq<'a, 'b> as SerializeTuple>::Error` to implement `serde::ser::Error`
[INFO] [stdout] note: required by a bound in `serde::ser::SerializeTuple::Error`
[INFO] [stdout]     --> /opt/rustwide/cargo-home/registry/src/index.crates.io-6f17d22bba15001f/serde-1.0.214/src/ser/mod.rs:1603:17
[INFO] [stdout]      |
[INFO] [stdout] 1603 |     type Error: Error;
[INFO] [stdout]      |                 ^^^^^ required by this bound in `SerializeTuple::Error`
[INFO] [stdout] 
[INFO] [stdout] 
[INFO] [stdout] error[E0277]: the trait bound `ser::Error: StdError` is not satisfied
[INFO] [stdout]     --> /opt/rustwide/cargo-home/registry/src/index.crates.io-6f17d22bba15001f/serde-json-core-0.4.0/src/ser/struct_.rs:18:18
[INFO] [stdout]      |
[INFO] [stdout] 18   |     type Error = Error;
[INFO] [stdout]      |                  ^^^^^ the trait `StdError` is not implemented for `ser::Error`, which is required by `<struct_::SerializeStruct<'a, 'b> as serde::ser::SerializeStruct>::Error: serde::ser::Error`
[INFO] [stdout]      |
[INFO] [stdout]      = help: the following other types implement trait `serde::ser::Error`:
[INFO] [stdout]                core::fmt::Error
[INFO] [stdout]                doc::Error
[INFO] [stdout]                ser::Error
[INFO] [stdout]                serde::de::value::Error
[INFO] [stdout]      = note: required for `<struct_::SerializeStruct<'a, 'b> as serde::ser::SerializeStruct>::Error` to implement `serde::ser::Error`
[INFO] [stdout] note: required by a bound in `serde::ser::SerializeStruct::Error`
[INFO] [stdout]     --> /opt/rustwide/cargo-home/registry/src/index.crates.io-6f17d22bba15001f/serde-1.0.214/src/ser/mod.rs:1862:17
[INFO] [stdout]      |
[INFO] [stdout] 1862 |     type Error: Error;
[INFO] [stdout]      |                 ^^^^^ required by this bound in `SerializeStruct::Error`
[INFO] [stdout] 
[INFO] [stdout] 
[INFO] [stdout] error[E0277]: the trait bound `ser::Error: StdError` is not satisfied
[INFO] [stdout]     --> /opt/rustwide/cargo-home/registry/src/index.crates.io-6f17d22bba15001f/serde-json-core-0.4.0/src/ser/struct_.rs:58:18
[INFO] [stdout]      |
[INFO] [stdout] 58   |     type Error = Error;
[INFO] [stdout]      |                  ^^^^^ the trait `StdError` is not implemented for `ser::Error`, which is required by `<struct_::SerializeStructVariant<'a, 'b> as serde::ser::SerializeStructVariant>::Error: serde::ser::Error`
[INFO] [stdout]      |
[INFO] [stdout]      = help: the following other types implement trait `serde::ser::Error`:
[INFO] [stdout]                core::fmt::Error
[INFO] [stdout]                doc::Error
[INFO] [stdout]                ser::Error
[INFO] [stdout]                serde::de::value::Error
[INFO] [stdout]      = note: required for `<struct_::SerializeStructVariant<'a, 'b> as serde::ser::SerializeStructVariant>::Error` to implement `serde::ser::Error`
[INFO] [stdout] note: required by a bound in `serde::ser::SerializeStructVariant::Error`
[INFO] [stdout]     --> /opt/rustwide/cargo-home/registry/src/index.crates.io-6f17d22bba15001f/serde-1.0.214/src/ser/mod.rs:1926:17
[INFO] [stdout]      |
[INFO] [stdout] 1926 |     type Error: Error;
[INFO] [stdout]      |                 ^^^^^ required by this bound in `SerializeStructVariant::Error`
[INFO] [stdout] 
[INFO] [stdout] 
[INFO] [stderr]    Compiling toml_edit v0.22.22
[INFO] [stdout] For more information about this error, try `rustc --explain E0277`.
[INFO] [stdout] 
[INFO] [stderr] error: could not compile `serde-json-core` (lib) due to 19 previous errors
[INFO] [stderr] warning: build failed, waiting for other jobs to finish...
[INFO] running `Command { std: "docker" "inspect" "5d47fc999c2dfd838b32b43b8100e9e417f4541ebd61ba10b6633563070428d2", kill_on_drop: false }`
[INFO] running `Command { std: "docker" "rm" "-f" "5d47fc999c2dfd838b32b43b8100e9e417f4541ebd61ba10b6633563070428d2", kill_on_drop: false }`
[INFO] [stdout] 5d47fc999c2dfd838b32b43b8100e9e417f4541ebd61ba10b6633563070428d2
