[INFO] fetching crate sentry-rust-minidump 0.8.0...
[INFO] testing sentry-rust-minidump-0.8.0 against nightly-2024-10-28 for randomize-layout
[INFO] extracting crate sentry-rust-minidump 0.8.0 into /workspace/builds/worker-7-tc1/source
[INFO] validating manifest of crates.io crate sentry-rust-minidump 0.8.0 on toolchain nightly-2024-10-28
[INFO] running `Command { std: CARGO_HOME="/workspace/cargo-home" RUSTUP_HOME="/workspace/rustup-home" "/workspace/cargo-home/bin/cargo" "+nightly-2024-10-28" "metadata" "--manifest-path" "Cargo.toml" "--no-deps", kill_on_drop: false }`
[INFO] started tweaking crates.io crate sentry-rust-minidump 0.8.0
[INFO] finished tweaking crates.io crate sentry-rust-minidump 0.8.0
[INFO] tweaked toml for crates.io crate sentry-rust-minidump 0.8.0 written to /workspace/builds/worker-7-tc1/source/Cargo.toml
[INFO] crate crates.io crate sentry-rust-minidump 0.8.0 already has a lockfile, it will not be regenerated
[INFO] running `Command { std: CARGO_HOME="/workspace/cargo-home" RUSTUP_HOME="/workspace/rustup-home" "/workspace/cargo-home/bin/cargo" "+nightly-2024-10-28" "fetch" "--manifest-path" "Cargo.toml", kill_on_drop: false }`
[INFO] [stderr]     Updating crates.io index
[INFO] [stderr]     Blocking waiting for file lock on package cache
[INFO] [stderr]  Downloading crates ...
[INFO] [stderr]   Downloaded sentry-backtrace v0.34.0
[INFO] [stderr]   Downloaded serde_derive v1.0.140
[INFO] [stderr]   Downloaded bytes v1.2.0
[INFO] [stderr]   Downloaded cxxbridge-flags v1.0.92
[INFO] [stderr]   Downloaded sentry-tracing v0.34.0
[INFO] [stderr]   Downloaded sentry-contexts v0.34.0
[INFO] [stderr]   Downloaded sentry-debug-images v0.34.0
[INFO] [stderr]   Downloaded sentry-panic v0.34.0
[INFO] [stderr]   Downloaded sadness-generator v0.5.0
[INFO] [stderr]   Downloaded actix-macros v0.2.3
[INFO] [stderr]   Downloaded actix-rt v2.7.0
[INFO] [stderr]   Downloaded memmap2 v0.5.5
[INFO] [stderr]   Downloaded minidumper v0.8.0
[INFO] [stderr]   Downloaded cxxbridge-macro v1.0.92
[INFO] [stderr]   Downloaded minidump-common v0.17.0
[INFO] [stderr]   Downloaded minidump-writer v0.8.1
[INFO] [stderr]   Downloaded goblin v0.7.1
[INFO] [stderr]   Downloaded serde_json v1.0.82
[INFO] [stderr]   Downloaded cxx v1.0.92
[INFO] [stderr]   Downloaded cxx-build v1.0.92
[INFO] [stderr]   Downloaded procfs-core v0.16.0-RC1
[INFO] [stderr]   Downloaded serde v1.0.140
[INFO] [stderr]   Downloaded semver v1.0.12
[INFO] [stderr]   Downloaded sentry v0.34.0
[INFO] [stderr]   Downloaded crash-context v0.6.1
[INFO] [stderr]   Downloaded minidumper-child v0.2.0
[INFO] [stderr]   Downloaded os_info v3.5.1
[INFO] [stderr]   Downloaded crash-handler v0.6.0
[INFO] [stderr]   Downloaded tokio v1.20.0
[INFO] running `Command { std: "docker" "create" "-v" "/var/lib/crater-agent-workspace/builds/worker-7-tc1/target:/opt/rustwide/target:rw,Z" "-v" "/var/lib/crater-agent-workspace/builds/worker-7-tc1/source:/opt/rustwide/workdir:ro,Z" "-v" "/var/lib/crater-agent-workspace/cargo-home:/opt/rustwide/cargo-home:ro,Z" "-v" "/var/lib/crater-agent-workspace/rustup-home:/opt/rustwide/rustup-home:ro,Z" "-e" "SOURCE_DIR=/opt/rustwide/workdir" "-e" "CARGO_TARGET_DIR=/opt/rustwide/target" "-e" "CARGO_HOME=/opt/rustwide/cargo-home" "-e" "RUSTUP_HOME=/opt/rustwide/rustup-home" "-w" "/opt/rustwide/workdir" "-m" "1610612736" "--user" "0:0" "--network" "none" "ghcr.io/rust-lang/crates-build-env/linux@sha256:4a844ea9eb2546a2d2c7022eacef16ef2e8229c7fbb2c7d4d55a9ceca922f72d" "/opt/rustwide/cargo-home/bin/cargo" "+nightly-2024-10-28" "metadata" "--no-deps" "--format-version=1", kill_on_drop: false }`
[INFO] [stdout] 3e5ca717ebaec42718ac48d06e0564eac5c1000cfbd98395ea7ef9ea01cad223
[INFO] running `Command { std: "docker" "start" "-a" "3e5ca717ebaec42718ac48d06e0564eac5c1000cfbd98395ea7ef9ea01cad223", kill_on_drop: false }`
[INFO] running `Command { std: "docker" "inspect" "3e5ca717ebaec42718ac48d06e0564eac5c1000cfbd98395ea7ef9ea01cad223", kill_on_drop: false }`
[INFO] running `Command { std: "docker" "rm" "-f" "3e5ca717ebaec42718ac48d06e0564eac5c1000cfbd98395ea7ef9ea01cad223", kill_on_drop: false }`
[INFO] [stdout] 3e5ca717ebaec42718ac48d06e0564eac5c1000cfbd98395ea7ef9ea01cad223
[INFO] running `Command { std: "docker" "create" "-v" "/var/lib/crater-agent-workspace/builds/worker-7-tc1/target:/opt/rustwide/target:rw,Z" "-v" "/var/lib/crater-agent-workspace/builds/worker-7-tc1/source:/opt/rustwide/workdir:ro,Z" "-v" "/var/lib/crater-agent-workspace/cargo-home:/opt/rustwide/cargo-home:ro,Z" "-v" "/var/lib/crater-agent-workspace/rustup-home:/opt/rustwide/rustup-home:ro,Z" "-e" "SOURCE_DIR=/opt/rustwide/workdir" "-e" "CARGO_TARGET_DIR=/opt/rustwide/target" "-e" "CARGO_INCREMENTAL=0" "-e" "RUST_BACKTRACE=full" "-e" "RUSTFLAGS=--cap-lints=forbid" "-e" "RUSTDOCFLAGS=--cap-lints=forbid" "-e" "CARGO_HOME=/opt/rustwide/cargo-home" "-e" "RUSTUP_HOME=/opt/rustwide/rustup-home" "-w" "/opt/rustwide/workdir" "-m" "1610612736" "--user" "0:0" "--network" "none" "ghcr.io/rust-lang/crates-build-env/linux@sha256:4a844ea9eb2546a2d2c7022eacef16ef2e8229c7fbb2c7d4d55a9ceca922f72d" "/opt/rustwide/cargo-home/bin/cargo" "+nightly-2024-10-28" "build" "--frozen" "--message-format=json", kill_on_drop: false }`
[INFO] [stdout] 851cf0204c0b47732af4b1b4e15b40ec95e9fb93788078f4c18b56974a3447ea
[INFO] running `Command { std: "docker" "start" "-a" "851cf0204c0b47732af4b1b4e15b40ec95e9fb93788078f4c18b56974a3447ea", kill_on_drop: false }`
[INFO] [stderr]    Compiling libc v0.2.155
[INFO] [stderr]    Compiling proc-macro2 v1.0.86
[INFO] [stderr]    Compiling unicode-ident v1.0.2
[INFO] [stderr]    Compiling syn v1.0.98
[INFO] [stderr]    Compiling cc v1.0.73
[INFO] [stderr]    Compiling serde_derive v1.0.140
[INFO] [stderr]    Compiling serde v1.0.140
[INFO] [stderr]    Compiling log v0.4.17
[INFO] [stderr]    Compiling once_cell v1.19.0
[INFO] [stderr]    Compiling itoa v1.0.2
[INFO] [stderr]    Compiling pin-project-lite v0.2.14
[INFO] [stderr]    Compiling hex v0.4.3
[INFO] [stderr]    Compiling bitflags v1.3.2
[INFO] [stderr]    Compiling bytes v1.2.0
[INFO] [stderr]    Compiling pkg-config v0.3.25
[INFO] [stderr]    Compiling unicode-normalization v0.1.23
[INFO] [stderr]    Compiling serde_json v1.0.82
[INFO] [stderr]    Compiling smallvec v1.13.2
[INFO] [stderr]    Compiling ryu v1.0.10
[INFO] [stderr]    Compiling unicode-bidi v0.3.15
[INFO] [stderr]    Compiling tokio v1.20.0
[INFO] [stderr]    Compiling num-traits v0.2.15
[INFO] [stderr]    Compiling futures-sink v0.3.30
[INFO] [stderr]    Compiling futures-core v0.3.30
[INFO] [stderr]    Compiling ppv-lite86 v0.2.16
[INFO] [stderr]    Compiling num_threads v0.1.6
[INFO] [stderr]    Compiling futures-task v0.3.30
[INFO] [stderr]    Compiling futures-io v0.3.30
[INFO] [stderr]    Compiling openssl v0.10.41
[INFO] [stderr]    Compiling idna v0.5.0
[INFO] [stderr]    Compiling futures-util v0.3.30
[INFO] [stderr]    Compiling http v1.1.0
[INFO] [stderr]    Compiling httparse v1.9.4
[INFO] [stderr]    Compiling foreign-types-shared v0.1.1
[INFO] [stderr]    Compiling semver v1.0.12
[INFO] [stderr]    Compiling futures-channel v0.3.24
[INFO] [stderr]    Compiling foreign-types v0.3.2
[INFO] [stderr]    Compiling lock_api v0.4.7
[INFO] [stderr]    Compiling parking_lot_core v0.9.3
[INFO] [stderr]    Compiling try-lock v0.2.3
[INFO] [stderr]    Compiling native-tls v0.2.10
[INFO] [stderr]    Compiling want v0.3.0
[INFO] [stderr]    Compiling tracing-core v0.1.28
[INFO] [stderr]    Compiling quote v1.0.36
[INFO] [stderr]    Compiling memoffset v0.9.0
[INFO] [stderr]    Compiling adler v1.0.2
[INFO] [stderr]    Compiling iana-time-zone v0.1.57
[INFO] [stderr]    Compiling gimli v0.26.2
[INFO] [stderr]    Compiling syn v2.0.68
[INFO] [stderr]    Compiling openssl-sys v0.9.75
[INFO] [stderr]    Compiling backtrace v0.3.66
[INFO] [stderr]    Compiling tracing v0.1.35
[INFO] [stderr]    Compiling http-body v1.0.0
[INFO] [stderr]    Compiling findshlibs v0.10.2
[INFO] [stderr]    Compiling miniz_oxide v0.5.3
[INFO] [stderr]    Compiling chrono v0.4.26
[INFO] [stderr]    Compiling range-map v0.2.0
[INFO] [stderr]    Compiling rustc_version v0.4.0
[INFO] [stderr]    Compiling object v0.29.0
[INFO] [stderr]    Compiling getrandom v0.2.7
[INFO] [stderr]    Compiling mio v0.8.4
[INFO] [stderr]    Compiling socket2 v0.4.4
[INFO] [stderr]    Compiling rand_core v0.6.3
[INFO] [stderr]    Compiling time v0.3.11
[INFO] [stderr]    Compiling crash-context v0.6.1
[INFO] [stderr]    Compiling socket2 v0.5.7
[INFO] [stderr]    Compiling rand_chacha v0.3.1
[INFO] [stderr]    Compiling regex-syntax v0.6.27
[INFO] [stderr]    Compiling bitflags v2.3.3
[INFO] [stderr]    Compiling rand v0.8.5
[INFO] [stderr]    Compiling minidump-writer v0.8.1
[INFO] [stderr]    Compiling remove_dir_all v0.5.3
[INFO] [stderr]    Compiling fastrand v1.7.0
[INFO] [stderr]    Compiling rustc-demangle v0.1.21
[INFO] [stderr]    Compiling static_assertions v1.1.0
[INFO] [stderr]    Compiling procfs-core v0.16.0-RC1
[INFO] [stderr]    Compiling nix v0.26.2
[INFO] [stderr]    Compiling tempfile v3.3.0
[INFO] [stderr]    Compiling parking_lot v0.12.1
[INFO] [stderr]    Compiling sentry-contexts v0.34.0
[INFO] [stderr]    Compiling memmap2 v0.5.5
[INFO] [stderr]    Compiling rustls-pki-types v1.7.0
[INFO] [stderr]    Compiling base64 v0.22.1
[INFO] [stderr]    Compiling byteorder v1.4.3
[INFO] [stderr]    Compiling uname v0.1.1
[INFO] [stderr]    Compiling polling v2.2.0
[INFO] [stderr]    Compiling regex v1.6.0
[INFO] [stderr]    Compiling rustls-pemfile v2.1.2
[INFO] [stderr]    Compiling hostname v0.4.0
[INFO] [stderr]    Compiling uds v0.2.6
[INFO] [stderr]    Compiling addr2line v0.17.0
[INFO] [stderr]    Compiling http-body-util v0.1.2
[INFO] [stderr]    Compiling mime v0.3.16
[INFO] [stderr]    Compiling ipnet v2.5.0
[INFO] [stderr]    Compiling sync_wrapper v1.0.1
[INFO] [stderr]    Compiling crash-handler v0.6.0
[INFO] [stderr]    Compiling thiserror-impl v1.0.31
[INFO] [stderr]    Compiling scroll_derive v0.11.0
[INFO] [stderr]    Compiling openssl-macros v0.1.0
[INFO] [stderr]    Compiling smart-default v0.6.0
[INFO] [stderr]    Compiling enum-primitive-derive v0.2.2
[INFO] [stderr]    Compiling scroll v0.11.0
[INFO] [stderr]    Compiling hyper v1.3.1
[INFO] [stderr]    Compiling thiserror v1.0.31
[INFO] [stderr]    Compiling goblin v0.7.1
[INFO] [stderr]    Compiling pin-project-internal v1.1.5
[INFO] [stderr]    Compiling pin-project v1.1.5
[INFO] [stderr]    Compiling tower v0.4.13
[INFO] [stderr]    Compiling hyper-util v0.1.5
[INFO] [stderr]    Compiling tokio-native-tls v0.3.0
[INFO] [stderr]    Compiling hyper-tls v0.6.0
[INFO] [stderr]    Compiling uuid v1.1.2
[INFO] [stderr]    Compiling url v2.5.2
[INFO] [stderr]    Compiling serde_urlencoded v0.7.1
[INFO] [stderr]    Compiling debugid v0.8.0
[INFO] [stderr]    Compiling minidump-common v0.17.0
[INFO] [stderr]    Compiling sentry-types v0.34.0
[INFO] [stderr]    Compiling reqwest v0.12.5
[INFO] [stderr]    Compiling sentry-core v0.34.0
[INFO] [stderr]    Compiling sentry-backtrace v0.34.0
[INFO] [stderr]    Compiling sentry-debug-images v0.34.0
[INFO] [stderr]    Compiling sentry-panic v0.34.0
[INFO] [stderr]    Compiling sentry v0.34.0
[INFO] [stderr]    Compiling minidumper v0.8.0
[INFO] [stderr]    Compiling minidumper-child v0.2.0
[INFO] [stderr]    Compiling sentry-rust-minidump v0.8.0 (/opt/rustwide/workdir)
[INFO] [stderr]     Finished `dev` profile [unoptimized + debuginfo] target(s) in 28.32s
[INFO] running `Command { std: "docker" "inspect" "851cf0204c0b47732af4b1b4e15b40ec95e9fb93788078f4c18b56974a3447ea", kill_on_drop: false }`
[INFO] running `Command { std: "docker" "rm" "-f" "851cf0204c0b47732af4b1b4e15b40ec95e9fb93788078f4c18b56974a3447ea", kill_on_drop: false }`
[INFO] [stdout] 851cf0204c0b47732af4b1b4e15b40ec95e9fb93788078f4c18b56974a3447ea
[INFO] running `Command { std: "docker" "create" "-v" "/var/lib/crater-agent-workspace/builds/worker-7-tc1/target:/opt/rustwide/target:rw,Z" "-v" "/var/lib/crater-agent-workspace/builds/worker-7-tc1/source:/opt/rustwide/workdir:ro,Z" "-v" "/var/lib/crater-agent-workspace/cargo-home:/opt/rustwide/cargo-home:ro,Z" "-v" "/var/lib/crater-agent-workspace/rustup-home:/opt/rustwide/rustup-home:ro,Z" "-e" "SOURCE_DIR=/opt/rustwide/workdir" "-e" "CARGO_TARGET_DIR=/opt/rustwide/target" "-e" "CARGO_INCREMENTAL=0" "-e" "RUST_BACKTRACE=full" "-e" "RUSTFLAGS=--cap-lints=forbid" "-e" "RUSTDOCFLAGS=--cap-lints=forbid" "-e" "CARGO_HOME=/opt/rustwide/cargo-home" "-e" "RUSTUP_HOME=/opt/rustwide/rustup-home" "-w" "/opt/rustwide/workdir" "-m" "1610612736" "--user" "0:0" "--network" "none" "ghcr.io/rust-lang/crates-build-env/linux@sha256:4a844ea9eb2546a2d2c7022eacef16ef2e8229c7fbb2c7d4d55a9ceca922f72d" "/opt/rustwide/cargo-home/bin/cargo" "+nightly-2024-10-28" "test" "--frozen" "--no-run" "--message-format=json", kill_on_drop: false }`
[INFO] [stdout] bc2e44e0e9a588218062bf144c195d4f3a013a420133b5c1e95a0b96c857225d
[INFO] running `Command { std: "docker" "start" "-a" "bc2e44e0e9a588218062bf144c195d4f3a013a420133b5c1e95a0b96c857225d", kill_on_drop: false }`
[INFO] [stderr]    Compiling tokio v1.20.0
[INFO] [stderr]    Compiling signal-hook-registry v1.4.0
[INFO] [stderr]    Compiling actix-macros v0.2.3
[INFO] [stderr]    Compiling sadness-generator v0.5.0
[INFO] [stderr]    Compiling tower v0.4.13
[INFO] [stderr]    Compiling hyper v1.3.1
[INFO] [stderr]    Compiling tokio-native-tls v0.3.0
[INFO] [stderr]    Compiling actix-rt v2.7.0
[INFO] [stderr]    Compiling hyper-util v0.1.5
[INFO] [stderr]    Compiling hyper-tls v0.6.0
[INFO] [stderr]    Compiling reqwest v0.12.5
[INFO] [stderr]    Compiling sentry v0.34.0
[INFO] [stderr]    Compiling sentry-rust-minidump v0.8.0 (/opt/rustwide/workdir)
[INFO] [stdout] error[E0433]: failed to resolve: use of undeclared crate or module `sentry_test_server`
[INFO] [stdout]  --> tests/e2e.rs:6:23
[INFO] [stdout]   |
[INFO] [stdout] 6 |     let envelope_rx = sentry_test_server::server(("127.0.0.1", 8123))?;
[INFO] [stdout]   |                       ^^^^^^^^^^^^^^^^^^ use of undeclared crate or module `sentry_test_server`
[INFO] [stdout] 
[INFO] [stdout] 
[INFO] [stdout] error[E0433]: failed to resolve: use of undeclared crate or module `sentry_test_server`
[INFO] [stdout]   --> tests/e2e.rs:18:23
[INFO] [stdout]    |
[INFO] [stdout] 18 |     if let Ok(json) = sentry_test_server::to_json_pretty(&env) {
[INFO] [stdout]    |                       ^^^^^^^^^^^^^^^^^^ use of undeclared crate or module `sentry_test_server`
[INFO] [stdout] 
[INFO] [stdout] 
[INFO] [stdout] For more information about this error, try `rustc --explain E0433`.
[INFO] [stdout] 
[INFO] [stderr] error: could not compile `sentry-rust-minidump` (test "e2e") due to 2 previous errors
[INFO] [stderr] warning: build failed, waiting for other jobs to finish...
[INFO] [stdout] error[E0599]: no method named `set_user` found for struct `Handle` in the current scope
[INFO] [stdout]  --> examples/app.rs:9:19
[INFO] [stdout]   |
[INFO] [stdout] 9 |     crash_handler.set_user(Some(sentry::User {
[INFO] [stdout]   |     --------------^^^^^^^^ method not found in `Handle`
[INFO] [stdout] 
[INFO] [stdout] 
[INFO] [stdout] For more information about this error, try `rustc --explain E0599`.
[INFO] [stdout] 
[INFO] [stderr] error: could not compile `sentry-rust-minidump` (example "app") due to 1 previous error
[INFO] running `Command { std: "docker" "inspect" "bc2e44e0e9a588218062bf144c195d4f3a013a420133b5c1e95a0b96c857225d", kill_on_drop: false }`
[INFO] running `Command { std: "docker" "rm" "-f" "bc2e44e0e9a588218062bf144c195d4f3a013a420133b5c1e95a0b96c857225d", kill_on_drop: false }`
[INFO] [stdout] bc2e44e0e9a588218062bf144c195d4f3a013a420133b5c1e95a0b96c857225d
