[INFO] fetching crate sentinel-rocket 0.1.0...
[INFO] testing sentinel-rocket-0.1.0 against nightly-2024-10-28+rustflags=-Zrandomize-layout for randomize-layout
[INFO] extracting crate sentinel-rocket 0.1.0 into /workspace/builds/worker-5-tc2/source
[INFO] validating manifest of crates.io crate sentinel-rocket 0.1.0 on toolchain nightly-2024-10-28
[INFO] running `Command { std: CARGO_HOME="/workspace/cargo-home" RUSTUP_HOME="/workspace/rustup-home" "/workspace/cargo-home/bin/cargo" "+nightly-2024-10-28" "metadata" "--manifest-path" "Cargo.toml" "--no-deps", kill_on_drop: false }`
[INFO] started tweaking crates.io crate sentinel-rocket 0.1.0
[INFO] finished tweaking crates.io crate sentinel-rocket 0.1.0
[INFO] tweaked toml for crates.io crate sentinel-rocket 0.1.0 written to /workspace/builds/worker-5-tc2/source/Cargo.toml
[INFO] running `Command { std: CARGO_HOME="/workspace/cargo-home" RUSTUP_HOME="/workspace/rustup-home" "/workspace/cargo-home/bin/cargo" "+nightly-2024-10-28" "generate-lockfile" "--manifest-path" "Cargo.toml", kill_on_drop: false }`
[INFO] [stderr]     Updating crates.io index
[INFO] [stderr]      Locking 192 packages to latest compatible versions
[INFO] running `Command { std: CARGO_HOME="/workspace/cargo-home" RUSTUP_HOME="/workspace/rustup-home" "/workspace/cargo-home/bin/cargo" "+nightly-2024-10-28" "fetch" "--manifest-path" "Cargo.toml", kill_on_drop: false }`
[INFO] [stderr]     Blocking waiting for file lock on package cache
[INFO] [stderr]     Blocking waiting for file lock on package cache
[INFO] running `Command { std: "docker" "create" "-v" "/var/lib/crater-agent-workspace/builds/worker-5-tc2/target:/opt/rustwide/target:rw,Z" "-v" "/var/lib/crater-agent-workspace/builds/worker-5-tc2/source:/opt/rustwide/workdir:ro,Z" "-v" "/var/lib/crater-agent-workspace/cargo-home:/opt/rustwide/cargo-home:ro,Z" "-v" "/var/lib/crater-agent-workspace/rustup-home:/opt/rustwide/rustup-home:ro,Z" "-e" "SOURCE_DIR=/opt/rustwide/workdir" "-e" "CARGO_TARGET_DIR=/opt/rustwide/target" "-e" "CARGO_HOME=/opt/rustwide/cargo-home" "-e" "RUSTUP_HOME=/opt/rustwide/rustup-home" "-w" "/opt/rustwide/workdir" "-m" "1610612736" "--user" "0:0" "--network" "none" "ghcr.io/rust-lang/crates-build-env/linux@sha256:4a844ea9eb2546a2d2c7022eacef16ef2e8229c7fbb2c7d4d55a9ceca922f72d" "/opt/rustwide/cargo-home/bin/cargo" "+nightly-2024-10-28" "metadata" "--no-deps" "--format-version=1", kill_on_drop: false }`
[INFO] [stdout] aab6af6ace994beca0f1f058aa056f386c595136f67b2ddc3b01d1d51cefc27c
[INFO] running `Command { std: "docker" "start" "-a" "aab6af6ace994beca0f1f058aa056f386c595136f67b2ddc3b01d1d51cefc27c", kill_on_drop: false }`
[INFO] running `Command { std: "docker" "inspect" "aab6af6ace994beca0f1f058aa056f386c595136f67b2ddc3b01d1d51cefc27c", kill_on_drop: false }`
[INFO] running `Command { std: "docker" "rm" "-f" "aab6af6ace994beca0f1f058aa056f386c595136f67b2ddc3b01d1d51cefc27c", kill_on_drop: false }`
[INFO] [stdout] aab6af6ace994beca0f1f058aa056f386c595136f67b2ddc3b01d1d51cefc27c
[INFO] running `Command { std: "docker" "create" "-v" "/var/lib/crater-agent-workspace/builds/worker-5-tc2/target:/opt/rustwide/target:rw,Z" "-v" "/var/lib/crater-agent-workspace/builds/worker-5-tc2/source:/opt/rustwide/workdir:ro,Z" "-v" "/var/lib/crater-agent-workspace/cargo-home:/opt/rustwide/cargo-home:ro,Z" "-v" "/var/lib/crater-agent-workspace/rustup-home:/opt/rustwide/rustup-home:ro,Z" "-e" "SOURCE_DIR=/opt/rustwide/workdir" "-e" "CARGO_TARGET_DIR=/opt/rustwide/target" "-e" "CARGO_INCREMENTAL=0" "-e" "RUST_BACKTRACE=full" "-e" "RUSTFLAGS=--cap-lints=forbid -Zrandomize-layout" "-e" "RUSTDOCFLAGS=--cap-lints=forbid" "-e" "CARGO_HOME=/opt/rustwide/cargo-home" "-e" "RUSTUP_HOME=/opt/rustwide/rustup-home" "-w" "/opt/rustwide/workdir" "-m" "1610612736" "--user" "0:0" "--network" "none" "ghcr.io/rust-lang/crates-build-env/linux@sha256:4a844ea9eb2546a2d2c7022eacef16ef2e8229c7fbb2c7d4d55a9ceca922f72d" "/opt/rustwide/cargo-home/bin/cargo" "+nightly-2024-10-28" "build" "--frozen" "--message-format=json", kill_on_drop: false }`
[INFO] [stdout] 0fe2cab6cfe6fd76e1fc8bf591037ed05862dd4e131ca84ef6cf4877dca8f809
[INFO] running `Command { std: "docker" "start" "-a" "0fe2cab6cfe6fd76e1fc8bf591037ed05862dd4e131ca84ef6cf4877dca8f809", kill_on_drop: false }`
[INFO] [stderr]    Compiling yansi v1.0.1
[INFO] [stderr]    Compiling proc-macro2-diagnostics v0.10.1
[INFO] [stderr]    Compiling tracing v0.1.40
[INFO] [stderr]    Compiling ahash v0.7.8
[INFO] [stderr]    Compiling inlinable_string v0.1.15
[INFO] [stderr]    Compiling futures-sink v0.3.31
[INFO] [stderr]    Compiling futures-core v0.3.31
[INFO] [stderr]    Compiling tokio-macros v2.4.0
[INFO] [stderr]    Compiling futures-util v0.3.31
[INFO] [stderr]    Compiling cookie v0.18.1
[INFO] [stderr]    Compiling futures-task v0.3.31
[INFO] [stderr]    Compiling smallvec v1.13.2
[INFO] [stderr]    Compiling serde v1.0.214
[INFO] [stderr]    Compiling ref-cast v1.0.23
[INFO] [stderr]    Compiling ref-cast-impl v1.0.23
[INFO] [stderr]    Compiling is-terminal v0.4.13
[INFO] [stderr]    Compiling futures-channel v0.3.31
[INFO] [stderr]    Compiling uncased v0.9.10
[INFO] [stderr]    Compiling bitflags v2.6.0
[INFO] [stderr]    Compiling zerocopy v0.7.35
[INFO] [stderr]    Compiling tokio v1.41.0
[INFO] [stderr]    Compiling stable-pattern v0.1.0
[INFO] [stderr]    Compiling state v0.6.0
[INFO] [stderr]    Compiling futures-io v0.3.31
[INFO] [stderr]    Compiling indexmap v2.6.0
[INFO] [stderr]    Compiling figment v0.10.19
[INFO] [stderr]    Compiling multer v3.1.0
[INFO] [stderr]    Compiling devise_core v0.4.2
[INFO] [stderr]    Compiling linux-raw-sys v0.4.14
[INFO] [stderr]    Compiling hashbrown v0.12.3
[INFO] [stderr]    Compiling linked-hash-map v0.5.6
[INFO] [stderr]    Compiling pear_codegen v0.2.9
[INFO] [stderr]    Compiling parking_lot_core v0.9.10
[INFO] [stderr]    Compiling enum-map-derive v0.17.0
[INFO] [stderr]    Compiling async-stream-impl v0.3.6
[INFO] [stderr]    Compiling yaml-rust v0.4.5
[INFO] [stderr]    Compiling http v1.1.0
[INFO] [stderr]    Compiling rustix v0.38.38
[INFO] [stderr]    Compiling ppv-lite86 v0.2.20
[INFO] [stderr]    Compiling rocket v0.5.1
[INFO] [stderr]    Compiling spin v0.9.8
[INFO] [stderr]    Compiling parking_lot v0.12.3
[INFO] [stderr]    Compiling enum-map v2.7.3
[INFO] [stderr]    Compiling sysinfo v0.26.9
[INFO] [stderr]    Compiling async-stream v0.3.6
[INFO] [stderr]    Compiling indexmap v1.9.3
[INFO] [stderr]    Compiling lru v0.7.8
[INFO] [stderr]    Compiling rand_chacha v0.3.1
[INFO] [stderr]    Compiling async-trait v0.1.83
[INFO] [stderr]    Compiling pear v0.2.9
[INFO] [stderr]    Compiling rand v0.8.5
[INFO] [stderr]    Compiling devise_codegen v0.4.2
[INFO] [stderr]    Compiling futures v0.3.31
[INFO] [stderr]    Compiling num_cpus v1.16.0
[INFO] [stderr]    Compiling binascii v0.1.4
[INFO] [stderr]    Compiling atomic v0.5.3
[INFO] [stderr]    Compiling devise v0.4.2
[INFO] [stderr]    Compiling tempfile v3.13.0
[INFO] [stderr]    Compiling serde_spanned v0.6.8
[INFO] [stderr]    Compiling toml_datetime v0.6.8
[INFO] [stderr]    Compiling ubyte v0.10.4
[INFO] [stderr]    Compiling serde_yaml v0.8.26
[INFO] [stderr]    Compiling uuid v1.11.0
[INFO] [stderr]    Compiling serde_json v1.0.132
[INFO] [stderr]    Compiling hyper v0.14.31
[INFO] [stderr]    Compiling toml_edit v0.22.22
[INFO] [stderr]    Compiling sentinel-core v0.1.3
[INFO] [stderr]    Compiling rocket_http v0.5.1
[INFO] [stderr]    Compiling tokio-util v0.7.12
[INFO] [stderr]    Compiling tokio-stream v0.1.16
[INFO] [stderr]    Compiling toml v0.8.19
[INFO] [stderr]    Compiling h2 v0.3.26
[INFO] [stderr]    Compiling rocket_codegen v0.5.1
[INFO] [stderr]    Compiling sentinel-rocket v0.1.0 (/opt/rustwide/workdir)
[INFO] [stdout] warning: elided lifetime has a name
[INFO] [stdout]    --> src/lib.rs:197:62
[INFO] [stdout]     |
[INFO] [stdout] 197 |     pub fn new(uri: &'static str) -> Result<Self, http::uri::Error> {
[INFO] [stdout]     |                                                              ^^^^^ this elided lifetime gets resolved as `'static`
[INFO] [stdout]     |
[INFO] [stdout]     = note: `#[warn(elided_named_lifetimes)]` on by default
[INFO] [stdout] help: consider specifying it explicitly
[INFO] [stdout]     |
[INFO] [stdout] 197 |     pub fn new(uri: &'static str) -> Result<Self, http::uri::Error<'static>> {
[INFO] [stdout]     |                                                                   +++++++++
[INFO] [stdout] 
[INFO] [stdout] 
[INFO] [stdout] warning: elided lifetime has a name
[INFO] [stdout]    --> src/lib.rs:216:77
[INFO] [stdout]     |
[INFO] [stdout] 216 |     pub fn with_uri(mut self, uri: &'static str) -> Result<Self, http::uri::Error> {
[INFO] [stdout]     |                                                                             ^^^^^ this elided lifetime gets resolved as `'static`
[INFO] [stdout]     |
[INFO] [stdout] help: consider specifying it explicitly
[INFO] [stdout]     |
[INFO] [stdout] 216 |     pub fn with_uri(mut self, uri: &'static str) -> Result<Self, http::uri::Error<'static>> {
[INFO] [stdout]     |                                                                                  +++++++++
[INFO] [stdout] 
[INFO] [stdout] 
[INFO] [stdout] error[E0599]: no variant or associated item named `Failure` found for enum `Outcome` in the current scope
[INFO] [stdout]   --> src/lib.rs:32:23
[INFO] [stdout]    |
[INFO] [stdout] 32 |     request::Outcome::Failure((Status::TooManyRequests, err.into()))
[INFO] [stdout]    |                       ^^^^^^^ variant or associated item not found in `Outcome<_, (Status, _), Status>`
[INFO] [stdout] 
[INFO] [stdout] 
[INFO] [stdout] error[E0599]: no variant or associated item named `Failure` found for enum `Outcome` in the current scope
[INFO] [stdout]    --> src/lib.rs:163:44
[INFO] [stdout]     |
[INFO] [stdout] 163 |                 Some(_) => route::Outcome::Failure(Status::TooManyRequests),
[INFO] [stdout]     |                                            ^^^^^^^ variant or associated item not found in `Outcome<Response<'_>, Status, (Data<'_>, Status)>`
[INFO] [stdout]     |
[INFO] [stdout] note: if you're trying to build a new `Outcome<rocket::Response<'_>, Status, (rocket::Data<'_>, Status)>` consider using one of the following associated functions:
[INFO] [stdout]       route::handler::<impl Outcome<rocket::Response<'o>, Status, (rocket::Data<'o>, Status)>>::from
[INFO] [stdout]       route::handler::<impl Outcome<rocket::Response<'o>, Status, (rocket::Data<'o>, Status)>>::try_from
[INFO] [stdout]       route::handler::<impl Outcome<rocket::Response<'o>, Status, (rocket::Data<'o>, Status)>>::error
[INFO] [stdout]       route::handler::<impl Outcome<rocket::Response<'o>, Status, (rocket::Data<'o>, Status)>>::forward
[INFO] [stdout]    --> /opt/rustwide/cargo-home/registry/src/index.crates.io-6f17d22bba15001f/rocket-0.5.1/src/route/handler.rs:188:5
[INFO] [stdout]     |
[INFO] [stdout] 188 |       pub fn from<R: Responder<'r, 'o>>(req: &'r Request<'_>, responder: R) -> Outcome<'r> {
[INFO] [stdout]     |       ^^^^^^^^^^^^^^^^^^^^^^^^^^^^^^^^^^^^^^^^^^^^^^^^^^^^^^^^^^^^^^^^^^^^^^^^^^^^^^^^^^^^
[INFO] [stdout] ...
[INFO] [stdout] 211 | /     pub fn try_from<R, E>(req: &'r Request<'_>, result: Result<R, E>) -> Outcome<'r>
[INFO] [stdout] 212 | |         where R: Responder<'r, 'o>, E: std::fmt::Debug
[INFO] [stdout]     | |______________________________________________________^
[INFO] [stdout] ...
[INFO] [stdout] 237 |       pub fn error(code: Status) -> Outcome<'r> {
[INFO] [stdout]     |       ^^^^^^^^^^^^^^^^^^^^^^^^^^^^^^^^^^^^^^^^^
[INFO] [stdout] ...
[INFO] [stdout] 257 |       pub fn forward(data: Data<'r>, status: Status) -> Outcome<'r> {
[INFO] [stdout]     |       ^^^^^^^^^^^^^^^^^^^^^^^^^^^^^^^^^^^^^^^^^^^^^^^^^^^^^^^^^^^^^
[INFO] [stdout] 
[INFO] [stdout] 
[INFO] [stdout] error[E0599]: no variant or associated item named `Failure` found for enum `Outcome` in the current scope
[INFO] [stdout]    --> src/lib.rs:164:41
[INFO] [stdout]     |
[INFO] [stdout] 164 |                 None => route::Outcome::Failure(Status::InternalServerError),
[INFO] [stdout]     |                                         ^^^^^^^ variant or associated item not found in `Outcome<Response<'_>, Status, (Data<'_>, Status)>`
[INFO] [stdout]     |
[INFO] [stdout] note: if you're trying to build a new `Outcome<rocket::Response<'_>, Status, (rocket::Data<'_>, Status)>` consider using one of the following associated functions:
[INFO] [stdout]       route::handler::<impl Outcome<rocket::Response<'o>, Status, (rocket::Data<'o>, Status)>>::from
[INFO] [stdout]       route::handler::<impl Outcome<rocket::Response<'o>, Status, (rocket::Data<'o>, Status)>>::try_from
[INFO] [stdout]       route::handler::<impl Outcome<rocket::Response<'o>, Status, (rocket::Data<'o>, Status)>>::error
[INFO] [stdout]       route::handler::<impl Outcome<rocket::Response<'o>, Status, (rocket::Data<'o>, Status)>>::forward
[INFO] [stdout]    --> /opt/rustwide/cargo-home/registry/src/index.crates.io-6f17d22bba15001f/rocket-0.5.1/src/route/handler.rs:188:5
[INFO] [stdout]     |
[INFO] [stdout] 188 |       pub fn from<R: Responder<'r, 'o>>(req: &'r Request<'_>, responder: R) -> Outcome<'r> {
[INFO] [stdout]     |       ^^^^^^^^^^^^^^^^^^^^^^^^^^^^^^^^^^^^^^^^^^^^^^^^^^^^^^^^^^^^^^^^^^^^^^^^^^^^^^^^^^^^
[INFO] [stdout] ...
[INFO] [stdout] 211 | /     pub fn try_from<R, E>(req: &'r Request<'_>, result: Result<R, E>) -> Outcome<'r>
[INFO] [stdout] 212 | |         where R: Responder<'r, 'o>, E: std::fmt::Debug
[INFO] [stdout]     | |______________________________________________________^
[INFO] [stdout] ...
[INFO] [stdout] 237 |       pub fn error(code: Status) -> Outcome<'r> {
[INFO] [stdout]     |       ^^^^^^^^^^^^^^^^^^^^^^^^^^^^^^^^^^^^^^^^^
[INFO] [stdout] ...
[INFO] [stdout] 257 |       pub fn forward(data: Data<'r>, status: Status) -> Outcome<'r> {
[INFO] [stdout]     |       ^^^^^^^^^^^^^^^^^^^^^^^^^^^^^^^^^^^^^^^^^^^^^^^^^^^^^^^^^^^^^
[INFO] [stdout] 
[INFO] [stdout] 
[INFO] [stdout] For more information about this error, try `rustc --explain E0599`.
[INFO] [stdout] 
[INFO] [stderr] error: could not compile `sentinel-rocket` (lib) due to 3 previous errors; 2 warnings emitted
[INFO] [stderr] warning: build failed, waiting for other jobs to finish...
[INFO] running `Command { std: "docker" "inspect" "0fe2cab6cfe6fd76e1fc8bf591037ed05862dd4e131ca84ef6cf4877dca8f809", kill_on_drop: false }`
[INFO] running `Command { std: "docker" "rm" "-f" "0fe2cab6cfe6fd76e1fc8bf591037ed05862dd4e131ca84ef6cf4877dca8f809", kill_on_drop: false }`
[INFO] [stdout] 0fe2cab6cfe6fd76e1fc8bf591037ed05862dd4e131ca84ef6cf4877dca8f809
