[INFO] fetching crate sentencepiece 0.11.2...
[INFO] testing sentencepiece-0.11.2 against nightly-2024-10-28 for randomize-layout
[INFO] extracting crate sentencepiece 0.11.2 into /workspace/builds/worker-0-tc1/source
[INFO] validating manifest of crates.io crate sentencepiece 0.11.2 on toolchain nightly-2024-10-28
[INFO] running `Command { std: CARGO_HOME="/workspace/cargo-home" RUSTUP_HOME="/workspace/rustup-home" "/workspace/cargo-home/bin/cargo" "+nightly-2024-10-28" "metadata" "--manifest-path" "Cargo.toml" "--no-deps", kill_on_drop: false }`
[INFO] started tweaking crates.io crate sentencepiece 0.11.2
[INFO] finished tweaking crates.io crate sentencepiece 0.11.2
[INFO] tweaked toml for crates.io crate sentencepiece 0.11.2 written to /workspace/builds/worker-0-tc1/source/Cargo.toml
[INFO] running `Command { std: CARGO_HOME="/workspace/cargo-home" RUSTUP_HOME="/workspace/rustup-home" "/workspace/cargo-home/bin/cargo" "+nightly-2024-10-28" "generate-lockfile" "--manifest-path" "Cargo.toml", kill_on_drop: false }`
[INFO] [stderr]     Updating crates.io index
[INFO] [stderr]      Locking 22 packages to latest compatible versions
[INFO] [stderr]       Adding num-derive v0.3.3 (available: v0.4.2)
[INFO] [stderr]       Adding prost v0.11.9 (available: v0.13.3)
[INFO] [stderr]       Adding prost-derive v0.11.9 (available: v0.13.3)
[INFO] running `Command { std: CARGO_HOME="/workspace/cargo-home" RUSTUP_HOME="/workspace/rustup-home" "/workspace/cargo-home/bin/cargo" "+nightly-2024-10-28" "fetch" "--manifest-path" "Cargo.toml", kill_on_drop: false }`
[INFO] [stderr]  Downloading crates ...
[INFO] [stderr]   Downloaded sentencepiece-sys v0.11.2
[INFO] running `Command { std: "docker" "create" "-v" "/var/lib/crater-agent-workspace/builds/worker-0-tc1/target:/opt/rustwide/target:rw,Z" "-v" "/var/lib/crater-agent-workspace/builds/worker-0-tc1/source:/opt/rustwide/workdir:ro,Z" "-v" "/var/lib/crater-agent-workspace/cargo-home:/opt/rustwide/cargo-home:ro,Z" "-v" "/var/lib/crater-agent-workspace/rustup-home:/opt/rustwide/rustup-home:ro,Z" "-e" "SOURCE_DIR=/opt/rustwide/workdir" "-e" "CARGO_TARGET_DIR=/opt/rustwide/target" "-e" "CARGO_HOME=/opt/rustwide/cargo-home" "-e" "RUSTUP_HOME=/opt/rustwide/rustup-home" "-w" "/opt/rustwide/workdir" "-m" "1610612736" "--user" "0:0" "--network" "none" "ghcr.io/rust-lang/crates-build-env/linux@sha256:4a844ea9eb2546a2d2c7022eacef16ef2e8229c7fbb2c7d4d55a9ceca922f72d" "/opt/rustwide/cargo-home/bin/cargo" "+nightly-2024-10-28" "metadata" "--no-deps" "--format-version=1", kill_on_drop: false }`
[INFO] [stdout] 4f7811e006103701d2ea23750c9026e0a68194e40321b41676e758ed595b0fe2
[INFO] running `Command { std: "docker" "start" "-a" "4f7811e006103701d2ea23750c9026e0a68194e40321b41676e758ed595b0fe2", kill_on_drop: false }`
[INFO] running `Command { std: "docker" "inspect" "4f7811e006103701d2ea23750c9026e0a68194e40321b41676e758ed595b0fe2", kill_on_drop: false }`
[INFO] running `Command { std: "docker" "rm" "-f" "4f7811e006103701d2ea23750c9026e0a68194e40321b41676e758ed595b0fe2", kill_on_drop: false }`
[INFO] [stdout] 4f7811e006103701d2ea23750c9026e0a68194e40321b41676e758ed595b0fe2
[INFO] running `Command { std: "docker" "create" "-v" "/var/lib/crater-agent-workspace/builds/worker-0-tc1/target:/opt/rustwide/target:rw,Z" "-v" "/var/lib/crater-agent-workspace/builds/worker-0-tc1/source:/opt/rustwide/workdir:ro,Z" "-v" "/var/lib/crater-agent-workspace/cargo-home:/opt/rustwide/cargo-home:ro,Z" "-v" "/var/lib/crater-agent-workspace/rustup-home:/opt/rustwide/rustup-home:ro,Z" "-e" "SOURCE_DIR=/opt/rustwide/workdir" "-e" "CARGO_TARGET_DIR=/opt/rustwide/target" "-e" "CARGO_INCREMENTAL=0" "-e" "RUST_BACKTRACE=full" "-e" "RUSTFLAGS=--cap-lints=forbid" "-e" "RUSTDOCFLAGS=--cap-lints=forbid" "-e" "CARGO_HOME=/opt/rustwide/cargo-home" "-e" "RUSTUP_HOME=/opt/rustwide/rustup-home" "-w" "/opt/rustwide/workdir" "-m" "1610612736" "--user" "0:0" "--network" "none" "ghcr.io/rust-lang/crates-build-env/linux@sha256:4a844ea9eb2546a2d2c7022eacef16ef2e8229c7fbb2c7d4d55a9ceca922f72d" "/opt/rustwide/cargo-home/bin/cargo" "+nightly-2024-10-28" "build" "--frozen" "--message-format=json", kill_on_drop: false }`
[INFO] [stdout] 174fb4d14ddb42a3dd3d98d3fa11bf66fd7b33db2b98e5e2c10a68a612c028db
[INFO] running `Command { std: "docker" "start" "-a" "174fb4d14ddb42a3dd3d98d3fa11bf66fd7b33db2b98e5e2c10a68a612c028db", kill_on_drop: false }`
[INFO] [stderr]    Compiling shlex v1.3.0
[INFO] [stderr]    Compiling anyhow v1.0.92
[INFO] [stderr]    Compiling either v1.13.0
[INFO] [stderr]    Compiling pkg-config v0.3.31
[INFO] [stderr]    Compiling num-traits v0.2.19
[INFO] [stderr]    Compiling thiserror v1.0.66
[INFO] [stderr]    Compiling syn v1.0.109
[INFO] [stderr]    Compiling syn v2.0.86
[INFO] [stderr]    Compiling cc v1.1.31
[INFO] [stderr]    Compiling itertools v0.10.5
[INFO] [stderr]    Compiling bytes v1.8.0
[INFO] [stderr]    Compiling cmake v0.1.51
[INFO] [stderr]    Compiling sentencepiece-sys v0.11.2
[INFO] [stderr]    Compiling thiserror-impl v1.0.66
[INFO] [stderr]    Compiling prost-derive v0.11.9
[INFO] [stderr]    Compiling num-derive v0.3.3
[INFO] [stderr]    Compiling prost v0.11.9
[INFO] [stderr] error: failed to run custom build command for `sentencepiece-sys v0.11.2`
[INFO] [stderr] note: To improve backtraces for build dependencies, set the CARGO_PROFILE_DEV_BUILD_OVERRIDE_DEBUG=true environment variable to enable debug information generation.
[INFO] [stderr] 
[INFO] [stderr] Caused by:
[INFO] [stderr]   process didn't exit successfully: `/opt/rustwide/target/debug/build/sentencepiece-sys-131c35047c1eff3b/build-script-build` (exit status: 101)
[INFO] [stderr]   --- stdout
[INFO] [stderr]   cargo:rerun-if-env-changed=SENTENCEPIECE_NO_PKG_CONFIG
[INFO] [stderr]   cargo:rerun-if-env-changed=PKG_CONFIG_x86_64-unknown-linux-gnu
[INFO] [stderr]   cargo:rerun-if-env-changed=PKG_CONFIG_x86_64_unknown_linux_gnu
[INFO] [stderr]   cargo:rerun-if-env-changed=HOST_PKG_CONFIG
[INFO] [stderr]   cargo:rerun-if-env-changed=PKG_CONFIG
[INFO] [stderr]   cargo:rerun-if-env-changed=SENTENCEPIECE_STATIC
[INFO] [stderr]   cargo:rerun-if-env-changed=SENTENCEPIECE_DYNAMIC
[INFO] [stderr]   cargo:rerun-if-env-changed=PKG_CONFIG_ALL_STATIC
[INFO] [stderr]   cargo:rerun-if-env-changed=PKG_CONFIG_ALL_DYNAMIC
[INFO] [stderr]   cargo:rerun-if-env-changed=PKG_CONFIG_PATH_x86_64-unknown-linux-gnu
[INFO] [stderr]   cargo:rerun-if-env-changed=PKG_CONFIG_PATH_x86_64_unknown_linux_gnu
[INFO] [stderr]   cargo:rerun-if-env-changed=HOST_PKG_CONFIG_PATH
[INFO] [stderr]   cargo:rerun-if-env-changed=PKG_CONFIG_PATH
[INFO] [stderr]   cargo:rerun-if-env-changed=PKG_CONFIG_LIBDIR_x86_64-unknown-linux-gnu
[INFO] [stderr]   cargo:rerun-if-env-changed=PKG_CONFIG_LIBDIR_x86_64_unknown_linux_gnu
[INFO] [stderr]   cargo:rerun-if-env-changed=HOST_PKG_CONFIG_LIBDIR
[INFO] [stderr]   cargo:rerun-if-env-changed=PKG_CONFIG_LIBDIR
[INFO] [stderr]   cargo:rerun-if-env-changed=PKG_CONFIG_SYSROOT_DIR_x86_64-unknown-linux-gnu
[INFO] [stderr]   cargo:rerun-if-env-changed=PKG_CONFIG_SYSROOT_DIR_x86_64_unknown_linux_gnu
[INFO] [stderr]   cargo:rerun-if-env-changed=HOST_PKG_CONFIG_SYSROOT_DIR
[INFO] [stderr]   cargo:rerun-if-env-changed=PKG_CONFIG_SYSROOT_DIR
[INFO] [stderr]   OPT_LEVEL = Some(0)
[INFO] [stderr]   TARGET = Some(x86_64-unknown-linux-gnu)
[INFO] [stderr]   OUT_DIR = Some(/opt/rustwide/target/debug/build/sentencepiece-sys-4626ba5e5e3c4bb3/out)
[INFO] [stderr]   HOST = Some(x86_64-unknown-linux-gnu)
[INFO] [stderr]   cargo:rerun-if-env-changed=CC_x86_64-unknown-linux-gnu
[INFO] [stderr]   CC_x86_64-unknown-linux-gnu = None
[INFO] [stderr]   cargo:rerun-if-env-changed=CC_x86_64_unknown_linux_gnu
[INFO] [stderr]   CC_x86_64_unknown_linux_gnu = None
[INFO] [stderr]   cargo:rerun-if-env-changed=HOST_CC
[INFO] [stderr]   HOST_CC = None
[INFO] [stderr]   cargo:rerun-if-env-changed=CC
[INFO] [stderr]   CC = None
[INFO] [stderr]   cargo:rerun-if-env-changed=CC_ENABLE_DEBUG_OUTPUT
[INFO] [stderr]   RUSTC_WRAPPER = None
[INFO] [stderr]   cargo:rerun-if-env-changed=CRATE_CC_NO_DEFAULTS
[INFO] [stderr]   CRATE_CC_NO_DEFAULTS = None
[INFO] [stderr]   DEBUG = Some(true)
[INFO] [stderr]   CARGO_CFG_TARGET_FEATURE = Some(fxsr,sse,sse2)
[INFO] [stderr]   cargo:rerun-if-env-changed=CFLAGS_x86_64-unknown-linux-gnu
[INFO] [stderr]   CFLAGS_x86_64-unknown-linux-gnu = None
[INFO] [stderr]   cargo:rerun-if-env-changed=CFLAGS_x86_64_unknown_linux_gnu
[INFO] [stderr]   CFLAGS_x86_64_unknown_linux_gnu = None
[INFO] [stderr]   cargo:rerun-if-env-changed=HOST_CFLAGS
[INFO] [stderr]   HOST_CFLAGS = None
[INFO] [stderr]   cargo:rerun-if-env-changed=CFLAGS
[INFO] [stderr]   CFLAGS = None
[INFO] [stderr]   CMAKE_TOOLCHAIN_FILE_x86_64-unknown-linux-gnu = None
[INFO] [stderr]   CMAKE_TOOLCHAIN_FILE_x86_64_unknown_linux_gnu = None
[INFO] [stderr]   HOST_CMAKE_TOOLCHAIN_FILE = None
[INFO] [stderr]   CMAKE_TOOLCHAIN_FILE = None
[INFO] [stderr]   CMAKE_GENERATOR_x86_64-unknown-linux-gnu = None
[INFO] [stderr]   CMAKE_GENERATOR_x86_64_unknown_linux_gnu = None
[INFO] [stderr]   HOST_CMAKE_GENERATOR = None
[INFO] [stderr]   CMAKE_GENERATOR = None
[INFO] [stderr]   CMAKE_PREFIX_PATH_x86_64-unknown-linux-gnu = None
[INFO] [stderr]   CMAKE_PREFIX_PATH_x86_64_unknown_linux_gnu = None
[INFO] [stderr]   HOST_CMAKE_PREFIX_PATH = None
[INFO] [stderr]   CMAKE_PREFIX_PATH = None
[INFO] [stderr]   CMAKE_x86_64-unknown-linux-gnu = None
[INFO] [stderr]   CMAKE_x86_64_unknown_linux_gnu = None
[INFO] [stderr]   HOST_CMAKE = None
[INFO] [stderr]   CMAKE = None
[INFO] [stderr]   running: cd "/opt/rustwide/target/debug/build/sentencepiece-sys-4626ba5e5e3c4bb3/out/build" && CMAKE_PREFIX_PATH="" "cmake" "/opt/rustwide/cargo-home/registry/src/index.crates.io-6f17d22bba15001f/sentencepiece-sys-0.11.2/source" "-DCMAKE_INSTALL_PREFIX=/opt/rustwide/target/debug/build/sentencepiece-sys-4626ba5e5e3c4bb3/out" "-DCMAKE_C_FLAGS= -ffunction-sections -fdata-sections -fPIC -m64" "-DCMAKE_C_COMPILER=/usr/bin/cc" "-DCMAKE_CXX_FLAGS= -ffunction-sections -fdata-sections -fPIC -m64" "-DCMAKE_CXX_COMPILER=/usr/bin/c++" "-DCMAKE_ASM_FLAGS= -ffunction-sections -fdata-sections -fPIC -m64" "-DCMAKE_ASM_COMPILER=/usr/bin/cc" "-DCMAKE_BUILD_TYPE=Debug"
[INFO] [stderr]   -- VERSION: 0.1.99
[INFO] [stderr]   -- The C compiler identification is GNU 11.4.0
[INFO] [stderr]   -- The CXX compiler identification is GNU 11.4.0
[INFO] [stderr]   -- Detecting C compiler ABI info
[INFO] [stderr]   -- Detecting C compiler ABI info - done
[INFO] [stderr]   -- Check for working C compiler: /usr/bin/cc - skipped
[INFO] [stderr]   -- Detecting C compile features
[INFO] [stderr]   -- Detecting C compile features - done
[INFO] [stderr]   -- Detecting CXX compiler ABI info
[INFO] [stderr]   -- Detecting CXX compiler ABI info - done
[INFO] [stderr]   -- Check for working CXX compiler: /usr/bin/c++ - skipped
[INFO] [stderr]   -- Detecting CXX compile features
[INFO] [stderr]   -- Detecting CXX compile features - done
[INFO] [stderr]   -- Looking for pthread.h
[INFO] [stderr]   -- Looking for pthread.h - found
[INFO] [stderr]   -- Performing Test CMAKE_HAVE_LIBC_PTHREAD
[INFO] [stderr]   -- Performing Test CMAKE_HAVE_LIBC_PTHREAD - Success
[INFO] [stderr]   -- Found Threads: TRUE  
[INFO] [stderr]   -- Not Found TCMalloc: TCMALLOC_LIB-NOTFOUND
[INFO] [stderr]   -- Configuring done
[INFO] [stderr]   -- Generating done
[INFO] [stderr]   -- Build files have been written to: /opt/rustwide/target/debug/build/sentencepiece-sys-4626ba5e5e3c4bb3/out/build
[INFO] [stderr]   running: cd "/opt/rustwide/target/debug/build/sentencepiece-sys-4626ba5e5e3c4bb3/out/build" && MAKEFLAGS="-j --jobserver-fds=8,9 --jobserver-auth=8,9" "cmake" "--build" "." "--target" "install" "--config" "Debug"
[INFO] [stderr]   [  1%] Building CXX object src/CMakeFiles/sentencepiece.dir/__/third_party/protobuf-lite/arena.cc.o
[INFO] [stderr]   [  1%] Building CXX object src/CMakeFiles/sentencepiece-static.dir/__/third_party/protobuf-lite/arena.cc.o
[INFO] [stderr]   [  2%] Building CXX object src/CMakeFiles/sentencepiece.dir/__/third_party/protobuf-lite/arenastring.cc.o
[INFO] [stderr]   [  3%] Building CXX object src/CMakeFiles/sentencepiece-static.dir/__/third_party/protobuf-lite/arenastring.cc.o
[INFO] [stderr]   [  4%] Building CXX object src/CMakeFiles/sentencepiece_train-static.dir/builder.cc.o
[INFO] [stderr]   [  5%] Building CXX object src/CMakeFiles/sentencepiece_train-static.dir/unicode_script.cc.o
[INFO] [stderr]   [  6%] Building CXX object src/CMakeFiles/sentencepiece_train-static.dir/trainer_factory.cc.o
[INFO] [stderr]   [  7%] Building CXX object src/CMakeFiles/sentencepiece_train-static.dir/trainer_interface.cc.o
[INFO] [stderr]   [  8%] Building CXX object src/CMakeFiles/sentencepiece.dir/__/third_party/protobuf-lite/bytestream.cc.o
[INFO] [stderr]   [  9%] Building CXX object src/CMakeFiles/sentencepiece-static.dir/__/third_party/protobuf-lite/bytestream.cc.o
[INFO] [stderr]   [  9%] Building CXX object src/CMakeFiles/sentencepiece_train-static.dir/unigram_model_trainer.cc.o
[INFO] [stderr]   [ 10%] Building CXX object src/CMakeFiles/sentencepiece.dir/__/third_party/protobuf-lite/coded_stream.cc.o
[INFO] [stderr]   [ 11%] Building CXX object src/CMakeFiles/sentencepiece-static.dir/__/third_party/protobuf-lite/coded_stream.cc.o
[INFO] [stderr]   [ 12%] Building CXX object src/CMakeFiles/sentencepiece_train-static.dir/word_model_trainer.cc.o
[INFO] [stderr]   [ 13%] Building CXX object src/CMakeFiles/sentencepiece.dir/__/third_party/protobuf-lite/common.cc.o
[INFO] [stderr]   [ 14%] Building CXX object src/CMakeFiles/sentencepiece-static.dir/__/third_party/protobuf-lite/common.cc.o
[INFO] [stderr]   [ 15%] Building CXX object src/CMakeFiles/sentencepiece_train-static.dir/char_model_trainer.cc.o
[INFO] [stderr]   [ 16%] Building CXX object src/CMakeFiles/sentencepiece-static.dir/__/third_party/protobuf-lite/extension_set.cc.o
[INFO] [stderr]   [ 17%] Building CXX object src/CMakeFiles/sentencepiece.dir/__/third_party/protobuf-lite/extension_set.cc.o
[INFO] [stderr]   [ 18%] Building CXX object src/CMakeFiles/sentencepiece.dir/__/third_party/protobuf-lite/generated_enum_util.cc.o
[INFO] [stderr]   [ 19%] Building CXX object src/CMakeFiles/sentencepiece-static.dir/__/third_party/protobuf-lite/generated_enum_util.cc.o
[INFO] [stderr]   [ 20%] Building CXX object src/CMakeFiles/sentencepiece.dir/__/third_party/protobuf-lite/generated_message_table_driven_lite.cc.o
[INFO] [stderr]   [ 20%] Building CXX object src/CMakeFiles/sentencepiece-static.dir/__/third_party/protobuf-lite/generated_message_table_driven_lite.cc.o
[INFO] [stderr]   [ 20%] Building CXX object src/CMakeFiles/sentencepiece.dir/__/third_party/protobuf-lite/generated_message_util.cc.o
[INFO] [stderr]   [ 21%] Building CXX object src/CMakeFiles/sentencepiece.dir/__/third_party/protobuf-lite/implicit_weak_message.cc.o
[INFO] [stderr]   [ 22%] Building CXX object src/CMakeFiles/sentencepiece.dir/__/third_party/protobuf-lite/int128.cc.o
[INFO] [stderr]   [ 23%] Building CXX object src/CMakeFiles/sentencepiece-static.dir/__/third_party/protobuf-lite/generated_message_util.cc.o
[INFO] [stderr]   [ 24%] Building CXX object src/CMakeFiles/sentencepiece.dir/__/third_party/protobuf-lite/io_win32.cc.o
[INFO] [stderr]   [ 25%] Building CXX object src/CMakeFiles/sentencepiece.dir/__/third_party/protobuf-lite/message_lite.cc.o
[INFO] [stderr]   [ 26%] Building CXX object src/CMakeFiles/sentencepiece-static.dir/__/third_party/protobuf-lite/implicit_weak_message.cc.o
[INFO] [stderr]   [ 27%] Building CXX object src/CMakeFiles/sentencepiece.dir/__/third_party/protobuf-lite/parse_context.cc.o
[INFO] [stderr]   [ 28%] Building CXX object src/CMakeFiles/sentencepiece-static.dir/__/third_party/protobuf-lite/int128.cc.o
[INFO] [stderr]   [ 29%] Building CXX object src/CMakeFiles/sentencepiece.dir/__/third_party/protobuf-lite/repeated_field.cc.o
[INFO] [stderr]   [ 30%] Building CXX object src/CMakeFiles/sentencepiece-static.dir/__/third_party/protobuf-lite/io_win32.cc.o
[INFO] [stderr]   [ 31%] Building CXX object src/CMakeFiles/sentencepiece-static.dir/__/third_party/protobuf-lite/message_lite.cc.o
[INFO] [stderr]   [ 32%] Building CXX object src/CMakeFiles/sentencepiece-static.dir/__/third_party/protobuf-lite/parse_context.cc.o
[INFO] [stderr]   [ 33%] Building CXX object src/CMakeFiles/sentencepiece-static.dir/__/third_party/protobuf-lite/repeated_field.cc.o
[INFO] [stderr]   [ 34%] Building CXX object src/CMakeFiles/sentencepiece-static.dir/__/third_party/protobuf-lite/status.cc.o
[INFO] [stderr]   [ 35%] Building CXX object src/CMakeFiles/sentencepiece.dir/__/third_party/protobuf-lite/status.cc.o
[INFO] [stderr]   [ 35%] Building CXX object src/CMakeFiles/sentencepiece.dir/__/third_party/protobuf-lite/statusor.cc.o
[INFO] [stderr]   [ 36%] Building CXX object src/CMakeFiles/sentencepiece.dir/__/third_party/protobuf-lite/stringpiece.cc.o
[INFO] [stderr]   [ 37%] Building CXX object src/CMakeFiles/sentencepiece.dir/__/third_party/protobuf-lite/stringprintf.cc.o
[INFO] [stderr]   [ 38%] Building CXX object src/CMakeFiles/sentencepiece.dir/__/third_party/protobuf-lite/structurally_valid.cc.o
[INFO] [stderr]   [ 38%] Building CXX object src/CMakeFiles/sentencepiece-static.dir/__/third_party/protobuf-lite/statusor.cc.o
[INFO] [stderr]   [ 39%] Building CXX object src/CMakeFiles/sentencepiece.dir/__/third_party/protobuf-lite/strutil.cc.o
[INFO] [stderr]   [ 40%] Building CXX object src/CMakeFiles/sentencepiece-static.dir/__/third_party/protobuf-lite/stringpiece.cc.o
[INFO] [stderr]   [ 41%] Building CXX object src/CMakeFiles/sentencepiece.dir/__/third_party/protobuf-lite/time.cc.o
[INFO] [stderr]   [ 42%] Building CXX object src/CMakeFiles/sentencepiece.dir/__/third_party/protobuf-lite/wire_format_lite.cc.o
[INFO] [stderr]   [ 43%] Building CXX object src/CMakeFiles/sentencepiece.dir/__/third_party/protobuf-lite/zero_copy_stream.cc.o
[INFO] [stderr]   [ 43%] Building CXX object src/CMakeFiles/sentencepiece.dir/__/third_party/protobuf-lite/zero_copy_stream_impl.cc.o
[INFO] [stderr]   [ 44%] Building CXX object src/CMakeFiles/sentencepiece.dir/__/third_party/protobuf-lite/zero_copy_stream_impl_lite.cc.o
[INFO] [stderr]   [ 45%] Building CXX object src/CMakeFiles/sentencepiece.dir/builtin_pb/sentencepiece.pb.cc.o
[INFO] [stderr]   [ 46%] Building CXX object src/CMakeFiles/sentencepiece.dir/builtin_pb/sentencepiece_model.pb.cc.o
[INFO] [stderr]   [ 47%] Building CXX object src/CMakeFiles/sentencepiece-static.dir/__/third_party/protobuf-lite/stringprintf.cc.o
[INFO] [stderr]   [ 48%] Building CXX object src/CMakeFiles/sentencepiece.dir/bpe_model.cc.o
[INFO] [stderr]   [ 49%] Building CXX object src/CMakeFiles/sentencepiece.dir/char_model.cc.o
[INFO] [stderr]   [ 50%] Building CXX object src/CMakeFiles/sentencepiece-static.dir/__/third_party/protobuf-lite/structurally_valid.cc.o
[INFO] [stderr]   [ 51%] Building CXX object src/CMakeFiles/sentencepiece-static.dir/__/third_party/protobuf-lite/time.cc.o
[INFO] [stderr]   [ 52%] Building CXX object src/CMakeFiles/sentencepiece-static.dir/__/third_party/protobuf-lite/strutil.cc.o
[INFO] [stderr]   [ 53%] Building CXX object src/CMakeFiles/sentencepiece-static.dir/__/third_party/protobuf-lite/wire_format_lite.cc.o
[INFO] [stderr]   [ 54%] Building CXX object src/CMakeFiles/sentencepiece-static.dir/__/third_party/protobuf-lite/zero_copy_stream.cc.o
[INFO] [stderr]   [ 54%] Building CXX object src/CMakeFiles/sentencepiece-static.dir/__/third_party/protobuf-lite/zero_copy_stream_impl.cc.o
[INFO] [stderr]   [ 55%] Building CXX object src/CMakeFiles/sentencepiece-static.dir/__/third_party/protobuf-lite/zero_copy_stream_impl_lite.cc.o
[INFO] [stderr]   [ 56%] Building CXX object src/CMakeFiles/sentencepiece-static.dir/builtin_pb/sentencepiece.pb.cc.o
[INFO] [stderr]   [ 57%] Building CXX object src/CMakeFiles/sentencepiece.dir/error.cc.o
[INFO] [stderr]   [ 58%] Building CXX object src/CMakeFiles/sentencepiece.dir/filesystem.cc.o
[INFO] [stderr]   [ 58%] Building CXX object src/CMakeFiles/sentencepiece.dir/model_factory.cc.o
[INFO] [stderr]   [ 59%] Building CXX object src/CMakeFiles/sentencepiece-static.dir/builtin_pb/sentencepiece_model.pb.cc.o
[INFO] [stderr]   [ 60%] Building CXX object src/CMakeFiles/sentencepiece-static.dir/bpe_model.cc.o
[INFO] [stderr]   [ 61%] Building CXX object src/CMakeFiles/sentencepiece-static.dir/char_model.cc.o
[INFO] [stderr]   [ 62%] Building CXX object src/CMakeFiles/sentencepiece-static.dir/error.cc.o
[INFO] [stderr]   [ 63%] Building CXX object src/CMakeFiles/sentencepiece-static.dir/filesystem.cc.o
[INFO] [stderr]   [ 63%] Building CXX object src/CMakeFiles/sentencepiece-static.dir/model_factory.cc.o
[INFO] [stderr]   [ 64%] Building CXX object src/CMakeFiles/sentencepiece-static.dir/model_interface.cc.o
[INFO] [stderr]   [ 65%] Building CXX object src/CMakeFiles/sentencepiece.dir/model_interface.cc.o
[INFO] [stderr]   [ 66%] Building CXX object src/CMakeFiles/sentencepiece.dir/normalizer.cc.o
[INFO] [stderr]   [ 67%] Building CXX object src/CMakeFiles/sentencepiece-static.dir/normalizer.cc.o
[INFO] [stderr]   [ 68%] Building CXX object src/CMakeFiles/sentencepiece.dir/sentencepiece_processor.cc.o
[INFO] [stderr]   [ 69%] Building CXX object src/CMakeFiles/sentencepiece-static.dir/sentencepiece_processor.cc.o
[INFO] [stderr]   [ 70%] Building CXX object src/CMakeFiles/sentencepiece-static.dir/unigram_model.cc.o
[INFO] [stderr]   [ 71%] Building CXX object src/CMakeFiles/sentencepiece.dir/unigram_model.cc.o
[INFO] [stderr]   [ 72%] Building CXX object src/CMakeFiles/sentencepiece.dir/util.cc.o
[INFO] [stderr]   [ 73%] Building CXX object src/CMakeFiles/sentencepiece.dir/word_model.cc.o
[INFO] [stderr]   [ 74%] Building CXX object src/CMakeFiles/sentencepiece-static.dir/util.cc.o
[INFO] [stderr]   [ 75%] Building CXX object src/CMakeFiles/sentencepiece-static.dir/word_model.cc.o
[INFO] [stderr]   [ 76%] Building CXX object src/CMakeFiles/sentencepiece-static.dir/__/third_party/absl/flags/flag.cc.o
[INFO] [stderr] 
[INFO] [stderr]   --- stderr
[INFO] [stderr]   CMake Warning:
[INFO] [stderr]     Manually-specified variables were not used by the project:
[INFO] [stderr] 
[INFO] [stderr]       CMAKE_ASM_COMPILER
[INFO] [stderr]       CMAKE_ASM_FLAGS
[INFO] [stderr] 
[INFO] [stderr] 
[INFO] [stderr]   c++: fatal error: Killed signal terminated program cc1plus
[INFO] [stderr]   compilation terminated.
[INFO] [stderr]   gmake[2]: *** [src/CMakeFiles/sentencepiece_train-static.dir/build.make:76: src/CMakeFiles/sentencepiece_train-static.dir/builder.cc.o] Error 1
[INFO] [stderr]   gmake[2]: *** Waiting for unfinished jobs....
[INFO] [stderr]   c++: fatal error: Killed signal terminated program cc1plus
[INFO] [stderr]   compilation terminated.
[INFO] [stderr]   gmake[2]: *** [src/CMakeFiles/sentencepiece_train-static.dir/build.make:90: src/CMakeFiles/sentencepiece_train-static.dir/unicode_script.cc.o] Error 1
[INFO] [stderr]   c++: fatal error: Killed signal terminated program cc1plus
[INFO] [stderr]   compilation terminated.
[INFO] [stderr]   gmake[2]: *** [src/CMakeFiles/sentencepiece_train-static.dir/build.make:118: src/CMakeFiles/sentencepiece_train-static.dir/trainer_interface.cc.o] Error 1
[INFO] [stderr]   c++: fatal error: Killed signal terminated program cc1plus
[INFO] [stderr]   compilation terminated.
[INFO] [stderr]   gmake[2]: *** [src/CMakeFiles/sentencepiece_train-static.dir/build.make:132: src/CMakeFiles/sentencepiece_train-static.dir/unigram_model_trainer.cc.o] Error 1
[INFO] [stderr]   gmake[1]: *** [CMakeFiles/Makefile2:210: src/CMakeFiles/sentencepiece_train-static.dir/all] Error 2
[INFO] [stderr]   gmake[1]: *** Waiting for unfinished jobs....
[INFO] [stderr]   In file included from /usr/include/string.h:535,
[INFO] [stderr]                    from /opt/rustwide/cargo-home/registry/src/index.crates.io-6f17d22bba15001f/sentencepiece-sys-0.11.2/source/src/../third_party/protobuf-lite/google/protobuf/stubs/port.h:39,
[INFO] [stderr]                    from /opt/rustwide/cargo-home/registry/src/index.crates.io-6f17d22bba15001f/sentencepiece-sys-0.11.2/source/src/../third_party/protobuf-lite/google/protobuf/stubs/macros.h:34,
[INFO] [stderr]                    from /opt/rustwide/cargo-home/registry/src/index.crates.io-6f17d22bba15001f/sentencepiece-sys-0.11.2/source/src/../third_party/protobuf-lite/google/protobuf/stubs/common.h:46,
[INFO] [stderr]                    from /opt/rustwide/cargo-home/registry/src/index.crates.io-6f17d22bba15001f/sentencepiece-sys-0.11.2/source/src/../third_party/protobuf-lite/google/protobuf/message_lite.h:45,
[INFO] [stderr]                    from /opt/rustwide/cargo-home/registry/src/index.crates.io-6f17d22bba15001f/sentencepiece-sys-0.11.2/source/third_party/protobuf-lite/message_lite.cc:36:
[INFO] [stderr]   In function 'void* memcpy(void*, const void*, size_t)',
[INFO] [stderr]       inlined from 'google::protobuf::uint8* google::protobuf::io::EpsCopyOutputStream::WriteRaw(const void*, int, google::protobuf::uint8*)' at /opt/rustwide/cargo-home/registry/src/index.crates.io-6f17d22bba15001f/sentencepiece-sys-0.11.2/source/src/../third_party/protobuf-lite/google/protobuf/io/coded_stream.h:699:16,
[INFO] [stderr]       inlined from 'virtual google::protobuf::uint8* google::protobuf::internal::ImplicitWeakMessage::_InternalSerialize(google::protobuf::uint8*, google::protobuf::io::EpsCopyOutputStream*) const' at /opt/rustwide/cargo-home/registry/src/index.crates.io-6f17d22bba15001f/sentencepiece-sys-0.11.2/source/src/../third_party/protobuf-lite/google/protobuf/implicit_weak_message.h:85:28,
[INFO] [stderr]       inlined from 'bool google::protobuf::MessageLite::SerializePartialToZeroCopyStream(google::protobuf::io::ZeroCopyOutputStream*) const' at /opt/rustwide/cargo-home/registry/src/index.crates.io-6f17d22bba15001f/sentencepiece-sys-0.11.2/source/third_party/protobuf-lite/message_lite.cc:419:30:
[INFO] [stderr]   /usr/include/x86_64-linux-gnu/bits/string_fortified.h:29:33: warning: 'void* __builtin___memcpy_chk(void*, const void*, long unsigned int, long unsigned int)' specified size between 18446744071562067968 and 18446744073709551615 exceeds maximum object size 9223372036854775807 [-Wstringop-overflow=]
[INFO] [stderr]      29 |   return __builtin___memcpy_chk (__dest, __src, __len,
[INFO] [stderr]         |          ~~~~~~~~~~~~~~~~~~~~~~~^~~~~~~~~~~~~~~~~~~~~~
[INFO] [stderr]      30 |                                  __glibc_objsize0 (__dest));
[INFO] [stderr]         |                                  ~~~~~~~~~~~~~~~~~~~~~~~~~~
[INFO] [stderr]   In file included from /usr/include/string.h:535,
[INFO] [stderr]                    from /opt/rustwide/cargo-home/registry/src/index.crates.io-6f17d22bba15001f/sentencepiece-sys-0.11.2/source/src/../third_party/protobuf-lite/google/protobuf/stubs/port.h:39,
[INFO] [stderr]                    from /opt/rustwide/cargo-home/registry/src/index.crates.io-6f17d22bba15001f/sentencepiece-sys-0.11.2/source/src/../third_party/protobuf-lite/google/protobuf/stubs/macros.h:34,
[INFO] [stderr]                    from /opt/rustwide/cargo-home/registry/src/index.crates.io-6f17d22bba15001f/sentencepiece-sys-0.11.2/source/src/../third_party/protobuf-lite/google/protobuf/stubs/common.h:46,
[INFO] [stderr]                    from /opt/rustwide/cargo-home/registry/src/index.crates.io-6f17d22bba15001f/sentencepiece-sys-0.11.2/source/src/../third_party/protobuf-lite/google/protobuf/message_lite.h:45,
[INFO] [stderr]                    from /opt/rustwide/cargo-home/registry/src/index.crates.io-6f17d22bba15001f/sentencepiece-sys-0.11.2/source/third_party/protobuf-lite/message_lite.cc:36:
[INFO] [stderr]   In function 'void* memcpy(void*, const void*, size_t)',
[INFO] [stderr]       inlined from 'google::protobuf::uint8* google::protobuf::io::EpsCopyOutputStream::WriteRaw(const void*, int, google::protobuf::uint8*)' at /opt/rustwide/cargo-home/registry/src/index.crates.io-6f17d22bba15001f/sentencepiece-sys-0.11.2/source/src/../third_party/protobuf-lite/google/protobuf/io/coded_stream.h:699:16,
[INFO] [stderr]       inlined from 'virtual google::protobuf::uint8* google::protobuf::internal::ImplicitWeakMessage::_InternalSerialize(google::protobuf::uint8*, google::protobuf::io::EpsCopyOutputStream*) const' at /opt/rustwide/cargo-home/registry/src/index.crates.io-6f17d22bba15001f/sentencepiece-sys-0.11.2/source/src/../third_party/protobuf-lite/google/protobuf/implicit_weak_message.h:85:28,
[INFO] [stderr]       inlined from 'bool google::protobuf::MessageLite::SerializePartialToZeroCopyStream(google::protobuf::io::ZeroCopyOutputStream*) const' at /opt/rustwide/cargo-home/registry/src/index.crates.io-6f17d22bba15001f/sentencepiece-sys-0.11.2/source/third_party/protobuf-lite/message_lite.cc:419:30:
[INFO] [stderr]   /usr/include/x86_64-linux-gnu/bits/string_fortified.h:29:33: warning: 'void* __builtin___memcpy_chk(void*, const void*, long unsigned int, long unsigned int)' specified size between 18446744071562067968 and 18446744073709551615 exceeds maximum object size 9223372036854775807 [-Wstringop-overflow=]
[INFO] [stderr]      29 |   return __builtin___memcpy_chk (__dest, __src, __len,
[INFO] [stderr]         |          ~~~~~~~~~~~~~~~~~~~~~~~^~~~~~~~~~~~~~~~~~~~~~
[INFO] [stderr]      30 |                                  __glibc_objsize0 (__dest));
[INFO] [stderr]         |                                  ~~~~~~~~~~~~~~~~~~~~~~~~~~
[INFO] [stderr]   c++: fatal error: Killed signal terminated program cc1plus
[INFO] [stderr]   compilation terminated.
[INFO] [stderr]   gmake[2]: *** [src/CMakeFiles/sentencepiece.dir/build.make:566: src/CMakeFiles/sentencepiece.dir/sentencepiece_processor.cc.o] Error 1
[INFO] [stderr]   gmake[2]: *** Waiting for unfinished jobs....
[INFO] [stderr]   c++: fatal error: Killed signal terminated program cc1plus
[INFO] [stderr]   compilation terminated.
[INFO] [stderr]   gmake[2]: *** [src/CMakeFiles/sentencepiece-static.dir/build.make:566: src/CMakeFiles/sentencepiece-static.dir/sentencepiece_processor.cc.o] Error 1
[INFO] [stderr]   gmake[2]: *** Waiting for unfinished jobs....
[INFO] [stderr]   gmake[1]: *** [CMakeFiles/Makefile2:184: src/CMakeFiles/sentencepiece-static.dir/all] Error 2
[INFO] [stderr]   gmake[1]: *** [CMakeFiles/Makefile2:132: src/CMakeFiles/sentencepiece.dir/all] Error 2
[INFO] [stderr]   gmake: *** [Makefile:156: all] Error 2
[INFO] [stderr]   thread 'main' panicked at /opt/rustwide/cargo-home/registry/src/index.crates.io-6f17d22bba15001f/cmake-0.1.51/src/lib.rs:1100:5:
[INFO] [stderr] 
[INFO] [stderr]   command did not execute successfully, got: exit status: 2
[INFO] [stderr] 
[INFO] [stderr]   build script failed, must exit now
[INFO] [stderr]   stack backtrace:
[INFO] [stderr]      0:     0x6282f96b343a - std::backtrace_rs::backtrace::libunwind::trace::h207520d6e9873551
[INFO] [stderr]                                  at /rustc/df4ca44d3fbc9301ee17f30f4d474e6ae4b05252/library/std/src/../../backtrace/src/backtrace/libunwind.rs:116:5
[INFO] [stderr]      1:     0x6282f96b343a - std::backtrace_rs::backtrace::trace_unsynchronized::h2ed7433f370e3eca
[INFO] [stderr]                                  at /rustc/df4ca44d3fbc9301ee17f30f4d474e6ae4b05252/library/std/src/../../backtrace/src/backtrace/mod.rs:66:5
[INFO] [stderr]      2:     0x6282f96b343a - std::sys::backtrace::_print_fmt::h916fac51166b18d7
[INFO] [stderr]                                  at /rustc/df4ca44d3fbc9301ee17f30f4d474e6ae4b05252/library/std/src/sys/backtrace.rs:66:9
[INFO] [stderr]      3:     0x6282f96b343a - <std::sys::backtrace::BacktraceLock::print::DisplayBacktrace as core::fmt::Display>::fmt::ha0a4c9b8ce3802e6
[INFO] [stderr]                                  at /rustc/df4ca44d3fbc9301ee17f30f4d474e6ae4b05252/library/std/src/sys/backtrace.rs:39:26
[INFO] [stderr]      4:     0x6282f96d7df3 - core::fmt::rt::Argument::fmt::h4cfc8587d52b3eb5
[INFO] [stderr]                                  at /rustc/df4ca44d3fbc9301ee17f30f4d474e6ae4b05252/library/core/src/fmt/rt.rs:177:76
[INFO] [stderr]      5:     0x6282f96d7df3 - core::fmt::write::h522cc39e5b36ae9f
[INFO] [stderr]                                  at /rustc/df4ca44d3fbc9301ee17f30f4d474e6ae4b05252/library/core/src/fmt/mod.rs:1190:21
[INFO] [stderr]      6:     0x6282f96af663 - std::io::Write::write_fmt::hf1c1dcc8cc1287f0
[INFO] [stderr]                                  at /rustc/df4ca44d3fbc9301ee17f30f4d474e6ae4b05252/library/std/src/io/mod.rs:1839:15
[INFO] [stderr]      7:     0x6282f96b3282 - std::sys::backtrace::BacktraceLock::print::h4b9e00b29e9c0942
[INFO] [stderr]                                  at /rustc/df4ca44d3fbc9301ee17f30f4d474e6ae4b05252/library/std/src/sys/backtrace.rs:42:9
[INFO] [stderr]      8:     0x6282f96b447c - std::panicking::default_hook::{{closure}}::hb59b88280d0324d9
[INFO] [stderr]                                  at /rustc/df4ca44d3fbc9301ee17f30f4d474e6ae4b05252/library/std/src/panicking.rs:268:22
[INFO] [stderr]      9:     0x6282f96b42c2 - std::panicking::default_hook::he1dd496665be4a29
[INFO] [stderr]                                  at /rustc/df4ca44d3fbc9301ee17f30f4d474e6ae4b05252/library/std/src/panicking.rs:295:9
[INFO] [stderr]     10:     0x6282f96b4a77 - std::panicking::rust_panic_with_hook::h2ff17fe8f26dfcf8
[INFO] [stderr]                                  at /rustc/df4ca44d3fbc9301ee17f30f4d474e6ae4b05252/library/std/src/panicking.rs:801:13
[INFO] [stderr]     11:     0x6282f96b490a - std::panicking::begin_panic_handler::{{closure}}::h4fad77951c07e101
[INFO] [stderr]                                  at /rustc/df4ca44d3fbc9301ee17f30f4d474e6ae4b05252/library/std/src/panicking.rs:674:13
[INFO] [stderr]     12:     0x6282f96b3919 - std::sys::backtrace::__rust_end_short_backtrace::hb1a25b3da5d0ea08
[INFO] [stderr]                                  at /rustc/df4ca44d3fbc9301ee17f30f4d474e6ae4b05252/library/std/src/sys/backtrace.rs:170:18
[INFO] [stderr]     13:     0x6282f96b459c - rust_begin_unwind
[INFO] [stderr]                                  at /rustc/df4ca44d3fbc9301ee17f30f4d474e6ae4b05252/library/std/src/panicking.rs:665:5
[INFO] [stderr]     14:     0x6282f96d6ba0 - core::panicking::panic_fmt::ha9db07b529f9b256
[INFO] [stderr]                                  at /rustc/df4ca44d3fbc9301ee17f30f4d474e6ae4b05252/library/core/src/panicking.rs:75:14
[INFO] [stderr]     15:     0x6282f96211c2 - cmake::fail::he59086db93cdb6d9
[INFO] [stderr]     16:     0x6282f9620999 - cmake::run::h4c7f681d6e25b67d
[INFO] [stderr]     17:     0x6282f961d38f - cmake::Config::build::hb94199b1acfc6129
[INFO] [stderr]     18:     0x6282f95ed62a - build_script_build::build_sentencepiece::h5e856ffa5d1c0010
[INFO] [stderr]     19:     0x6282f95edfae - build_script_build::main::he392d9b622eaec9b
[INFO] [stderr]     20:     0x6282f95ebd43 - core::ops::function::FnOnce::call_once::hf050892bd947c6f5
[INFO] [stderr]     21:     0x6282f95ebc86 - std::sys::backtrace::__rust_begin_short_backtrace::h95d7041b70e088c7
[INFO] [stderr]     22:     0x6282f95ebbe9 - std::rt::lang_start::{{closure}}::h2650dffa12eb1bc5
[INFO] [stderr]     23:     0x6282f96ab977 - core::ops::function::impls::<impl core::ops::function::FnOnce<A> for &F>::call_once::hd87d66b906e0ccaf
[INFO] [stderr]                                  at /rustc/df4ca44d3fbc9301ee17f30f4d474e6ae4b05252/library/core/src/ops/function.rs:284:13
[INFO] [stderr]     24:     0x6282f96ab977 - std::panicking::try::do_call::hae3703de71fc9e3a
[INFO] [stderr]                                  at /rustc/df4ca44d3fbc9301ee17f30f4d474e6ae4b05252/library/std/src/panicking.rs:557:40
[INFO] [stderr]     25:     0x6282f96ab977 - std::panicking::try::h1178330e9a2b2645
[INFO] [stderr]                                  at /rustc/df4ca44d3fbc9301ee17f30f4d474e6ae4b05252/library/std/src/panicking.rs:520:19
[INFO] [stderr]     26:     0x6282f96ab977 - std::panic::catch_unwind::h0acf49d2305d32ad
[INFO] [stderr]                                  at /rustc/df4ca44d3fbc9301ee17f30f4d474e6ae4b05252/library/std/src/panic.rs:358:14
[INFO] [stderr]     27:     0x6282f96ab977 - std::rt::lang_start_internal::{{closure}}::h2d95182d798177be
[INFO] [stderr]                                  at /rustc/df4ca44d3fbc9301ee17f30f4d474e6ae4b05252/library/std/src/rt.rs:174:48
[INFO] [stderr]     28:     0x6282f96ab977 - std::panicking::try::do_call::hb506f5bfe11fd30c
[INFO] [stderr]                                  at /rustc/df4ca44d3fbc9301ee17f30f4d474e6ae4b05252/library/std/src/panicking.rs:557:40
[INFO] [stderr]     29:     0x6282f96ab977 - std::panicking::try::h54d825c46bd0fa95
[INFO] [stderr]                                  at /rustc/df4ca44d3fbc9301ee17f30f4d474e6ae4b05252/library/std/src/panicking.rs:520:19
[INFO] [stderr]     30:     0x6282f96ab977 - std::panic::catch_unwind::hffbb0ad20c4e9fac
[INFO] [stderr]                                  at /rustc/df4ca44d3fbc9301ee17f30f4d474e6ae4b05252/library/std/src/panic.rs:358:14
[INFO] [stderr]     31:     0x6282f96ab977 - std::rt::lang_start_internal::h52c291ef1962c925
[INFO] [stderr]                                  at /rustc/df4ca44d3fbc9301ee17f30f4d474e6ae4b05252/library/std/src/rt.rs:174:20
[INFO] [stderr]     32:     0x6282f95ebbc7 - std::rt::lang_start::hfdcc0965286735b7
[INFO] [stderr]     33:     0x6282f95ee1c5 - main
[INFO] [stderr]     34:     0x7db675077d90 - <unknown>
[INFO] [stderr]     35:     0x7db675077e40 - __libc_start_main
[INFO] [stderr]     36:     0x6282f95eb765 - _start
[INFO] [stderr]     37:                0x0 - <unknown>
[INFO] running `Command { std: "docker" "inspect" "174fb4d14ddb42a3dd3d98d3fa11bf66fd7b33db2b98e5e2c10a68a612c028db", kill_on_drop: false }`
[INFO] running `Command { std: "docker" "rm" "-f" "174fb4d14ddb42a3dd3d98d3fa11bf66fd7b33db2b98e5e2c10a68a612c028db", kill_on_drop: false }`
[INFO] [stdout] 174fb4d14ddb42a3dd3d98d3fa11bf66fd7b33db2b98e5e2c10a68a612c028db
