[INFO] fetching crate secstr 0.5.1...
[INFO] testing secstr-0.5.1 against nightly-2024-10-28+rustflags=-Zrandomize-layout for randomize-layout
[INFO] extracting crate secstr 0.5.1 into /workspace/builds/worker-3-tc2/source
[INFO] validating manifest of crates.io crate secstr 0.5.1 on toolchain nightly-2024-10-28
[INFO] running `Command { std: CARGO_HOME="/workspace/cargo-home" RUSTUP_HOME="/workspace/rustup-home" "/workspace/cargo-home/bin/cargo" "+nightly-2024-10-28" "metadata" "--manifest-path" "Cargo.toml" "--no-deps", kill_on_drop: false }`
[INFO] started tweaking crates.io crate secstr 0.5.1
[INFO] finished tweaking crates.io crate secstr 0.5.1
[INFO] tweaked toml for crates.io crate secstr 0.5.1 written to /workspace/builds/worker-3-tc2/source/Cargo.toml
[INFO] running `Command { std: CARGO_HOME="/workspace/cargo-home" RUSTUP_HOME="/workspace/rustup-home" "/workspace/cargo-home/bin/cargo" "+nightly-2024-10-28" "generate-lockfile" "--manifest-path" "Cargo.toml", kill_on_drop: false }`
[INFO] [stderr]     Updating crates.io index
[INFO] [stderr]      Locking 39 packages to latest compatible versions
[INFO] running `Command { std: CARGO_HOME="/workspace/cargo-home" RUSTUP_HOME="/workspace/rustup-home" "/workspace/cargo-home/bin/cargo" "+nightly-2024-10-28" "fetch" "--manifest-path" "Cargo.toml", kill_on_drop: false }`
[INFO] running `Command { std: "docker" "create" "-v" "/var/lib/crater-agent-workspace/builds/worker-3-tc2/target:/opt/rustwide/target:rw,Z" "-v" "/var/lib/crater-agent-workspace/builds/worker-3-tc2/source:/opt/rustwide/workdir:ro,Z" "-v" "/var/lib/crater-agent-workspace/cargo-home:/opt/rustwide/cargo-home:ro,Z" "-v" "/var/lib/crater-agent-workspace/rustup-home:/opt/rustwide/rustup-home:ro,Z" "-e" "SOURCE_DIR=/opt/rustwide/workdir" "-e" "CARGO_TARGET_DIR=/opt/rustwide/target" "-e" "CARGO_HOME=/opt/rustwide/cargo-home" "-e" "RUSTUP_HOME=/opt/rustwide/rustup-home" "-w" "/opt/rustwide/workdir" "-m" "1610612736" "--user" "0:0" "--network" "none" "ghcr.io/rust-lang/crates-build-env/linux@sha256:4a844ea9eb2546a2d2c7022eacef16ef2e8229c7fbb2c7d4d55a9ceca922f72d" "/opt/rustwide/cargo-home/bin/cargo" "+nightly-2024-10-28" "metadata" "--no-deps" "--format-version=1", kill_on_drop: false }`
[INFO] [stdout] 04988ae0979daa2bd9f846f75ac274bedba62dbc11e75e894dca18136e37c213
[INFO] running `Command { std: "docker" "start" "-a" "04988ae0979daa2bd9f846f75ac274bedba62dbc11e75e894dca18136e37c213", kill_on_drop: false }`
[INFO] running `Command { std: "docker" "inspect" "04988ae0979daa2bd9f846f75ac274bedba62dbc11e75e894dca18136e37c213", kill_on_drop: false }`
[INFO] running `Command { std: "docker" "rm" "-f" "04988ae0979daa2bd9f846f75ac274bedba62dbc11e75e894dca18136e37c213", kill_on_drop: false }`
[INFO] [stdout] 04988ae0979daa2bd9f846f75ac274bedba62dbc11e75e894dca18136e37c213
[INFO] running `Command { std: "docker" "create" "-v" "/var/lib/crater-agent-workspace/builds/worker-3-tc2/target:/opt/rustwide/target:rw,Z" "-v" "/var/lib/crater-agent-workspace/builds/worker-3-tc2/source:/opt/rustwide/workdir:ro,Z" "-v" "/var/lib/crater-agent-workspace/cargo-home:/opt/rustwide/cargo-home:ro,Z" "-v" "/var/lib/crater-agent-workspace/rustup-home:/opt/rustwide/rustup-home:ro,Z" "-e" "SOURCE_DIR=/opt/rustwide/workdir" "-e" "CARGO_TARGET_DIR=/opt/rustwide/target" "-e" "CARGO_INCREMENTAL=0" "-e" "RUST_BACKTRACE=full" "-e" "RUSTFLAGS=--cap-lints=forbid -Zrandomize-layout" "-e" "RUSTDOCFLAGS=--cap-lints=forbid" "-e" "CARGO_HOME=/opt/rustwide/cargo-home" "-e" "RUSTUP_HOME=/opt/rustwide/rustup-home" "-w" "/opt/rustwide/workdir" "-m" "1610612736" "--user" "0:0" "--network" "none" "ghcr.io/rust-lang/crates-build-env/linux@sha256:4a844ea9eb2546a2d2c7022eacef16ef2e8229c7fbb2c7d4d55a9ceca922f72d" "/opt/rustwide/cargo-home/bin/cargo" "+nightly-2024-10-28" "build" "--frozen" "--message-format=json", kill_on_drop: false }`
[INFO] [stdout] 1518bf45c9ce544f78d363816b5d867e2787f333943da414fef1ca08b1fb5d26
[INFO] running `Command { std: "docker" "start" "-a" "1518bf45c9ce544f78d363816b5d867e2787f333943da414fef1ca08b1fb5d26", kill_on_drop: false }`
[INFO] [stderr]    Compiling libc v0.2.161
[INFO] [stderr]    Compiling secstr v0.5.1 (/opt/rustwide/workdir)
[INFO] [stderr]     Finished `dev` profile [unoptimized + debuginfo] target(s) in 0.76s
[INFO] running `Command { std: "docker" "inspect" "1518bf45c9ce544f78d363816b5d867e2787f333943da414fef1ca08b1fb5d26", kill_on_drop: false }`
[INFO] running `Command { std: "docker" "rm" "-f" "1518bf45c9ce544f78d363816b5d867e2787f333943da414fef1ca08b1fb5d26", kill_on_drop: false }`
[INFO] [stdout] 1518bf45c9ce544f78d363816b5d867e2787f333943da414fef1ca08b1fb5d26
[INFO] running `Command { std: "docker" "create" "-v" "/var/lib/crater-agent-workspace/builds/worker-3-tc2/target:/opt/rustwide/target:rw,Z" "-v" "/var/lib/crater-agent-workspace/builds/worker-3-tc2/source:/opt/rustwide/workdir:ro,Z" "-v" "/var/lib/crater-agent-workspace/cargo-home:/opt/rustwide/cargo-home:ro,Z" "-v" "/var/lib/crater-agent-workspace/rustup-home:/opt/rustwide/rustup-home:ro,Z" "-e" "SOURCE_DIR=/opt/rustwide/workdir" "-e" "CARGO_TARGET_DIR=/opt/rustwide/target" "-e" "CARGO_INCREMENTAL=0" "-e" "RUST_BACKTRACE=full" "-e" "RUSTFLAGS=--cap-lints=forbid -Zrandomize-layout" "-e" "RUSTDOCFLAGS=--cap-lints=forbid" "-e" "CARGO_HOME=/opt/rustwide/cargo-home" "-e" "RUSTUP_HOME=/opt/rustwide/rustup-home" "-w" "/opt/rustwide/workdir" "-m" "1610612736" "--user" "0:0" "--network" "none" "ghcr.io/rust-lang/crates-build-env/linux@sha256:4a844ea9eb2546a2d2c7022eacef16ef2e8229c7fbb2c7d4d55a9ceca922f72d" "/opt/rustwide/cargo-home/bin/cargo" "+nightly-2024-10-28" "test" "--frozen" "--no-run" "--message-format=json", kill_on_drop: false }`
[INFO] [stdout] 934ce1ba4618a88ee84b7c5b6f43894ff09fe66c8434f9f63000e2a9a87bb043
[INFO] running `Command { std: "docker" "start" "-a" "934ce1ba4618a88ee84b7c5b6f43894ff09fe66c8434f9f63000e2a9a87bb043", kill_on_drop: false }`
[INFO] [stderr]    Compiling semver-parser v0.7.0
[INFO] [stderr]    Compiling proc-macro-error-attr v1.0.4
[INFO] [stderr]    Compiling syn v1.0.109
[INFO] [stderr]    Compiling proc-macro-error v1.0.4
[INFO] [stderr]    Compiling serde v1.0.214
[INFO] [stderr]    Compiling cfg-if v0.1.10
[INFO] [stderr]    Compiling lazy_static v1.5.0
[INFO] [stderr]    Compiling half v1.8.3
[INFO] [stderr]    Compiling semver v0.9.0
[INFO] [stderr]    Compiling rustc_version v0.2.3
[INFO] [stderr]    Compiling pre-proc-macro v0.2.1
[INFO] [stderr]    Compiling pre v0.2.1
[INFO] [stderr]    Compiling toml v0.5.11
[INFO] [stderr]    Compiling serde_cbor v0.11.2
[INFO] [stderr]    Compiling proc-macro-crate v0.1.5
[INFO] [stdout] error[E0741]: `&'static str` can't be used as a const parameter type
[INFO] [stdout]     --> /opt/rustwide/cargo-home/registry/src/index.crates.io-6f17d22bba15001f/pre-0.2.1/src/lib.rs:1126:49
[INFO] [stdout]      |
[INFO] [stdout] 1126 |         pub struct ValidPtrCondition<const PTR: &'static str, const ACCESS_TYPE: &'static str>;
[INFO] [stdout]      |                                                 ^^^^^^^^^^^^
[INFO] [stdout] 
[INFO] [stdout] 
[INFO] [stdout] error[E0741]: `&'static str` can't be used as a const parameter type
[INFO] [stdout]     --> /opt/rustwide/cargo-home/registry/src/index.crates.io-6f17d22bba15001f/pre-0.2.1/src/lib.rs:1126:82
[INFO] [stdout]      |
[INFO] [stdout] 1126 |         pub struct ValidPtrCondition<const PTR: &'static str, const ACCESS_TYPE: &'static str>;
[INFO] [stdout]      |                                                                                  ^^^^^^^^^^^^
[INFO] [stdout] 
[INFO] [stdout] 
[INFO] [stdout] error[E0741]: `&'static str` can't be used as a const parameter type
[INFO] [stdout]     --> /opt/rustwide/cargo-home/registry/src/index.crates.io-6f17d22bba15001f/pre-0.2.1/src/lib.rs:1130:52
[INFO] [stdout]      |
[INFO] [stdout] 1130 |         pub struct ProperAlignCondition<const PTR: &'static str>;
[INFO] [stdout]      |                                                    ^^^^^^^^^^^^
[INFO] [stdout] 
[INFO] [stdout] 
[INFO] [stdout] error[E0741]: `&'static str` can't be used as a const parameter type
[INFO] [stdout]     --> /opt/rustwide/cargo-home/registry/src/index.crates.io-6f17d22bba15001f/pre-0.2.1/src/lib.rs:1134:54
[INFO] [stdout]      |
[INFO] [stdout] 1134 |         pub struct BooleanCondition<const CONDITION: &'static str>;
[INFO] [stdout]      |                                                      ^^^^^^^^^^^^
[INFO] [stdout] 
[INFO] [stdout] 
[INFO] [stdout] error[E0741]: `&'static str` can't be used as a const parameter type
[INFO] [stdout]     --> /opt/rustwide/cargo-home/registry/src/index.crates.io-6f17d22bba15001f/pre-0.2.1/src/lib.rs:1138:53
[INFO] [stdout]      |
[INFO] [stdout] 1138 |         pub struct CustomCondition<const CONDITION: &'static str>;
[INFO] [stdout]      |                                                     ^^^^^^^^^^^^
[INFO] [stdout] 
[INFO] [stdout] 
[INFO] [stdout] For more information about this error, try `rustc --explain E0741`.
[INFO] [stdout] 
[INFO] [stderr] error: could not compile `pre` (lib) due to 5 previous errors
[INFO] running `Command { std: "docker" "inspect" "934ce1ba4618a88ee84b7c5b6f43894ff09fe66c8434f9f63000e2a9a87bb043", kill_on_drop: false }`
[INFO] running `Command { std: "docker" "rm" "-f" "934ce1ba4618a88ee84b7c5b6f43894ff09fe66c8434f9f63000e2a9a87bb043", kill_on_drop: false }`
[INFO] [stdout] 934ce1ba4618a88ee84b7c5b6f43894ff09fe66c8434f9f63000e2a9a87bb043
