[INFO] fetching crate season 0.0.3...
[INFO] testing season-0.0.3 against nightly-2024-10-28+rustflags=-Zrandomize-layout for randomize-layout
[INFO] extracting crate season 0.0.3 into /workspace/builds/worker-2-tc2/source
[INFO] validating manifest of crates.io crate season 0.0.3 on toolchain nightly-2024-10-28
[INFO] running `Command { std: CARGO_HOME="/workspace/cargo-home" RUSTUP_HOME="/workspace/rustup-home" "/workspace/cargo-home/bin/cargo" "+nightly-2024-10-28" "metadata" "--manifest-path" "Cargo.toml" "--no-deps", kill_on_drop: false }`
[INFO] started tweaking crates.io crate season 0.0.3
[INFO] finished tweaking crates.io crate season 0.0.3
[INFO] tweaked toml for crates.io crate season 0.0.3 written to /workspace/builds/worker-2-tc2/source/Cargo.toml
[INFO] running `Command { std: CARGO_HOME="/workspace/cargo-home" RUSTUP_HOME="/workspace/rustup-home" "/workspace/cargo-home/bin/cargo" "+nightly-2024-10-28" "generate-lockfile" "--manifest-path" "Cargo.toml", kill_on_drop: false }`
[INFO] [stderr]     Updating crates.io index
[INFO] [stderr]      Locking 223 packages to latest compatible versions
[INFO] [stderr]       Adding polars v0.42.0 (available: v0.44.2)
[INFO] running `Command { std: CARGO_HOME="/workspace/cargo-home" RUSTUP_HOME="/workspace/rustup-home" "/workspace/cargo-home/bin/cargo" "+nightly-2024-10-28" "fetch" "--manifest-path" "Cargo.toml", kill_on_drop: false }`
[INFO] running `Command { std: "docker" "create" "-v" "/var/lib/crater-agent-workspace/builds/worker-2-tc2/target:/opt/rustwide/target:rw,Z" "-v" "/var/lib/crater-agent-workspace/builds/worker-2-tc2/source:/opt/rustwide/workdir:ro,Z" "-v" "/var/lib/crater-agent-workspace/cargo-home:/opt/rustwide/cargo-home:ro,Z" "-v" "/var/lib/crater-agent-workspace/rustup-home:/opt/rustwide/rustup-home:ro,Z" "-e" "SOURCE_DIR=/opt/rustwide/workdir" "-e" "CARGO_TARGET_DIR=/opt/rustwide/target" "-e" "CARGO_HOME=/opt/rustwide/cargo-home" "-e" "RUSTUP_HOME=/opt/rustwide/rustup-home" "-w" "/opt/rustwide/workdir" "-m" "1610612736" "--user" "0:0" "--network" "none" "ghcr.io/rust-lang/crates-build-env/linux@sha256:4a844ea9eb2546a2d2c7022eacef16ef2e8229c7fbb2c7d4d55a9ceca922f72d" "/opt/rustwide/cargo-home/bin/cargo" "+nightly-2024-10-28" "metadata" "--no-deps" "--format-version=1", kill_on_drop: false }`
[INFO] [stdout] 67cba72c65ce14fa9644ad7673992eca576d4a9a4c52c050577ae5af17b363d7
[INFO] running `Command { std: "docker" "start" "-a" "67cba72c65ce14fa9644ad7673992eca576d4a9a4c52c050577ae5af17b363d7", kill_on_drop: false }`
[INFO] running `Command { std: "docker" "inspect" "67cba72c65ce14fa9644ad7673992eca576d4a9a4c52c050577ae5af17b363d7", kill_on_drop: false }`
[INFO] running `Command { std: "docker" "rm" "-f" "67cba72c65ce14fa9644ad7673992eca576d4a9a4c52c050577ae5af17b363d7", kill_on_drop: false }`
[INFO] [stdout] 67cba72c65ce14fa9644ad7673992eca576d4a9a4c52c050577ae5af17b363d7
[INFO] running `Command { std: "docker" "create" "-v" "/var/lib/crater-agent-workspace/builds/worker-2-tc2/target:/opt/rustwide/target:rw,Z" "-v" "/var/lib/crater-agent-workspace/builds/worker-2-tc2/source:/opt/rustwide/workdir:ro,Z" "-v" "/var/lib/crater-agent-workspace/cargo-home:/opt/rustwide/cargo-home:ro,Z" "-v" "/var/lib/crater-agent-workspace/rustup-home:/opt/rustwide/rustup-home:ro,Z" "-e" "SOURCE_DIR=/opt/rustwide/workdir" "-e" "CARGO_TARGET_DIR=/opt/rustwide/target" "-e" "CARGO_INCREMENTAL=0" "-e" "RUST_BACKTRACE=full" "-e" "RUSTFLAGS=--cap-lints=forbid -Zrandomize-layout" "-e" "RUSTDOCFLAGS=--cap-lints=forbid" "-e" "CARGO_HOME=/opt/rustwide/cargo-home" "-e" "RUSTUP_HOME=/opt/rustwide/rustup-home" "-w" "/opt/rustwide/workdir" "-m" "1610612736" "--user" "0:0" "--network" "none" "ghcr.io/rust-lang/crates-build-env/linux@sha256:4a844ea9eb2546a2d2c7022eacef16ef2e8229c7fbb2c7d4d55a9ceca922f72d" "/opt/rustwide/cargo-home/bin/cargo" "+nightly-2024-10-28" "build" "--frozen" "--message-format=json", kill_on_drop: false }`
[INFO] [stdout] 14ce582d9a23e01421e715e6231336b516506df31491a49b74a32b85dfa87b9a
[INFO] running `Command { std: "docker" "start" "-a" "14ce582d9a23e01421e715e6231336b516506df31491a49b74a32b85dfa87b9a", kill_on_drop: false }`
[INFO] [stderr]    Compiling libm v0.2.11
[INFO] [stderr]    Compiling byteorder v1.5.0
[INFO] [stderr]    Compiling static_assertions v1.1.0
[INFO] [stderr]    Compiling memchr v2.7.4
[INFO] [stderr]    Compiling num-traits v0.2.19
[INFO] [stderr]    Compiling ahash v0.8.11
[INFO] [stderr]    Compiling lock_api v0.4.12
[INFO] [stderr]    Compiling parking_lot_core v0.9.10
[INFO] [stderr]    Compiling allocator-api2 v0.2.18
[INFO] [stderr]    Compiling scopeguard v1.2.0
[INFO] [stderr]    Compiling target-features v0.1.6
[INFO] [stderr]    Compiling jobserver v0.1.32
[INFO] [stderr]    Compiling bitflags v2.6.0
[INFO] [stderr]    Compiling smallvec v1.13.2
[INFO] [stderr]    Compiling zerocopy-derive v0.7.35
[INFO] [stderr]    Compiling syn v1.0.109
[INFO] [stderr]    Compiling array-init-cursor v0.2.0
[INFO] [stderr]    Compiling thiserror-impl v1.0.66
[INFO] [stderr]    Compiling planus v0.3.1
[INFO] [stderr]    Compiling smartstring v1.0.1
[INFO] [stderr]    Compiling simdutf8 v0.1.5
[INFO] [stderr]    Compiling bytemuck_derive v1.8.0
[INFO] [stderr]    Compiling polars-utils v0.42.0
[INFO] [stderr]    Compiling hashbrown v0.15.0
[INFO] [stderr]    Compiling cc v1.1.31
[INFO] [stderr]    Compiling parking_lot v0.12.3
[INFO] [stderr]    Compiling raw-cpuid v11.2.0
[INFO] [stderr]    Compiling aho-corasick v1.1.3
[INFO] [stderr]    Compiling memmap2 v0.7.1
[INFO] [stderr]    Compiling polars-arrow v0.42.0
[INFO] [stderr]    Compiling polars-arrow-format v0.1.0
[INFO] [stderr]    Compiling dyn-clone v1.0.17
[INFO] [stderr]    Compiling indexmap v2.6.0
[INFO] [stderr]    Compiling ethnum v1.5.0
[INFO] [stderr]    Compiling fast-float v0.2.0
[INFO] [stderr]    Compiling strength_reduce v0.2.4
[INFO] [stderr]    Compiling atoi_simd v0.15.6
[INFO] [stderr]    Compiling streaming-iterator v0.1.9
[INFO] [stderr]    Compiling lexical-util v1.0.3
[INFO] [stderr]    Compiling zerocopy v0.7.35
[INFO] [stderr]    Compiling pkg-config v0.3.31
[INFO] [stderr]    Compiling polars-compute v0.42.0
[INFO] [stderr]    Compiling heck v0.5.0
[INFO] [stderr]    Compiling crossterm v0.27.0
[INFO] [stderr]    Compiling polars-core v0.42.0
[INFO] [stderr]    Compiling unicode-width v0.1.14
[INFO] [stderr]    Compiling thiserror v1.0.66
[INFO] [stderr]    Compiling regex-automata v0.4.8
[INFO] [stderr]    Compiling strum_macros v0.26.4
[INFO] [stderr]    Compiling bytemuck v1.19.0
[INFO] [stderr]    Compiling alloc-no-stdlib v2.0.4
[INFO] [stderr]    Compiling chrono v0.4.38
[INFO] [stderr]    Compiling strum v0.26.3
[INFO] [stderr]    Compiling zstd-safe v7.2.1
[INFO] [stderr]    Compiling ref-cast v1.0.23
[INFO] [stderr]    Compiling serde_json v1.0.132
[INFO] [stderr]    Compiling ppv-lite86 v0.2.20
[INFO] [stderr]    Compiling alloc-stdlib v0.2.2
[INFO] [stderr]    Compiling float-cmp v0.9.0
[INFO] [stderr]    Compiling ref-cast-impl v1.0.23
[INFO] [stderr]    Compiling polars-ops v0.42.0
[INFO] [stderr]    Compiling adler2 v2.0.0
[INFO] [stderr]    Compiling psm v0.1.23
[INFO] [stderr]    Compiling hashbrown v0.14.5
[INFO] [stderr]    Compiling stacker v0.1.17
[INFO] [stderr]    Compiling zstd-sys v2.0.13+zstd.1.5.6
[INFO] [stderr]    Compiling rand_chacha v0.3.1
[INFO] [stderr]    Compiling lz4-sys v1.11.1+lz4-1.10.0
[INFO] [stderr]    Compiling snap v1.1.1
[INFO] [stderr]    Compiling lexical-write-integer v1.0.2
[INFO] [stderr]    Compiling lexical-parse-integer v1.0.2
[INFO] [stderr]    Compiling xxhash-rust v0.8.12
[INFO] [stderr]    Compiling rand v0.8.5
[INFO] [stderr]    Compiling lexical-write-float v1.0.2
[INFO] [stderr]    Compiling lexical-parse-float v1.0.2
[INFO] [stderr]    Compiling fallible-streaming-iterator v0.1.9
[INFO] [stderr]    Compiling miniz_oxide v0.8.0
[INFO] [stderr]    Compiling brotli-decompressor v4.0.1
[INFO] [stderr]    Compiling argminmax v0.6.2
[INFO] [stderr]    Compiling crc32fast v1.4.2
[INFO] [stderr]    Compiling halfbrown v0.2.5
[INFO] [stderr]    Compiling rand_distr v0.4.3
[INFO] [stderr]    Compiling lexical-core v1.0.2
[INFO] [stderr]    Compiling flate2 v1.0.34
[INFO] [stderr]    Compiling now v0.1.3
[INFO] [stderr]    Compiling value-trait v0.8.1
[INFO] [stderr]    Compiling streaming-decompression v0.1.2
[INFO] [stderr]    Compiling atoi v2.0.0
[INFO] [stderr]    Compiling brotli v6.0.0
[INFO] [stderr]    Compiling parquet-format-safe v0.2.4
[INFO] [stderr]    Compiling recursive-proc-macro-impl v0.1.1
[INFO] [stderr]    Compiling polars-plan v0.42.0
[INFO] [stderr]    Compiling simd-json v0.13.11
[INFO] [stderr]    Compiling home v0.5.9
[INFO] [stderr]    Compiling glob v0.3.1
[INFO] [stderr]    Compiling percent-encoding v2.3.1
[INFO] [stderr]    Compiling polars-lazy v0.42.0
[INFO] [stderr]    Compiling comfy-table v7.1.1
[INFO] [stderr]    Compiling recursive v0.1.1
[INFO] [stderr]    Compiling polars v0.42.0
[INFO] [stderr]    Compiling regex v1.11.1
[INFO] [stderr]    Compiling polars-error v0.42.0
[INFO] [stderr]    Compiling multiversion-macros v0.7.4
[INFO] [stderr]    Compiling multiversion v0.7.4
[INFO] [stderr]    Compiling zstd v0.13.2
[INFO] [stderr]    Compiling lz4 v1.28.0
[INFO] [stderr]    Compiling polars-row v0.42.0
[INFO] [stderr]    Compiling polars-json v0.42.0
[INFO] [stderr]    Compiling polars-parquet v0.42.0
[INFO] [stdout] error[E0599]: no method named `raw_table_mut` found for struct `hashbrown::HashMap` in the current scope
[INFO] [stdout]    --> /opt/rustwide/cargo-home/registry/src/index.crates.io-6f17d22bba15001f/polars-core-0.42.0/src/chunked_array/builder/list/categorical.rs:145:33
[INFO] [stdout]     |
[INFO] [stdout] 145 |                 self.idx_lookup.raw_table_mut().find_or_find_insert_slot(
[INFO] [stdout]     |                                 ^^^^^^^^^^^^^ method not found in `HashMap<KeyWrapper, (), RandomState>`
[INFO] [stdout] 
[INFO] [stdout] 
[INFO] [stdout] error[E0599]: no method named `raw_table_mut` found for struct `hashbrown::HashMap` in the current scope
[INFO] [stdout]    --> /opt/rustwide/cargo-home/registry/src/index.crates.io-6f17d22bba15001f/polars-core-0.42.0/src/chunked_array/builder/list/categorical.rs:164:41
[INFO] [stdout]     |
[INFO] [stdout] 164 |                         self.idx_lookup.raw_table_mut().insert_in_slot(
[INFO] [stdout]     |                                         ^^^^^^^^^^^^^ method not found in `HashMap<KeyWrapper, (), RandomState>`
[INFO] [stdout] 
[INFO] [stdout] 
[INFO] [stdout] error[E0599]: no method named `raw_table_mut` found for struct `hashbrown::HashMap` in the current scope
[INFO] [stdout]   --> /opt/rustwide/cargo-home/registry/src/index.crates.io-6f17d22bba15001f/polars-core-0.42.0/src/chunked_array/logical/categorical/builder.rs:43:32
[INFO] [stdout]    |
[INFO] [stdout] 43 |             self.local_mapping.raw_table_mut().find_or_find_insert_slot(
[INFO] [stdout]    |                                ^^^^^^^^^^^^^ method not found in `HashMap<KeyWrapper, (), RandomState>`
[INFO] [stdout] 
[INFO] [stdout] 
[INFO] [stdout] error[E0599]: no method named `raw_table_mut` found for struct `hashbrown::HashMap` in the current scope
[INFO] [stdout]   --> /opt/rustwide/cargo-home/registry/src/index.crates.io-6f17d22bba15001f/polars-core-0.42.0/src/chunked_array/logical/categorical/builder.rs:63:26
[INFO] [stdout]    |
[INFO] [stdout] 62 | /                     self.local_mapping
[INFO] [stdout] 63 | |                         .raw_table_mut()
[INFO] [stdout]    | |                         -^^^^^^^^^^^^^ method not found in `HashMap<KeyWrapper, (), RandomState>`
[INFO] [stdout]    | |_________________________|
[INFO] [stdout]    |
[INFO] [stdout] 
[INFO] [stdout] 
[INFO] [stdout] For more information about this error, try `rustc --explain E0599`.
[INFO] [stdout] 
[INFO] [stderr] error: could not compile `polars-core` (lib) due to 4 previous errors
[INFO] [stderr] warning: build failed, waiting for other jobs to finish...
[INFO] running `Command { std: "docker" "inspect" "14ce582d9a23e01421e715e6231336b516506df31491a49b74a32b85dfa87b9a", kill_on_drop: false }`
[INFO] running `Command { std: "docker" "rm" "-f" "14ce582d9a23e01421e715e6231336b516506df31491a49b74a32b85dfa87b9a", kill_on_drop: false }`
[INFO] [stdout] 14ce582d9a23e01421e715e6231336b516506df31491a49b74a32b85dfa87b9a
