[INFO] fetching crate sealy 0.2.0...
[INFO] testing sealy-0.2.0 against nightly-2024-10-28+rustflags=-Zrandomize-layout for randomize-layout
[INFO] extracting crate sealy 0.2.0 into /workspace/builds/worker-1-tc2/source
[INFO] validating manifest of crates.io crate sealy 0.2.0 on toolchain nightly-2024-10-28
[INFO] running `Command { std: CARGO_HOME="/workspace/cargo-home" RUSTUP_HOME="/workspace/rustup-home" "/workspace/cargo-home/bin/cargo" "+nightly-2024-10-28" "metadata" "--manifest-path" "Cargo.toml" "--no-deps", kill_on_drop: false }`
[INFO] started tweaking crates.io crate sealy 0.2.0
[INFO] removed 0 missing examples
[INFO] removed 0 missing tests
[INFO] finished tweaking crates.io crate sealy 0.2.0
[INFO] tweaked toml for crates.io crate sealy 0.2.0 written to /workspace/builds/worker-1-tc2/source/Cargo.toml
[INFO] crate crates.io crate sealy 0.2.0 already has a lockfile, it will not be regenerated
[INFO] running `Command { std: CARGO_HOME="/workspace/cargo-home" RUSTUP_HOME="/workspace/rustup-home" "/workspace/cargo-home/bin/cargo" "+nightly-2024-10-28" "fetch" "--manifest-path" "Cargo.toml", kill_on_drop: false }`
[INFO] running `Command { std: "docker" "create" "-v" "/var/lib/crater-agent-workspace/builds/worker-1-tc2/target:/opt/rustwide/target:rw,Z" "-v" "/var/lib/crater-agent-workspace/builds/worker-1-tc2/source:/opt/rustwide/workdir:ro,Z" "-v" "/var/lib/crater-agent-workspace/cargo-home:/opt/rustwide/cargo-home:ro,Z" "-v" "/var/lib/crater-agent-workspace/rustup-home:/opt/rustwide/rustup-home:ro,Z" "-e" "SOURCE_DIR=/opt/rustwide/workdir" "-e" "CARGO_TARGET_DIR=/opt/rustwide/target" "-e" "CARGO_HOME=/opt/rustwide/cargo-home" "-e" "RUSTUP_HOME=/opt/rustwide/rustup-home" "-w" "/opt/rustwide/workdir" "-m" "1610612736" "--user" "0:0" "--network" "none" "ghcr.io/rust-lang/crates-build-env/linux@sha256:4a844ea9eb2546a2d2c7022eacef16ef2e8229c7fbb2c7d4d55a9ceca922f72d" "/opt/rustwide/cargo-home/bin/cargo" "+nightly-2024-10-28" "metadata" "--no-deps" "--format-version=1", kill_on_drop: false }`
[INFO] [stdout] fbe05752dd6193c558b6987d6b075961741e658c33bffdfdb900141ad8327e3b
[INFO] running `Command { std: "docker" "start" "-a" "fbe05752dd6193c558b6987d6b075961741e658c33bffdfdb900141ad8327e3b", kill_on_drop: false }`
[INFO] running `Command { std: "docker" "inspect" "fbe05752dd6193c558b6987d6b075961741e658c33bffdfdb900141ad8327e3b", kill_on_drop: false }`
[INFO] running `Command { std: "docker" "rm" "-f" "fbe05752dd6193c558b6987d6b075961741e658c33bffdfdb900141ad8327e3b", kill_on_drop: false }`
[INFO] [stdout] fbe05752dd6193c558b6987d6b075961741e658c33bffdfdb900141ad8327e3b
[INFO] running `Command { std: "docker" "create" "-v" "/var/lib/crater-agent-workspace/builds/worker-1-tc2/target:/opt/rustwide/target:rw,Z" "-v" "/var/lib/crater-agent-workspace/builds/worker-1-tc2/source:/opt/rustwide/workdir:ro,Z" "-v" "/var/lib/crater-agent-workspace/cargo-home:/opt/rustwide/cargo-home:ro,Z" "-v" "/var/lib/crater-agent-workspace/rustup-home:/opt/rustwide/rustup-home:ro,Z" "-e" "SOURCE_DIR=/opt/rustwide/workdir" "-e" "CARGO_TARGET_DIR=/opt/rustwide/target" "-e" "CARGO_INCREMENTAL=0" "-e" "RUST_BACKTRACE=full" "-e" "RUSTFLAGS=--cap-lints=forbid -Zrandomize-layout" "-e" "RUSTDOCFLAGS=--cap-lints=forbid" "-e" "CARGO_HOME=/opt/rustwide/cargo-home" "-e" "RUSTUP_HOME=/opt/rustwide/rustup-home" "-w" "/opt/rustwide/workdir" "-m" "1610612736" "--user" "0:0" "--network" "none" "ghcr.io/rust-lang/crates-build-env/linux@sha256:4a844ea9eb2546a2d2c7022eacef16ef2e8229c7fbb2c7d4d55a9ceca922f72d" "/opt/rustwide/cargo-home/bin/cargo" "+nightly-2024-10-28" "build" "--frozen" "--message-format=json", kill_on_drop: false }`
[INFO] [stdout] 876bcbe36bd78d6d993de34c16c378056c4e897dc7afedda9d940911bac47c41
[INFO] running `Command { std: "docker" "start" "-a" "876bcbe36bd78d6d993de34c16c378056c4e897dc7afedda9d940911bac47c41", kill_on_drop: false }`
[INFO] [stderr]    Compiling proc-macro2 v1.0.86
[INFO] [stderr]    Compiling unicode-ident v1.0.12
[INFO] [stderr]    Compiling glob v0.3.1
[INFO] [stderr]    Compiling prettyplease v0.2.20
[INFO] [stderr]    Compiling libc v0.2.155
[INFO] [stderr]    Compiling cc v1.0.99
[INFO] [stderr]    Compiling regex-syntax v0.8.4
[INFO] [stderr]    Compiling memchr v2.7.4
[INFO] [stderr]    Compiling minimal-lexical v0.2.1
[INFO] [stderr]    Compiling cfg-if v1.0.0
[INFO] [stderr]    Compiling libloading v0.8.3
[INFO] [stderr]    Compiling clang-sys v1.8.1
[INFO] [stderr]    Compiling either v1.12.0
[INFO] [stderr]    Compiling bindgen v0.70.1
[INFO] [stderr]    Compiling log v0.4.21
[INFO] [stderr]    Compiling nom v7.1.3
[INFO] [stderr]    Compiling itertools v0.12.1
[INFO] [stderr]    Compiling shlex v1.3.0
[INFO] [stderr]    Compiling quote v1.0.36
[INFO] [stderr]    Compiling bitflags v2.5.0
[INFO] [stderr]    Compiling rustc-hash v1.1.0
[INFO] [stderr]    Compiling cmake v0.1.50
[INFO] [stderr]    Compiling thiserror v1.0.61
[INFO] [stderr]    Compiling syn v2.0.67
[INFO] [stderr]    Compiling serde v1.0.203
[INFO] [stderr]    Compiling regex-automata v0.4.7
[INFO] [stderr]    Compiling static_assertions v1.1.0
[INFO] [stderr]    Compiling link-cplusplus v1.0.9
[INFO] [stderr]    Compiling cexpr v0.6.0
[INFO] [stderr]    Compiling regex v1.10.5
[INFO] [stderr]    Compiling thiserror-impl v1.0.61
[INFO] [stderr]    Compiling serde_derive v1.0.203
[INFO] [stderr]    Compiling sealy v0.2.0 (/opt/rustwide/workdir)
[INFO] [stderr] error: failed to run custom build command for `sealy v0.2.0 (/opt/rustwide/workdir)`
[INFO] [stderr] note: To improve backtraces for build dependencies, set the CARGO_PROFILE_DEV_BUILD_OVERRIDE_DEBUG=true environment variable to enable debug information generation.
[INFO] [stderr] 
[INFO] [stderr] Caused by:
[INFO] [stderr]   process didn't exit successfully: `/opt/rustwide/target/debug/build/sealy-d85b7d6e53a02165/build-script-build` (exit status: 101)
[INFO] [stderr]   --- stdout
[INFO] [stderr]   cargo:rerun-if-changed=SEAL
[INFO] [stderr]   CMAKE_TOOLCHAIN_FILE_x86_64-unknown-linux-gnu = None
[INFO] [stderr]   CMAKE_TOOLCHAIN_FILE_x86_64_unknown_linux_gnu = None
[INFO] [stderr]   HOST_CMAKE_TOOLCHAIN_FILE = None
[INFO] [stderr]   CMAKE_TOOLCHAIN_FILE = None
[INFO] [stderr]   CMAKE_GENERATOR_x86_64-unknown-linux-gnu = None
[INFO] [stderr]   CMAKE_GENERATOR_x86_64_unknown_linux_gnu = None
[INFO] [stderr]   HOST_CMAKE_GENERATOR = None
[INFO] [stderr]   CMAKE_GENERATOR = None
[INFO] [stderr]   CMAKE_PREFIX_PATH_x86_64-unknown-linux-gnu = None
[INFO] [stderr]   CMAKE_PREFIX_PATH_x86_64_unknown_linux_gnu = None
[INFO] [stderr]   HOST_CMAKE_PREFIX_PATH = None
[INFO] [stderr]   CMAKE_PREFIX_PATH = None
[INFO] [stderr]   CMAKE_x86_64-unknown-linux-gnu = None
[INFO] [stderr]   CMAKE_x86_64_unknown_linux_gnu = None
[INFO] [stderr]   HOST_CMAKE = None
[INFO] [stderr]   CMAKE = None
[INFO] [stderr]   running: cd "/opt/rustwide/target/debug/build/sealy-d2b4fb0a8950197f/out/build" && CMAKE_PREFIX_PATH="" "cmake" "/opt/rustwide/workdir/SEAL" "-DCMAKE_BUILD_TYPE=Debug" "-DCMAKE_CXX_FLAGS_RELEASE=-DNDEBUG -O3" "-DCMAKE_C_FLAGS_RELEASE=-DNDEBUG -O3" "-DSEAL_USE_GAUSSIAN_NOISE=ON" "-DSEAL_BUILD_STATIC_SEAL_C=ON" "-DSEAL_USE_INTEL_HEXL=OFF" "-DSEAL_BUILD_DEPS=ON" "-DSEAL_BUILD_SEAL_C=ON" "-DSEAL_BUILD_BENCH=OFF" "-DSEAL_BUILD_EXAMPLES=OFF" "-DSEAL_BUILD_TESTS=OFF" "-DSEAL_USE_CXX17=ON" "-DSEAL_USE_INTRIN=ON" "-DSEAL_USE_MSGSL=OFF" "-DSEAL_USE_ZLIB=ON" "-DSEAL_USE_ZSTD=ON" "-DSEAL_THROW_ON_TRANSPARENT_CIPHERTEXT=ON" "-DCMAKE_INSTALL_PREFIX=/opt/rustwide/target/debug/build/sealy-d2b4fb0a8950197f/out" "-DCMAKE_C_FLAGS= -ffunction-sections -fdata-sections -fPIC -m64" "-DCMAKE_C_COMPILER=/usr/bin/cc" "-DCMAKE_CXX_FLAGS= -ffunction-sections -fdata-sections -fPIC -m64" "-DCMAKE_CXX_COMPILER=/usr/bin/c++" "-DCMAKE_ASM_FLAGS= -ffunction-sections -fdata-sections -fPIC -m64" "-DCMAKE_ASM_COMPILER=/usr/bin/cc"
[INFO] [stderr]   -- Build type (CMAKE_BUILD_TYPE): Debug
[INFO] [stderr]   -- The CXX compiler identification is GNU 11.4.0
[INFO] [stderr]   -- The C compiler identification is GNU 11.4.0
[INFO] [stderr]   -- Detecting CXX compiler ABI info
[INFO] [stderr]   -- Detecting CXX compiler ABI info - done
[INFO] [stderr]   -- Check for working CXX compiler: /usr/bin/c++ - skipped
[INFO] [stderr]   -- Detecting CXX compile features
[INFO] [stderr]   -- Detecting CXX compile features - done
[INFO] [stderr]   -- Detecting C compiler ABI info
[INFO] [stderr]   -- Detecting C compiler ABI info - done
[INFO] [stderr]   -- Check for working C compiler: /usr/bin/cc - skipped
[INFO] [stderr]   -- Detecting C compile features
[INFO] [stderr]   -- Detecting C compile features - done
[INFO] [stderr]   -- Adding CXX compiler flag: -Wall ...
[INFO] [stderr]   -- Performing Test flag_supported
[INFO] [stderr]   -- Performing Test flag_supported - Success
[INFO] [stderr]   -- Adding CXX compiler flag: -Wextra ...
[INFO] [stderr]   -- Performing Test flag_supported
[INFO] [stderr]   -- Performing Test flag_supported - Success
[INFO] [stderr]   -- Adding CXX compiler flag: -Wconversion ...
[INFO] [stderr]   -- Performing Test flag_supported
[INFO] [stderr]   -- Performing Test flag_supported - Success
[INFO] [stderr]   -- Adding CXX compiler flag: -Wshadow ...
[INFO] [stderr]   -- Performing Test flag_supported
[INFO] [stderr]   -- Performing Test flag_supported - Success
[INFO] [stderr]   -- Adding CXX compiler flag: -pedantic ...
[INFO] [stderr]   -- Performing Test flag_supported
[INFO] [stderr]   -- Performing Test flag_supported - Success
[INFO] [stderr]   -- Microsoft SEAL debug mode: ON
[INFO] [stderr]   -- SEAL_USE_CXX17: ON
[INFO] [stderr]   -- SEAL_BUILD_DEPS: ON
[INFO] [stderr]   -- SEAL_USE_MSGSL: OFF
[INFO] [stderr]   -- SEAL_USE_ZLIB: ON
[INFO] [stderr]   -- Looking for sys/types.h
[INFO] [stderr]   -- Looking for sys/types.h - found
[INFO] [stderr]   -- Looking for stdint.h
[INFO] [stderr]   -- Looking for stdint.h - found
[INFO] [stderr]   -- Looking for stddef.h
[INFO] [stderr]   -- Looking for stddef.h - found
[INFO] [stderr]   -- Check size of off64_t
[INFO] [stderr]   -- Check size of off64_t - done
[INFO] [stderr]   -- Looking for fseeko
[INFO] [stderr]   -- Looking for fseeko - found
[INFO] [stderr]   -- Looking for unistd.h
[INFO] [stderr]   -- Looking for unistd.h - found
[INFO] [stderr]   -- Renaming
[INFO] [stderr]   --     /opt/rustwide/target/debug/build/sealy-d2b4fb0a8950197f/out/build/thirdparty/zlib/zconf.h
[INFO] [stderr]   -- to 'zconf.h.included' because this file is included with zlib
[INFO] [stderr]   -- but CMake generates it automatically in the build directory.
[INFO] [stderr]   -- SEAL_USE_ZSTD: ON
[INFO] [stderr]   -- ZSTD VERSION: 1.4.5
[INFO] [stderr]   -- Performing Test CXX_FLAG_STD_CPLUSPLUS11
[INFO] [stderr]   -- Performing Test CXX_FLAG_STD_CPLUSPLUS11 - Success
[INFO] [stderr]   -- Performing Test C_FLAG_STD_C99
[INFO] [stderr]   -- Performing Test C_FLAG_STD_C99 - Success
[INFO] [stderr]   -- Performing Test C_FLAG_WALL
[INFO] [stderr]   -- Performing Test C_FLAG_WALL - Success
[INFO] [stderr]   -- Performing Test CXX_FLAG_WALL
[INFO] [stderr]   -- Performing Test CXX_FLAG_WALL - Success
[INFO] [stderr]   -- Performing Test C_FLAG_WEXTRA
[INFO] [stderr]   -- Performing Test C_FLAG_WEXTRA - Success
[INFO] [stderr]   -- Performing Test CXX_FLAG_WEXTRA
[INFO] [stderr]   -- Performing Test CXX_FLAG_WEXTRA - Success
[INFO] [stderr]   -- Performing Test C_FLAG_WUNDEF
[INFO] [stderr]   -- Performing Test C_FLAG_WUNDEF - Success
[INFO] [stderr]   -- Performing Test CXX_FLAG_WUNDEF
[INFO] [stderr]   -- Performing Test CXX_FLAG_WUNDEF - Success
[INFO] [stderr]   -- Performing Test C_FLAG_WSHADOW
[INFO] [stderr]   -- Performing Test C_FLAG_WSHADOW - Success
[INFO] [stderr]   -- Performing Test CXX_FLAG_WSHADOW
[INFO] [stderr]   -- Performing Test CXX_FLAG_WSHADOW - Success
[INFO] [stderr]   -- Performing Test C_FLAG_WCAST_ALIGN
[INFO] [stderr]   -- Performing Test C_FLAG_WCAST_ALIGN - Success
[INFO] [stderr]   -- Performing Test CXX_FLAG_WCAST_ALIGN
[INFO] [stderr]   -- Performing Test CXX_FLAG_WCAST_ALIGN - Success
[INFO] [stderr]   -- Performing Test C_FLAG_WCAST_QUAL
[INFO] [stderr]   -- Performing Test C_FLAG_WCAST_QUAL - Success
[INFO] [stderr]   -- Performing Test CXX_FLAG_WCAST_QUAL
[INFO] [stderr]   -- Performing Test CXX_FLAG_WCAST_QUAL - Success
[INFO] [stderr]   -- Performing Test C_FLAG_WSTRICT_PROTOTYPES
[INFO] [stderr]   -- Performing Test C_FLAG_WSTRICT_PROTOTYPES - Success
[INFO] [stderr]   -- Performing Test C_FLAG_DDEBUGLEVEL_1
[INFO] [stderr]   -- Performing Test C_FLAG_DDEBUGLEVEL_1 - Success
[INFO] [stderr]   -- Performing Test CXX_FLAG_DDEBUGLEVEL_1
[INFO] [stderr]   -- Performing Test CXX_FLAG_DDEBUGLEVEL_1 - Success
[INFO] [stderr]   -- CMAKE_INSTALL_PREFIX: /opt/rustwide/target/debug/build/sealy-d2b4fb0a8950197f/out
[INFO] [stderr]   -- CMAKE_INSTALL_LIBDIR: lib
[INFO] [stderr]   -- ZSTD_LEGACY_SUPPORT not defined!
[INFO] [stderr]   -- ZSTD_MULTITHREAD_SUPPORT is disabled
[INFO] [stderr]   -- SEAL_USE_INTEL_HEXL: OFF
[INFO] [stderr]   -- BUILD_SHARED_LIBS: OFF
[INFO] [stderr]   -- SEAL_THROW_ON_TRANSPARENT_CIPHERTEXT: ON
[INFO] [stderr]   -- SEAL_USE_GAUSSIAN_NOISE: ON
[INFO] [stderr]   -- SEAL_DEFAULT_PRNG: Blake2xb
[INFO] [stderr]   -- SEAL_AVOID_BRANCHING: OFF
[INFO] [stderr]   -- x86intrin.h - found
[INFO] [stderr]   -- SEAL_USE_INTRIN: ON
[INFO] [stderr]   -- Performing Test SEAL_MEMSET_S_FOUND
[INFO] [stderr]   -- Performing Test SEAL_MEMSET_S_FOUND - Failed
[INFO] [stderr]   -- Looking for explicit_bzero
[INFO] [stderr]   -- Looking for explicit_bzero - found
[INFO] [stderr]   -- Looking for explicit_memset
[INFO] [stderr]   -- Looking for explicit_memset - not found
[INFO] [stderr]   -- SEAL_USE_MEMSET_S: OFF
[INFO] [stderr]   -- SEAL_USE_EXPLICIT_BZERO: ON
[INFO] [stderr]   -- SEAL_USE_EXPLICIT_MEMSET: OFF
[INFO] [stderr]   -- Looking for pthread.h
[INFO] [stderr]   -- Looking for pthread.h - found
[INFO] [stderr]   -- Performing Test CMAKE_HAVE_LIBC_PTHREAD
[INFO] [stderr]   -- Performing Test CMAKE_HAVE_LIBC_PTHREAD - Success
[INFO] [stderr]   -- Found Threads: TRUE  
[INFO] [stderr]   -- SEAL_BUILD_SEAL_C: ON
[INFO] [stderr]   -- SEAL_BUILD_EXAMPLES: OFF
[INFO] [stderr]   -- SEAL_BUILD_TESTS: OFF
[INFO] [stderr]   -- SEAL_BUILD_BENCH: OFF
[INFO] [stderr]   -- Configuring done
[INFO] [stderr]   -- Generating done
[INFO] [stderr]   -- Build files have been written to: /opt/rustwide/target/debug/build/sealy-d2b4fb0a8950197f/out/build
[INFO] [stderr]   running: cd "/opt/rustwide/target/debug/build/sealy-d2b4fb0a8950197f/out/build" && MAKEFLAGS="-j --jobserver-fds=8,9 --jobserver-auth=8,9" "cmake" "--build" "." "--target" "install" "--config" "Debug"
[INFO] [stderr]   [  1%] Building C object thirdparty/zlib-build/CMakeFiles/zlibstatic.dir/adler32.o
[INFO] [stderr]   [  2%] Building C object thirdparty/zlib-build/CMakeFiles/zlibstatic.dir/compress.o
[INFO] [stderr]   [  2%] Building C object thirdparty/zlib-build/CMakeFiles/zlibstatic.dir/crc32.o
[INFO] [stderr]   [  3%] Building C object thirdparty/zlib-build/CMakeFiles/zlibstatic.dir/deflate.o
[INFO] [stderr]   [  4%] Building C object thirdparty/zstd/lib/CMakeFiles/libzstd_static.dir/__/__/__/lib/common/debug.c.o
[INFO] [stderr]   [  6%] Building C object thirdparty/zlib-build/CMakeFiles/zlibstatic.dir/gzread.o
[INFO] [stderr]   [  7%] Building C object thirdparty/zlib-build/CMakeFiles/zlibstatic.dir/gzclose.o
[INFO] [stderr]   [  7%] Building C object thirdparty/zlib-build/CMakeFiles/zlibstatic.dir/gzlib.o
[INFO] [stderr]   [  7%] Building C object thirdparty/zstd/lib/CMakeFiles/libzstd_static.dir/__/__/__/lib/common/entropy_common.c.o
[INFO] [stderr]   [  8%] Building C object thirdparty/zlib-build/CMakeFiles/zlibstatic.dir/gzwrite.o
[INFO] [stderr]   [  9%] Building C object thirdparty/zstd/lib/CMakeFiles/libzstd_static.dir/__/__/__/lib/common/error_private.c.o
[INFO] [stderr]   [ 12%] Building C object thirdparty/zlib-build/CMakeFiles/zlibstatic.dir/inflate.o
[INFO] [stderr]   [ 12%] Building C object thirdparty/zlib-build/CMakeFiles/zlibstatic.dir/inftrees.o
[INFO] [stderr]   [ 12%] Building C object thirdparty/zlib-build/CMakeFiles/zlibstatic.dir/infback.o
[INFO] [stderr]   [ 13%] Building C object thirdparty/zstd/lib/CMakeFiles/libzstd_static.dir/__/__/__/lib/common/fse_decompress.c.o
[INFO] [stderr]   [ 14%] Building C object thirdparty/zlib-build/CMakeFiles/zlibstatic.dir/inffast.o
[INFO] [stderr]   [ 14%] Building C object thirdparty/zlib-build/CMakeFiles/zlibstatic.dir/trees.o
[INFO] [stderr]   [ 15%] Building C object thirdparty/zstd/lib/CMakeFiles/libzstd_static.dir/__/__/__/lib/common/pool.c.o
[INFO] [stderr]   [ 16%] Building C object thirdparty/zlib-build/CMakeFiles/zlibstatic.dir/uncompr.o
[INFO] [stderr]   [ 16%] Building C object thirdparty/zstd/lib/CMakeFiles/libzstd_static.dir/__/__/__/lib/common/threading.c.o
[INFO] [stderr]   [ 18%] Building C object thirdparty/zlib-build/CMakeFiles/zlibstatic.dir/zutil.o
[INFO] [stderr]   [ 19%] Building C object thirdparty/zstd/lib/CMakeFiles/libzstd_static.dir/__/__/__/lib/common/zstd_common.c.o
[INFO] [stderr]   [ 20%] Building C object thirdparty/zstd/lib/CMakeFiles/libzstd_static.dir/__/__/__/lib/common/xxhash.c.o
[INFO] [stderr]   [ 20%] Building C object thirdparty/zstd/lib/CMakeFiles/libzstd_static.dir/__/__/__/lib/compress/fse_compress.c.o
[INFO] [stderr]   [ 21%] Building C object thirdparty/zstd/lib/CMakeFiles/libzstd_static.dir/__/__/__/lib/compress/hist.c.o
[INFO] [stderr]   [ 21%] Building C object thirdparty/zstd/lib/CMakeFiles/libzstd_static.dir/__/__/__/lib/compress/zstd_compress.c.o
[INFO] [stderr]   [ 22%] Building C object thirdparty/zstd/lib/CMakeFiles/libzstd_static.dir/__/__/__/lib/compress/huf_compress.c.o
[INFO] [stderr]   [ 24%] Building C object thirdparty/zstd/lib/CMakeFiles/libzstd_static.dir/__/__/__/lib/compress/zstd_compress_literals.c.o
[INFO] [stderr]   [ 25%] Building C object thirdparty/zstd/lib/CMakeFiles/libzstd_static.dir/__/__/__/lib/compress/zstd_compress_sequences.c.o
[INFO] [stderr]   [ 26%] Linking C static library ../../lib/libz.a
[INFO] [stderr]   [ 27%] Building C object thirdparty/zstd/lib/CMakeFiles/libzstd_static.dir/__/__/__/lib/compress/zstd_compress_superblock.c.o
[INFO] [stderr]   [ 27%] Building C object thirdparty/zstd/lib/CMakeFiles/libzstd_static.dir/__/__/__/lib/compress/zstd_double_fast.c.o
[INFO] [stderr]   [ 28%] Building C object thirdparty/zstd/lib/CMakeFiles/libzstd_static.dir/__/__/__/lib/compress/zstd_lazy.c.o
[INFO] [stderr]   [ 30%] Building C object thirdparty/zstd/lib/CMakeFiles/libzstd_static.dir/__/__/__/lib/compress/zstd_fast.c.o
[INFO] [stderr]   [ 30%] Building C object thirdparty/zstd/lib/CMakeFiles/libzstd_static.dir/__/__/__/lib/compress/zstd_ldm.c.o
[INFO] [stderr]   [ 30%] Built target zlibstatic
[INFO] [stderr]   [ 31%] Building C object thirdparty/zstd/lib/CMakeFiles/libzstd_static.dir/__/__/__/lib/compress/zstd_opt.c.o
[INFO] [stderr]   [ 32%] Building C object thirdparty/zstd/lib/CMakeFiles/libzstd_static.dir/__/__/__/lib/compress/zstdmt_compress.c.o
[INFO] [stderr]   [ 33%] Building C object thirdparty/zstd/lib/CMakeFiles/libzstd_static.dir/__/__/__/lib/decompress/huf_decompress.c.o
[INFO] [stderr]   [ 33%] Building C object thirdparty/zstd/lib/CMakeFiles/libzstd_static.dir/__/__/__/lib/decompress/zstd_ddict.c.o
[INFO] [stderr]   [ 34%] Building C object thirdparty/zstd/lib/CMakeFiles/libzstd_static.dir/__/__/__/lib/decompress/zstd_decompress.c.o
[INFO] [stderr]   [ 36%] Building C object thirdparty/zstd/lib/CMakeFiles/libzstd_static.dir/__/__/__/lib/decompress/zstd_decompress_block.c.o
[INFO] [stderr]   [ 37%] Building C object thirdparty/zstd/lib/CMakeFiles/libzstd_static.dir/__/__/__/lib/dictBuilder/divsufsort.c.o
[INFO] [stderr]   [ 37%] Building C object thirdparty/zstd/lib/CMakeFiles/libzstd_static.dir/__/__/__/lib/dictBuilder/cover.c.o
[INFO] [stderr]   [ 38%] Building C object thirdparty/zstd/lib/CMakeFiles/libzstd_static.dir/__/__/__/lib/dictBuilder/fastcover.c.o
[INFO] [stderr]   [ 38%] Building C object thirdparty/zstd/lib/CMakeFiles/libzstd_static.dir/__/__/__/lib/dictBuilder/zdict.c.o
[INFO] [stderr]   [ 39%] Building C object thirdparty/zstd/lib/CMakeFiles/libzstd_static.dir/__/__/__/lib/deprecated/zbuff_common.c.o
[INFO] [stderr]   [ 40%] Building C object thirdparty/zstd/lib/CMakeFiles/libzstd_static.dir/__/__/__/lib/deprecated/zbuff_compress.c.o
[INFO] [stderr]   [ 42%] Building C object thirdparty/zstd/lib/CMakeFiles/libzstd_static.dir/__/__/__/lib/deprecated/zbuff_decompress.c.o
[INFO] [stderr]   [ 42%] Linking C static library ../../../lib/libzstd.a
[INFO] [stderr]   [ 42%] Built target libzstd_static
[INFO] [stderr]   [ 42%] Building CXX object CMakeFiles/seal.dir/native/src/seal/ciphertext.cpp.o
[INFO] [stderr]   [ 43%] Building CXX object CMakeFiles/seal.dir/native/src/seal/ckks.cpp.o
[INFO] [stderr]   [ 44%] Building CXX object CMakeFiles/seal.dir/native/src/seal/batchencoder.cpp.o
[INFO] [stderr]   [ 45%] Building CXX object CMakeFiles/seal.dir/native/src/seal/context.cpp.o
[INFO] [stderr]   [ 46%] Building CXX object CMakeFiles/seal.dir/native/src/seal/decryptor.cpp.o
[INFO] [stderr]   [ 48%] Building CXX object CMakeFiles/seal.dir/native/src/seal/encryptor.cpp.o
[INFO] [stderr]   [ 49%] Building CXX object CMakeFiles/seal.dir/native/src/seal/evaluator.cpp.o
[INFO] [stderr]   [ 49%] Building CXX object CMakeFiles/seal.dir/native/src/seal/encryptionparams.cpp.o
[INFO] [stderr] 
[INFO] [stderr]   --- stderr
[INFO] [stderr]   CMake Deprecation Warning at /opt/rustwide/target/debug/build/sealy-d2b4fb0a8950197f/out/build/thirdparty/zlib/CMakeLists.txt:1 (cmake_minimum_required):
[INFO] [stderr]     Compatibility with CMake < 2.8.12 will be removed from a future version of
[INFO] [stderr]     CMake.
[INFO] [stderr] 
[INFO] [stderr]     Update the VERSION argument <min> value or use a ...<max> suffix to tell
[INFO] [stderr]     CMake that the project does not need compatibility with older versions.
[INFO] [stderr] 
[INFO] [stderr] 
[INFO] [stderr]   CMake Deprecation Warning at thirdparty/zstd/build/cmake/CMakeLists.txt:10 (cmake_minimum_required):
[INFO] [stderr]     Compatibility with CMake < 2.8.12 will be removed from a future version of
[INFO] [stderr]     CMake.
[INFO] [stderr] 
[INFO] [stderr]     Update the VERSION argument <min> value or use a ...<max> suffix to tell
[INFO] [stderr]     CMake that the project does not need compatibility with older versions.
[INFO] [stderr] 
[INFO] [stderr] 
[INFO] [stderr]   CMake Warning:
[INFO] [stderr]     Manually-specified variables were not used by the project:
[INFO] [stderr] 
[INFO] [stderr]       CMAKE_ASM_COMPILER
[INFO] [stderr]       CMAKE_ASM_FLAGS
[INFO] [stderr] 
[INFO] [stderr] 
[INFO] [stderr]   c++: fatal error: Killed signal terminated program cc1plus
[INFO] [stderr]   compilation terminated.
[INFO] [stderr]   gmake[2]: *** [CMakeFiles/seal.dir/build.make:76: CMakeFiles/seal.dir/native/src/seal/batchencoder.cpp.o] Error 1
[INFO] [stderr]   gmake[2]: *** Waiting for unfinished jobs....
[INFO] [stderr]   c++: fatal error: Killed signal terminated program cc1plus
[INFO] [stderr]   compilation terminated.
[INFO] [stderr]   gmake[2]: *** [CMakeFiles/seal.dir/build.make:146: CMakeFiles/seal.dir/native/src/seal/encryptionparams.cpp.o] Error 1
[INFO] [stderr]   c++: fatal error: Killed signal terminated program cc1plus
[INFO] [stderr]   compilation terminated.
[INFO] [stderr]   gmake[2]: *** [CMakeFiles/seal.dir/build.make:132: CMakeFiles/seal.dir/native/src/seal/decryptor.cpp.o] Error 1
[INFO] [stderr]   /opt/rustwide/workdir/SEAL/native/src/seal/encryptor.cpp: In member function 'void seal::Encryptor::encrypt_internal(const seal::Plaintext&, bool, bool, seal::Ciphertext&, seal::MemoryPoolHandle) const':
[INFO] [stderr]   /opt/rustwide/workdir/SEAL/native/src/seal/encryptor.cpp:246:26: warning: unused parameter 'pool' [-Wunused-parameter]
[INFO] [stderr]     246 |         MemoryPoolHandle pool
[INFO] [stderr]         |         ~~~~~~~~~~~~~~~~~^~~~
[INFO] [stderr]   gmake[1]: *** [CMakeFiles/Makefile2:197: CMakeFiles/seal.dir/all] Error 2
[INFO] [stderr]   gmake: *** [Makefile:136: all] Error 2
[INFO] [stderr]   thread 'main' panicked at /opt/rustwide/cargo-home/registry/src/index.crates.io-6f17d22bba15001f/cmake-0.1.50/src/lib.rs:1098:5:
[INFO] [stderr] 
[INFO] [stderr]   command did not execute successfully, got: exit status: 2
[INFO] [stderr] 
[INFO] [stderr]   build script failed, must exit now
[INFO] [stderr]   stack backtrace:
[INFO] [stderr]      0:     0x6057e4e45a5a - std::backtrace_rs::backtrace::libunwind::trace::h207520d6e9873551
[INFO] [stderr]                                  at /rustc/df4ca44d3fbc9301ee17f30f4d474e6ae4b05252/library/std/src/../../backtrace/src/backtrace/libunwind.rs:116:5
[INFO] [stderr]      1:     0x6057e4e45a5a - std::backtrace_rs::backtrace::trace_unsynchronized::h2ed7433f370e3eca
[INFO] [stderr]                                  at /rustc/df4ca44d3fbc9301ee17f30f4d474e6ae4b05252/library/std/src/../../backtrace/src/backtrace/mod.rs:66:5
[INFO] [stderr]      2:     0x6057e4e45a5a - std::sys::backtrace::_print_fmt::h916fac51166b18d7
[INFO] [stderr]                                  at /rustc/df4ca44d3fbc9301ee17f30f4d474e6ae4b05252/library/std/src/sys/backtrace.rs:66:9
[INFO] [stderr]      3:     0x6057e4e45a5a - <std::sys::backtrace::BacktraceLock::print::DisplayBacktrace as core::fmt::Display>::fmt::ha0a4c9b8ce3802e6
[INFO] [stderr]                                  at /rustc/df4ca44d3fbc9301ee17f30f4d474e6ae4b05252/library/std/src/sys/backtrace.rs:39:26
[INFO] [stderr]      4:     0x6057e4e6f2c3 - core::fmt::rt::Argument::fmt::h4cfc8587d52b3eb5
[INFO] [stderr]                                  at /rustc/df4ca44d3fbc9301ee17f30f4d474e6ae4b05252/library/core/src/fmt/rt.rs:177:76
[INFO] [stderr]      5:     0x6057e4e6f2c3 - core::fmt::write::h522cc39e5b36ae9f
[INFO] [stderr]                                  at /rustc/df4ca44d3fbc9301ee17f30f4d474e6ae4b05252/library/core/src/fmt/mod.rs:1190:21
[INFO] [stderr]      6:     0x6057e4e420d3 - std::io::Write::write_fmt::hf1c1dcc8cc1287f0
[INFO] [stderr]                                  at /rustc/df4ca44d3fbc9301ee17f30f4d474e6ae4b05252/library/std/src/io/mod.rs:1839:15
[INFO] [stderr]      7:     0x6057e4e458a2 - std::sys::backtrace::BacktraceLock::print::h4b9e00b29e9c0942
[INFO] [stderr]                                  at /rustc/df4ca44d3fbc9301ee17f30f4d474e6ae4b05252/library/std/src/sys/backtrace.rs:42:9
[INFO] [stderr]      8:     0x6057e4e46a9c - std::panicking::default_hook::{{closure}}::hb59b88280d0324d9
[INFO] [stderr]                                  at /rustc/df4ca44d3fbc9301ee17f30f4d474e6ae4b05252/library/std/src/panicking.rs:268:22
[INFO] [stderr]      9:     0x6057e4e468e2 - std::panicking::default_hook::he1dd496665be4a29
[INFO] [stderr]                                  at /rustc/df4ca44d3fbc9301ee17f30f4d474e6ae4b05252/library/std/src/panicking.rs:295:9
[INFO] [stderr]     10:     0x6057e4e470d7 - std::panicking::rust_panic_with_hook::h2ff17fe8f26dfcf8
[INFO] [stderr]                                  at /rustc/df4ca44d3fbc9301ee17f30f4d474e6ae4b05252/library/std/src/panicking.rs:801:13
[INFO] [stderr]     11:     0x6057e4e46f6a - std::panicking::begin_panic_handler::{{closure}}::h4fad77951c07e101
[INFO] [stderr]                                  at /rustc/df4ca44d3fbc9301ee17f30f4d474e6ae4b05252/library/std/src/panicking.rs:674:13
[INFO] [stderr]     12:     0x6057e4e45f39 - std::sys::backtrace::__rust_end_short_backtrace::hb1a25b3da5d0ea08
[INFO] [stderr]                                  at /rustc/df4ca44d3fbc9301ee17f30f4d474e6ae4b05252/library/std/src/sys/backtrace.rs:170:18
[INFO] [stderr]     13:     0x6057e4e46bfc - rust_begin_unwind
[INFO] [stderr]                                  at /rustc/df4ca44d3fbc9301ee17f30f4d474e6ae4b05252/library/std/src/panicking.rs:665:5
[INFO] [stderr]     14:     0x6057e4e6d610 - core::panicking::panic_fmt::ha9db07b529f9b256
[INFO] [stderr]                                  at /rustc/df4ca44d3fbc9301ee17f30f4d474e6ae4b05252/library/core/src/panicking.rs:75:14
[INFO] [stderr]     15:     0x6057e4dc1142 - cmake::fail::h313be0beb33e1982
[INFO] [stderr]     16:     0x6057e4dc0919 - cmake::run::h7bc4f035945acfae
[INFO] [stderr]     17:     0x6057e4dbd2b8 - cmake::Config::build::he624573ff565a353
[INFO] [stderr]     18:     0x6057e488dad9 - build_script_build::compile_native::hc79ce8285fde133c
[INFO] [stderr]     19:     0x6057e488e323 - build_script_build::main::hd5cf6cc3b8992e4e
[INFO] [stderr]     20:     0x6057e4889dc3 - core::ops::function::FnOnce::call_once::h1f2aba3d962620bc
[INFO] [stderr]     21:     0x6057e4889cb6 - std::sys::backtrace::__rust_begin_short_backtrace::hcd2f248a49ec177f
[INFO] [stderr]     22:     0x6057e4889c19 - std::rt::lang_start::{{closure}}::h4d80e150c6a9355e
[INFO] [stderr]     23:     0x6057e4e3db77 - core::ops::function::impls::<impl core::ops::function::FnOnce<A> for &F>::call_once::hd87d66b906e0ccaf
[INFO] [stderr]                                  at /rustc/df4ca44d3fbc9301ee17f30f4d474e6ae4b05252/library/core/src/ops/function.rs:284:13
[INFO] [stderr]     24:     0x6057e4e3db77 - std::panicking::try::do_call::hae3703de71fc9e3a
[INFO] [stderr]                                  at /rustc/df4ca44d3fbc9301ee17f30f4d474e6ae4b05252/library/std/src/panicking.rs:557:40
[INFO] [stderr]     25:     0x6057e4e3db77 - std::panicking::try::h1178330e9a2b2645
[INFO] [stderr]                                  at /rustc/df4ca44d3fbc9301ee17f30f4d474e6ae4b05252/library/std/src/panicking.rs:520:19
[INFO] [stderr]     26:     0x6057e4e3db77 - std::panic::catch_unwind::h0acf49d2305d32ad
[INFO] [stderr]                                  at /rustc/df4ca44d3fbc9301ee17f30f4d474e6ae4b05252/library/std/src/panic.rs:358:14
[INFO] [stderr]     27:     0x6057e4e3db77 - std::rt::lang_start_internal::{{closure}}::h2d95182d798177be
[INFO] [stderr]                                  at /rustc/df4ca44d3fbc9301ee17f30f4d474e6ae4b05252/library/std/src/rt.rs:174:48
[INFO] [stderr]     28:     0x6057e4e3db77 - std::panicking::try::do_call::hb506f5bfe11fd30c
[INFO] [stderr]                                  at /rustc/df4ca44d3fbc9301ee17f30f4d474e6ae4b05252/library/std/src/panicking.rs:557:40
[INFO] [stderr]     29:     0x6057e4e3db77 - std::panicking::try::h54d825c46bd0fa95
[INFO] [stderr]                                  at /rustc/df4ca44d3fbc9301ee17f30f4d474e6ae4b05252/library/std/src/panicking.rs:520:19
[INFO] [stderr]     30:     0x6057e4e3db77 - std::panic::catch_unwind::hffbb0ad20c4e9fac
[INFO] [stderr]                                  at /rustc/df4ca44d3fbc9301ee17f30f4d474e6ae4b05252/library/std/src/panic.rs:358:14
[INFO] [stderr]     31:     0x6057e4e3db77 - std::rt::lang_start_internal::h52c291ef1962c925
[INFO] [stderr]                                  at /rustc/df4ca44d3fbc9301ee17f30f4d474e6ae4b05252/library/std/src/rt.rs:174:20
[INFO] [stderr]     32:     0x6057e4889bf7 - std::rt::lang_start::h8dbf3bd608a57d58
[INFO] [stderr]     33:     0x6057e488ed35 - main
[INFO] [stderr]     34:     0x73bb7e7e5d90 - <unknown>
[INFO] [stderr]     35:     0x73bb7e7e5e40 - __libc_start_main
[INFO] [stderr]     36:     0x6057e4889545 - _start
[INFO] [stderr]     37:                0x0 - <unknown>
[INFO] running `Command { std: "docker" "inspect" "876bcbe36bd78d6d993de34c16c378056c4e897dc7afedda9d940911bac47c41", kill_on_drop: false }`
[INFO] running `Command { std: "docker" "rm" "-f" "876bcbe36bd78d6d993de34c16c378056c4e897dc7afedda9d940911bac47c41", kill_on_drop: false }`
[INFO] [stdout] 876bcbe36bd78d6d993de34c16c378056c4e897dc7afedda9d940911bac47c41
