[INFO] fetching crate sdl2_image 0.25.0...
[INFO] testing sdl2_image-0.25.0 against nightly-2024-10-28+rustflags=-Zrandomize-layout for randomize-layout
[INFO] extracting crate sdl2_image 0.25.0 into /workspace/builds/worker-0-tc2/source
[INFO] validating manifest of crates.io crate sdl2_image 0.25.0 on toolchain nightly-2024-10-28
[INFO] running `Command { std: CARGO_HOME="/workspace/cargo-home" RUSTUP_HOME="/workspace/rustup-home" "/workspace/cargo-home/bin/cargo" "+nightly-2024-10-28" "metadata" "--manifest-path" "Cargo.toml" "--no-deps", kill_on_drop: false }`
[INFO] started tweaking crates.io crate sdl2_image 0.25.0
[INFO] finished tweaking crates.io crate sdl2_image 0.25.0
[INFO] tweaked toml for crates.io crate sdl2_image 0.25.0 written to /workspace/builds/worker-0-tc2/source/Cargo.toml
[INFO] running `Command { std: CARGO_HOME="/workspace/cargo-home" RUSTUP_HOME="/workspace/rustup-home" "/workspace/cargo-home/bin/cargo" "+nightly-2024-10-28" "generate-lockfile" "--manifest-path" "Cargo.toml", kill_on_drop: false }`
[INFO] [stderr]     Updating crates.io index
[INFO] [stderr]      Locking 20 packages to latest compatible versions
[INFO] [stderr]       Adding bitflags v0.7.0 (available: v2.6.0)
[INFO] [stderr]       Adding sdl2 v0.25.0 (available: v0.37.0)
[INFO] [stderr]       Adding sdl2-sys v0.25.0 (available: v0.37.0)
[INFO] running `Command { std: CARGO_HOME="/workspace/cargo-home" RUSTUP_HOME="/workspace/rustup-home" "/workspace/cargo-home/bin/cargo" "+nightly-2024-10-28" "fetch" "--manifest-path" "Cargo.toml", kill_on_drop: false }`
[INFO] [stderr] warning: no edition set: defaulting to the 2015 edition while the latest is 2021
[INFO] running `Command { std: "docker" "create" "-v" "/var/lib/crater-agent-workspace/builds/worker-0-tc2/target:/opt/rustwide/target:rw,Z" "-v" "/var/lib/crater-agent-workspace/builds/worker-0-tc2/source:/opt/rustwide/workdir:ro,Z" "-v" "/var/lib/crater-agent-workspace/cargo-home:/opt/rustwide/cargo-home:ro,Z" "-v" "/var/lib/crater-agent-workspace/rustup-home:/opt/rustwide/rustup-home:ro,Z" "-e" "SOURCE_DIR=/opt/rustwide/workdir" "-e" "CARGO_TARGET_DIR=/opt/rustwide/target" "-e" "CARGO_HOME=/opt/rustwide/cargo-home" "-e" "RUSTUP_HOME=/opt/rustwide/rustup-home" "-w" "/opt/rustwide/workdir" "-m" "1610612736" "--user" "0:0" "--network" "none" "ghcr.io/rust-lang/crates-build-env/linux@sha256:4a844ea9eb2546a2d2c7022eacef16ef2e8229c7fbb2c7d4d55a9ceca922f72d" "/opt/rustwide/cargo-home/bin/cargo" "+nightly-2024-10-28" "metadata" "--no-deps" "--format-version=1", kill_on_drop: false }`
[INFO] [stdout] c52778659ce962374e76f6572ad2865aed34baa6635e16c05679542ed5ef7f74
[INFO] running `Command { std: "docker" "start" "-a" "c52778659ce962374e76f6572ad2865aed34baa6635e16c05679542ed5ef7f74", kill_on_drop: false }`
[INFO] running `Command { std: "docker" "inspect" "c52778659ce962374e76f6572ad2865aed34baa6635e16c05679542ed5ef7f74", kill_on_drop: false }`
[INFO] running `Command { std: "docker" "rm" "-f" "c52778659ce962374e76f6572ad2865aed34baa6635e16c05679542ed5ef7f74", kill_on_drop: false }`
[INFO] [stdout] c52778659ce962374e76f6572ad2865aed34baa6635e16c05679542ed5ef7f74
[INFO] running `Command { std: "docker" "create" "-v" "/var/lib/crater-agent-workspace/builds/worker-0-tc2/target:/opt/rustwide/target:rw,Z" "-v" "/var/lib/crater-agent-workspace/builds/worker-0-tc2/source:/opt/rustwide/workdir:ro,Z" "-v" "/var/lib/crater-agent-workspace/cargo-home:/opt/rustwide/cargo-home:ro,Z" "-v" "/var/lib/crater-agent-workspace/rustup-home:/opt/rustwide/rustup-home:ro,Z" "-e" "SOURCE_DIR=/opt/rustwide/workdir" "-e" "CARGO_TARGET_DIR=/opt/rustwide/target" "-e" "CARGO_INCREMENTAL=0" "-e" "RUST_BACKTRACE=full" "-e" "RUSTFLAGS=--cap-lints=forbid -Zrandomize-layout" "-e" "RUSTDOCFLAGS=--cap-lints=forbid" "-e" "CARGO_HOME=/opt/rustwide/cargo-home" "-e" "RUSTUP_HOME=/opt/rustwide/rustup-home" "-w" "/opt/rustwide/workdir" "-m" "1610612736" "--user" "0:0" "--network" "none" "ghcr.io/rust-lang/crates-build-env/linux@sha256:4a844ea9eb2546a2d2c7022eacef16ef2e8229c7fbb2c7d4d55a9ceca922f72d" "/opt/rustwide/cargo-home/bin/cargo" "+nightly-2024-10-28" "build" "--frozen" "--message-format=json", kill_on_drop: false }`
[INFO] [stdout] 73c47c28cd909e0798d40f491abfe048a2a74020e98767113310f5e2c168adfb
[INFO] running `Command { std: "docker" "start" "-a" "73c47c28cd909e0798d40f491abfe048a2a74020e98767113310f5e2c168adfb", kill_on_drop: false }`
[INFO] [stderr] warning: no edition set: defaulting to the 2015 edition while the latest is 2021
[INFO] [stderr]    Compiling sdl2-sys v0.25.0
[INFO] [stderr]    Compiling lazy_static v0.2.11
[INFO] [stderr]    Compiling bitflags v0.6.0
[INFO] [stderr]    Compiling bitflags v0.7.0
[INFO] [stderr]    Compiling num-integer v0.1.46
[INFO] [stderr]    Compiling rand v0.4.6
[INFO] [stderr]    Compiling num-iter v0.1.45
[INFO] [stderr]    Compiling num v0.1.42
[INFO] [stderr]    Compiling rand v0.3.23
[INFO] [stderr]    Compiling sdl2 v0.25.0
[INFO] [stderr]    Compiling sdl2_image v0.25.0 (/opt/rustwide/workdir)
[INFO] [stdout] warning: unused doc comment
[INFO] [stdout]   --> src/sdl2_image/lib.rs:41:1
[INFO] [stdout]    |
[INFO] [stdout] 41 | / /// InitFlags are passed to init() to control which subsystem
[INFO] [stdout] 42 | | /// functionality to load.
[INFO] [stdout]    | |_-------------------------^
[INFO] [stdout]    |   |
[INFO] [stdout]    |   rustdoc does not generate documentation for macro invocations
[INFO] [stdout]    |
[INFO] [stdout]    = help: to document an item produced by a macro, the macro must produce the documentation as part of its expansion
[INFO] [stdout]    = note: `#[warn(unused_doc_comments)]` on by default
[INFO] [stdout] 
[INFO] [stdout] 
[INFO] [stdout] warning: use of deprecated macro `try`: use the `?` operator instead
[INFO] [stdout]   --> src/sdl2_image/lib.rs:43:1
[INFO] [stdout]    |
[INFO] [stdout] 43 | / bitflags! {
[INFO] [stdout] 44 | |     pub flags InitFlag : u32 {
[INFO] [stdout] 45 | |         const INIT_JPG  = ::ffi::IMG_INIT_JPG as u32,
[INFO] [stdout] 46 | |         const INIT_PNG  = ::ffi::IMG_INIT_PNG as u32,
[INFO] [stdout] ...  |
[INFO] [stdout] 49 | |     }
[INFO] [stdout] 50 | | }
[INFO] [stdout]    | |_^
[INFO] [stdout]    |
[INFO] [stdout]    = note: `#[warn(deprecated)]` on by default
[INFO] [stdout]    = note: this warning originates in the macro `bitflags` (in Nightly builds, run with -Z macro-backtrace for more info)
[INFO] [stdout] 
[INFO] [stdout] 
[INFO] [stdout] warning: use of deprecated macro `try`: use the `?` operator instead
[INFO] [stdout]   --> src/sdl2_image/lib.rs:43:1
[INFO] [stdout]    |
[INFO] [stdout] 43 | / bitflags! {
[INFO] [stdout] 44 | |     pub flags InitFlag : u32 {
[INFO] [stdout] 45 | |         const INIT_JPG  = ::ffi::IMG_INIT_JPG as u32,
[INFO] [stdout] 46 | |         const INIT_PNG  = ::ffi::IMG_INIT_PNG as u32,
[INFO] [stdout] ...  |
[INFO] [stdout] 49 | |     }
[INFO] [stdout] 50 | | }
[INFO] [stdout]    | |_^
[INFO] [stdout]    |
[INFO] [stdout]    = note: this warning originates in the macro `bitflags` (in Nightly builds, run with -Z macro-backtrace for more info)
[INFO] [stdout] 
[INFO] [stdout] 
[INFO] [stderr]     Finished `dev` profile [unoptimized + debuginfo] target(s) in 2.04s
[INFO] [stderr] warning: the following packages contain code that will be rejected by a future version of Rust: bitflags v0.6.0, bitflags v0.7.0
[INFO] [stderr] note: to see what the problems were, use the option `--future-incompat-report`, or run `cargo report future-incompatibilities --id 1`
[INFO] running `Command { std: "docker" "inspect" "73c47c28cd909e0798d40f491abfe048a2a74020e98767113310f5e2c168adfb", kill_on_drop: false }`
[INFO] running `Command { std: "docker" "rm" "-f" "73c47c28cd909e0798d40f491abfe048a2a74020e98767113310f5e2c168adfb", kill_on_drop: false }`
[INFO] [stdout] 73c47c28cd909e0798d40f491abfe048a2a74020e98767113310f5e2c168adfb
[INFO] running `Command { std: "docker" "create" "-v" "/var/lib/crater-agent-workspace/builds/worker-0-tc2/target:/opt/rustwide/target:rw,Z" "-v" "/var/lib/crater-agent-workspace/builds/worker-0-tc2/source:/opt/rustwide/workdir:ro,Z" "-v" "/var/lib/crater-agent-workspace/cargo-home:/opt/rustwide/cargo-home:ro,Z" "-v" "/var/lib/crater-agent-workspace/rustup-home:/opt/rustwide/rustup-home:ro,Z" "-e" "SOURCE_DIR=/opt/rustwide/workdir" "-e" "CARGO_TARGET_DIR=/opt/rustwide/target" "-e" "CARGO_INCREMENTAL=0" "-e" "RUST_BACKTRACE=full" "-e" "RUSTFLAGS=--cap-lints=forbid -Zrandomize-layout" "-e" "RUSTDOCFLAGS=--cap-lints=forbid" "-e" "CARGO_HOME=/opt/rustwide/cargo-home" "-e" "RUSTUP_HOME=/opt/rustwide/rustup-home" "-w" "/opt/rustwide/workdir" "-m" "1610612736" "--user" "0:0" "--network" "none" "ghcr.io/rust-lang/crates-build-env/linux@sha256:4a844ea9eb2546a2d2c7022eacef16ef2e8229c7fbb2c7d4d55a9ceca922f72d" "/opt/rustwide/cargo-home/bin/cargo" "+nightly-2024-10-28" "test" "--frozen" "--no-run" "--message-format=json", kill_on_drop: false }`
[INFO] [stdout] 65c2cc9c1badeaf547b3fd49a04341ad3d758790def26ca1b3ee76fe09084cf5
[INFO] running `Command { std: "docker" "start" "-a" "65c2cc9c1badeaf547b3fd49a04341ad3d758790def26ca1b3ee76fe09084cf5", kill_on_drop: false }`
[INFO] [stderr] warning: no edition set: defaulting to the 2015 edition while the latest is 2021
[INFO] [stdout] warning: unused doc comment
[INFO] [stdout]   --> src/sdl2_image/lib.rs:41:1
[INFO] [stdout]    |
[INFO] [stdout] 41 | / /// InitFlags are passed to init() to control which subsystem
[INFO] [stdout] 42 | | /// functionality to load.
[INFO] [stdout]    | |_-------------------------^
[INFO] [stdout]    |   |
[INFO] [stdout]    |   rustdoc does not generate documentation for macro invocations
[INFO] [stdout]    |
[INFO] [stdout]    = help: to document an item produced by a macro, the macro must produce the documentation as part of its expansion
[INFO] [stdout]    = note: `#[warn(unused_doc_comments)]` on by default
[INFO] [stdout] 
[INFO] [stdout] 
[INFO] [stdout] warning: use of deprecated macro `try`: use the `?` operator instead
[INFO] [stdout]   --> src/sdl2_image/lib.rs:43:1
[INFO] [stdout]    |
[INFO] [stdout] 43 | / bitflags! {
[INFO] [stdout] 44 | |     pub flags InitFlag : u32 {
[INFO] [stdout] 45 | |         const INIT_JPG  = ::ffi::IMG_INIT_JPG as u32,
[INFO] [stdout] 46 | |         const INIT_PNG  = ::ffi::IMG_INIT_PNG as u32,
[INFO] [stdout] ...  |
[INFO] [stdout] 49 | |     }
[INFO] [stdout] 50 | | }
[INFO] [stdout]    | |_^
[INFO] [stdout]    |
[INFO] [stdout]    = note: `#[warn(deprecated)]` on by default
[INFO] [stdout]    = note: this warning originates in the macro `bitflags` (in Nightly builds, run with -Z macro-backtrace for more info)
[INFO] [stdout] 
[INFO] [stdout] 
[INFO] [stderr]    Compiling sdl2_image v0.25.0 (/opt/rustwide/workdir)
[INFO] [stdout] warning: use of deprecated macro `try`: use the `?` operator instead
[INFO] [stdout]   --> src/sdl2_image/lib.rs:43:1
[INFO] [stdout]    |
[INFO] [stdout] 43 | / bitflags! {
[INFO] [stdout] 44 | |     pub flags InitFlag : u32 {
[INFO] [stdout] 45 | |         const INIT_JPG  = ::ffi::IMG_INIT_JPG as u32,
[INFO] [stdout] 46 | |         const INIT_PNG  = ::ffi::IMG_INIT_PNG as u32,
[INFO] [stdout] ...  |
[INFO] [stdout] 49 | |     }
[INFO] [stdout] 50 | | }
[INFO] [stdout]    | |_^
[INFO] [stdout]    |
[INFO] [stdout]    = note: this warning originates in the macro `bitflags` (in Nightly builds, run with -Z macro-backtrace for more info)
[INFO] [stdout] 
[INFO] [stdout] 
[INFO] [stdout] error[E0254]: the name `sdl2_image` is defined multiple times
[INFO] [stdout]  --> examples/demo.rs:8:18
[INFO] [stdout]   |
[INFO] [stdout] 4 | extern crate sdl2_image;
[INFO] [stdout]   | ------------------------ previous import of the extern crate `sdl2_image` here
[INFO] [stdout] ...
[INFO] [stdout] 8 | use sdl2_image::{self, LoadTexture, INIT_PNG, INIT_JPG};
[INFO] [stdout]   |                  ^^^^--
[INFO] [stdout]   |                  |
[INFO] [stdout]   |                  `sdl2_image` reimported here
[INFO] [stdout]   |                  help: remove unnecessary import
[INFO] [stdout]   |
[INFO] [stdout]   = note: `sdl2_image` must be defined only once in the type namespace of this module
[INFO] [stdout] 
[INFO] [stdout] 
[INFO] [stdout] warning: unused import: `self`
[INFO] [stdout]  --> examples/demo.rs:8:18
[INFO] [stdout]   |
[INFO] [stdout] 8 | use sdl2_image::{self, LoadTexture, INIT_PNG, INIT_JPG};
[INFO] [stdout]   |                  ^^^^
[INFO] [stdout]   |
[INFO] [stdout]   = note: `#[warn(unused_imports)]` on by default
[INFO] [stdout] 
[INFO] [stdout] 
[INFO] [stdout] warning: unused doc comment
[INFO] [stdout]   --> src/sdl2_image/lib.rs:41:1
[INFO] [stdout]    |
[INFO] [stdout] 41 | / /// InitFlags are passed to init() to control which subsystem
[INFO] [stdout] 42 | | /// functionality to load.
[INFO] [stdout]    | |_-------------------------^
[INFO] [stdout]    |   |
[INFO] [stdout]    |   rustdoc does not generate documentation for macro invocations
[INFO] [stdout]    |
[INFO] [stdout]    = help: to document an item produced by a macro, the macro must produce the documentation as part of its expansion
[INFO] [stdout]    = note: `#[warn(unused_doc_comments)]` on by default
[INFO] [stdout] 
[INFO] [stdout] 
[INFO] [stdout] warning: use of deprecated macro `try`: use the `?` operator instead
[INFO] [stdout]   --> src/sdl2_image/lib.rs:43:1
[INFO] [stdout]    |
[INFO] [stdout] 43 | / bitflags! {
[INFO] [stdout] 44 | |     pub flags InitFlag : u32 {
[INFO] [stdout] 45 | |         const INIT_JPG  = ::ffi::IMG_INIT_JPG as u32,
[INFO] [stdout] 46 | |         const INIT_PNG  = ::ffi::IMG_INIT_PNG as u32,
[INFO] [stdout] ...  |
[INFO] [stdout] 49 | |     }
[INFO] [stdout] 50 | | }
[INFO] [stdout]    | |_^
[INFO] [stdout]    |
[INFO] [stdout]    = note: `#[warn(deprecated)]` on by default
[INFO] [stdout]    = note: this warning originates in the macro `bitflags` (in Nightly builds, run with -Z macro-backtrace for more info)
[INFO] [stdout] 
[INFO] [stdout] 
[INFO] [stdout] warning: use of deprecated macro `try`: use the `?` operator instead
[INFO] [stdout]   --> src/sdl2_image/lib.rs:43:1
[INFO] [stdout]    |
[INFO] [stdout] 43 | / bitflags! {
[INFO] [stdout] 44 | |     pub flags InitFlag : u32 {
[INFO] [stdout] 45 | |         const INIT_JPG  = ::ffi::IMG_INIT_JPG as u32,
[INFO] [stdout] 46 | |         const INIT_PNG  = ::ffi::IMG_INIT_PNG as u32,
[INFO] [stdout] ...  |
[INFO] [stdout] 49 | |     }
[INFO] [stdout] 50 | | }
[INFO] [stdout]    | |_^
[INFO] [stdout]    |
[INFO] [stdout]    = note: this warning originates in the macro `bitflags` (in Nightly builds, run with -Z macro-backtrace for more info)
[INFO] [stdout] 
[INFO] [stdout] 
[INFO] [stdout] For more information about this error, try `rustc --explain E0254`.
[INFO] [stdout] 
[INFO] [stderr] error: could not compile `sdl2_image` (example "demo") due to 1 previous error; 1 warning emitted
[INFO] [stderr] warning: build failed, waiting for other jobs to finish...
[INFO] [stdout] error: linking with `cc` failed: exit status: 1
[INFO] [stdout]   |
[INFO] [stdout]   = note: LC_ALL="C" PATH="/opt/rustwide/rustup-home/toolchains/nightly-2024-10-28-x86_64-unknown-linux-gnu/lib/rustlib/x86_64-unknown-linux-gnu/bin:/opt/rustwide/rustup-home/toolchains/nightly-2024-10-28-x86_64-unknown-linux-gnu/lib/rustlib/x86_64-unknown-linux-gnu/bin/self-contained:/opt/rustwide/cargo-home/bin:/usr/local/sbin:/usr/local/bin:/usr/sbin:/usr/bin:/sbin:/bin" VSLANG="1033" "cc" "-m64" "/tmp/rustcxHXoiR/symbols.o" "/opt/rustwide/target/debug/deps/sdl2_image-6323efbdfd84b883.sdl2_image.251445663356028d-cgu.0.rcgu.o" "/opt/rustwide/target/debug/deps/sdl2_image-6323efbdfd84b883.evz8mpcsup0giac6gdi2ba2l2.rcgu.o" "-Wl,--as-needed" "-Wl,-Bdynamic" "-lSDL2_image" "-Wl,-Bstatic" "/opt/rustwide/rustup-home/toolchains/nightly-2024-10-28-x86_64-unknown-linux-gnu/lib/rustlib/x86_64-unknown-linux-gnu/lib/libtest-a09fad3b5321e7d6.rlib" "/opt/rustwide/rustup-home/toolchains/nightly-2024-10-28-x86_64-unknown-linux-gnu/lib/rustlib/x86_64-unknown-linux-gnu/lib/libgetopts-f9c3dff41ad42661.rlib" "/opt/rustwide/rustup-home/toolchains/nightly-2024-10-28-x86_64-unknown-linux-gnu/lib/rustlib/x86_64-unknown-linux-gnu/lib/libunicode_width-ad2aef31af6addd3.rlib" "/opt/rustwide/rustup-home/toolchains/nightly-2024-10-28-x86_64-unknown-linux-gnu/lib/rustlib/x86_64-unknown-linux-gnu/lib/librustc_std_workspace_std-e3f907dc03deb913.rlib" "/opt/rustwide/target/debug/deps/libbitflags-ccdf5dbae48274f7.rlib" "/opt/rustwide/target/debug/deps/libsdl2-46c6930c17683d5f.rlib" "/opt/rustwide/target/debug/deps/librand-79f9c76266e898e5.rlib" "/opt/rustwide/target/debug/deps/librand-b659f6e4e4ac2137.rlib" "/opt/rustwide/target/debug/deps/libsdl2_sys-af3f3afee80c951d.rlib" "/opt/rustwide/target/debug/deps/libbitflags-e0610f52c4f60050.rlib" "/opt/rustwide/target/debug/deps/liblazy_static-db150a8b3ee87459.rlib" "/opt/rustwide/target/debug/deps/liblibc-663f09ba3db1840e.rlib" "/opt/rustwide/target/debug/deps/libnum-2d015c46fcb49723.rlib" "/opt/rustwide/target/debug/deps/libnum_iter-f3c3bd0e5a19ab8d.rlib" "/opt/rustwide/target/debug/deps/libnum_integer-d775e63dfa3bce90.rlib" "/opt/rustwide/target/debug/deps/libnum_traits-f4156d1e802a5c62.rlib" "/opt/rustwide/rustup-home/toolchains/nightly-2024-10-28-x86_64-unknown-linux-gnu/lib/rustlib/x86_64-unknown-linux-gnu/lib/libstd-fb8c387236db3c10.rlib" "/opt/rustwide/rustup-home/toolchains/nightly-2024-10-28-x86_64-unknown-linux-gnu/lib/rustlib/x86_64-unknown-linux-gnu/lib/libpanic_unwind-b251837809b2f64b.rlib" "/opt/rustwide/rustup-home/toolchains/nightly-2024-10-28-x86_64-unknown-linux-gnu/lib/rustlib/x86_64-unknown-linux-gnu/lib/libobject-cbef83eaa4e01f04.rlib" "/opt/rustwide/rustup-home/toolchains/nightly-2024-10-28-x86_64-unknown-linux-gnu/lib/rustlib/x86_64-unknown-linux-gnu/lib/libmemchr-12a772286de2fca7.rlib" "/opt/rustwide/rustup-home/toolchains/nightly-2024-10-28-x86_64-unknown-linux-gnu/lib/rustlib/x86_64-unknown-linux-gnu/lib/libaddr2line-023bbe5ada7abfc3.rlib" "/opt/rustwide/rustup-home/toolchains/nightly-2024-10-28-x86_64-unknown-linux-gnu/lib/rustlib/x86_64-unknown-linux-gnu/lib/libgimli-de2bcdf10ec69c2b.rlib" "/opt/rustwide/rustup-home/toolchains/nightly-2024-10-28-x86_64-unknown-linux-gnu/lib/rustlib/x86_64-unknown-linux-gnu/lib/librustc_demangle-8e1754df350800fd.rlib" "/opt/rustwide/rustup-home/toolchains/nightly-2024-10-28-x86_64-unknown-linux-gnu/lib/rustlib/x86_64-unknown-linux-gnu/lib/libstd_detect-06c2ab7b9c32e037.rlib" "/opt/rustwide/rustup-home/toolchains/nightly-2024-10-28-x86_64-unknown-linux-gnu/lib/rustlib/x86_64-unknown-linux-gnu/lib/libhashbrown-51d2621fc57a281b.rlib" "/opt/rustwide/rustup-home/toolchains/nightly-2024-10-28-x86_64-unknown-linux-gnu/lib/rustlib/x86_64-unknown-linux-gnu/lib/librustc_std_workspace_alloc-54a930408793772f.rlib" "/opt/rustwide/rustup-home/toolchains/nightly-2024-10-28-x86_64-unknown-linux-gnu/lib/rustlib/x86_64-unknown-linux-gnu/lib/libminiz_oxide-0c7d01cba400dcb2.rlib" "/opt/rustwide/rustup-home/toolchains/nightly-2024-10-28-x86_64-unknown-linux-gnu/lib/rustlib/x86_64-unknown-linux-gnu/lib/libadler-b9f84d69e331b75b.rlib" "/opt/rustwide/rustup-home/toolchains/nightly-2024-10-28-x86_64-unknown-linux-gnu/lib/rustlib/x86_64-unknown-linux-gnu/lib/libunwind-eec95493246aae39.rlib" "/opt/rustwide/rustup-home/toolchains/nightly-2024-10-28-x86_64-unknown-linux-gnu/lib/rustlib/x86_64-unknown-linux-gnu/lib/libcfg_if-6f6676c475e08ab0.rlib" "/opt/rustwide/rustup-home/toolchains/nightly-2024-10-28-x86_64-unknown-linux-gnu/lib/rustlib/x86_64-unknown-linux-gnu/lib/liblibc-799d520624f8b2e0.rlib" "/opt/rustwide/rustup-home/toolchains/nightly-2024-10-28-x86_64-unknown-linux-gnu/lib/rustlib/x86_64-unknown-linux-gnu/lib/liballoc-fcf93d4842acd9a9.rlib" "/opt/rustwide/rustup-home/toolchains/nightly-2024-10-28-x86_64-unknown-linux-gnu/lib/rustlib/x86_64-unknown-linux-gnu/lib/librustc_std_workspace_core-395a38b8e0851c9b.rlib" "/opt/rustwide/rustup-home/toolchains/nightly-2024-10-28-x86_64-unknown-linux-gnu/lib/rustlib/x86_64-unknown-linux-gnu/lib/libcore-d453bab70303062c.rlib" "/opt/rustwide/rustup-home/toolchains/nightly-2024-10-28-x86_64-unknown-linux-gnu/lib/rustlib/x86_64-unknown-linux-gnu/lib/libcompiler_builtins-0e6386368b0a24e8.rlib" "-Wl,-Bdynamic" "-lSDL2" "-lgcc_s" "-lutil" "-lrt" "-lpthread" "-lm" "-ldl" "-lc" "-B/opt/rustwide/rustup-home/toolchains/nightly-2024-10-28-x86_64-unknown-linux-gnu/lib/rustlib/x86_64-unknown-linux-gnu/bin/gcc-ld" "-fuse-ld=lld" "-Wl,--eh-frame-hdr" "-Wl,-z,noexecstack" "-L" "/opt/rustwide/rustup-home/toolchains/nightly-2024-10-28-x86_64-unknown-linux-gnu/lib/rustlib/x86_64-unknown-linux-gnu/lib" "-o" "/opt/rustwide/target/debug/deps/sdl2_image-6323efbdfd84b883" "-Wl,--gc-sections" "-pie" "-Wl,-z,relro,-z,now" "-nodefaultlibs"
[INFO] [stdout]   = note: rust-lld: error: unable to find library -lSDL2_image
[INFO] [stdout]           collect2: error: ld returned 1 exit status
[INFO] [stdout]           
[INFO] [stdout] 
[INFO] [stdout] 
[INFO] [stderr] error: could not compile `sdl2_image` (lib test) due to 1 previous error; 3 warnings emitted
[INFO] running `Command { std: "docker" "inspect" "65c2cc9c1badeaf547b3fd49a04341ad3d758790def26ca1b3ee76fe09084cf5", kill_on_drop: false }`
[INFO] running `Command { std: "docker" "rm" "-f" "65c2cc9c1badeaf547b3fd49a04341ad3d758790def26ca1b3ee76fe09084cf5", kill_on_drop: false }`
[INFO] [stdout] 65c2cc9c1badeaf547b3fd49a04341ad3d758790def26ca1b3ee76fe09084cf5
