[INFO] fetching crate scylla-cdc 0.2.0...
[INFO] testing scylla-cdc-0.2.0 against nightly-2024-10-28+rustflags=-Zrandomize-layout for randomize-layout
[INFO] extracting crate scylla-cdc 0.2.0 into /workspace/builds/worker-5-tc2/source
[INFO] validating manifest of crates.io crate scylla-cdc 0.2.0 on toolchain nightly-2024-10-28
[INFO] running `Command { std: CARGO_HOME="/workspace/cargo-home" RUSTUP_HOME="/workspace/rustup-home" "/workspace/cargo-home/bin/cargo" "+nightly-2024-10-28" "metadata" "--manifest-path" "Cargo.toml" "--no-deps", kill_on_drop: false }`
[INFO] started tweaking crates.io crate scylla-cdc 0.2.0
[INFO] finished tweaking crates.io crate scylla-cdc 0.2.0
[INFO] tweaked toml for crates.io crate scylla-cdc 0.2.0 written to /workspace/builds/worker-5-tc2/source/Cargo.toml
[INFO] running `Command { std: CARGO_HOME="/workspace/cargo-home" RUSTUP_HOME="/workspace/rustup-home" "/workspace/cargo-home/bin/cargo" "+nightly-2024-10-28" "generate-lockfile" "--manifest-path" "Cargo.toml", kill_on_drop: false }`
[INFO] [stderr]     Updating crates.io index
[INFO] [stderr]      Locking 122 packages to latest compatible versions
[INFO] [stderr]       Adding scylla v0.13.2 (available: v0.14.0)
[INFO] running `Command { std: CARGO_HOME="/workspace/cargo-home" RUSTUP_HOME="/workspace/rustup-home" "/workspace/cargo-home/bin/cargo" "+nightly-2024-10-28" "fetch" "--manifest-path" "Cargo.toml", kill_on_drop: false }`
[INFO] running `Command { std: "docker" "create" "-v" "/var/lib/crater-agent-workspace/builds/worker-5-tc2/target:/opt/rustwide/target:rw,Z" "-v" "/var/lib/crater-agent-workspace/builds/worker-5-tc2/source:/opt/rustwide/workdir:ro,Z" "-v" "/var/lib/crater-agent-workspace/cargo-home:/opt/rustwide/cargo-home:ro,Z" "-v" "/var/lib/crater-agent-workspace/rustup-home:/opt/rustwide/rustup-home:ro,Z" "-e" "SOURCE_DIR=/opt/rustwide/workdir" "-e" "CARGO_TARGET_DIR=/opt/rustwide/target" "-e" "CARGO_HOME=/opt/rustwide/cargo-home" "-e" "RUSTUP_HOME=/opt/rustwide/rustup-home" "-w" "/opt/rustwide/workdir" "-m" "1610612736" "--user" "0:0" "--network" "none" "ghcr.io/rust-lang/crates-build-env/linux@sha256:4a844ea9eb2546a2d2c7022eacef16ef2e8229c7fbb2c7d4d55a9ceca922f72d" "/opt/rustwide/cargo-home/bin/cargo" "+nightly-2024-10-28" "metadata" "--no-deps" "--format-version=1", kill_on_drop: false }`
[INFO] [stdout] f86deb85eef4d206e1bd005d88daa3e08c066a7337e5271ca14ca50da383c3b1
[INFO] running `Command { std: "docker" "start" "-a" "f86deb85eef4d206e1bd005d88daa3e08c066a7337e5271ca14ca50da383c3b1", kill_on_drop: false }`
[INFO] running `Command { std: "docker" "inspect" "f86deb85eef4d206e1bd005d88daa3e08c066a7337e5271ca14ca50da383c3b1", kill_on_drop: false }`
[INFO] running `Command { std: "docker" "rm" "-f" "f86deb85eef4d206e1bd005d88daa3e08c066a7337e5271ca14ca50da383c3b1", kill_on_drop: false }`
[INFO] [stdout] f86deb85eef4d206e1bd005d88daa3e08c066a7337e5271ca14ca50da383c3b1
[INFO] running `Command { std: "docker" "create" "-v" "/var/lib/crater-agent-workspace/builds/worker-5-tc2/target:/opt/rustwide/target:rw,Z" "-v" "/var/lib/crater-agent-workspace/builds/worker-5-tc2/source:/opt/rustwide/workdir:ro,Z" "-v" "/var/lib/crater-agent-workspace/cargo-home:/opt/rustwide/cargo-home:ro,Z" "-v" "/var/lib/crater-agent-workspace/rustup-home:/opt/rustwide/rustup-home:ro,Z" "-e" "SOURCE_DIR=/opt/rustwide/workdir" "-e" "CARGO_TARGET_DIR=/opt/rustwide/target" "-e" "CARGO_INCREMENTAL=0" "-e" "RUST_BACKTRACE=full" "-e" "RUSTFLAGS=--cap-lints=forbid -Zrandomize-layout" "-e" "RUSTDOCFLAGS=--cap-lints=forbid" "-e" "CARGO_HOME=/opt/rustwide/cargo-home" "-e" "RUSTUP_HOME=/opt/rustwide/rustup-home" "-w" "/opt/rustwide/workdir" "-m" "1610612736" "--user" "0:0" "--network" "none" "ghcr.io/rust-lang/crates-build-env/linux@sha256:4a844ea9eb2546a2d2c7022eacef16ef2e8229c7fbb2c7d4d55a9ceca922f72d" "/opt/rustwide/cargo-home/bin/cargo" "+nightly-2024-10-28" "build" "--frozen" "--message-format=json", kill_on_drop: false }`
[INFO] [stdout] e92b6e0b9c4c49a9df3307ff64e328b2c954efb6c02088abc069ee040c43aca1
[INFO] running `Command { std: "docker" "start" "-a" "e92b6e0b9c4c49a9df3307ff64e328b2c954efb6c02088abc069ee040c43aca1", kill_on_drop: false }`
[INFO] [stderr]    Compiling proc-macro2 v1.0.89
[INFO] [stderr]    Compiling unicode-ident v1.0.13
[INFO] [stderr]    Compiling libc v0.2.161
[INFO] [stderr]    Compiling autocfg v1.4.0
[INFO] [stderr]    Compiling byteorder v1.5.0
[INFO] [stderr]    Compiling pin-project-lite v0.2.15
[INFO] [stderr]    Compiling version_check v0.9.5
[INFO] [stderr]    Compiling fnv v1.0.7
[INFO] [stderr]    Compiling strsim v0.11.1
[INFO] [stderr]    Compiling once_cell v1.20.2
[INFO] [stderr]    Compiling ident_case v1.0.1
[INFO] [stderr]    Compiling futures-sink v0.3.31
[INFO] [stderr]    Compiling futures-core v0.3.31
[INFO] [stderr]    Compiling equivalent v1.0.1
[INFO] [stderr]    Compiling hashbrown v0.15.0
[INFO] [stderr]    Compiling futures-task v0.3.31
[INFO] [stderr]    Compiling bytemuck v1.19.0
[INFO] [stderr]    Compiling winnow v0.6.20
[INFO] [stderr]    Compiling futures-io v0.3.31
[INFO] [stderr]    Compiling parking_lot_core v0.9.10
[INFO] [stderr]    Compiling thiserror v1.0.66
[INFO] [stderr]    Compiling futures-channel v0.3.31
[INFO] [stderr]    Compiling static_assertions v1.1.0
[INFO] [stderr]    Compiling snap v1.1.1
[INFO] [stderr]    Compiling toml_datetime v0.6.8
[INFO] [stderr]    Compiling memchr v2.7.4
[INFO] [stderr]    Compiling twox-hash v1.6.3
[INFO] [stderr]    Compiling atomic v0.6.0
[INFO] [stderr]    Compiling smallvec v1.13.2
[INFO] [stderr]    Compiling bytes v1.8.0
[INFO] [stderr]    Compiling ahash v0.8.11
[INFO] [stderr]    Compiling scopeguard v1.2.0
[INFO] [stderr]    Compiling allocator-api2 v0.2.18
[INFO] [stderr]    Compiling either v1.13.0
[INFO] [stderr]    Compiling tracing-core v0.1.32
[INFO] [stderr]    Compiling anyhow v1.0.92
[INFO] [stderr]    Compiling iana-time-zone v0.1.61
[INFO] [stderr]    Compiling slab v0.4.9
[INFO] [stderr]    Compiling lock_api v0.4.12
[INFO] [stderr]    Compiling num-traits v0.2.19
[INFO] [stderr]    Compiling lz4_flex v0.11.3
[INFO] [stderr]    Compiling itertools v0.11.0
[INFO] [stderr]    Compiling indexmap v2.6.0
[INFO] [stderr]    Compiling arc-swap v1.7.1
[INFO] [stderr]    Compiling histogram v0.6.9
[INFO] [stderr]    Compiling quote v1.0.37
[INFO] [stderr]    Compiling lazy_static v1.5.0
[INFO] [stderr]    Compiling itertools v0.13.0
[INFO] [stderr]    Compiling hex v0.4.3
[INFO] [stderr]    Compiling syn v2.0.86
[INFO] [stderr]    Compiling getrandom v0.2.15
[INFO] [stderr]    Compiling mio v1.0.2
[INFO] [stderr]    Compiling socket2 v0.5.7
[INFO] [stderr]    Compiling rand_core v0.6.4
[INFO] [stderr]    Compiling uuid v1.11.0
[INFO] [stderr]    Compiling rand_pcg v0.3.1
[INFO] [stderr]    Compiling chrono v0.4.38
[INFO] [stderr]    Compiling toml_edit v0.22.22
[INFO] [stderr]    Compiling proc-macro-crate v3.2.0
[INFO] [stderr]    Compiling darling_core v0.20.10
[INFO] [stderr]    Compiling zerocopy-derive v0.7.35
[INFO] [stderr]    Compiling futures-macro v0.3.31
[INFO] [stderr]    Compiling tokio-macros v2.4.0
[INFO] [stderr]    Compiling thiserror-impl v1.0.66
[INFO] [stderr]    Compiling async-trait v0.1.83
[INFO] [stderr]    Compiling tracing-attributes v0.1.27
[INFO] [stderr]    Compiling num_enum_derive v0.7.3
[INFO] [stderr]    Compiling tokio v1.41.0
[INFO] [stderr]    Compiling zerocopy v0.7.35
[INFO] [stderr]    Compiling futures-util v0.3.31
[INFO] [stderr]    Compiling num_enum v0.7.3
[INFO] [stderr]    Compiling tracing v0.1.40
[INFO] [stderr]    Compiling darling_macro v0.20.10
[INFO] [stderr]    Compiling ppv-lite86 v0.2.20
[INFO] [stderr]    Compiling hashbrown v0.14.5
[INFO] [stderr]    Compiling darling v0.20.10
[INFO] [stderr]    Compiling scylla-macros v0.5.2
[INFO] [stderr]    Compiling rand_chacha v0.3.1
[INFO] [stderr]    Compiling rand v0.8.5
[INFO] [stderr]    Compiling dashmap v5.5.3
[INFO] [stderr]    Compiling futures-executor v0.3.31
[INFO] [stderr]    Compiling futures v0.3.31
[INFO] [stderr]    Compiling scylla-cql v0.2.2
[INFO] [stderr]    Compiling scylla v0.13.2
[INFO] [stderr]    Compiling scylla-cdc v0.2.0 (/opt/rustwide/workdir)
[INFO] [stderr]     Finished `dev` profile [unoptimized + debuginfo] target(s) in 18.66s
[INFO] running `Command { std: "docker" "inspect" "e92b6e0b9c4c49a9df3307ff64e328b2c954efb6c02088abc069ee040c43aca1", kill_on_drop: false }`
[INFO] running `Command { std: "docker" "rm" "-f" "e92b6e0b9c4c49a9df3307ff64e328b2c954efb6c02088abc069ee040c43aca1", kill_on_drop: false }`
[INFO] [stdout] e92b6e0b9c4c49a9df3307ff64e328b2c954efb6c02088abc069ee040c43aca1
[INFO] running `Command { std: "docker" "create" "-v" "/var/lib/crater-agent-workspace/builds/worker-5-tc2/target:/opt/rustwide/target:rw,Z" "-v" "/var/lib/crater-agent-workspace/builds/worker-5-tc2/source:/opt/rustwide/workdir:ro,Z" "-v" "/var/lib/crater-agent-workspace/cargo-home:/opt/rustwide/cargo-home:ro,Z" "-v" "/var/lib/crater-agent-workspace/rustup-home:/opt/rustwide/rustup-home:ro,Z" "-e" "SOURCE_DIR=/opt/rustwide/workdir" "-e" "CARGO_TARGET_DIR=/opt/rustwide/target" "-e" "CARGO_INCREMENTAL=0" "-e" "RUST_BACKTRACE=full" "-e" "RUSTFLAGS=--cap-lints=forbid -Zrandomize-layout" "-e" "RUSTDOCFLAGS=--cap-lints=forbid" "-e" "CARGO_HOME=/opt/rustwide/cargo-home" "-e" "RUSTUP_HOME=/opt/rustwide/rustup-home" "-w" "/opt/rustwide/workdir" "-m" "1610612736" "--user" "0:0" "--network" "none" "ghcr.io/rust-lang/crates-build-env/linux@sha256:4a844ea9eb2546a2d2c7022eacef16ef2e8229c7fbb2c7d4d55a9ceca922f72d" "/opt/rustwide/cargo-home/bin/cargo" "+nightly-2024-10-28" "test" "--frozen" "--no-run" "--message-format=json", kill_on_drop: false }`
[INFO] [stdout] 342fdcb4aa3f4a76c261bc824696c83988c4bc3d7e7302ff127fd3e5da3ab1cf
[INFO] running `Command { std: "docker" "start" "-a" "342fdcb4aa3f4a76c261bc824696c83988c4bc3d7e7302ff127fd3e5da3ab1cf", kill_on_drop: false }`
[INFO] [stderr]    Compiling tokio v1.41.0
[INFO] [stderr]    Compiling scylla-cql v0.2.2
[INFO] [stderr]    Compiling scylla v0.13.2
[INFO] [stderr]    Compiling scylla-cdc v0.2.0 (/opt/rustwide/workdir)
[INFO] [stdout] error[E0432]: unresolved import `scylla_cdc_test_utils`
[INFO] [stdout]    --> src/checkpoints.rs:234:9
[INFO] [stdout]     |
[INFO] [stdout] 234 |     use scylla_cdc_test_utils::{prepare_db, unique_name};
[INFO] [stdout]     |         ^^^^^^^^^^^^^^^^^^^^^ use of undeclared crate or module `scylla_cdc_test_utils`
[INFO] [stdout] 
[INFO] [stdout] 
[INFO] [stdout] error[E0432]: unresolved import `scylla_cdc_test_utils`
[INFO] [stdout]    --> src/consumer.rs:307:9
[INFO] [stdout]     |
[INFO] [stdout] 307 |     use scylla_cdc_test_utils::prepare_db;
[INFO] [stdout]     |         ^^^^^^^^^^^^^^^^^^^^^ use of undeclared crate or module `scylla_cdc_test_utils`
[INFO] [stdout] 
[INFO] [stdout] 
[INFO] [stdout] error[E0432]: unresolved import `scylla_cdc_test_utils`
[INFO] [stdout]   --> src/e2e_tests.rs:20:9
[INFO] [stdout]    |
[INFO] [stdout] 20 |     use scylla_cdc_test_utils::{now, prepare_db};
[INFO] [stdout]    |         ^^^^^^^^^^^^^^^^^^^^^ use of undeclared crate or module `scylla_cdc_test_utils`
[INFO] [stdout] 
[INFO] [stdout] 
[INFO] [stdout] error[E0432]: unresolved import `scylla_cdc_test_utils`
[INFO] [stdout]    --> src/log_reader.rs:506:9
[INFO] [stdout]     |
[INFO] [stdout] 506 |     use scylla_cdc_test_utils::{now, populate_simple_db_with_pk, prepare_simple_db, TEST_TABLE};
[INFO] [stdout]     |         ^^^^^^^^^^^^^^^^^^^^^ use of undeclared crate or module `scylla_cdc_test_utils`
[INFO] [stdout] 
[INFO] [stdout] 
[INFO] [stdout] error[E0432]: unresolved import `scylla_cdc_test_utils`
[INFO] [stdout]    --> src/stream_generations.rs:270:9
[INFO] [stdout]     |
[INFO] [stdout] 270 |     use scylla_cdc_test_utils::prepare_db;
[INFO] [stdout]     |         ^^^^^^^^^^^^^^^^^^^^^ use of undeclared crate or module `scylla_cdc_test_utils`
[INFO] [stdout] 
[INFO] [stdout] 
[INFO] [stdout] error[E0432]: unresolved import `scylla_cdc_test_utils`
[INFO] [stdout]    --> src/stream_reader.rs:291:9
[INFO] [stdout]     |
[INFO] [stdout] 291 |     use scylla_cdc_test_utils::{now, populate_simple_db_with_pk, prepare_simple_db, TEST_TABLE};
[INFO] [stdout]     |         ^^^^^^^^^^^^^^^^^^^^^ use of undeclared crate or module `scylla_cdc_test_utils`
[INFO] [stdout] 
[INFO] [stdout] 
[INFO] [stdout] For more information about this error, try `rustc --explain E0432`.
[INFO] [stdout] 
[INFO] [stderr] error: could not compile `scylla-cdc` (lib test) due to 6 previous errors
[INFO] running `Command { std: "docker" "inspect" "342fdcb4aa3f4a76c261bc824696c83988c4bc3d7e7302ff127fd3e5da3ab1cf", kill_on_drop: false }`
[INFO] running `Command { std: "docker" "rm" "-f" "342fdcb4aa3f4a76c261bc824696c83988c4bc3d7e7302ff127fd3e5da3ab1cf", kill_on_drop: false }`
[INFO] [stdout] 342fdcb4aa3f4a76c261bc824696c83988c4bc3d7e7302ff127fd3e5da3ab1cf
