[INFO] fetching crate scrub 0.1.0...
[INFO] testing scrub-0.1.0 against nightly-2024-10-28 for randomize-layout
[INFO] extracting crate scrub 0.1.0 into /workspace/builds/worker-5-tc1/source
[INFO] validating manifest of crates.io crate scrub 0.1.0 on toolchain nightly-2024-10-28
[INFO] running `Command { std: CARGO_HOME="/workspace/cargo-home" RUSTUP_HOME="/workspace/rustup-home" "/workspace/cargo-home/bin/cargo" "+nightly-2024-10-28" "metadata" "--manifest-path" "Cargo.toml" "--no-deps", kill_on_drop: false }`
[INFO] started tweaking crates.io crate scrub 0.1.0
[INFO] finished tweaking crates.io crate scrub 0.1.0
[INFO] tweaked toml for crates.io crate scrub 0.1.0 written to /workspace/builds/worker-5-tc1/source/Cargo.toml
[INFO] crate crates.io crate scrub 0.1.0 already has a lockfile, it will not be regenerated
[INFO] running `Command { std: CARGO_HOME="/workspace/cargo-home" RUSTUP_HOME="/workspace/rustup-home" "/workspace/cargo-home/bin/cargo" "+nightly-2024-10-28" "fetch" "--manifest-path" "Cargo.toml", kill_on_drop: false }`
[INFO] running `Command { std: "docker" "create" "-v" "/var/lib/crater-agent-workspace/builds/worker-5-tc1/target:/opt/rustwide/target:rw,Z" "-v" "/var/lib/crater-agent-workspace/builds/worker-5-tc1/source:/opt/rustwide/workdir:ro,Z" "-v" "/var/lib/crater-agent-workspace/cargo-home:/opt/rustwide/cargo-home:ro,Z" "-v" "/var/lib/crater-agent-workspace/rustup-home:/opt/rustwide/rustup-home:ro,Z" "-e" "SOURCE_DIR=/opt/rustwide/workdir" "-e" "CARGO_TARGET_DIR=/opt/rustwide/target" "-e" "CARGO_HOME=/opt/rustwide/cargo-home" "-e" "RUSTUP_HOME=/opt/rustwide/rustup-home" "-w" "/opt/rustwide/workdir" "-m" "1610612736" "--user" "0:0" "--network" "none" "ghcr.io/rust-lang/crates-build-env/linux@sha256:4a844ea9eb2546a2d2c7022eacef16ef2e8229c7fbb2c7d4d55a9ceca922f72d" "/opt/rustwide/cargo-home/bin/cargo" "+nightly-2024-10-28" "metadata" "--no-deps" "--format-version=1", kill_on_drop: false }`
[INFO] [stdout] b336c6fcfb262b82448fb0e57ad2a7d1ba9257ff8fe7ac388e9731b444e21777
[INFO] running `Command { std: "docker" "start" "-a" "b336c6fcfb262b82448fb0e57ad2a7d1ba9257ff8fe7ac388e9731b444e21777", kill_on_drop: false }`
[INFO] running `Command { std: "docker" "inspect" "b336c6fcfb262b82448fb0e57ad2a7d1ba9257ff8fe7ac388e9731b444e21777", kill_on_drop: false }`
[INFO] running `Command { std: "docker" "rm" "-f" "b336c6fcfb262b82448fb0e57ad2a7d1ba9257ff8fe7ac388e9731b444e21777", kill_on_drop: false }`
[INFO] [stdout] b336c6fcfb262b82448fb0e57ad2a7d1ba9257ff8fe7ac388e9731b444e21777
[INFO] running `Command { std: "docker" "create" "-v" "/var/lib/crater-agent-workspace/builds/worker-5-tc1/target:/opt/rustwide/target:rw,Z" "-v" "/var/lib/crater-agent-workspace/builds/worker-5-tc1/source:/opt/rustwide/workdir:ro,Z" "-v" "/var/lib/crater-agent-workspace/cargo-home:/opt/rustwide/cargo-home:ro,Z" "-v" "/var/lib/crater-agent-workspace/rustup-home:/opt/rustwide/rustup-home:ro,Z" "-e" "SOURCE_DIR=/opt/rustwide/workdir" "-e" "CARGO_TARGET_DIR=/opt/rustwide/target" "-e" "CARGO_INCREMENTAL=0" "-e" "RUST_BACKTRACE=full" "-e" "RUSTFLAGS=--cap-lints=forbid" "-e" "RUSTDOCFLAGS=--cap-lints=forbid" "-e" "CARGO_HOME=/opt/rustwide/cargo-home" "-e" "RUSTUP_HOME=/opt/rustwide/rustup-home" "-w" "/opt/rustwide/workdir" "-m" "1610612736" "--user" "0:0" "--network" "none" "ghcr.io/rust-lang/crates-build-env/linux@sha256:4a844ea9eb2546a2d2c7022eacef16ef2e8229c7fbb2c7d4d55a9ceca922f72d" "/opt/rustwide/cargo-home/bin/cargo" "+nightly-2024-10-28" "build" "--frozen" "--message-format=json", kill_on_drop: false }`
[INFO] [stdout] 1ef0dd4f50c8d1b5887dcbad13098e95e437b4156c27a65762c082169db63ae4
[INFO] running `Command { std: "docker" "start" "-a" "1ef0dd4f50c8d1b5887dcbad13098e95e437b4156c27a65762c082169db63ae4", kill_on_drop: false }`
[INFO] [stderr]    Compiling scrub v0.1.0 (/opt/rustwide/workdir)
[INFO] [stderr]     Finished `dev` profile [unoptimized + debuginfo] target(s) in 0.17s
[INFO] running `Command { std: "docker" "inspect" "1ef0dd4f50c8d1b5887dcbad13098e95e437b4156c27a65762c082169db63ae4", kill_on_drop: false }`
[INFO] running `Command { std: "docker" "rm" "-f" "1ef0dd4f50c8d1b5887dcbad13098e95e437b4156c27a65762c082169db63ae4", kill_on_drop: false }`
[INFO] [stdout] 1ef0dd4f50c8d1b5887dcbad13098e95e437b4156c27a65762c082169db63ae4
[INFO] running `Command { std: "docker" "create" "-v" "/var/lib/crater-agent-workspace/builds/worker-5-tc1/target:/opt/rustwide/target:rw,Z" "-v" "/var/lib/crater-agent-workspace/builds/worker-5-tc1/source:/opt/rustwide/workdir:ro,Z" "-v" "/var/lib/crater-agent-workspace/cargo-home:/opt/rustwide/cargo-home:ro,Z" "-v" "/var/lib/crater-agent-workspace/rustup-home:/opt/rustwide/rustup-home:ro,Z" "-e" "SOURCE_DIR=/opt/rustwide/workdir" "-e" "CARGO_TARGET_DIR=/opt/rustwide/target" "-e" "CARGO_INCREMENTAL=0" "-e" "RUST_BACKTRACE=full" "-e" "RUSTFLAGS=--cap-lints=forbid" "-e" "RUSTDOCFLAGS=--cap-lints=forbid" "-e" "CARGO_HOME=/opt/rustwide/cargo-home" "-e" "RUSTUP_HOME=/opt/rustwide/rustup-home" "-w" "/opt/rustwide/workdir" "-m" "1610612736" "--user" "0:0" "--network" "none" "ghcr.io/rust-lang/crates-build-env/linux@sha256:4a844ea9eb2546a2d2c7022eacef16ef2e8229c7fbb2c7d4d55a9ceca922f72d" "/opt/rustwide/cargo-home/bin/cargo" "+nightly-2024-10-28" "test" "--frozen" "--no-run" "--message-format=json", kill_on_drop: false }`
[INFO] [stdout] 07d5676adc1c43d574af1d1a95fadc879dc75396eb06e158fb5bf3baae89f2e5
[INFO] running `Command { std: "docker" "start" "-a" "07d5676adc1c43d574af1d1a95fadc879dc75396eb06e158fb5bf3baae89f2e5", kill_on_drop: false }`
[INFO] [stderr]    Compiling scrub v0.1.0 (/opt/rustwide/workdir)
[INFO] [stdout] error[E0308]: mismatched types
[INFO] [stdout]   --> examples/scrubbed.rs:22:2
[INFO] [stdout]    |
[INFO] [stdout] 22 |     rules!(A);
[INFO] [stdout]    |     ^^^^^^^-^
[INFO] [stdout]    |     |      |
[INFO] [stdout]    |     |      this expression has type `A`
[INFO] [stdout]    |     expected `A`, found `()`
[INFO] [stdout]    |
[INFO] [stdout]    = note: this error originates in the macro `rules` (in Nightly builds, run with -Z macro-backtrace for more info)
[INFO] [stdout] 
[INFO] [stdout] 
[INFO] [stdout] error[E0308]: mismatched types
[INFO] [stdout]   --> examples/scrubbed.rs:23:2
[INFO] [stdout]    |
[INFO] [stdout] 23 |     decl!(A);
[INFO] [stdout]    |     ^^^^^^-^
[INFO] [stdout]    |     |     |
[INFO] [stdout]    |     |     this expression has type `A`
[INFO] [stdout]    |     expected `A`, found `()`
[INFO] [stdout]    |
[INFO] [stdout]    = note: this error originates in the macro `decl` (in Nightly builds, run with -Z macro-backtrace for more info)
[INFO] [stdout] 
[INFO] [stdout] 
[INFO] [stdout] error[E0308]: mismatched types
[INFO] [stdout]   --> examples/scrubbed.rs:24:2
[INFO] [stdout]    |
[INFO] [stdout] 24 |     decl2!(A);
[INFO] [stdout]    |     ^^^^^^^-^
[INFO] [stdout]    |     |      |
[INFO] [stdout]    |     |      this expression has type `A`
[INFO] [stdout]    |     expected `A`, found `()`
[INFO] [stdout]    |
[INFO] [stdout]    = note: this error originates in the macro `decl2` (in Nightly builds, run with -Z macro-backtrace for more info)
[INFO] [stdout] 
[INFO] [stdout] 
[INFO] [stdout] error[E0308]: mismatched types
[INFO] [stdout]  --> examples/blame.rs:3:7
[INFO] [stdout]   |
[INFO] [stdout] 3 |         let () = $e;
[INFO] [stdout]   |             ^^ expected `A`, found `()`
[INFO] [stdout] ...
[INFO] [stdout] 9 |     b!(A);
[INFO] [stdout]   |     -----
[INFO] [stdout]   |     |  |
[INFO] [stdout]   |     |  this expression has type `A`
[INFO] [stdout]   |     in this macro invocation
[INFO] [stdout]   |
[INFO] [stdout]   = note: this error originates in the macro `b` (in Nightly builds, run with -Z macro-backtrace for more info)
[INFO] [stdout] 
[INFO] [stdout] 
[INFO] [stdout] error[E0308]: mismatched types
[INFO] [stdout]   --> examples/blameless.rs:11:2
[INFO] [stdout]    |
[INFO] [stdout] 11 |     b!(A);
[INFO] [stdout]    |     ^^^-^
[INFO] [stdout]    |     |  |
[INFO] [stdout]    |     |  this expression has type `A`
[INFO] [stdout]    |     expected `A`, found `()`
[INFO] [stdout]    |
[INFO] [stdout]    = note: this error originates in the macro `b` (in Nightly builds, run with -Z macro-backtrace for more info)
[INFO] [stdout] 
[INFO] [stdout] 
[INFO] [stdout] For more information about this error, try `rustc --explain E0308`.
[INFO] [stdout] 
[INFO] [stdout] For more information about this error, try `rustc --explain E0308`.
[INFO] [stdout] 
[INFO] [stdout] For more information about this error, try `rustc --explain E0308`.
[INFO] [stdout] 
[INFO] [stderr] error: could not compile `scrub` (example "scrubbed") due to 3 previous errors
[INFO] [stderr] warning: build failed, waiting for other jobs to finish...
[INFO] [stderr] error: could not compile `scrub` (example "blame") due to 1 previous error
[INFO] [stderr] error: could not compile `scrub` (example "blameless") due to 1 previous error
[INFO] running `Command { std: "docker" "inspect" "07d5676adc1c43d574af1d1a95fadc879dc75396eb06e158fb5bf3baae89f2e5", kill_on_drop: false }`
[INFO] running `Command { std: "docker" "rm" "-f" "07d5676adc1c43d574af1d1a95fadc879dc75396eb06e158fb5bf3baae89f2e5", kill_on_drop: false }`
[INFO] [stdout] 07d5676adc1c43d574af1d1a95fadc879dc75396eb06e158fb5bf3baae89f2e5
