[INFO] fetching crate scpi-contrib 1.0.1...
[INFO] testing scpi-contrib-1.0.1 against nightly-2024-10-28+rustflags=-Zrandomize-layout for randomize-layout
[INFO] extracting crate scpi-contrib 1.0.1 into /workspace/builds/worker-7-tc2/source
[INFO] validating manifest of crates.io crate scpi-contrib 1.0.1 on toolchain nightly-2024-10-28
[INFO] running `Command { std: CARGO_HOME="/workspace/cargo-home" RUSTUP_HOME="/workspace/rustup-home" "/workspace/cargo-home/bin/cargo" "+nightly-2024-10-28" "metadata" "--manifest-path" "Cargo.toml" "--no-deps", kill_on_drop: false }`
[INFO] started tweaking crates.io crate scpi-contrib 1.0.1
[INFO] finished tweaking crates.io crate scpi-contrib 1.0.1
[INFO] tweaked toml for crates.io crate scpi-contrib 1.0.1 written to /workspace/builds/worker-7-tc2/source/Cargo.toml
[INFO] crate crates.io crate scpi-contrib 1.0.1 already has a lockfile, it will not be regenerated
[INFO] running `Command { std: CARGO_HOME="/workspace/cargo-home" RUSTUP_HOME="/workspace/rustup-home" "/workspace/cargo-home/bin/cargo" "+nightly-2024-10-28" "fetch" "--manifest-path" "Cargo.toml", kill_on_drop: false }`
[INFO] running `Command { std: "docker" "create" "-v" "/var/lib/crater-agent-workspace/builds/worker-7-tc2/target:/opt/rustwide/target:rw,Z" "-v" "/var/lib/crater-agent-workspace/builds/worker-7-tc2/source:/opt/rustwide/workdir:ro,Z" "-v" "/var/lib/crater-agent-workspace/cargo-home:/opt/rustwide/cargo-home:ro,Z" "-v" "/var/lib/crater-agent-workspace/rustup-home:/opt/rustwide/rustup-home:ro,Z" "-e" "SOURCE_DIR=/opt/rustwide/workdir" "-e" "CARGO_TARGET_DIR=/opt/rustwide/target" "-e" "CARGO_HOME=/opt/rustwide/cargo-home" "-e" "RUSTUP_HOME=/opt/rustwide/rustup-home" "-w" "/opt/rustwide/workdir" "-m" "1610612736" "--user" "0:0" "--network" "none" "ghcr.io/rust-lang/crates-build-env/linux@sha256:4a844ea9eb2546a2d2c7022eacef16ef2e8229c7fbb2c7d4d55a9ceca922f72d" "/opt/rustwide/cargo-home/bin/cargo" "+nightly-2024-10-28" "metadata" "--no-deps" "--format-version=1", kill_on_drop: false }`
[INFO] [stdout] 3a12b89f3861ba5d2c43aa1ed5d93c4535db8b7360647292bbe97e8eac0f3c5e
[INFO] running `Command { std: "docker" "start" "-a" "3a12b89f3861ba5d2c43aa1ed5d93c4535db8b7360647292bbe97e8eac0f3c5e", kill_on_drop: false }`
[INFO] running `Command { std: "docker" "inspect" "3a12b89f3861ba5d2c43aa1ed5d93c4535db8b7360647292bbe97e8eac0f3c5e", kill_on_drop: false }`
[INFO] running `Command { std: "docker" "rm" "-f" "3a12b89f3861ba5d2c43aa1ed5d93c4535db8b7360647292bbe97e8eac0f3c5e", kill_on_drop: false }`
[INFO] [stdout] 3a12b89f3861ba5d2c43aa1ed5d93c4535db8b7360647292bbe97e8eac0f3c5e
[INFO] running `Command { std: "docker" "create" "-v" "/var/lib/crater-agent-workspace/builds/worker-7-tc2/target:/opt/rustwide/target:rw,Z" "-v" "/var/lib/crater-agent-workspace/builds/worker-7-tc2/source:/opt/rustwide/workdir:ro,Z" "-v" "/var/lib/crater-agent-workspace/cargo-home:/opt/rustwide/cargo-home:ro,Z" "-v" "/var/lib/crater-agent-workspace/rustup-home:/opt/rustwide/rustup-home:ro,Z" "-e" "SOURCE_DIR=/opt/rustwide/workdir" "-e" "CARGO_TARGET_DIR=/opt/rustwide/target" "-e" "CARGO_INCREMENTAL=0" "-e" "RUST_BACKTRACE=full" "-e" "RUSTFLAGS=--cap-lints=forbid -Zrandomize-layout" "-e" "RUSTDOCFLAGS=--cap-lints=forbid" "-e" "CARGO_HOME=/opt/rustwide/cargo-home" "-e" "RUSTUP_HOME=/opt/rustwide/rustup-home" "-w" "/opt/rustwide/workdir" "-m" "1610612736" "--user" "0:0" "--network" "none" "ghcr.io/rust-lang/crates-build-env/linux@sha256:4a844ea9eb2546a2d2c7022eacef16ef2e8229c7fbb2c7d4d55a9ceca922f72d" "/opt/rustwide/cargo-home/bin/cargo" "+nightly-2024-10-28" "build" "--frozen" "--message-format=json", kill_on_drop: false }`
[INFO] [stdout] 339787cc0e3041d6f74b694de9aa4551893463b9c5244062ffcf8f7e2a43c084
[INFO] running `Command { std: "docker" "start" "-a" "339787cc0e3041d6f74b694de9aa4551893463b9c5244062ffcf8f7e2a43c084", kill_on_drop: false }`
[INFO] [stderr]    Compiling static_assertions v1.1.0
[INFO] [stderr]    Compiling proc-macro2 v1.0.82
[INFO] [stderr]    Compiling autocfg v1.3.0
[INFO] [stderr]    Compiling unicode-ident v1.0.12
[INFO] [stderr]    Compiling typenum v1.17.0
[INFO] [stderr]    Compiling litrs v0.4.1
[INFO] [stderr]    Compiling lexical-util v0.8.5
[INFO] [stderr]    Compiling num-traits v0.2.19
[INFO] [stderr]    Compiling document-features v0.2.8
[INFO] [stderr]    Compiling lexical-parse-integer v0.8.6
[INFO] [stderr]    Compiling lexical-write-integer v0.8.5
[INFO] [stderr]    Compiling lexical-parse-float v0.8.5
[INFO] [stderr]    Compiling quote v1.0.36
[INFO] [stderr]    Compiling lexical-write-float v0.8.5
[INFO] [stderr]    Compiling syn v2.0.63
[INFO] [stderr]    Compiling uom v0.36.0
[INFO] [stderr]    Compiling lexical-core v0.8.5
[INFO] [stderr]    Compiling scpi_derive v1.0.1
[INFO] [stderr]    Compiling scpi v1.0.1
[INFO] [stderr]    Compiling scpi-contrib v1.0.1 (/opt/rustwide/workdir)
[INFO] [stderr]     Finished `dev` profile [unoptimized + debuginfo] target(s) in 11.77s
[INFO] running `Command { std: "docker" "inspect" "339787cc0e3041d6f74b694de9aa4551893463b9c5244062ffcf8f7e2a43c084", kill_on_drop: false }`
[INFO] running `Command { std: "docker" "rm" "-f" "339787cc0e3041d6f74b694de9aa4551893463b9c5244062ffcf8f7e2a43c084", kill_on_drop: false }`
[INFO] [stdout] 339787cc0e3041d6f74b694de9aa4551893463b9c5244062ffcf8f7e2a43c084
[INFO] running `Command { std: "docker" "create" "-v" "/var/lib/crater-agent-workspace/builds/worker-7-tc2/target:/opt/rustwide/target:rw,Z" "-v" "/var/lib/crater-agent-workspace/builds/worker-7-tc2/source:/opt/rustwide/workdir:ro,Z" "-v" "/var/lib/crater-agent-workspace/cargo-home:/opt/rustwide/cargo-home:ro,Z" "-v" "/var/lib/crater-agent-workspace/rustup-home:/opt/rustwide/rustup-home:ro,Z" "-e" "SOURCE_DIR=/opt/rustwide/workdir" "-e" "CARGO_TARGET_DIR=/opt/rustwide/target" "-e" "CARGO_INCREMENTAL=0" "-e" "RUST_BACKTRACE=full" "-e" "RUSTFLAGS=--cap-lints=forbid -Zrandomize-layout" "-e" "RUSTDOCFLAGS=--cap-lints=forbid" "-e" "CARGO_HOME=/opt/rustwide/cargo-home" "-e" "RUSTUP_HOME=/opt/rustwide/rustup-home" "-w" "/opt/rustwide/workdir" "-m" "1610612736" "--user" "0:0" "--network" "none" "ghcr.io/rust-lang/crates-build-env/linux@sha256:4a844ea9eb2546a2d2c7022eacef16ef2e8229c7fbb2c7d4d55a9ceca922f72d" "/opt/rustwide/cargo-home/bin/cargo" "+nightly-2024-10-28" "test" "--frozen" "--no-run" "--message-format=json", kill_on_drop: false }`
[INFO] [stdout] 89d538f994c03fc6af2f56594ff5b2ec67faa86f8d2c1562028d99e1c6f333de
[INFO] running `Command { std: "docker" "start" "-a" "89d538f994c03fc6af2f56594ff5b2ec67faa86f8d2c1562028d99e1c6f333de", kill_on_drop: false }`
[INFO] [stderr]    Compiling libc v0.2.154
[INFO] [stderr]    Compiling serde v1.0.202
[INFO] [stderr]    Compiling ppv-lite86 v0.2.17
[INFO] [stderr]    Compiling memchr v2.7.2
[INFO] [stderr]    Compiling serde_derive v1.0.202
[INFO] [stderr]    Compiling ryu v1.0.18
[INFO] [stderr]    Compiling itoa v1.0.11
[INFO] [stderr]    Compiling csv-core v0.1.11
[INFO] [stderr]    Compiling getrandom v0.2.15
[INFO] [stderr]    Compiling rand_core v0.6.4
[INFO] [stderr]    Compiling rand_chacha v0.3.1
[INFO] [stderr]    Compiling rand v0.8.5
[INFO] [stderr]    Compiling csv v1.3.0
[INFO] [stderr]    Compiling scpi-contrib v1.0.1 (/opt/rustwide/workdir)
[INFO] [stdout] error[E0277]: the trait bound `Vec<_>: scpi::parser::response::Formatter` is not satisfied
[INFO] [stdout]    --> examples/minimal_scpi.rs:179:73
[INFO] [stdout]     |
[INFO] [stdout] 179 |         let res = MINIMAL_TREE.run(&command, &mut device, &mut context, &mut response);
[INFO] [stdout]     |                                ---                                      ^^^^^^^^^^^^^ the trait `scpi::parser::response::Formatter` is not implemented for `Vec<_>`
[INFO] [stdout]     |                                |
[INFO] [stdout]     |                                required by a bound introduced by this call
[INFO] [stdout]     |
[INFO] [stdout] note: required by a bound in `Node::<'a, D>::run`
[INFO] [stdout]    --> /opt/rustwide/cargo-home/registry/src/index.crates.io-6f17d22bba15001f/scpi-1.0.1/src/tree/mod.rs:267:14
[INFO] [stdout]     |
[INFO] [stdout] 259 |     pub fn run<FMT>(
[INFO] [stdout]     |            --- required by a bound in this associated function
[INFO] [stdout] ...
[INFO] [stdout] 267 |         FMT: Formatter,
[INFO] [stdout]     |              ^^^^^^^^^ required by this bound in `Node::<'a, D>::run`
[INFO] [stdout] 
[INFO] [stdout] 
[INFO] [stdout] For more information about this error, try `rustc --explain E0277`.
[INFO] [stdout] 
[INFO] [stderr] error: could not compile `scpi-contrib` (example "minimal_scpi") due to 1 previous error
[INFO] [stderr] warning: build failed, waiting for other jobs to finish...
[INFO] [stdout] error[E0277]: the trait bound `Vec<_>: scpi::parser::response::Formatter` is not satisfied
[INFO] [stdout]    --> tests/util/mod.rs:219:36
[INFO] [stdout]     |
[INFO] [stdout] 219 |     tree.run(s, dev, &mut context, &mut buf)?;
[INFO] [stdout]     |          ---                       ^^^^^^^^ the trait `scpi::parser::response::Formatter` is not implemented for `Vec<_>`
[INFO] [stdout]     |          |
[INFO] [stdout]     |          required by a bound introduced by this call
[INFO] [stdout]     |
[INFO] [stdout] note: required by a bound in `scpi::tree::Node::<'a, D>::run`
[INFO] [stdout]    --> /opt/rustwide/cargo-home/registry/src/index.crates.io-6f17d22bba15001f/scpi-1.0.1/src/tree/mod.rs:267:14
[INFO] [stdout]     |
[INFO] [stdout] 259 |     pub fn run<FMT>(
[INFO] [stdout]     |            --- required by a bound in this associated function
[INFO] [stdout] ...
[INFO] [stdout] 267 |         FMT: Formatter,
[INFO] [stdout]     |              ^^^^^^^^^ required by this bound in `Node::<'a, D>::run`
[INFO] [stdout] 
[INFO] [stdout] 
[INFO] [stdout] For more information about this error, try `rustc --explain E0277`.
[INFO] [stdout] 
[INFO] [stdout] error[E0277]: the trait bound `Vec<_>: scpi::parser::response::Formatter` is not satisfied
[INFO] [stdout]    --> tests/util/mod.rs:219:36
[INFO] [stdout]     |
[INFO] [stdout] 219 |     tree.run(s, dev, &mut context, &mut buf)?;
[INFO] [stdout]     |          ---                       ^^^^^^^^ the trait `scpi::parser::response::Formatter` is not implemented for `Vec<_>`
[INFO] [stdout]     |          |
[INFO] [stdout]     |          required by a bound introduced by this call
[INFO] [stdout]     |
[INFO] [stdout] note: required by a bound in `scpi::tree::Node::<'a, D>::run`
[INFO] [stdout]    --> /opt/rustwide/cargo-home/registry/src/index.crates.io-6f17d22bba15001f/scpi-1.0.1/src/tree/mod.rs:267:14
[INFO] [stdout]     |
[INFO] [stdout] 259 |     pub fn run<FMT>(
[INFO] [stdout]     |            --- required by a bound in this associated function
[INFO] [stdout] ...
[INFO] [stdout] 267 |         FMT: Formatter,
[INFO] [stdout]     |              ^^^^^^^^^ required by this bound in `Node::<'a, D>::run`
[INFO] [stdout] 
[INFO] [stdout] 
[INFO] [stderr] error: could not compile `scpi-contrib` (test "test_csv") due to 1 previous error
[INFO] [stdout] error[E0277]: the trait bound `Vec<_>: scpi::parser::response::Formatter` is not satisfied
[INFO] [stdout]    --> tests/util/mod.rs:219:36
[INFO] [stdout]     |
[INFO] [stdout] 219 |     tree.run(s, dev, &mut context, &mut buf)?;
[INFO] [stdout]     |          ---                       ^^^^^^^^ the trait `scpi::parser::response::Formatter` is not implemented for `Vec<_>`
[INFO] [stdout]     |          |
[INFO] [stdout]     |          required by a bound introduced by this call
[INFO] [stdout]     |
[INFO] [stdout] note: required by a bound in `scpi::tree::Node::<'a, D>::run`
[INFO] [stdout]    --> /opt/rustwide/cargo-home/registry/src/index.crates.io-6f17d22bba15001f/scpi-1.0.1/src/tree/mod.rs:267:14
[INFO] [stdout]     |
[INFO] [stdout] 259 |     pub fn run<FMT>(
[INFO] [stdout]     |            --- required by a bound in this associated function
[INFO] [stdout] ...
[INFO] [stdout] 267 |         FMT: Formatter,
[INFO] [stdout]     |              ^^^^^^^^^ required by this bound in `Node::<'a, D>::run`
[INFO] [stdout] 
[INFO] [stdout] 
[INFO] [stdout] For more information about this error, try `rustc --explain E0277`.
[INFO] [stdout] 
[INFO] [stderr] error: could not compile `scpi-contrib` (test "test_commands") due to 1 previous error
[INFO] [stdout] For more information about this error, try `rustc --explain E0277`.
[INFO] [stdout] 
[INFO] [stderr] error: could not compile `scpi-contrib` (test "test_args") due to 1 previous error
[INFO] running `Command { std: "docker" "inspect" "89d538f994c03fc6af2f56594ff5b2ec67faa86f8d2c1562028d99e1c6f333de", kill_on_drop: false }`
[INFO] running `Command { std: "docker" "rm" "-f" "89d538f994c03fc6af2f56594ff5b2ec67faa86f8d2c1562028d99e1c6f333de", kill_on_drop: false }`
[INFO] [stdout] 89d538f994c03fc6af2f56594ff5b2ec67faa86f8d2c1562028d99e1c6f333de
