[INFO] fetching crate scout-audit-clippy-utils 0.2.3...
[INFO] testing scout-audit-clippy-utils-0.2.3 against nightly-2024-10-28 for randomize-layout
[INFO] extracting crate scout-audit-clippy-utils 0.2.3 into /workspace/builds/worker-1-tc1/source
[INFO] validating manifest of crates.io crate scout-audit-clippy-utils 0.2.3 on toolchain nightly-2024-10-28
[INFO] running `Command { std: CARGO_HOME="/workspace/cargo-home" RUSTUP_HOME="/workspace/rustup-home" "/workspace/cargo-home/bin/cargo" "+nightly-2024-10-28" "metadata" "--manifest-path" "Cargo.toml" "--no-deps", kill_on_drop: false }`
[INFO] removed /workspace/builds/worker-1-tc1/source/rust-toolchain
[INFO] started tweaking crates.io crate scout-audit-clippy-utils 0.2.3
[INFO] finished tweaking crates.io crate scout-audit-clippy-utils 0.2.3
[INFO] tweaked toml for crates.io crate scout-audit-clippy-utils 0.2.3 written to /workspace/builds/worker-1-tc1/source/Cargo.toml
[INFO] running `Command { std: CARGO_HOME="/workspace/cargo-home" RUSTUP_HOME="/workspace/rustup-home" "/workspace/cargo-home/bin/cargo" "+nightly-2024-10-28" "generate-lockfile" "--manifest-path" "Cargo.toml", kill_on_drop: false }`
[INFO] [stderr]     Updating crates.io index
[INFO] [stderr]      Locking 20 packages to latest compatible versions
[INFO] [stderr]       Adding itertools v0.11.0 (available: v0.13.0)
[INFO] running `Command { std: CARGO_HOME="/workspace/cargo-home" RUSTUP_HOME="/workspace/rustup-home" "/workspace/cargo-home/bin/cargo" "+nightly-2024-10-28" "fetch" "--manifest-path" "Cargo.toml", kill_on_drop: false }`
[INFO] [stderr]  Downloading crates ...
[INFO] [stderr]   Downloaded rustc-semver v1.1.0
[INFO] [stderr]   Downloaded scout-audit-clippy-config v0.1.76
[INFO] running `Command { std: "docker" "create" "-v" "/var/lib/crater-agent-workspace/builds/worker-1-tc1/target:/opt/rustwide/target:rw,Z" "-v" "/var/lib/crater-agent-workspace/builds/worker-1-tc1/source:/opt/rustwide/workdir:ro,Z" "-v" "/var/lib/crater-agent-workspace/cargo-home:/opt/rustwide/cargo-home:ro,Z" "-v" "/var/lib/crater-agent-workspace/rustup-home:/opt/rustwide/rustup-home:ro,Z" "-e" "SOURCE_DIR=/opt/rustwide/workdir" "-e" "CARGO_TARGET_DIR=/opt/rustwide/target" "-e" "CARGO_HOME=/opt/rustwide/cargo-home" "-e" "RUSTUP_HOME=/opt/rustwide/rustup-home" "-w" "/opt/rustwide/workdir" "-m" "1610612736" "--user" "0:0" "--network" "none" "ghcr.io/rust-lang/crates-build-env/linux@sha256:4a844ea9eb2546a2d2c7022eacef16ef2e8229c7fbb2c7d4d55a9ceca922f72d" "/opt/rustwide/cargo-home/bin/cargo" "+nightly-2024-10-28" "metadata" "--no-deps" "--format-version=1", kill_on_drop: false }`
[INFO] [stdout] 5bbac7d0a5eee0ca593275d18ee953f6cb36f9c65487a9989d093def6af124ee
[INFO] running `Command { std: "docker" "start" "-a" "5bbac7d0a5eee0ca593275d18ee953f6cb36f9c65487a9989d093def6af124ee", kill_on_drop: false }`
[INFO] running `Command { std: "docker" "inspect" "5bbac7d0a5eee0ca593275d18ee953f6cb36f9c65487a9989d093def6af124ee", kill_on_drop: false }`
[INFO] running `Command { std: "docker" "rm" "-f" "5bbac7d0a5eee0ca593275d18ee953f6cb36f9c65487a9989d093def6af124ee", kill_on_drop: false }`
[INFO] [stdout] 5bbac7d0a5eee0ca593275d18ee953f6cb36f9c65487a9989d093def6af124ee
[INFO] running `Command { std: "docker" "create" "-v" "/var/lib/crater-agent-workspace/builds/worker-1-tc1/target:/opt/rustwide/target:rw,Z" "-v" "/var/lib/crater-agent-workspace/builds/worker-1-tc1/source:/opt/rustwide/workdir:ro,Z" "-v" "/var/lib/crater-agent-workspace/cargo-home:/opt/rustwide/cargo-home:ro,Z" "-v" "/var/lib/crater-agent-workspace/rustup-home:/opt/rustwide/rustup-home:ro,Z" "-e" "SOURCE_DIR=/opt/rustwide/workdir" "-e" "CARGO_TARGET_DIR=/opt/rustwide/target" "-e" "CARGO_INCREMENTAL=0" "-e" "RUST_BACKTRACE=full" "-e" "RUSTFLAGS=--cap-lints=forbid" "-e" "RUSTDOCFLAGS=--cap-lints=forbid" "-e" "CARGO_HOME=/opt/rustwide/cargo-home" "-e" "RUSTUP_HOME=/opt/rustwide/rustup-home" "-w" "/opt/rustwide/workdir" "-m" "1610612736" "--user" "0:0" "--network" "none" "ghcr.io/rust-lang/crates-build-env/linux@sha256:4a844ea9eb2546a2d2c7022eacef16ef2e8229c7fbb2c7d4d55a9ceca922f72d" "/opt/rustwide/cargo-home/bin/cargo" "+nightly-2024-10-28" "build" "--frozen" "--message-format=json", kill_on_drop: false }`
[INFO] [stdout] 1a5cc5b075f49999e514791dbfbba59ca6677e07eaa051681d575093015eca2a
[INFO] running `Command { std: "docker" "start" "-a" "1a5cc5b075f49999e514791dbfbba59ca6677e07eaa051681d575093015eca2a", kill_on_drop: false }`
[INFO] [stderr]    Compiling serde v1.0.214
[INFO] [stderr]    Compiling winnow v0.5.40
[INFO] [stderr]    Compiling either v1.13.0
[INFO] [stderr]    Compiling rustc-semver v1.1.0
[INFO] [stderr]    Compiling quote v1.0.37
[INFO] [stderr]    Compiling arrayvec v0.7.6
[INFO] [stderr]    Compiling itertools v0.11.0
[INFO] [stderr]    Compiling syn v2.0.86
[INFO] [stderr]    Compiling serde_derive v1.0.214
[INFO] [stderr]    Compiling toml_datetime v0.6.8
[INFO] [stderr]    Compiling serde_spanned v0.6.8
[INFO] [stderr]    Compiling toml_edit v0.19.15
[INFO] [stderr]    Compiling toml v0.7.8
[INFO] [stderr]    Compiling scout-audit-clippy-config v0.1.76
[INFO] [stdout] error[E0463]: can't find crate for `rustc_ast`
[INFO] [stdout]   --> /opt/rustwide/cargo-home/registry/src/index.crates.io-6f17d22bba15001f/scout-audit-clippy-config-0.1.76/src/lib.rs:10:1
[INFO] [stdout]    |
[INFO] [stdout] 10 | extern crate rustc_ast;
[INFO] [stdout]    | ^^^^^^^^^^^^^^^^^^^^^^^ can't find crate
[INFO] [stdout]    |
[INFO] [stdout]    = help: maybe you need to install the missing components with: `rustup component add rust-src rustc-dev llvm-tools-preview`
[INFO] [stdout] 
[INFO] [stdout] 
[INFO] [stdout] error[E0463]: can't find crate for `rustc_data_structures`
[INFO] [stdout]   --> /opt/rustwide/cargo-home/registry/src/index.crates.io-6f17d22bba15001f/scout-audit-clippy-config-0.1.76/src/lib.rs:11:1
[INFO] [stdout]    |
[INFO] [stdout] 11 | extern crate rustc_data_structures;
[INFO] [stdout]    | ^^^^^^^^^^^^^^^^^^^^^^^^^^^^^^^^^^^ can't find crate
[INFO] [stdout]    |
[INFO] [stdout]    = help: maybe you need to install the missing components with: `rustup component add rust-src rustc-dev llvm-tools-preview`
[INFO] [stdout] 
[INFO] [stdout] 
[INFO] [stdout] error[E0463]: can't find crate for `rustc_driver`
[INFO] [stdout]   --> /opt/rustwide/cargo-home/registry/src/index.crates.io-6f17d22bba15001f/scout-audit-clippy-config-0.1.76/src/lib.rs:13:1
[INFO] [stdout]    |
[INFO] [stdout] 13 | extern crate rustc_driver;
[INFO] [stdout]    | ^^^^^^^^^^^^^^^^^^^^^^^^^^ can't find crate
[INFO] [stdout]    |
[INFO] [stdout]    = help: maybe you need to install the missing components with: `rustup component add rust-src rustc-dev llvm-tools-preview`
[INFO] [stdout] 
[INFO] [stdout] 
[INFO] [stdout] error[E0463]: can't find crate for `rustc_session`
[INFO] [stdout]   --> /opt/rustwide/cargo-home/registry/src/index.crates.io-6f17d22bba15001f/scout-audit-clippy-config-0.1.76/src/lib.rs:14:1
[INFO] [stdout]    |
[INFO] [stdout] 14 | extern crate rustc_session;
[INFO] [stdout]    | ^^^^^^^^^^^^^^^^^^^^^^^^^^^ can't find crate
[INFO] [stdout]    |
[INFO] [stdout]    = help: maybe you need to install the missing components with: `rustup component add rust-src rustc-dev llvm-tools-preview`
[INFO] [stdout] 
[INFO] [stdout] 
[INFO] [stdout] error[E0463]: can't find crate for `rustc_span`
[INFO] [stdout]   --> /opt/rustwide/cargo-home/registry/src/index.crates.io-6f17d22bba15001f/scout-audit-clippy-config-0.1.76/src/lib.rs:15:1
[INFO] [stdout]    |
[INFO] [stdout] 15 | extern crate rustc_span;
[INFO] [stdout]    | ^^^^^^^^^^^^^^^^^^^^^^^^ can't find crate
[INFO] [stdout]    |
[INFO] [stdout]    = help: maybe you need to install the missing components with: `rustup component add rust-src rustc-dev llvm-tools-preview`
[INFO] [stdout] 
[INFO] [stdout] 
[INFO] [stdout] error[E0599]: the method `push` exists for struct `Vec<ConfError>`, but its trait bounds were not satisfied
[INFO] [stdout]    --> /opt/rustwide/cargo-home/registry/src/index.crates.io-6f17d22bba15001f/scout-audit-clippy-config-0.1.76/src/conf.rs:157:50
[INFO] [stdout]     |
[INFO] [stdout] 60  |   struct ConfError {
[INFO] [stdout]     |   ---------------- doesn't satisfy `ConfError: Sized`
[INFO] [stdout] ...
[INFO] [stdout] 157 |                                   Err(e) => errors.push(ConfError::spanned(self.0, e.to_string().replace('\n', " ").trim(), value_span)),
[INFO] [stdout]     |                                                    ^^^^ method cannot be called on `Vec<ConfError>` due to unsatisfied trait bounds
[INFO] [stdout] ...
[INFO] [stdout] 203 | / define_Conf! {
[INFO] [stdout] 204 | |     /// Lint: ARITHMETIC_SIDE_EFFECTS.
[INFO] [stdout] 205 | |     ///
[INFO] [stdout] 206 | |     /// Suppress checking of the passed type names in all types of operations.
[INFO] [stdout] ...   |
[INFO] [stdout] 549 | |     (check_private_items: bool = false),
[INFO] [stdout] 550 | | }
[INFO] [stdout]     | |_- in this macro invocation
[INFO] [stdout]     |
[INFO] [stdout]     = note: the following trait bounds were not satisfied:
[INFO] [stdout]             `{type error}: Sized`
[INFO] [stdout]             which is required by `ConfError: Sized`
[INFO] [stdout]     = note: this error originates in the macro `define_Conf` (in Nightly builds, run with -Z macro-backtrace for more info)
[INFO] [stdout] 
[INFO] [stdout] 
[INFO] [stdout] error[E0599]: the method `push` exists for struct `Vec<ConfError>`, but its trait bounds were not satisfied
[INFO] [stdout]    --> /opt/rustwide/cargo-home/registry/src/index.crates.io-6f17d22bba15001f/scout-audit-clippy-config-0.1.76/src/conf.rs:159:55
[INFO] [stdout]     |
[INFO] [stdout] 60  |   struct ConfError {
[INFO] [stdout]     |   ---------------- doesn't satisfy `ConfError: Sized`
[INFO] [stdout] ...
[INFO] [stdout] 159 |                                       Some(_) => errors.push(ConfError::spanned(self.0, format!("duplicate field `{}`", name.get_ref()), na...
[INFO] [stdout]     |                                                         ^^^^ method cannot be called on `Vec<ConfError>` due to unsatisfied trait bounds
[INFO] [stdout] ...
[INFO] [stdout] 203 | / define_Conf! {
[INFO] [stdout] 204 | |     /// Lint: ARITHMETIC_SIDE_EFFECTS.
[INFO] [stdout] 205 | |     ///
[INFO] [stdout] 206 | |     /// Suppress checking of the passed type names in all types of operations.
[INFO] [stdout] ...   |
[INFO] [stdout] 549 | |     (check_private_items: bool = false),
[INFO] [stdout] 550 | | }
[INFO] [stdout]     | |_- in this macro invocation
[INFO] [stdout]     |
[INFO] [stdout]     = note: the following trait bounds were not satisfied:
[INFO] [stdout]             `{type error}: Sized`
[INFO] [stdout]             which is required by `ConfError: Sized`
[INFO] [stdout]     = note: this error originates in the macro `define_Conf` (in Nightly builds, run with -Z macro-backtrace for more info)
[INFO] [stdout] 
[INFO] [stdout] 
[INFO] [stdout] error[E0599]: the method `push` exists for struct `Vec<ConfError>`, but its trait bounds were not satisfied
[INFO] [stdout]    --> /opt/rustwide/cargo-home/registry/src/index.crates.io-6f17d22bba15001f/scout-audit-clippy-config-0.1.76/src/conf.rs:165:63
[INFO] [stdout]     |
[INFO] [stdout] 60  |   struct ConfError {
[INFO] [stdout]     |   ---------------- doesn't satisfy `ConfError: Sized`
[INFO] [stdout] ...
[INFO] [stdout] 165 |                                               Some(_) => errors.push(ConfError::spanned(self.0, concat!(
[INFO] [stdout]     |                                                          -------^^^^ method cannot be called on `Vec<ConfError>` due to unsatisfied trait bounds
[INFO] [stdout] ...
[INFO] [stdout] 203 | / define_Conf! {
[INFO] [stdout] 204 | |     /// Lint: ARITHMETIC_SIDE_EFFECTS.
[INFO] [stdout] 205 | |     ///
[INFO] [stdout] 206 | |     /// Suppress checking of the passed type names in all types of operations.
[INFO] [stdout] ...   |
[INFO] [stdout] 549 | |     (check_private_items: bool = false),
[INFO] [stdout] 550 | | }
[INFO] [stdout]     | |_- in this macro invocation
[INFO] [stdout]     |
[INFO] [stdout]     = note: the following trait bounds were not satisfied:
[INFO] [stdout]             `{type error}: Sized`
[INFO] [stdout]             which is required by `ConfError: Sized`
[INFO] [stdout]     = note: this error originates in the macro `define_Conf` (in Nightly builds, run with -Z macro-backtrace for more info)
[INFO] [stdout] 
[INFO] [stdout] 
[INFO] [stdout] error[E0599]: the method `push` exists for struct `Vec<ConfError>`, but its trait bounds were not satisfied
[INFO] [stdout]    --> /opt/rustwide/cargo-home/registry/src/index.crates.io-6f17d22bba15001f/scout-audit-clippy-config-0.1.76/src/conf.rs:153:40
[INFO] [stdout]     |
[INFO] [stdout] 60  |   struct ConfError {
[INFO] [stdout]     |   ---------------- doesn't satisfy `ConfError: Sized`
[INFO] [stdout] ...
[INFO] [stdout] 153 |                               $(warnings.push(ConfError::spanned(self.0, format!("deprecated field `{}`. {}", name.get_ref(), $dep), name.s...
[INFO] [stdout]     |                                          ^^^^ method cannot be called on `Vec<ConfError>` due to unsatisfied trait bounds
[INFO] [stdout] ...
[INFO] [stdout] 203 | / define_Conf! {
[INFO] [stdout] 204 | |     /// Lint: ARITHMETIC_SIDE_EFFECTS.
[INFO] [stdout] 205 | |     ///
[INFO] [stdout] 206 | |     /// Suppress checking of the passed type names in all types of operations.
[INFO] [stdout] ...   |
[INFO] [stdout] 549 | |     (check_private_items: bool = false),
[INFO] [stdout] 550 | | }
[INFO] [stdout]     | |_- in this macro invocation
[INFO] [stdout]     |
[INFO] [stdout]     = note: the following trait bounds were not satisfied:
[INFO] [stdout]             `{type error}: Sized`
[INFO] [stdout]             which is required by `ConfError: Sized`
[INFO] [stdout]     = note: this error originates in the macro `define_Conf` (in Nightly builds, run with -Z macro-backtrace for more info)
[INFO] [stdout] 
[INFO] [stdout] 
[INFO] [stdout] error[E0277]: `Vec<ConfError>` is not an iterator
[INFO] [stdout]    --> /opt/rustwide/cargo-home/registry/src/index.crates.io-6f17d22bba15001f/scout-audit-clippy-config-0.1.76/src/conf.rs:665:22
[INFO] [stdout]     |
[INFO] [stdout] 665 |         for error in errors {
[INFO] [stdout]     |                      ^^^^^^ `Vec<ConfError>` is not an iterator; try calling `.into_iter()` or `.iter()`
[INFO] [stdout]     |
[INFO] [stdout]     = help: the trait `IntoIterator` is not implemented for `Vec<ConfError>`
[INFO] [stdout]     = help: the following other types implement trait `IntoIterator`:
[INFO] [stdout]               &Vec<T, A>
[INFO] [stdout]               &mut Vec<T, A>
[INFO] [stdout]               Vec<T, A>
[INFO] [stdout] 
[INFO] [stdout] 
[INFO] [stdout] error[E0277]: `Vec<ConfError>` is not an iterator
[INFO] [stdout]    --> /opt/rustwide/cargo-home/registry/src/index.crates.io-6f17d22bba15001f/scout-audit-clippy-config-0.1.76/src/conf.rs:672:24
[INFO] [stdout]     |
[INFO] [stdout] 672 |         for warning in warnings {
[INFO] [stdout]     |                        ^^^^^^^^ `Vec<ConfError>` is not an iterator; try calling `.into_iter()` or `.iter()`
[INFO] [stdout]     |
[INFO] [stdout]     = help: the trait `IntoIterator` is not implemented for `Vec<ConfError>`
[INFO] [stdout]     = help: the following other types implement trait `IntoIterator`:
[INFO] [stdout]               &Vec<T, A>
[INFO] [stdout]               &mut Vec<T, A>
[INFO] [stdout]               Vec<T, A>
[INFO] [stdout] 
[INFO] [stdout] 
[INFO] [stdout] Some errors have detailed explanations: E0277, E0463, E0599.
[INFO] [stdout] 
[INFO] [stdout] For more information about an error, try `rustc --explain E0277`.
[INFO] [stdout] 
[INFO] [stderr] error: could not compile `scout-audit-clippy-config` (lib) due to 11 previous errors
[INFO] running `Command { std: "docker" "inspect" "1a5cc5b075f49999e514791dbfbba59ca6677e07eaa051681d575093015eca2a", kill_on_drop: false }`
[INFO] running `Command { std: "docker" "rm" "-f" "1a5cc5b075f49999e514791dbfbba59ca6677e07eaa051681d575093015eca2a", kill_on_drop: false }`
[INFO] [stdout] 1a5cc5b075f49999e514791dbfbba59ca6677e07eaa051681d575093015eca2a
