[INFO] fetching crate scopegraphs 0.3.2...
[INFO] testing scopegraphs-0.3.2 against nightly-2024-10-28 for randomize-layout
[INFO] extracting crate scopegraphs 0.3.2 into /workspace/builds/worker-7-tc1/source
[INFO] validating manifest of crates.io crate scopegraphs 0.3.2 on toolchain nightly-2024-10-28
[INFO] running `Command { std: CARGO_HOME="/workspace/cargo-home" RUSTUP_HOME="/workspace/rustup-home" "/workspace/cargo-home/bin/cargo" "+nightly-2024-10-28" "metadata" "--manifest-path" "Cargo.toml" "--no-deps", kill_on_drop: false }`
[INFO] started tweaking crates.io crate scopegraphs 0.3.2
[INFO] finished tweaking crates.io crate scopegraphs 0.3.2
[INFO] tweaked toml for crates.io crate scopegraphs 0.3.2 written to /workspace/builds/worker-7-tc1/source/Cargo.toml
[INFO] crate crates.io crate scopegraphs 0.3.2 already has a lockfile, it will not be regenerated
[INFO] running `Command { std: CARGO_HOME="/workspace/cargo-home" RUSTUP_HOME="/workspace/rustup-home" "/workspace/cargo-home/bin/cargo" "+nightly-2024-10-28" "fetch" "--manifest-path" "Cargo.toml", kill_on_drop: false }`
[INFO] [stderr]     Updating crates.io index
[INFO] [stderr]  Downloading crates ...
[INFO] [stderr]   Downloaded piper v0.2.2
[INFO] [stderr]   Downloaded scopegraphs-macros v0.3.2
[INFO] [stderr]   Downloaded scopegraphs-prust-lib v0.1.0
[INFO] [stderr]   Downloaded scopegraphs-regular-expressions v0.3.2
[INFO] [stderr]   Downloaded async-process v2.2.2
[INFO] [stderr]   Downloaded async-signal v0.2.6
[INFO] [stderr]   Downloaded scopegraphs-render-docs v0.3.2
[INFO] running `Command { std: "docker" "create" "-v" "/var/lib/crater-agent-workspace/builds/worker-7-tc1/target:/opt/rustwide/target:rw,Z" "-v" "/var/lib/crater-agent-workspace/builds/worker-7-tc1/source:/opt/rustwide/workdir:ro,Z" "-v" "/var/lib/crater-agent-workspace/cargo-home:/opt/rustwide/cargo-home:ro,Z" "-v" "/var/lib/crater-agent-workspace/rustup-home:/opt/rustwide/rustup-home:ro,Z" "-e" "SOURCE_DIR=/opt/rustwide/workdir" "-e" "CARGO_TARGET_DIR=/opt/rustwide/target" "-e" "CARGO_HOME=/opt/rustwide/cargo-home" "-e" "RUSTUP_HOME=/opt/rustwide/rustup-home" "-w" "/opt/rustwide/workdir" "-m" "1610612736" "--user" "0:0" "--network" "none" "ghcr.io/rust-lang/crates-build-env/linux@sha256:4a844ea9eb2546a2d2c7022eacef16ef2e8229c7fbb2c7d4d55a9ceca922f72d" "/opt/rustwide/cargo-home/bin/cargo" "+nightly-2024-10-28" "metadata" "--no-deps" "--format-version=1", kill_on_drop: false }`
[INFO] [stdout] c7798248f6196ffa8ea34302f0f6530e671f11dd2c7636be42537eb0cda6ebc3
[INFO] running `Command { std: "docker" "start" "-a" "c7798248f6196ffa8ea34302f0f6530e671f11dd2c7636be42537eb0cda6ebc3", kill_on_drop: false }`
[INFO] running `Command { std: "docker" "inspect" "c7798248f6196ffa8ea34302f0f6530e671f11dd2c7636be42537eb0cda6ebc3", kill_on_drop: false }`
[INFO] running `Command { std: "docker" "rm" "-f" "c7798248f6196ffa8ea34302f0f6530e671f11dd2c7636be42537eb0cda6ebc3", kill_on_drop: false }`
[INFO] [stdout] c7798248f6196ffa8ea34302f0f6530e671f11dd2c7636be42537eb0cda6ebc3
[INFO] running `Command { std: "docker" "create" "-v" "/var/lib/crater-agent-workspace/builds/worker-7-tc1/target:/opt/rustwide/target:rw,Z" "-v" "/var/lib/crater-agent-workspace/builds/worker-7-tc1/source:/opt/rustwide/workdir:ro,Z" "-v" "/var/lib/crater-agent-workspace/cargo-home:/opt/rustwide/cargo-home:ro,Z" "-v" "/var/lib/crater-agent-workspace/rustup-home:/opt/rustwide/rustup-home:ro,Z" "-e" "SOURCE_DIR=/opt/rustwide/workdir" "-e" "CARGO_TARGET_DIR=/opt/rustwide/target" "-e" "CARGO_INCREMENTAL=0" "-e" "RUST_BACKTRACE=full" "-e" "RUSTFLAGS=--cap-lints=forbid" "-e" "RUSTDOCFLAGS=--cap-lints=forbid" "-e" "CARGO_HOME=/opt/rustwide/cargo-home" "-e" "RUSTUP_HOME=/opt/rustwide/rustup-home" "-w" "/opt/rustwide/workdir" "-m" "1610612736" "--user" "0:0" "--network" "none" "ghcr.io/rust-lang/crates-build-env/linux@sha256:4a844ea9eb2546a2d2c7022eacef16ef2e8229c7fbb2c7d4d55a9ceca922f72d" "/opt/rustwide/cargo-home/bin/cargo" "+nightly-2024-10-28" "build" "--frozen" "--message-format=json", kill_on_drop: false }`
[INFO] [stdout] a71a54cd3c98d2cf0b3e446aa59c5d2c7aa116330785978ee899b0c16f3c2f3d
[INFO] running `Command { std: "docker" "start" "-a" "a71a54cd3c98d2cf0b3e446aa59c5d2c7aa116330785978ee899b0c16f3c2f3d", kill_on_drop: false }`
[INFO] [stderr]    Compiling proc-macro2 v1.0.84
[INFO] [stderr]    Compiling unicode-ident v1.0.12
[INFO] [stderr]    Compiling autocfg v1.3.0
[INFO] [stderr]    Compiling futures-sink v0.3.30
[INFO] [stderr]    Compiling futures-core v0.3.30
[INFO] [stderr]    Compiling memchr v2.7.2
[INFO] [stderr]    Compiling pin-project-lite v0.2.14
[INFO] [stderr]    Compiling futures-task v0.3.30
[INFO] [stderr]    Compiling futures-io v0.3.30
[INFO] [stderr]    Compiling scopegraphs-prust-lib v0.1.0
[INFO] [stderr]    Compiling futures-channel v0.3.30
[INFO] [stderr]    Compiling log v0.4.21
[INFO] [stderr]    Compiling bumpalo v3.16.0
[INFO] [stderr]    Compiling slab v0.4.9
[INFO] [stderr]    Compiling futures-util v0.3.30
[INFO] [stderr]    Compiling quote v1.0.36
[INFO] [stderr]    Compiling syn v2.0.66
[INFO] [stderr]    Compiling thiserror-impl v1.0.61
[INFO] [stderr]    Compiling futures v0.3.30
[INFO] [stderr]    Compiling thiserror v1.0.61
[INFO] [stderr]    Compiling scopegraphs-regular-expressions v0.3.2
[INFO] [stderr]    Compiling scopegraphs-macros v0.3.2
[INFO] [stderr]    Compiling scopegraphs v0.3.2 (/opt/rustwide/workdir)
[INFO] [stdout] warning: elided lifetime has a name
[INFO] [stdout]    --> src/resolve/mod.rs:606:9
[INFO] [stdout]     |
[INFO] [stdout] 601 |     pub fn query<'sg>(
[INFO] [stdout]     |                  --- lifetime `'sg` declared here
[INFO] [stdout] ...
[INFO] [stdout] 606 |         '_,
[INFO] [stdout]     |         ^^ this elided lifetime gets resolved as `'sg`
[INFO] [stdout]     |
[INFO] [stdout]     = note: `#[warn(elided_named_lifetimes)]` on by default
[INFO] [stdout] 
[INFO] [stdout] 
[INFO] [stderr]     Finished `dev` profile [unoptimized + debuginfo] target(s) in 7.49s
[INFO] running `Command { std: "docker" "inspect" "a71a54cd3c98d2cf0b3e446aa59c5d2c7aa116330785978ee899b0c16f3c2f3d", kill_on_drop: false }`
[INFO] running `Command { std: "docker" "rm" "-f" "a71a54cd3c98d2cf0b3e446aa59c5d2c7aa116330785978ee899b0c16f3c2f3d", kill_on_drop: false }`
[INFO] [stdout] a71a54cd3c98d2cf0b3e446aa59c5d2c7aa116330785978ee899b0c16f3c2f3d
[INFO] running `Command { std: "docker" "create" "-v" "/var/lib/crater-agent-workspace/builds/worker-7-tc1/target:/opt/rustwide/target:rw,Z" "-v" "/var/lib/crater-agent-workspace/builds/worker-7-tc1/source:/opt/rustwide/workdir:ro,Z" "-v" "/var/lib/crater-agent-workspace/cargo-home:/opt/rustwide/cargo-home:ro,Z" "-v" "/var/lib/crater-agent-workspace/rustup-home:/opt/rustwide/rustup-home:ro,Z" "-e" "SOURCE_DIR=/opt/rustwide/workdir" "-e" "CARGO_TARGET_DIR=/opt/rustwide/target" "-e" "CARGO_INCREMENTAL=0" "-e" "RUST_BACKTRACE=full" "-e" "RUSTFLAGS=--cap-lints=forbid" "-e" "RUSTDOCFLAGS=--cap-lints=forbid" "-e" "CARGO_HOME=/opt/rustwide/cargo-home" "-e" "RUSTUP_HOME=/opt/rustwide/rustup-home" "-w" "/opt/rustwide/workdir" "-m" "1610612736" "--user" "0:0" "--network" "none" "ghcr.io/rust-lang/crates-build-env/linux@sha256:4a844ea9eb2546a2d2c7022eacef16ef2e8229c7fbb2c7d4d55a9ceca922f72d" "/opt/rustwide/cargo-home/bin/cargo" "+nightly-2024-10-28" "test" "--frozen" "--no-run" "--message-format=json", kill_on_drop: false }`
[INFO] [stdout] 65c276f60a8cf1a2517670fe23ef34ea91ef2623d25bc7d789122ad9bb748aeb
[INFO] running `Command { std: "docker" "start" "-a" "65c276f60a8cf1a2517670fe23ef34ea91ef2623d25bc7d789122ad9bb748aeb", kill_on_drop: false }`
[INFO] [stderr]    Compiling crossbeam-utils v0.8.20
[INFO] [stderr]    Compiling parking v2.2.0
[INFO] [stderr]    Compiling futures-core v0.3.30
[INFO] [stderr]    Compiling futures-io v0.3.30
[INFO] [stderr]    Compiling fastrand v2.1.0
[INFO] [stderr]    Compiling rustix v0.38.34
[INFO] [stderr]    Compiling syn v2.0.66
[INFO] [stderr]    Compiling bitflags v2.5.0
[INFO] [stderr]    Compiling tracing-core v0.1.32
[INFO] [stderr]    Compiling futures-lite v2.3.0
[INFO] [stderr]    Compiling linux-raw-sys v0.4.14
[INFO] [stderr]    Compiling async-task v4.7.1
[INFO] [stderr]    Compiling atomic-waker v1.1.2
[INFO] [stderr]    Compiling piper v0.2.2
[INFO] [stderr]    Compiling futures-channel v0.3.30
[INFO] [stderr]    Compiling aho-corasick v1.1.3
[INFO] [stderr]    Compiling tracing v0.1.40
[INFO] [stderr]    Compiling concurrent-queue v2.5.0
[INFO] [stderr]    Compiling regex-syntax v0.8.3
[INFO] [stderr]    Compiling futures-util v0.3.30
[INFO] [stderr]    Compiling event-listener v4.0.3
[INFO] [stderr]    Compiling event-listener v5.3.0
[INFO] [stderr]    Compiling event-listener-strategy v0.4.0
[INFO] [stderr]    Compiling async-lock v3.3.0
[INFO] [stderr]    Compiling event-listener-strategy v0.5.2
[INFO] [stderr]    Compiling signal-hook-registry v1.4.2
[INFO] [stderr]    Compiling async-channel v2.3.1
[INFO] [stderr]    Compiling blocking v1.6.1
[INFO] [stderr]    Compiling log v0.4.21
[INFO] [stderr]    Compiling anstyle-parse v0.2.4
[INFO] [stderr]    Compiling is_terminal_polyfill v1.70.0
[INFO] [stderr]    Compiling colorchoice v1.0.1
[INFO] [stderr]    Compiling anstyle-query v1.1.0
[INFO] [stderr]    Compiling anstyle v1.0.7
[INFO] [stderr]    Compiling async-fs v2.1.2
[INFO] [stderr]    Compiling async-executor v1.12.0
[INFO] [stderr]    Compiling anstream v0.6.14
[INFO] [stderr]    Compiling regex-automata v0.4.6
[INFO] [stderr]    Compiling winnow v0.6.8
[INFO] [stderr]    Compiling thiserror-impl v1.0.61
[INFO] [stderr]    Compiling async-recursion v1.1.1
[INFO] [stderr]    Compiling ctor v0.2.8
[INFO] [stderr]    Compiling futures-executor v0.3.30
[INFO] [stderr]    Compiling futures v0.3.30
[INFO] [stderr]    Compiling regex v1.10.4
[INFO] [stderr]    Compiling thiserror v1.0.61
[INFO] [stderr]    Compiling scopegraphs-regular-expressions v0.3.2
[INFO] [stderr]    Compiling env_filter v0.1.0
[INFO] [stderr]    Compiling env_logger v0.11.3
[INFO] [stderr]    Compiling scopegraphs-macros v0.3.2
[INFO] [stderr]    Compiling polling v3.7.0
[INFO] [stderr]    Compiling scopegraphs v0.3.2 (/opt/rustwide/workdir)
[INFO] [stdout] warning: elided lifetime has a name
[INFO] [stdout]    --> src/resolve/mod.rs:606:9
[INFO] [stdout]     |
[INFO] [stdout] 601 |     pub fn query<'sg>(
[INFO] [stdout]     |                  --- lifetime `'sg` declared here
[INFO] [stdout] ...
[INFO] [stdout] 606 |         '_,
[INFO] [stdout]     |         ^^ this elided lifetime gets resolved as `'sg`
[INFO] [stdout]     |
[INFO] [stdout]     = note: `#[warn(elided_named_lifetimes)]` on by default
[INFO] [stdout] 
[INFO] [stdout] 
[INFO] [stderr]    Compiling async-io v2.3.2
[INFO] [stderr]    Compiling async-signal v0.2.6
[INFO] [stderr]    Compiling async-net v2.0.0
[INFO] [stderr]    Compiling async-process v2.2.2
[INFO] [stderr]    Compiling smol v2.0.0
[INFO] [stdout] error: proc macro panicked
[INFO] [stdout]    --> tests/test_regex.rs:104:5
[INFO] [stdout]     |
[INFO] [stdout] 104 |     compile_regex!(#[graph="negate_or.dot"] type Machine<Alphabet> = ~(A | B));
[INFO] [stdout]     |     ^^^^^^^^^^^^^^^^^^^^^^^^^^^^^^^^^^^^^^^^^^^^^^^^^^^^^^^^^^^^^^^^^^^^^^^^^^
[INFO] [stdout]     |
[INFO] [stdout]     = help: message: can't open dot file for graphing at negate_or.dot: Read-only file system (os error 30)
[INFO] [stdout] 
[INFO] [stdout] 
[INFO] [stdout] warning: elided lifetime has a name
[INFO] [stdout]    --> src/resolve/mod.rs:606:9
[INFO] [stdout]     |
[INFO] [stdout] 601 |     pub fn query<'sg>(
[INFO] [stdout]     |                  --- lifetime `'sg` declared here
[INFO] [stdout] ...
[INFO] [stdout] 606 |         '_,
[INFO] [stdout]     |         ^^ this elided lifetime gets resolved as `'sg`
[INFO] [stdout]     |
[INFO] [stdout]     = note: `#[warn(elided_named_lifetimes)]` on by default
[INFO] [stdout] 
[INFO] [stdout] 
[INFO] [stdout] error[E0433]: failed to resolve: use of undeclared type `Machine`
[INFO] [stdout]    --> tests/test_regex.rs:106:13
[INFO] [stdout]     |
[INFO] [stdout] 106 |     assert!(Machine::new().accepts([A; 0]));
[INFO] [stdout]     |             ^^^^^^^ use of undeclared type `Machine`
[INFO] [stdout] 
[INFO] [stdout] 
[INFO] [stdout] error[E0433]: failed to resolve: use of undeclared type `Machine`
[INFO] [stdout]    --> tests/test_regex.rs:107:14
[INFO] [stdout]     |
[INFO] [stdout] 107 |     assert!(!Machine::new().accepts([A]));
[INFO] [stdout]     |              ^^^^^^^ use of undeclared type `Machine`
[INFO] [stdout] 
[INFO] [stdout] 
[INFO] [stdout] error[E0433]: failed to resolve: use of undeclared type `Machine`
[INFO] [stdout]    --> tests/test_regex.rs:108:14
[INFO] [stdout]     |
[INFO] [stdout] 108 |     assert!(!Machine::new().accepts([B]));
[INFO] [stdout]     |              ^^^^^^^ use of undeclared type `Machine`
[INFO] [stdout] 
[INFO] [stdout] 
[INFO] [stdout] error[E0433]: failed to resolve: use of undeclared type `Machine`
[INFO] [stdout]    --> tests/test_regex.rs:109:13
[INFO] [stdout]     |
[INFO] [stdout] 109 |     assert!(Machine::new().accepts([C]));
[INFO] [stdout]     |             ^^^^^^^ use of undeclared type `Machine`
[INFO] [stdout] 
[INFO] [stdout] 
[INFO] [stdout] For more information about this error, try `rustc --explain E0433`.
[INFO] [stdout] 
[INFO] [stderr] error: could not compile `scopegraphs` (test "test_regex") due to 5 previous errors
[INFO] [stderr] warning: build failed, waiting for other jobs to finish...
[INFO] [stdout] warning: field `0` is never read
[INFO] [stdout]    --> examples/records.rs:296:16
[INFO] [stdout]     |
[INFO] [stdout] 296 |         Number(u64),
[INFO] [stdout]     |         ------ ^^^
[INFO] [stdout]     |         |
[INFO] [stdout]     |         field in this variant
[INFO] [stdout]     |
[INFO] [stdout]     = note: `Expr` has derived impls for the traits `Clone` and `Debug`, but these are intentionally ignored during dead code analysis
[INFO] [stdout]     = note: `#[warn(dead_code)]` on by default
[INFO] [stdout] help: consider changing the field to be of unit type to suppress this warning while preserving the field numbering, or remove the field
[INFO] [stdout]     |
[INFO] [stdout] 296 |         Number(()),
[INFO] [stdout]     |                ~~
[INFO] [stdout] 
[INFO] [stdout] 
[INFO] running `Command { std: "docker" "inspect" "65c276f60a8cf1a2517670fe23ef34ea91ef2623d25bc7d789122ad9bb748aeb", kill_on_drop: false }`
[INFO] running `Command { std: "docker" "rm" "-f" "65c276f60a8cf1a2517670fe23ef34ea91ef2623d25bc7d789122ad9bb748aeb", kill_on_drop: false }`
[INFO] [stdout] 65c276f60a8cf1a2517670fe23ef34ea91ef2623d25bc7d789122ad9bb748aeb
