[INFO] fetching crate scopegraphs-lib 0.1.3...
[INFO] testing scopegraphs-lib-0.1.3 against nightly-2024-10-28 for randomize-layout
[INFO] extracting crate scopegraphs-lib 0.1.3 into /workspace/builds/worker-1-tc1/source
[INFO] validating manifest of crates.io crate scopegraphs-lib 0.1.3 on toolchain nightly-2024-10-28
[INFO] running `Command { std: CARGO_HOME="/workspace/cargo-home" RUSTUP_HOME="/workspace/rustup-home" "/workspace/cargo-home/bin/cargo" "+nightly-2024-10-28" "metadata" "--manifest-path" "Cargo.toml" "--no-deps", kill_on_drop: false }`
[INFO] started tweaking crates.io crate scopegraphs-lib 0.1.3
[INFO] finished tweaking crates.io crate scopegraphs-lib 0.1.3
[INFO] tweaked toml for crates.io crate scopegraphs-lib 0.1.3 written to /workspace/builds/worker-1-tc1/source/Cargo.toml
[INFO] running `Command { std: CARGO_HOME="/workspace/cargo-home" RUSTUP_HOME="/workspace/rustup-home" "/workspace/cargo-home/bin/cargo" "+nightly-2024-10-28" "generate-lockfile" "--manifest-path" "Cargo.toml", kill_on_drop: false }`
[INFO] [stderr]     Updating crates.io index
[INFO] [stderr]      Locking 49 packages to latest compatible versions
[INFO] [stderr]       Adding env_logger v0.10.2 (available: v0.11.5)
[INFO] [stderr]       Adding scopegraphs-macros v0.1.3 (available: v0.3.2)
[INFO] [stderr]       Adding scopegraphs-regular-expressions v0.1.3 (available: v0.3.2)
[INFO] running `Command { std: CARGO_HOME="/workspace/cargo-home" RUSTUP_HOME="/workspace/rustup-home" "/workspace/cargo-home/bin/cargo" "+nightly-2024-10-28" "fetch" "--manifest-path" "Cargo.toml", kill_on_drop: false }`
[INFO] [stderr]  Downloading crates ...
[INFO] [stderr]   Downloaded scopegraphs-macros v0.1.3
[INFO] [stderr]   Downloaded scopegraphs-regular-expressions v0.1.3
[INFO] [stderr]   Downloaded scopegraphs-prust-lib v0.1.0
[INFO] running `Command { std: "docker" "create" "-v" "/var/lib/crater-agent-workspace/builds/worker-1-tc1/target:/opt/rustwide/target:rw,Z" "-v" "/var/lib/crater-agent-workspace/builds/worker-1-tc1/source:/opt/rustwide/workdir:ro,Z" "-v" "/var/lib/crater-agent-workspace/cargo-home:/opt/rustwide/cargo-home:ro,Z" "-v" "/var/lib/crater-agent-workspace/rustup-home:/opt/rustwide/rustup-home:ro,Z" "-e" "SOURCE_DIR=/opt/rustwide/workdir" "-e" "CARGO_TARGET_DIR=/opt/rustwide/target" "-e" "CARGO_HOME=/opt/rustwide/cargo-home" "-e" "RUSTUP_HOME=/opt/rustwide/rustup-home" "-w" "/opt/rustwide/workdir" "-m" "1610612736" "--user" "0:0" "--network" "none" "ghcr.io/rust-lang/crates-build-env/linux@sha256:4a844ea9eb2546a2d2c7022eacef16ef2e8229c7fbb2c7d4d55a9ceca922f72d" "/opt/rustwide/cargo-home/bin/cargo" "+nightly-2024-10-28" "metadata" "--no-deps" "--format-version=1", kill_on_drop: false }`
[INFO] [stdout] 442c688fd0f9e43005e88174aa2a8126430129ee9239259cce3067fa1e74ee58
[INFO] running `Command { std: "docker" "start" "-a" "442c688fd0f9e43005e88174aa2a8126430129ee9239259cce3067fa1e74ee58", kill_on_drop: false }`
[INFO] running `Command { std: "docker" "inspect" "442c688fd0f9e43005e88174aa2a8126430129ee9239259cce3067fa1e74ee58", kill_on_drop: false }`
[INFO] running `Command { std: "docker" "rm" "-f" "442c688fd0f9e43005e88174aa2a8126430129ee9239259cce3067fa1e74ee58", kill_on_drop: false }`
[INFO] [stdout] 442c688fd0f9e43005e88174aa2a8126430129ee9239259cce3067fa1e74ee58
[INFO] running `Command { std: "docker" "create" "-v" "/var/lib/crater-agent-workspace/builds/worker-1-tc1/target:/opt/rustwide/target:rw,Z" "-v" "/var/lib/crater-agent-workspace/builds/worker-1-tc1/source:/opt/rustwide/workdir:ro,Z" "-v" "/var/lib/crater-agent-workspace/cargo-home:/opt/rustwide/cargo-home:ro,Z" "-v" "/var/lib/crater-agent-workspace/rustup-home:/opt/rustwide/rustup-home:ro,Z" "-e" "SOURCE_DIR=/opt/rustwide/workdir" "-e" "CARGO_TARGET_DIR=/opt/rustwide/target" "-e" "CARGO_INCREMENTAL=0" "-e" "RUST_BACKTRACE=full" "-e" "RUSTFLAGS=--cap-lints=forbid" "-e" "RUSTDOCFLAGS=--cap-lints=forbid" "-e" "CARGO_HOME=/opt/rustwide/cargo-home" "-e" "RUSTUP_HOME=/opt/rustwide/rustup-home" "-w" "/opt/rustwide/workdir" "-m" "1610612736" "--user" "0:0" "--network" "none" "ghcr.io/rust-lang/crates-build-env/linux@sha256:4a844ea9eb2546a2d2c7022eacef16ef2e8229c7fbb2c7d4d55a9ceca922f72d" "/opt/rustwide/cargo-home/bin/cargo" "+nightly-2024-10-28" "build" "--frozen" "--message-format=json", kill_on_drop: false }`
[INFO] [stdout] 4156c3cdd51738ebd480cec52cb55777baff718a4fbb3bc417eebf57cacdbcef
[INFO] running `Command { std: "docker" "start" "-a" "4156c3cdd51738ebd480cec52cb55777baff718a4fbb3bc417eebf57cacdbcef", kill_on_drop: false }`
[INFO] [stderr]    Compiling proc-macro2 v1.0.89
[INFO] [stderr]    Compiling futures-core v0.3.31
[INFO] [stderr]    Compiling futures-sink v0.3.31
[INFO] [stderr]    Compiling bumpalo v3.16.0
[INFO] [stderr]    Compiling scopegraphs-prust-lib v0.1.0
[INFO] [stderr]    Compiling futures-channel v0.3.31
[INFO] [stderr]    Compiling quote v1.0.37
[INFO] [stderr]    Compiling syn v2.0.86
[INFO] [stderr]    Compiling thiserror-impl v1.0.66
[INFO] [stderr]    Compiling futures-macro v0.3.31
[INFO] [stderr]    Compiling futures-util v0.3.31
[INFO] [stderr]    Compiling thiserror v1.0.66
[INFO] [stderr]    Compiling scopegraphs-regular-expressions v0.1.3
[INFO] [stderr]    Compiling scopegraphs-macros v0.1.3
[INFO] [stderr]    Compiling futures-executor v0.3.31
[INFO] [stderr]    Compiling futures v0.3.31
[INFO] [stderr]    Compiling scopegraphs-lib v0.1.3 (/opt/rustwide/workdir)
[INFO] [stdout] warning: elided lifetime has a name
[INFO] [stdout]    --> src/resolve/mod.rs:370:9
[INFO] [stdout]     |
[INFO] [stdout] 365 |     pub fn query<'sg>(
[INFO] [stdout]     |                  --- lifetime `'sg` declared here
[INFO] [stdout] ...
[INFO] [stdout] 370 |         '_,
[INFO] [stdout]     |         ^^ this elided lifetime gets resolved as `'sg`
[INFO] [stdout]     |
[INFO] [stdout]     = note: `#[warn(elided_named_lifetimes)]` on by default
[INFO] [stdout] 
[INFO] [stdout] 
[INFO] [stderr]     Finished `dev` profile [unoptimized + debuginfo] target(s) in 13.53s
[INFO] running `Command { std: "docker" "inspect" "4156c3cdd51738ebd480cec52cb55777baff718a4fbb3bc417eebf57cacdbcef", kill_on_drop: false }`
[INFO] running `Command { std: "docker" "rm" "-f" "4156c3cdd51738ebd480cec52cb55777baff718a4fbb3bc417eebf57cacdbcef", kill_on_drop: false }`
[INFO] [stdout] 4156c3cdd51738ebd480cec52cb55777baff718a4fbb3bc417eebf57cacdbcef
[INFO] running `Command { std: "docker" "create" "-v" "/var/lib/crater-agent-workspace/builds/worker-1-tc1/target:/opt/rustwide/target:rw,Z" "-v" "/var/lib/crater-agent-workspace/builds/worker-1-tc1/source:/opt/rustwide/workdir:ro,Z" "-v" "/var/lib/crater-agent-workspace/cargo-home:/opt/rustwide/cargo-home:ro,Z" "-v" "/var/lib/crater-agent-workspace/rustup-home:/opt/rustwide/rustup-home:ro,Z" "-e" "SOURCE_DIR=/opt/rustwide/workdir" "-e" "CARGO_TARGET_DIR=/opt/rustwide/target" "-e" "CARGO_INCREMENTAL=0" "-e" "RUST_BACKTRACE=full" "-e" "RUSTFLAGS=--cap-lints=forbid" "-e" "RUSTDOCFLAGS=--cap-lints=forbid" "-e" "CARGO_HOME=/opt/rustwide/cargo-home" "-e" "RUSTUP_HOME=/opt/rustwide/rustup-home" "-w" "/opt/rustwide/workdir" "-m" "1610612736" "--user" "0:0" "--network" "none" "ghcr.io/rust-lang/crates-build-env/linux@sha256:4a844ea9eb2546a2d2c7022eacef16ef2e8229c7fbb2c7d4d55a9ceca922f72d" "/opt/rustwide/cargo-home/bin/cargo" "+nightly-2024-10-28" "test" "--frozen" "--no-run" "--message-format=json", kill_on_drop: false }`
[INFO] [stdout] 55195ec2a9ddcf1604b65a6beec3538a43a13489e2f7a1cd298222ddadc0c1f0
[INFO] running `Command { std: "docker" "start" "-a" "55195ec2a9ddcf1604b65a6beec3538a43a13489e2f7a1cd298222ddadc0c1f0", kill_on_drop: false }`
[INFO] [stderr]    Compiling aho-corasick v1.1.3
[INFO] [stderr]    Compiling regex-syntax v0.8.5
[INFO] [stderr]    Compiling is-terminal v0.4.13
[INFO] [stderr]    Compiling ctor v0.2.8
[INFO] [stderr]    Compiling scopegraphs-lib v0.1.3 (/opt/rustwide/workdir)
[INFO] [stdout] warning: elided lifetime has a name
[INFO] [stdout]    --> src/resolve/mod.rs:370:9
[INFO] [stdout]     |
[INFO] [stdout] 365 |     pub fn query<'sg>(
[INFO] [stdout]     |                  --- lifetime `'sg` declared here
[INFO] [stdout] ...
[INFO] [stdout] 370 |         '_,
[INFO] [stdout]     |         ^^ this elided lifetime gets resolved as `'sg`
[INFO] [stdout]     |
[INFO] [stdout]     = note: `#[warn(elided_named_lifetimes)]` on by default
[INFO] [stdout] 
[INFO] [stdout] 
[INFO] [stderr]    Compiling regex-automata v0.4.8
[INFO] [stderr]    Compiling regex v1.11.1
[INFO] [stderr]    Compiling env_logger v0.10.2
[INFO] [stdout] error[E0433]: failed to resolve: use of undeclared crate or module `scopegraphs`
[INFO] [stdout]    --> src/resolve/lookup.rs:353:9
[INFO] [stdout]     |
[INFO] [stdout] 353 |     use scopegraphs::{
[INFO] [stdout]     |         ^^^^^^^^^^^ use of undeclared crate or module `scopegraphs`
[INFO] [stdout] 
[INFO] [stdout] 
[INFO] [stdout] error[E0432]: unresolved import `scopegraphs`
[INFO] [stdout]    --> src/resolve/lookup.rs:353:9
[INFO] [stdout]     |
[INFO] [stdout] 353 |     use scopegraphs::{
[INFO] [stdout]     |         ^^^^^^^^^^^ use of undeclared crate or module `scopegraphs`
[INFO] [stdout] 
[INFO] [stdout] 
[INFO] [stdout] error[E0433]: failed to resolve: use of undeclared crate or module `scopegraphs`
[INFO] [stdout]    --> src/resolve/lookup.rs:361:14
[INFO] [stdout]     |
[INFO] [stdout] 361 |     #[derive(Label, Hash, PartialEq, Eq, Debug, Clone, Copy)]
[INFO] [stdout]     |              ^^^^^ use of undeclared crate or module `scopegraphs`
[INFO] [stdout]     |
[INFO] [stdout]     = note: this error originates in the derive macro `Label` (in Nightly builds, run with -Z macro-backtrace for more info)
[INFO] [stdout] help: consider importing this module
[INFO] [stdout]     |
[INFO] [stdout] 351 +     use crate::label;
[INFO] [stdout]     |
[INFO] [stdout] 
[INFO] [stdout] 
[INFO] [stdout] error[E0433]: failed to resolve: use of undeclared crate or module `scopegraphs`
[INFO] [stdout]    --> src/resolve/lookup.rs:442:35
[INFO] [stdout]     |
[INFO] [stdout] 442 |                 .with_label_order(label_order!(Lbl: Def < Imp < Lex))
[INFO] [stdout]     |                                   ^^^^^^^^^^^^^^^^^^^^^^^^^^^^^^^^^^ use of undeclared crate or module `scopegraphs`
[INFO] [stdout]     |
[INFO] [stdout]     = note: this error originates in the macro `label_order` (in Nightly builds, run with -Z macro-backtrace for more info)
[INFO] [stdout] help: consider importing this module
[INFO] [stdout]     |
[INFO] [stdout] 351 +     use crate::resolve;
[INFO] [stdout]     |
[INFO] [stdout] 
[INFO] [stdout] 
[INFO] [stdout] error[E0433]: failed to resolve: use of undeclared crate or module `scopegraphs`
[INFO] [stdout]    --> src/resolve/lookup.rs:442:35
[INFO] [stdout]     |
[INFO] [stdout] 442 |                 .with_label_order(label_order!(Lbl: Def < Imp < Lex))
[INFO] [stdout]     |                                   ^^^^^^^^^^^^^^^^^^^^^^^^^^^^^^^^^^ use of undeclared crate or module `scopegraphs`
[INFO] [stdout]     |
[INFO] [stdout]     = note: this error originates in the macro `label_order` (in Nightly builds, run with -Z macro-backtrace for more info)
[INFO] [stdout] help: consider importing this enum
[INFO] [stdout]     |
[INFO] [stdout] 351 +     use crate::resolve::EdgeOrData;
[INFO] [stdout]     |
[INFO] [stdout] 
[INFO] [stdout] 
[INFO] [stdout] error[E0433]: failed to resolve: use of undeclared crate or module `scopegraphs`
[INFO] [stdout]    --> src/resolve/lookup.rs:561:31
[INFO] [stdout]     |
[INFO] [stdout] 561 |             .with_label_order(label_order!(Lbl: Lex < Imp))
[INFO] [stdout]     |                               ^^^^^^^^^^^^^^^^^^^^^^^^^^^^ use of undeclared crate or module `scopegraphs`
[INFO] [stdout]     |
[INFO] [stdout]     = note: this error originates in the macro `label_order` (in Nightly builds, run with -Z macro-backtrace for more info)
[INFO] [stdout] help: consider importing this module
[INFO] [stdout]     |
[INFO] [stdout] 351 +     use crate::resolve;
[INFO] [stdout]     |
[INFO] [stdout] 
[INFO] [stdout] 
[INFO] [stdout] error[E0433]: failed to resolve: use of undeclared crate or module `scopegraphs`
[INFO] [stdout]    --> src/resolve/lookup.rs:561:31
[INFO] [stdout]     |
[INFO] [stdout] 561 |             .with_label_order(label_order!(Lbl: Lex < Imp))
[INFO] [stdout]     |                               ^^^^^^^^^^^^^^^^^^^^^^^^^^^^ use of undeclared crate or module `scopegraphs`
[INFO] [stdout]     |
[INFO] [stdout]     = note: this error originates in the macro `label_order` (in Nightly builds, run with -Z macro-backtrace for more info)
[INFO] [stdout] help: consider importing this enum
[INFO] [stdout]     |
[INFO] [stdout] 351 +     use crate::resolve::EdgeOrData;
[INFO] [stdout]     |
[INFO] [stdout] 
[INFO] [stdout] 
[INFO] [stdout] error[E0433]: failed to resolve: use of undeclared crate or module `scopegraphs`
[INFO] [stdout]    --> src/resolve/lookup.rs:593:31
[INFO] [stdout]     |
[INFO] [stdout] 593 |             .with_label_order(label_order!(Lbl: Def < Imp < Lex))
[INFO] [stdout]     |                               ^^^^^^^^^^^^^^^^^^^^^^^^^^^^^^^^^^ use of undeclared crate or module `scopegraphs`
[INFO] [stdout]     |
[INFO] [stdout]     = note: this error originates in the macro `label_order` (in Nightly builds, run with -Z macro-backtrace for more info)
[INFO] [stdout] help: consider importing this module
[INFO] [stdout]     |
[INFO] [stdout] 351 +     use crate::resolve;
[INFO] [stdout]     |
[INFO] [stdout] 
[INFO] [stdout] 
[INFO] [stdout] error[E0433]: failed to resolve: use of undeclared crate or module `scopegraphs`
[INFO] [stdout]    --> src/resolve/lookup.rs:593:31
[INFO] [stdout]     |
[INFO] [stdout] 593 |             .with_label_order(label_order!(Lbl: Def < Imp < Lex))
[INFO] [stdout]     |                               ^^^^^^^^^^^^^^^^^^^^^^^^^^^^^^^^^^ use of undeclared crate or module `scopegraphs`
[INFO] [stdout]     |
[INFO] [stdout]     = note: this error originates in the macro `label_order` (in Nightly builds, run with -Z macro-backtrace for more info)
[INFO] [stdout] help: consider importing this enum
[INFO] [stdout]     |
[INFO] [stdout] 351 +     use crate::resolve::EdgeOrData;
[INFO] [stdout]     |
[INFO] [stdout] 
[INFO] [stdout] 
[INFO] [stdout] error[E0433]: failed to resolve: use of undeclared crate or module `scopegraphs`
[INFO] [stdout]    --> src/resolve/lookup.rs:635:31
[INFO] [stdout]     |
[INFO] [stdout] 635 |             .with_label_order(label_order!(Lbl: Def < Imp < Lex))
[INFO] [stdout]     |                               ^^^^^^^^^^^^^^^^^^^^^^^^^^^^^^^^^^ use of undeclared crate or module `scopegraphs`
[INFO] [stdout]     |
[INFO] [stdout]     = note: this error originates in the macro `label_order` (in Nightly builds, run with -Z macro-backtrace for more info)
[INFO] [stdout] help: consider importing this module
[INFO] [stdout]     |
[INFO] [stdout] 351 +     use crate::resolve;
[INFO] [stdout]     |
[INFO] [stdout] 
[INFO] [stdout] 
[INFO] [stdout] error[E0433]: failed to resolve: use of undeclared crate or module `scopegraphs`
[INFO] [stdout]    --> src/resolve/lookup.rs:635:31
[INFO] [stdout]     |
[INFO] [stdout] 635 |             .with_label_order(label_order!(Lbl: Def < Imp < Lex))
[INFO] [stdout]     |                               ^^^^^^^^^^^^^^^^^^^^^^^^^^^^^^^^^^ use of undeclared crate or module `scopegraphs`
[INFO] [stdout]     |
[INFO] [stdout]     = note: this error originates in the macro `label_order` (in Nightly builds, run with -Z macro-backtrace for more info)
[INFO] [stdout] help: consider importing this enum
[INFO] [stdout]     |
[INFO] [stdout] 351 +     use crate::resolve::EdgeOrData;
[INFO] [stdout]     |
[INFO] [stdout] 
[INFO] [stdout] 
[INFO] [stdout] error[E0433]: failed to resolve: use of undeclared crate or module `scopegraphs`
[INFO] [stdout]    --> src/resolve/lookup.rs:685:31
[INFO] [stdout]     |
[INFO] [stdout] 685 |             .with_label_order(label_order!(Lbl: Def < Imp < Lex))
[INFO] [stdout]     |                               ^^^^^^^^^^^^^^^^^^^^^^^^^^^^^^^^^^ use of undeclared crate or module `scopegraphs`
[INFO] [stdout]     |
[INFO] [stdout]     = note: this error originates in the macro `label_order` (in Nightly builds, run with -Z macro-backtrace for more info)
[INFO] [stdout] help: consider importing this module
[INFO] [stdout]     |
[INFO] [stdout] 351 +     use crate::resolve;
[INFO] [stdout]     |
[INFO] [stdout] 
[INFO] [stdout] 
[INFO] [stdout] error[E0433]: failed to resolve: use of undeclared crate or module `scopegraphs`
[INFO] [stdout]    --> src/resolve/lookup.rs:685:31
[INFO] [stdout]     |
[INFO] [stdout] 685 |             .with_label_order(label_order!(Lbl: Def < Imp < Lex))
[INFO] [stdout]     |                               ^^^^^^^^^^^^^^^^^^^^^^^^^^^^^^^^^^ use of undeclared crate or module `scopegraphs`
[INFO] [stdout]     |
[INFO] [stdout]     = note: this error originates in the macro `label_order` (in Nightly builds, run with -Z macro-backtrace for more info)
[INFO] [stdout] help: consider importing this enum
[INFO] [stdout]     |
[INFO] [stdout] 351 +     use crate::resolve::EdgeOrData;
[INFO] [stdout]     |
[INFO] [stdout] 
[INFO] [stdout] 
[INFO] [stdout] error[E0433]: failed to resolve: use of undeclared crate or module `scopegraphs`
[INFO] [stdout]    --> src/resolve/lookup.rs:723:31
[INFO] [stdout]     |
[INFO] [stdout] 723 |             .with_label_order(label_order!(Lbl: Def < { Lex, Imp }))
[INFO] [stdout]     |                               ^^^^^^^^^^^^^^^^^^^^^^^^^^^^^^^^^^^^^ use of undeclared crate or module `scopegraphs`
[INFO] [stdout]     |
[INFO] [stdout]     = note: this error originates in the macro `label_order` (in Nightly builds, run with -Z macro-backtrace for more info)
[INFO] [stdout] help: consider importing this module
[INFO] [stdout]     |
[INFO] [stdout] 351 +     use crate::resolve;
[INFO] [stdout]     |
[INFO] [stdout] 
[INFO] [stdout] 
[INFO] [stdout] error[E0433]: failed to resolve: use of undeclared crate or module `scopegraphs`
[INFO] [stdout]    --> src/resolve/lookup.rs:723:31
[INFO] [stdout]     |
[INFO] [stdout] 723 |             .with_label_order(label_order!(Lbl: Def < { Lex, Imp }))
[INFO] [stdout]     |                               ^^^^^^^^^^^^^^^^^^^^^^^^^^^^^^^^^^^^^ use of undeclared crate or module `scopegraphs`
[INFO] [stdout]     |
[INFO] [stdout]     = note: this error originates in the macro `label_order` (in Nightly builds, run with -Z macro-backtrace for more info)
[INFO] [stdout] help: consider importing this enum
[INFO] [stdout]     |
[INFO] [stdout] 351 +     use crate::resolve::EdgeOrData;
[INFO] [stdout]     |
[INFO] [stdout] 
[INFO] [stdout] 
[INFO] [stdout] warning: elided lifetime has a name
[INFO] [stdout]    --> src/resolve/mod.rs:370:9
[INFO] [stdout]     |
[INFO] [stdout] 365 |     pub fn query<'sg>(
[INFO] [stdout]     |                  --- lifetime `'sg` declared here
[INFO] [stdout] ...
[INFO] [stdout] 370 |         '_,
[INFO] [stdout]     |         ^^ this elided lifetime gets resolved as `'sg`
[INFO] [stdout]     |
[INFO] [stdout]     = note: `#[warn(elided_named_lifetimes)]` on by default
[INFO] [stdout] 
[INFO] [stdout] 
[INFO] [stdout] Some errors have detailed explanations: E0432, E0433.
[INFO] [stdout] 
[INFO] [stdout] For more information about an error, try `rustc --explain E0432`.
[INFO] [stdout] 
[INFO] [stderr] error: could not compile `scopegraphs-lib` (lib test) due to 15 previous errors; 1 warning emitted
[INFO] running `Command { std: "docker" "inspect" "55195ec2a9ddcf1604b65a6beec3538a43a13489e2f7a1cd298222ddadc0c1f0", kill_on_drop: false }`
[INFO] running `Command { std: "docker" "rm" "-f" "55195ec2a9ddcf1604b65a6beec3538a43a13489e2f7a1cd298222ddadc0c1f0", kill_on_drop: false }`
[INFO] [stdout] 55195ec2a9ddcf1604b65a6beec3538a43a13489e2f7a1cd298222ddadc0c1f0
