[INFO] fetching crate scicrypt-he 0.7.1...
[INFO] testing scicrypt-he-0.7.1 against nightly-2024-10-28+rustflags=-Zrandomize-layout for randomize-layout
[INFO] extracting crate scicrypt-he 0.7.1 into /workspace/builds/worker-4-tc2/source
[INFO] validating manifest of crates.io crate scicrypt-he 0.7.1 on toolchain nightly-2024-10-28
[INFO] running `Command { std: CARGO_HOME="/workspace/cargo-home" RUSTUP_HOME="/workspace/rustup-home" "/workspace/cargo-home/bin/cargo" "+nightly-2024-10-28" "metadata" "--manifest-path" "Cargo.toml" "--no-deps", kill_on_drop: false }`
[INFO] started tweaking crates.io crate scicrypt-he 0.7.1
[INFO] finished tweaking crates.io crate scicrypt-he 0.7.1
[INFO] tweaked toml for crates.io crate scicrypt-he 0.7.1 written to /workspace/builds/worker-4-tc2/source/Cargo.toml
[INFO] running `Command { std: CARGO_HOME="/workspace/cargo-home" RUSTUP_HOME="/workspace/rustup-home" "/workspace/cargo-home/bin/cargo" "+nightly-2024-10-28" "generate-lockfile" "--manifest-path" "Cargo.toml", kill_on_drop: false }`
[INFO] [stderr]     Blocking waiting for file lock on package cache
[INFO] [stderr]     Updating crates.io index
[INFO] [stderr]     Blocking waiting for file lock on package cache
[INFO] [stderr]      Locking 88 packages to latest compatible versions
[INFO] [stderr]       Adding criterion v0.3.6 (available: v0.5.1)
[INFO] running `Command { std: CARGO_HOME="/workspace/cargo-home" RUSTUP_HOME="/workspace/rustup-home" "/workspace/cargo-home/bin/cargo" "+nightly-2024-10-28" "fetch" "--manifest-path" "Cargo.toml", kill_on_drop: false }`
[INFO] [stderr]     Blocking waiting for file lock on package cache
[INFO] running `Command { std: "docker" "create" "-v" "/var/lib/crater-agent-workspace/builds/worker-4-tc2/target:/opt/rustwide/target:rw,Z" "-v" "/var/lib/crater-agent-workspace/builds/worker-4-tc2/source:/opt/rustwide/workdir:ro,Z" "-v" "/var/lib/crater-agent-workspace/cargo-home:/opt/rustwide/cargo-home:ro,Z" "-v" "/var/lib/crater-agent-workspace/rustup-home:/opt/rustwide/rustup-home:ro,Z" "-e" "SOURCE_DIR=/opt/rustwide/workdir" "-e" "CARGO_TARGET_DIR=/opt/rustwide/target" "-e" "CARGO_HOME=/opt/rustwide/cargo-home" "-e" "RUSTUP_HOME=/opt/rustwide/rustup-home" "-w" "/opt/rustwide/workdir" "-m" "1610612736" "--user" "0:0" "--network" "none" "ghcr.io/rust-lang/crates-build-env/linux@sha256:4a844ea9eb2546a2d2c7022eacef16ef2e8229c7fbb2c7d4d55a9ceca922f72d" "/opt/rustwide/cargo-home/bin/cargo" "+nightly-2024-10-28" "metadata" "--no-deps" "--format-version=1", kill_on_drop: false }`
[INFO] [stdout] d3aa9580a16d1b23571ff7be79b80dbf0de383c8ce7f36603506244a7c1b89be
[INFO] running `Command { std: "docker" "start" "-a" "d3aa9580a16d1b23571ff7be79b80dbf0de383c8ce7f36603506244a7c1b89be", kill_on_drop: false }`
[INFO] running `Command { std: "docker" "inspect" "d3aa9580a16d1b23571ff7be79b80dbf0de383c8ce7f36603506244a7c1b89be", kill_on_drop: false }`
[INFO] running `Command { std: "docker" "rm" "-f" "d3aa9580a16d1b23571ff7be79b80dbf0de383c8ce7f36603506244a7c1b89be", kill_on_drop: false }`
[INFO] [stdout] d3aa9580a16d1b23571ff7be79b80dbf0de383c8ce7f36603506244a7c1b89be
[INFO] running `Command { std: "docker" "create" "-v" "/var/lib/crater-agent-workspace/builds/worker-4-tc2/target:/opt/rustwide/target:rw,Z" "-v" "/var/lib/crater-agent-workspace/builds/worker-4-tc2/source:/opt/rustwide/workdir:ro,Z" "-v" "/var/lib/crater-agent-workspace/cargo-home:/opt/rustwide/cargo-home:ro,Z" "-v" "/var/lib/crater-agent-workspace/rustup-home:/opt/rustwide/rustup-home:ro,Z" "-e" "SOURCE_DIR=/opt/rustwide/workdir" "-e" "CARGO_TARGET_DIR=/opt/rustwide/target" "-e" "CARGO_INCREMENTAL=0" "-e" "RUST_BACKTRACE=full" "-e" "RUSTFLAGS=--cap-lints=forbid -Zrandomize-layout" "-e" "RUSTDOCFLAGS=--cap-lints=forbid" "-e" "CARGO_HOME=/opt/rustwide/cargo-home" "-e" "RUSTUP_HOME=/opt/rustwide/rustup-home" "-w" "/opt/rustwide/workdir" "-m" "1610612736" "--user" "0:0" "--network" "none" "ghcr.io/rust-lang/crates-build-env/linux@sha256:4a844ea9eb2546a2d2c7022eacef16ef2e8229c7fbb2c7d4d55a9ceca922f72d" "/opt/rustwide/cargo-home/bin/cargo" "+nightly-2024-10-28" "build" "--frozen" "--message-format=json", kill_on_drop: false }`
[INFO] [stdout] f1ff4b2778845df1ed7f348c3c986025f6f251a86083bbd76dec4b6f315ed4b2
[INFO] running `Command { std: "docker" "start" "-a" "f1ff4b2778845df1ed7f348c3c986025f6f251a86083bbd76dec4b6f315ed4b2", kill_on_drop: false }`
[INFO] [stderr]    Compiling syn v2.0.86
[INFO] [stderr]    Compiling gmp-mpfr-sys v1.6.4
[INFO] [stderr]    Compiling semver v1.0.23
[INFO] [stderr]    Compiling libm v0.2.11
[INFO] [stderr]    Compiling rug v1.26.1
[INFO] [stderr]    Compiling rand_core v0.6.4
[INFO] [stderr]    Compiling zeroize v1.8.1
[INFO] [stderr]    Compiling cpufeatures v0.2.14
[INFO] [stderr]    Compiling rustc_version v0.4.1
[INFO] [stderr]    Compiling curve25519-dalek v4.1.3
[INFO] [stderr]    Compiling serde_derive v1.0.214
[INFO] [stderr]    Compiling curve25519-dalek-derive v0.1.1
[INFO] [stderr]    Compiling serde v1.0.214
[INFO] [stderr]    Compiling bincode v1.3.3
[INFO] [stderr]    Compiling scicrypt-traits v0.7.1
[INFO] [stderr]    Compiling scicrypt-bigint v0.7.1
[INFO] [stderr]    Compiling scicrypt-numbertheory v0.7.1
[INFO] [stderr]    Compiling scicrypt-he v0.7.1 (/opt/rustwide/workdir)
[INFO] [stdout] error[E0599]: no function or associated item named `random` found for struct `Scalar` in the current scope
[INFO] [stdout]    --> src/cryptosystems/curve_el_gamal.rs:90:34
[INFO] [stdout]     |
[INFO] [stdout] 90  |         let secret_key = Scalar::random(rng.rng());
[INFO] [stdout]     |                                  ^^^^^^ function or associated item not found in `Scalar`
[INFO] [stdout]     |
[INFO] [stdout] note: if you're trying to build a new `Scalar` consider using one of the following associated functions:
[INFO] [stdout]       Scalar::from_bytes_mod_order
[INFO] [stdout]       Scalar::from_bytes_mod_order_wide
[INFO] [stdout]       Scalar::batch_invert
[INFO] [stdout]    --> /opt/rustwide/cargo-home/registry/src/index.crates.io-6f17d22bba15001f/curve25519-dalek-4.1.3/src/scalar.rs:237:5
[INFO] [stdout]     |
[INFO] [stdout] 237 |     pub fn from_bytes_mod_order(bytes: [u8; 32]) -> Scalar {
[INFO] [stdout]     |     ^^^^^^^^^^^^^^^^^^^^^^^^^^^^^^^^^^^^^^^^^^^^^^^^^^^^^^
[INFO] [stdout] ...
[INFO] [stdout] 250 |     pub fn from_bytes_mod_order_wide(input: &[u8; 64]) -> Scalar {
[INFO] [stdout]     |     ^^^^^^^^^^^^^^^^^^^^^^^^^^^^^^^^^^^^^^^^^^^^^^^^^^^^^^^^^^^^
[INFO] [stdout] ...
[INFO] [stdout] 788 |     pub fn batch_invert(inputs: &mut [Scalar]) -> Scalar {
[INFO] [stdout]     |     ^^^^^^^^^^^^^^^^^^^^^^^^^^^^^^^^^^^^^^^^^^^^^^^^^^^^
[INFO] [stdout] 
[INFO] [stdout] 
[INFO] [stdout] error[E0599]: no function or associated item named `random` found for struct `Scalar` in the current scope
[INFO] [stdout]    --> src/cryptosystems/curve_el_gamal.rs:118:34
[INFO] [stdout]     |
[INFO] [stdout] 118 |         let randomness = Scalar::random(rng.rng());
[INFO] [stdout]     |                                  ^^^^^^ function or associated item not found in `Scalar`
[INFO] [stdout]     |
[INFO] [stdout] note: if you're trying to build a new `Scalar` consider using one of the following associated functions:
[INFO] [stdout]       Scalar::from_bytes_mod_order
[INFO] [stdout]       Scalar::from_bytes_mod_order_wide
[INFO] [stdout]       Scalar::batch_invert
[INFO] [stdout]    --> /opt/rustwide/cargo-home/registry/src/index.crates.io-6f17d22bba15001f/curve25519-dalek-4.1.3/src/scalar.rs:237:5
[INFO] [stdout]     |
[INFO] [stdout] 237 |     pub fn from_bytes_mod_order(bytes: [u8; 32]) -> Scalar {
[INFO] [stdout]     |     ^^^^^^^^^^^^^^^^^^^^^^^^^^^^^^^^^^^^^^^^^^^^^^^^^^^^^^
[INFO] [stdout] ...
[INFO] [stdout] 250 |     pub fn from_bytes_mod_order_wide(input: &[u8; 64]) -> Scalar {
[INFO] [stdout]     |     ^^^^^^^^^^^^^^^^^^^^^^^^^^^^^^^^^^^^^^^^^^^^^^^^^^^^^^^^^^^^
[INFO] [stdout] ...
[INFO] [stdout] 788 |     pub fn batch_invert(inputs: &mut [Scalar]) -> Scalar {
[INFO] [stdout]     |     ^^^^^^^^^^^^^^^^^^^^^^^^^^^^^^^^^^^^^^^^^^^^^^^^^^^^
[INFO] [stdout] 
[INFO] [stdout] 
[INFO] [stdout] error[E0277]: cannot multiply `&Scalar` by `&&RistrettoBasepointTable`
[INFO] [stdout]    --> src/cryptosystems/curve_el_gamal.rs:129:44
[INFO] [stdout]     |
[INFO] [stdout] 129 |             c1: ciphertext.c1 + randomness * &RISTRETTO_BASEPOINT_TABLE,
[INFO] [stdout]     |                                            ^ no implementation for `&Scalar * &&RistrettoBasepointTable`
[INFO] [stdout]     |
[INFO] [stdout]     = help: the trait `Mul<&&RistrettoBasepointTable>` is not implemented for `&Scalar`
[INFO] [stdout] help: consider removing the borrow
[INFO] [stdout]     |
[INFO] [stdout] 129 -             c1: ciphertext.c1 + randomness * &RISTRETTO_BASEPOINT_TABLE,
[INFO] [stdout] 129 +             c1: ciphertext.c1 + randomness * RISTRETTO_BASEPOINT_TABLE,
[INFO] [stdout]     |
[INFO] [stdout] 
[INFO] [stdout] 
[INFO] [stdout] error[E0599]: no function or associated item named `random` found for struct `Scalar` in the current scope
[INFO] [stdout]    --> src/cryptosystems/curve_el_gamal.rs:171:34
[INFO] [stdout]     |
[INFO] [stdout] 171 |         let randomness = Scalar::random(rng.rng());
[INFO] [stdout]     |                                  ^^^^^^ function or associated item not found in `Scalar`
[INFO] [stdout]     |
[INFO] [stdout] note: if you're trying to build a new `Scalar` consider using one of the following associated functions:
[INFO] [stdout]       Scalar::from_bytes_mod_order
[INFO] [stdout]       Scalar::from_bytes_mod_order_wide
[INFO] [stdout]       Scalar::batch_invert
[INFO] [stdout]    --> /opt/rustwide/cargo-home/registry/src/index.crates.io-6f17d22bba15001f/curve25519-dalek-4.1.3/src/scalar.rs:237:5
[INFO] [stdout]     |
[INFO] [stdout] 237 |     pub fn from_bytes_mod_order(bytes: [u8; 32]) -> Scalar {
[INFO] [stdout]     |     ^^^^^^^^^^^^^^^^^^^^^^^^^^^^^^^^^^^^^^^^^^^^^^^^^^^^^^
[INFO] [stdout] ...
[INFO] [stdout] 250 |     pub fn from_bytes_mod_order_wide(input: &[u8; 64]) -> Scalar {
[INFO] [stdout]     |     ^^^^^^^^^^^^^^^^^^^^^^^^^^^^^^^^^^^^^^^^^^^^^^^^^^^^^^^^^^^^
[INFO] [stdout] ...
[INFO] [stdout] 788 |     pub fn batch_invert(inputs: &mut [Scalar]) -> Scalar {
[INFO] [stdout]     |     ^^^^^^^^^^^^^^^^^^^^^^^^^^^^^^^^^^^^^^^^^^^^^^^^^^^^
[INFO] [stdout] 
[INFO] [stdout] 
[INFO] [stdout] error[E0277]: cannot multiply `&Scalar` by `&&RistrettoBasepointTable`
[INFO] [stdout]    --> src/cryptosystems/curve_el_gamal.rs:182:44
[INFO] [stdout]     |
[INFO] [stdout] 182 |             c1: ciphertext.c1 + randomness * &RISTRETTO_BASEPOINT_TABLE,
[INFO] [stdout]     |                                            ^ no implementation for `&Scalar * &&RistrettoBasepointTable`
[INFO] [stdout]     |
[INFO] [stdout]     = help: the trait `Mul<&&RistrettoBasepointTable>` is not implemented for `&Scalar`
[INFO] [stdout] help: consider removing the borrow
[INFO] [stdout]     |
[INFO] [stdout] 182 -             c1: ciphertext.c1 + randomness * &RISTRETTO_BASEPOINT_TABLE,
[INFO] [stdout] 182 +             c1: ciphertext.c1 + randomness * RISTRETTO_BASEPOINT_TABLE,
[INFO] [stdout]     |
[INFO] [stdout] 
[INFO] [stdout] 
[INFO] [stdout] error[E0599]: no function or associated item named `random` found for struct `Scalar` in the current scope
[INFO] [stdout]    --> src/threshold_cryptosystems/curve_el_gamal.rs:49:30
[INFO] [stdout]     |
[INFO] [stdout] 49  |                 key: Scalar::random(rng.rng()),
[INFO] [stdout]     |                              ^^^^^^ function or associated item not found in `Scalar`
[INFO] [stdout]     |
[INFO] [stdout] note: if you're trying to build a new `Scalar` consider using one of the following associated functions:
[INFO] [stdout]       Scalar::from_bytes_mod_order
[INFO] [stdout]       Scalar::from_bytes_mod_order_wide
[INFO] [stdout]       Scalar::batch_invert
[INFO] [stdout]    --> /opt/rustwide/cargo-home/registry/src/index.crates.io-6f17d22bba15001f/curve25519-dalek-4.1.3/src/scalar.rs:237:5
[INFO] [stdout]     |
[INFO] [stdout] 237 |     pub fn from_bytes_mod_order(bytes: [u8; 32]) -> Scalar {
[INFO] [stdout]     |     ^^^^^^^^^^^^^^^^^^^^^^^^^^^^^^^^^^^^^^^^^^^^^^^^^^^^^^
[INFO] [stdout] ...
[INFO] [stdout] 250 |     pub fn from_bytes_mod_order_wide(input: &[u8; 64]) -> Scalar {
[INFO] [stdout]     |     ^^^^^^^^^^^^^^^^^^^^^^^^^^^^^^^^^^^^^^^^^^^^^^^^^^^^^^^^^^^^
[INFO] [stdout] ...
[INFO] [stdout] 788 |     pub fn batch_invert(inputs: &mut [Scalar]) -> Scalar {
[INFO] [stdout]     |     ^^^^^^^^^^^^^^^^^^^^^^^^^^^^^^^^^^^^^^^^^^^^^^^^^^^^
[INFO] [stdout] 
[INFO] [stdout] 
[INFO] [stdout] error[E0277]: cannot multiply `&Scalar` by `&&RistrettoBasepointTable`
[INFO] [stdout]   --> src/threshold_cryptosystems/curve_el_gamal.rs:54:38
[INFO] [stdout]    |
[INFO] [stdout] 54 |         let public_key = &master_key * &RISTRETTO_BASEPOINT_TABLE;
[INFO] [stdout]    |                                      ^ no implementation for `&Scalar * &&RistrettoBasepointTable`
[INFO] [stdout]    |
[INFO] [stdout]    = help: the trait `Mul<&&RistrettoBasepointTable>` is not implemented for `&Scalar`
[INFO] [stdout] help: consider removing the borrow
[INFO] [stdout]    |
[INFO] [stdout] 54 -         let public_key = &master_key * &RISTRETTO_BASEPOINT_TABLE;
[INFO] [stdout] 54 +         let public_key = &master_key * RISTRETTO_BASEPOINT_TABLE;
[INFO] [stdout]    |
[INFO] [stdout] 
[INFO] [stdout] 
[INFO] [stdout] error[E0599]: no function or associated item named `random` found for struct `Scalar` in the current scope
[INFO] [stdout]    --> src/threshold_cryptosystems/curve_el_gamal.rs:118:34
[INFO] [stdout]     |
[INFO] [stdout] 118 |         let master_key = Scalar::random(rng.rng());
[INFO] [stdout]     |                                  ^^^^^^ function or associated item not found in `Scalar`
[INFO] [stdout]     |
[INFO] [stdout] note: if you're trying to build a new `Scalar` consider using one of the following associated functions:
[INFO] [stdout]       Scalar::from_bytes_mod_order
[INFO] [stdout]       Scalar::from_bytes_mod_order_wide
[INFO] [stdout]       Scalar::batch_invert
[INFO] [stdout]    --> /opt/rustwide/cargo-home/registry/src/index.crates.io-6f17d22bba15001f/curve25519-dalek-4.1.3/src/scalar.rs:237:5
[INFO] [stdout]     |
[INFO] [stdout] 237 |     pub fn from_bytes_mod_order(bytes: [u8; 32]) -> Scalar {
[INFO] [stdout]     |     ^^^^^^^^^^^^^^^^^^^^^^^^^^^^^^^^^^^^^^^^^^^^^^^^^^^^^^
[INFO] [stdout] ...
[INFO] [stdout] 250 |     pub fn from_bytes_mod_order_wide(input: &[u8; 64]) -> Scalar {
[INFO] [stdout]     |     ^^^^^^^^^^^^^^^^^^^^^^^^^^^^^^^^^^^^^^^^^^^^^^^^^^^^^^^^^^^^
[INFO] [stdout] ...
[INFO] [stdout] 788 |     pub fn batch_invert(inputs: &mut [Scalar]) -> Scalar {
[INFO] [stdout]     |     ^^^^^^^^^^^^^^^^^^^^^^^^^^^^^^^^^^^^^^^^^^^^^^^^^^^^
[INFO] [stdout] 
[INFO] [stdout] 
[INFO] [stdout] error[E0599]: no function or associated item named `random` found for struct `Scalar` in the current scope
[INFO] [stdout]    --> src/threshold_cryptosystems/curve_el_gamal.rs:121:30
[INFO] [stdout]     |
[INFO] [stdout] 121 |             .map(|_| Scalar::random(rng.rng()))
[INFO] [stdout]     |                              ^^^^^^ function or associated item not found in `Scalar`
[INFO] [stdout]     |
[INFO] [stdout] note: if you're trying to build a new `Scalar` consider using one of the following associated functions:
[INFO] [stdout]       Scalar::from_bytes_mod_order
[INFO] [stdout]       Scalar::from_bytes_mod_order_wide
[INFO] [stdout]       Scalar::batch_invert
[INFO] [stdout]    --> /opt/rustwide/cargo-home/registry/src/index.crates.io-6f17d22bba15001f/curve25519-dalek-4.1.3/src/scalar.rs:237:5
[INFO] [stdout]     |
[INFO] [stdout] 237 |     pub fn from_bytes_mod_order(bytes: [u8; 32]) -> Scalar {
[INFO] [stdout]     |     ^^^^^^^^^^^^^^^^^^^^^^^^^^^^^^^^^^^^^^^^^^^^^^^^^^^^^^
[INFO] [stdout] ...
[INFO] [stdout] 250 |     pub fn from_bytes_mod_order_wide(input: &[u8; 64]) -> Scalar {
[INFO] [stdout]     |     ^^^^^^^^^^^^^^^^^^^^^^^^^^^^^^^^^^^^^^^^^^^^^^^^^^^^^^^^^^^^
[INFO] [stdout] ...
[INFO] [stdout] 788 |     pub fn batch_invert(inputs: &mut [Scalar]) -> Scalar {
[INFO] [stdout]     |     ^^^^^^^^^^^^^^^^^^^^^^^^^^^^^^^^^^^^^^^^^^^^^^^^^^^^
[INFO] [stdout] 
[INFO] [stdout] 
[INFO] [stdout] error[E0599]: no function or associated item named `one` found for struct `Scalar` in the current scope
[INFO] [stdout]    --> src/threshold_cryptosystems/curve_el_gamal.rs:176:37
[INFO] [stdout]     |
[INFO] [stdout] 176 |                 let mut b = Scalar::one();
[INFO] [stdout]     |                                     ^^^ function or associated item not found in `Scalar`
[INFO] [stdout]     |
[INFO] [stdout] note: if you're trying to build a new `Scalar` consider using one of the following associated functions:
[INFO] [stdout]       Scalar::from_bytes_mod_order
[INFO] [stdout]       Scalar::from_bytes_mod_order_wide
[INFO] [stdout]       Scalar::batch_invert
[INFO] [stdout]    --> /opt/rustwide/cargo-home/registry/src/index.crates.io-6f17d22bba15001f/curve25519-dalek-4.1.3/src/scalar.rs:237:5
[INFO] [stdout]     |
[INFO] [stdout] 237 |     pub fn from_bytes_mod_order(bytes: [u8; 32]) -> Scalar {
[INFO] [stdout]     |     ^^^^^^^^^^^^^^^^^^^^^^^^^^^^^^^^^^^^^^^^^^^^^^^^^^^^^^
[INFO] [stdout] ...
[INFO] [stdout] 250 |     pub fn from_bytes_mod_order_wide(input: &[u8; 64]) -> Scalar {
[INFO] [stdout]     |     ^^^^^^^^^^^^^^^^^^^^^^^^^^^^^^^^^^^^^^^^^^^^^^^^^^^^^^^^^^^^
[INFO] [stdout] ...
[INFO] [stdout] 788 |     pub fn batch_invert(inputs: &mut [Scalar]) -> Scalar {
[INFO] [stdout]     |     ^^^^^^^^^^^^^^^^^^^^^^^^^^^^^^^^^^^^^^^^^^^^^^^^^^^^
[INFO] [stdout] help: there is a method `ne` with a similar name, but with different arguments
[INFO] [stdout]    --> /rustc/df4ca44d3fbc9301ee17f30f4d474e6ae4b05252/library/core/src/cmp.rs:261:5
[INFO] [stdout] 
[INFO] [stdout] 
[INFO] [stdout] Some errors have detailed explanations: E0277, E0599.
[INFO] [stdout] 
[INFO] [stdout] For more information about an error, try `rustc --explain E0277`.
[INFO] [stdout] 
[INFO] [stderr] error: could not compile `scicrypt-he` (lib) due to 10 previous errors
[INFO] running `Command { std: "docker" "inspect" "f1ff4b2778845df1ed7f348c3c986025f6f251a86083bbd76dec4b6f315ed4b2", kill_on_drop: false }`
[INFO] running `Command { std: "docker" "rm" "-f" "f1ff4b2778845df1ed7f348c3c986025f6f251a86083bbd76dec4b6f315ed4b2", kill_on_drop: false }`
[INFO] [stdout] f1ff4b2778845df1ed7f348c3c986025f6f251a86083bbd76dec4b6f315ed4b2
