[INFO] fetching crate schematic_types 0.9.4...
[INFO] testing schematic_types-0.9.4 against nightly-2024-10-28 for randomize-layout
[INFO] extracting crate schematic_types 0.9.4 into /workspace/builds/worker-2-tc1/source
[INFO] validating manifest of crates.io crate schematic_types 0.9.4 on toolchain nightly-2024-10-28
[INFO] running `Command { std: CARGO_HOME="/workspace/cargo-home" RUSTUP_HOME="/workspace/rustup-home" "/workspace/cargo-home/bin/cargo" "+nightly-2024-10-28" "metadata" "--manifest-path" "Cargo.toml" "--no-deps", kill_on_drop: false }`
[INFO] started tweaking crates.io crate schematic_types 0.9.4
[INFO] removed 0 missing tests
[INFO] finished tweaking crates.io crate schematic_types 0.9.4
[INFO] tweaked toml for crates.io crate schematic_types 0.9.4 written to /workspace/builds/worker-2-tc1/source/Cargo.toml
[INFO] running `Command { std: CARGO_HOME="/workspace/cargo-home" RUSTUP_HOME="/workspace/rustup-home" "/workspace/cargo-home/bin/cargo" "+nightly-2024-10-28" "generate-lockfile" "--manifest-path" "Cargo.toml", kill_on_drop: false }`
[INFO] [stderr]     Updating crates.io index
[INFO] [stderr]      Locking 175 packages to latest compatible versions
[INFO] running `Command { std: CARGO_HOME="/workspace/cargo-home" RUSTUP_HOME="/workspace/rustup-home" "/workspace/cargo-home/bin/cargo" "+nightly-2024-10-28" "fetch" "--manifest-path" "Cargo.toml", kill_on_drop: false }`
[INFO] [stderr]  Downloading crates ...
[INFO] [stderr]   Downloaded assert_fs v1.1.2
[INFO] [stderr]   Downloaded starbase_utils v0.8.10
[INFO] [stderr]   Downloaded starbase_styles v0.4.4
[INFO] [stderr]   Downloaded starbase_sandbox v0.7.4
[INFO] [stderr]   Downloaded rpkl v0.3.4
[INFO] running `Command { std: "docker" "create" "-v" "/var/lib/crater-agent-workspace/builds/worker-2-tc1/target:/opt/rustwide/target:rw,Z" "-v" "/var/lib/crater-agent-workspace/builds/worker-2-tc1/source:/opt/rustwide/workdir:ro,Z" "-v" "/var/lib/crater-agent-workspace/cargo-home:/opt/rustwide/cargo-home:ro,Z" "-v" "/var/lib/crater-agent-workspace/rustup-home:/opt/rustwide/rustup-home:ro,Z" "-e" "SOURCE_DIR=/opt/rustwide/workdir" "-e" "CARGO_TARGET_DIR=/opt/rustwide/target" "-e" "CARGO_HOME=/opt/rustwide/cargo-home" "-e" "RUSTUP_HOME=/opt/rustwide/rustup-home" "-w" "/opt/rustwide/workdir" "-m" "1610612736" "--user" "0:0" "--network" "none" "ghcr.io/rust-lang/crates-build-env/linux@sha256:4a844ea9eb2546a2d2c7022eacef16ef2e8229c7fbb2c7d4d55a9ceca922f72d" "/opt/rustwide/cargo-home/bin/cargo" "+nightly-2024-10-28" "metadata" "--no-deps" "--format-version=1", kill_on_drop: false }`
[INFO] [stdout] 826f8ff5bc5d025d30e3f77971af1af94d4d44a9a379311a4bfc4956473d67ec
[INFO] running `Command { std: "docker" "start" "-a" "826f8ff5bc5d025d30e3f77971af1af94d4d44a9a379311a4bfc4956473d67ec", kill_on_drop: false }`
[INFO] running `Command { std: "docker" "inspect" "826f8ff5bc5d025d30e3f77971af1af94d4d44a9a379311a4bfc4956473d67ec", kill_on_drop: false }`
[INFO] running `Command { std: "docker" "rm" "-f" "826f8ff5bc5d025d30e3f77971af1af94d4d44a9a379311a4bfc4956473d67ec", kill_on_drop: false }`
[INFO] [stdout] 826f8ff5bc5d025d30e3f77971af1af94d4d44a9a379311a4bfc4956473d67ec
[INFO] running `Command { std: "docker" "create" "-v" "/var/lib/crater-agent-workspace/builds/worker-2-tc1/target:/opt/rustwide/target:rw,Z" "-v" "/var/lib/crater-agent-workspace/builds/worker-2-tc1/source:/opt/rustwide/workdir:ro,Z" "-v" "/var/lib/crater-agent-workspace/cargo-home:/opt/rustwide/cargo-home:ro,Z" "-v" "/var/lib/crater-agent-workspace/rustup-home:/opt/rustwide/rustup-home:ro,Z" "-e" "SOURCE_DIR=/opt/rustwide/workdir" "-e" "CARGO_TARGET_DIR=/opt/rustwide/target" "-e" "CARGO_INCREMENTAL=0" "-e" "RUST_BACKTRACE=full" "-e" "RUSTFLAGS=--cap-lints=forbid" "-e" "RUSTDOCFLAGS=--cap-lints=forbid" "-e" "CARGO_HOME=/opt/rustwide/cargo-home" "-e" "RUSTUP_HOME=/opt/rustwide/rustup-home" "-w" "/opt/rustwide/workdir" "-m" "1610612736" "--user" "0:0" "--network" "none" "ghcr.io/rust-lang/crates-build-env/linux@sha256:4a844ea9eb2546a2d2c7022eacef16ef2e8229c7fbb2c7d4d55a9ceca922f72d" "/opt/rustwide/cargo-home/bin/cargo" "+nightly-2024-10-28" "build" "--frozen" "--message-format=json", kill_on_drop: false }`
[INFO] [stdout] d116289c4e194e37c51ba4e54d494fa3b59569f30a69e630ec0cfb443be3b1b9
[INFO] running `Command { std: "docker" "start" "-a" "d116289c4e194e37c51ba4e54d494fa3b59569f30a69e630ec0cfb443be3b1b9", kill_on_drop: false }`
[INFO] [stderr]    Compiling schematic_types v0.9.4 (/opt/rustwide/workdir)
[INFO] [stderr]     Finished `dev` profile [unoptimized + debuginfo] target(s) in 0.32s
[INFO] running `Command { std: "docker" "inspect" "d116289c4e194e37c51ba4e54d494fa3b59569f30a69e630ec0cfb443be3b1b9", kill_on_drop: false }`
[INFO] running `Command { std: "docker" "rm" "-f" "d116289c4e194e37c51ba4e54d494fa3b59569f30a69e630ec0cfb443be3b1b9", kill_on_drop: false }`
[INFO] [stdout] d116289c4e194e37c51ba4e54d494fa3b59569f30a69e630ec0cfb443be3b1b9
[INFO] running `Command { std: "docker" "create" "-v" "/var/lib/crater-agent-workspace/builds/worker-2-tc1/target:/opt/rustwide/target:rw,Z" "-v" "/var/lib/crater-agent-workspace/builds/worker-2-tc1/source:/opt/rustwide/workdir:ro,Z" "-v" "/var/lib/crater-agent-workspace/cargo-home:/opt/rustwide/cargo-home:ro,Z" "-v" "/var/lib/crater-agent-workspace/rustup-home:/opt/rustwide/rustup-home:ro,Z" "-e" "SOURCE_DIR=/opt/rustwide/workdir" "-e" "CARGO_TARGET_DIR=/opt/rustwide/target" "-e" "CARGO_INCREMENTAL=0" "-e" "RUST_BACKTRACE=full" "-e" "RUSTFLAGS=--cap-lints=forbid" "-e" "RUSTDOCFLAGS=--cap-lints=forbid" "-e" "CARGO_HOME=/opt/rustwide/cargo-home" "-e" "RUSTUP_HOME=/opt/rustwide/rustup-home" "-w" "/opt/rustwide/workdir" "-m" "1610612736" "--user" "0:0" "--network" "none" "ghcr.io/rust-lang/crates-build-env/linux@sha256:4a844ea9eb2546a2d2c7022eacef16ef2e8229c7fbb2c7d4d55a9ceca922f72d" "/opt/rustwide/cargo-home/bin/cargo" "+nightly-2024-10-28" "test" "--frozen" "--no-run" "--message-format=json", kill_on_drop: false }`
[INFO] [stdout] a7954dcf90c6e48c9079841d2b28dd8f69f734b2c386629ad369046a1f132077
[INFO] running `Command { std: "docker" "start" "-a" "a7954dcf90c6e48c9079841d2b28dd8f69f734b2c386629ad369046a1f132077", kill_on_drop: false }`
[INFO] [stderr]    Compiling aho-corasick v1.1.3
[INFO] [stderr]    Compiling regex-syntax v0.8.5
[INFO] [stderr]    Compiling crossbeam-utils v0.8.20
[INFO] [stderr]    Compiling rustix v0.38.38
[INFO] [stderr]    Compiling owo-colors v4.1.0
[INFO] [stderr]    Compiling log v0.4.22
[INFO] [stderr]    Compiling predicates-core v1.0.8
[INFO] [stderr]    Compiling option-ext v0.2.0
[INFO] [stderr]    Compiling bitflags v2.6.0
[INFO] [stderr]    Compiling doc-comment v0.3.3
[INFO] [stderr]    Compiling num-traits v0.2.19
[INFO] [stderr]    Compiling difflib v0.4.0
[INFO] [stderr]    Compiling linux-raw-sys v0.4.14
[INFO] [stderr]    Compiling anstyle v1.0.10
[INFO] [stderr]    Compiling normalize-line-endings v0.3.0
[INFO] [stderr]    Compiling syn v2.0.86
[INFO] [stderr]    Compiling dirs-sys v0.4.1
[INFO] [stderr]    Compiling is_ci v1.2.0
[INFO] [stderr]    Compiling termtree v0.4.1
[INFO] [stderr]    Compiling dirs v5.0.1
[INFO] [stderr]    Compiling supports-color v3.0.1
[INFO] [stderr]    Compiling assert_cmd v2.0.16
[INFO] [stderr]    Compiling predicates-tree v1.0.11
[INFO] [stderr]    Compiling fastrand v2.1.1
[INFO] [stderr]    Compiling console v0.15.8
[INFO] [stderr]    Compiling wait-timeout v0.2.0
[INFO] [stderr]    Compiling similar v2.6.0
[INFO] [stderr]    Compiling linked-hash-map v0.5.6
[INFO] [stderr]    Compiling yansi v1.0.1
[INFO] [stderr]    Compiling diff v0.1.13
[INFO] [stderr]    Compiling clean-path v0.2.1
[INFO] [stderr]    Compiling crossbeam-epoch v0.9.18
[INFO] [stderr]    Compiling pretty_assertions v1.4.1
[INFO] [stderr]    Compiling crossbeam-deque v0.8.5
[INFO] [stderr]    Compiling insta v1.41.1
[INFO] [stderr]    Compiling float-cmp v0.9.0
[INFO] [stderr]    Compiling starbase_styles v0.4.4
[INFO] [stderr]    Compiling regex-automata v0.4.8
[INFO] [stderr]    Compiling tempfile v3.13.0
[INFO] [stderr]    Compiling thiserror-impl v1.0.66
[INFO] [stderr]    Compiling tracing-attributes v0.1.27
[INFO] [stderr]    Compiling bstr v1.10.0
[INFO] [stderr]    Compiling regex v1.11.1
[INFO] [stderr]    Compiling thiserror v1.0.66
[INFO] [stderr]    Compiling tracing v0.1.40
[INFO] [stderr]    Compiling starbase_utils v0.8.10
[INFO] [stderr]    Compiling predicates v3.1.2
[INFO] [stderr]    Compiling globset v0.4.15
[INFO] [stderr]    Compiling ignore v0.4.23
[INFO] [stderr]    Compiling globwalk v0.9.1
[INFO] [stderr]    Compiling assert_fs v1.1.2
[INFO] [stderr]    Compiling starbase_sandbox v0.7.4
[INFO] [stderr]    Compiling schematic_types v0.9.4 (/opt/rustwide/workdir)
[INFO] [stdout] error[E0433]: failed to resolve: use of undeclared crate or module `serde_json`
[INFO] [stdout]   --> tests/builder_test.rs:20:21
[INFO] [stdout]    |
[INFO] [stdout] 20 |         let input = serde_json::to_string_pretty(&schema).unwrap();
[INFO] [stdout]    |                     ^^^^^^^^^^ use of undeclared crate or module `serde_json`
[INFO] [stdout] ...
[INFO] [stdout] 46 |     assert_build!((), SchemaType::Null);
[INFO] [stdout]    |     ----------------------------------- in this macro invocation
[INFO] [stdout]    |
[INFO] [stdout]    = note: this error originates in the macro `assert_build` (in Nightly builds, run with -Z macro-backtrace for more info)
[INFO] [stdout] 
[INFO] [stdout] 
[INFO] [stdout] error[E0433]: failed to resolve: use of undeclared crate or module `serde_json`
[INFO] [stdout]   --> tests/builder_test.rs:24:30
[INFO] [stdout]    |
[INFO] [stdout] 24 |         let output: Schema = serde_json::from_str(&input).unwrap();
[INFO] [stdout]    |                              ^^^^^^^^^^ use of undeclared crate or module `serde_json`
[INFO] [stdout] ...
[INFO] [stdout] 46 |     assert_build!((), SchemaType::Null);
[INFO] [stdout]    |     ----------------------------------- in this macro invocation
[INFO] [stdout]    |
[INFO] [stdout]    = note: this error originates in the macro `assert_build` (in Nightly builds, run with -Z macro-backtrace for more info)
[INFO] [stdout] 
[INFO] [stdout] 
[INFO] [stdout] error[E0433]: failed to resolve: use of undeclared crate or module `serde_json`
[INFO] [stdout]   --> tests/builder_test.rs:20:21
[INFO] [stdout]    |
[INFO] [stdout] 20 |         let input = serde_json::to_string_pretty(&schema).unwrap();
[INFO] [stdout]    |                     ^^^^^^^^^^ use of undeclared crate or module `serde_json`
[INFO] [stdout] ...
[INFO] [stdout] 48 |     assert_build!(bool, SchemaType::Boolean(Box::default()));
[INFO] [stdout]    |     -------------------------------------------------------- in this macro invocation
[INFO] [stdout]    |
[INFO] [stdout]    = note: this error originates in the macro `assert_build` (in Nightly builds, run with -Z macro-backtrace for more info)
[INFO] [stdout] 
[INFO] [stdout] 
[INFO] [stdout] error[E0433]: failed to resolve: use of undeclared crate or module `serde_json`
[INFO] [stdout]   --> tests/builder_test.rs:24:30
[INFO] [stdout]    |
[INFO] [stdout] 24 |         let output: Schema = serde_json::from_str(&input).unwrap();
[INFO] [stdout]    |                              ^^^^^^^^^^ use of undeclared crate or module `serde_json`
[INFO] [stdout] ...
[INFO] [stdout] 48 |     assert_build!(bool, SchemaType::Boolean(Box::default()));
[INFO] [stdout]    |     -------------------------------------------------------- in this macro invocation
[INFO] [stdout]    |
[INFO] [stdout]    = note: this error originates in the macro `assert_build` (in Nightly builds, run with -Z macro-backtrace for more info)
[INFO] [stdout] 
[INFO] [stdout] 
[INFO] [stdout] error[E0433]: failed to resolve: use of undeclared crate or module `serde_json`
[INFO] [stdout]   --> tests/builder_test.rs:20:21
[INFO] [stdout]    |
[INFO] [stdout] 20 |         let input = serde_json::to_string_pretty(&schema).unwrap();
[INFO] [stdout]    |                     ^^^^^^^^^^ use of undeclared crate or module `serde_json`
[INFO] [stdout] ...
[INFO] [stdout] 50 |     assert_build!(&bool, SchemaType::Boolean(Box::default()));
[INFO] [stdout]    |     --------------------------------------------------------- in this macro invocation
[INFO] [stdout]    |
[INFO] [stdout]    = note: this error originates in the macro `assert_build` (in Nightly builds, run with -Z macro-backtrace for more info)
[INFO] [stdout] 
[INFO] [stdout] 
[INFO] [stdout] error[E0433]: failed to resolve: use of undeclared crate or module `serde_json`
[INFO] [stdout]   --> tests/builder_test.rs:24:30
[INFO] [stdout]    |
[INFO] [stdout] 24 |         let output: Schema = serde_json::from_str(&input).unwrap();
[INFO] [stdout]    |                              ^^^^^^^^^^ use of undeclared crate or module `serde_json`
[INFO] [stdout] ...
[INFO] [stdout] 50 |     assert_build!(&bool, SchemaType::Boolean(Box::default()));
[INFO] [stdout]    |     --------------------------------------------------------- in this macro invocation
[INFO] [stdout]    |
[INFO] [stdout]    = note: this error originates in the macro `assert_build` (in Nightly builds, run with -Z macro-backtrace for more info)
[INFO] [stdout] 
[INFO] [stdout] 
[INFO] [stdout] error[E0433]: failed to resolve: use of undeclared crate or module `serde_json`
[INFO] [stdout]   --> tests/builder_test.rs:20:21
[INFO] [stdout]    |
[INFO] [stdout] 20 |         let input = serde_json::to_string_pretty(&schema).unwrap();
[INFO] [stdout]    |                     ^^^^^^^^^^ use of undeclared crate or module `serde_json`
[INFO] [stdout] ...
[INFO] [stdout] 52 |     assert_build!(&mut bool, SchemaType::Boolean(Box::default()));
[INFO] [stdout]    |     ------------------------------------------------------------- in this macro invocation
[INFO] [stdout]    |
[INFO] [stdout]    = note: this error originates in the macro `assert_build` (in Nightly builds, run with -Z macro-backtrace for more info)
[INFO] [stdout] 
[INFO] [stdout] 
[INFO] [stdout] error[E0433]: failed to resolve: use of undeclared crate or module `serde_json`
[INFO] [stdout]   --> tests/builder_test.rs:24:30
[INFO] [stdout]    |
[INFO] [stdout] 24 |         let output: Schema = serde_json::from_str(&input).unwrap();
[INFO] [stdout]    |                              ^^^^^^^^^^ use of undeclared crate or module `serde_json`
[INFO] [stdout] ...
[INFO] [stdout] 52 |     assert_build!(&mut bool, SchemaType::Boolean(Box::default()));
[INFO] [stdout]    |     ------------------------------------------------------------- in this macro invocation
[INFO] [stdout]    |
[INFO] [stdout]    = note: this error originates in the macro `assert_build` (in Nightly builds, run with -Z macro-backtrace for more info)
[INFO] [stdout] 
[INFO] [stdout] 
[INFO] [stdout] error[E0433]: failed to resolve: use of undeclared crate or module `serde_json`
[INFO] [stdout]   --> tests/builder_test.rs:20:21
[INFO] [stdout]    |
[INFO] [stdout] 20 |         let input = serde_json::to_string_pretty(&schema).unwrap();
[INFO] [stdout]    |                     ^^^^^^^^^^ use of undeclared crate or module `serde_json`
[INFO] [stdout] ...
[INFO] [stdout] 54 |     assert_build!(Box<bool>, SchemaType::Boolean(Box::default()));
[INFO] [stdout]    |     ------------------------------------------------------------- in this macro invocation
[INFO] [stdout]    |
[INFO] [stdout]    = note: this error originates in the macro `assert_build` (in Nightly builds, run with -Z macro-backtrace for more info)
[INFO] [stdout] 
[INFO] [stdout] 
[INFO] [stdout] error[E0433]: failed to resolve: use of undeclared crate or module `serde_json`
[INFO] [stdout]   --> tests/builder_test.rs:24:30
[INFO] [stdout]    |
[INFO] [stdout] 24 |         let output: Schema = serde_json::from_str(&input).unwrap();
[INFO] [stdout]    |                              ^^^^^^^^^^ use of undeclared crate or module `serde_json`
[INFO] [stdout] ...
[INFO] [stdout] 54 |     assert_build!(Box<bool>, SchemaType::Boolean(Box::default()));
[INFO] [stdout]    |     ------------------------------------------------------------- in this macro invocation
[INFO] [stdout]    |
[INFO] [stdout]    = note: this error originates in the macro `assert_build` (in Nightly builds, run with -Z macro-backtrace for more info)
[INFO] [stdout] 
[INFO] [stdout] 
[INFO] [stdout] error[E0433]: failed to resolve: use of undeclared crate or module `serde_json`
[INFO] [stdout]   --> tests/builder_test.rs:20:21
[INFO] [stdout]    |
[INFO] [stdout] 20 |           let input = serde_json::to_string_pretty(&schema).unwrap();
[INFO] [stdout]    |                       ^^^^^^^^^^ use of undeclared crate or module `serde_json`
[INFO] [stdout] ...
[INFO] [stdout] 56 | /     assert_build!(
[INFO] [stdout] 57 | |         Option<bool>,
[INFO] [stdout] 58 | |         SchemaType::Union(Box::new(UnionType::new_any(vec![
[INFO] [stdout] 59 | |             SchemaType::Boolean(Box::default()),
[INFO] [stdout] 60 | |             SchemaType::Null
[INFO] [stdout] 61 | |         ])))
[INFO] [stdout] 62 | |     );
[INFO] [stdout]    | |_____- in this macro invocation
[INFO] [stdout]    |
[INFO] [stdout]    = note: this error originates in the macro `assert_build` (in Nightly builds, run with -Z macro-backtrace for more info)
[INFO] [stdout] 
[INFO] [stdout] 
[INFO] [stdout] error[E0433]: failed to resolve: use of undeclared crate or module `serde_json`
[INFO] [stdout]   --> tests/builder_test.rs:24:30
[INFO] [stdout]    |
[INFO] [stdout] 24 |           let output: Schema = serde_json::from_str(&input).unwrap();
[INFO] [stdout]    |                                ^^^^^^^^^^ use of undeclared crate or module `serde_json`
[INFO] [stdout] ...
[INFO] [stdout] 56 | /     assert_build!(
[INFO] [stdout] 57 | |         Option<bool>,
[INFO] [stdout] 58 | |         SchemaType::Union(Box::new(UnionType::new_any(vec![
[INFO] [stdout] 59 | |             SchemaType::Boolean(Box::default()),
[INFO] [stdout] 60 | |             SchemaType::Null
[INFO] [stdout] 61 | |         ])))
[INFO] [stdout] 62 | |     );
[INFO] [stdout]    | |_____- in this macro invocation
[INFO] [stdout]    |
[INFO] [stdout]    = note: this error originates in the macro `assert_build` (in Nightly builds, run with -Z macro-backtrace for more info)
[INFO] [stdout] 
[INFO] [stdout] 
[INFO] [stdout] error[E0433]: failed to resolve: use of undeclared crate or module `serde_json`
[INFO] [stdout]   --> tests/builder_test.rs:20:21
[INFO] [stdout]    |
[INFO] [stdout] 20 |           let input = serde_json::to_string_pretty(&schema).unwrap();
[INFO] [stdout]    |                       ^^^^^^^^^^ use of undeclared crate or module `serde_json`
[INFO] [stdout] ...
[INFO] [stdout] 67 | /     assert_build!(
[INFO] [stdout] 68 | |         Vec<String>,
[INFO] [stdout] 69 | |         SchemaType::Array(Box::new(ArrayType::new(SchemaType::String(Box::default()))))
[INFO] [stdout] 70 | |     );
[INFO] [stdout]    | |_____- in this macro invocation
[INFO] [stdout]    |
[INFO] [stdout]    = note: this error originates in the macro `assert_build` (in Nightly builds, run with -Z macro-backtrace for more info)
[INFO] [stdout] 
[INFO] [stdout] 
[INFO] [stdout] error[E0433]: failed to resolve: use of undeclared crate or module `serde_json`
[INFO] [stdout]   --> tests/builder_test.rs:24:30
[INFO] [stdout]    |
[INFO] [stdout] 24 |           let output: Schema = serde_json::from_str(&input).unwrap();
[INFO] [stdout]    |                                ^^^^^^^^^^ use of undeclared crate or module `serde_json`
[INFO] [stdout] ...
[INFO] [stdout] 67 | /     assert_build!(
[INFO] [stdout] 68 | |         Vec<String>,
[INFO] [stdout] 69 | |         SchemaType::Array(Box::new(ArrayType::new(SchemaType::String(Box::default()))))
[INFO] [stdout] 70 | |     );
[INFO] [stdout]    | |_____- in this macro invocation
[INFO] [stdout]    |
[INFO] [stdout]    = note: this error originates in the macro `assert_build` (in Nightly builds, run with -Z macro-backtrace for more info)
[INFO] [stdout] 
[INFO] [stdout] 
[INFO] [stdout] error[E0433]: failed to resolve: use of undeclared crate or module `serde_json`
[INFO] [stdout]   --> tests/builder_test.rs:20:21
[INFO] [stdout]    |
[INFO] [stdout] 20 |           let input = serde_json::to_string_pretty(&schema).unwrap();
[INFO] [stdout]    |                       ^^^^^^^^^^ use of undeclared crate or module `serde_json`
[INFO] [stdout] ...
[INFO] [stdout] 72 | /     assert_build!(
[INFO] [stdout] 73 | |         &[String],
[INFO] [stdout] 74 | |         SchemaType::Array(Box::new(ArrayType::new(SchemaType::String(Box::default()))))
[INFO] [stdout] 75 | |     );
[INFO] [stdout]    | |_____- in this macro invocation
[INFO] [stdout]    |
[INFO] [stdout]    = note: this error originates in the macro `assert_build` (in Nightly builds, run with -Z macro-backtrace for more info)
[INFO] [stdout] 
[INFO] [stdout] 
[INFO] [stdout] error[E0433]: failed to resolve: use of undeclared crate or module `serde_json`
[INFO] [stdout]   --> tests/builder_test.rs:24:30
[INFO] [stdout]    |
[INFO] [stdout] 24 |           let output: Schema = serde_json::from_str(&input).unwrap();
[INFO] [stdout]    |                                ^^^^^^^^^^ use of undeclared crate or module `serde_json`
[INFO] [stdout] ...
[INFO] [stdout] 72 | /     assert_build!(
[INFO] [stdout] 73 | |         &[String],
[INFO] [stdout] 74 | |         SchemaType::Array(Box::new(ArrayType::new(SchemaType::String(Box::default()))))
[INFO] [stdout] 75 | |     );
[INFO] [stdout]    | |_____- in this macro invocation
[INFO] [stdout]    |
[INFO] [stdout]    = note: this error originates in the macro `assert_build` (in Nightly builds, run with -Z macro-backtrace for more info)
[INFO] [stdout] 
[INFO] [stdout] 
[INFO] [stdout] error[E0433]: failed to resolve: use of undeclared crate or module `serde_json`
[INFO] [stdout]   --> tests/builder_test.rs:20:21
[INFO] [stdout]    |
[INFO] [stdout] 20 |           let input = serde_json::to_string_pretty(&schema).unwrap();
[INFO] [stdout]    |                       ^^^^^^^^^^ use of undeclared crate or module `serde_json`
[INFO] [stdout] ...
[INFO] [stdout] 77 | /     assert_build!(
[INFO] [stdout] 78 | |         [String; 3],
[INFO] [stdout] 79 | |         SchemaType::Array(Box::new(ArrayType {
[INFO] [stdout] 80 | |             items_type: Box::new(Schema::string(StringType::default())),
[INFO] [stdout] ...  |
[INFO] [stdout] 84 | |         }))
[INFO] [stdout] 85 | |     );
[INFO] [stdout]    | |_____- in this macro invocation
[INFO] [stdout]    |
[INFO] [stdout]    = note: this error originates in the macro `assert_build` (in Nightly builds, run with -Z macro-backtrace for more info)
[INFO] [stdout] 
[INFO] [stdout] 
[INFO] [stdout] error[E0433]: failed to resolve: use of undeclared crate or module `serde_json`
[INFO] [stdout]   --> tests/builder_test.rs:24:30
[INFO] [stdout]    |
[INFO] [stdout] 24 |           let output: Schema = serde_json::from_str(&input).unwrap();
[INFO] [stdout]    |                                ^^^^^^^^^^ use of undeclared crate or module `serde_json`
[INFO] [stdout] ...
[INFO] [stdout] 77 | /     assert_build!(
[INFO] [stdout] 78 | |         [String; 3],
[INFO] [stdout] 79 | |         SchemaType::Array(Box::new(ArrayType {
[INFO] [stdout] 80 | |             items_type: Box::new(Schema::string(StringType::default())),
[INFO] [stdout] ...  |
[INFO] [stdout] 84 | |         }))
[INFO] [stdout] 85 | |     );
[INFO] [stdout]    | |_____- in this macro invocation
[INFO] [stdout]    |
[INFO] [stdout]    = note: this error originates in the macro `assert_build` (in Nightly builds, run with -Z macro-backtrace for more info)
[INFO] [stdout] 
[INFO] [stdout] 
[INFO] [stdout] error[E0433]: failed to resolve: use of undeclared crate or module `serde_json`
[INFO] [stdout]   --> tests/builder_test.rs:20:21
[INFO] [stdout]    |
[INFO] [stdout] 20 |           let input = serde_json::to_string_pretty(&schema).unwrap();
[INFO] [stdout]    |                       ^^^^^^^^^^ use of undeclared crate or module `serde_json`
[INFO] [stdout] ...
[INFO] [stdout] 87 | /     assert_build!(
[INFO] [stdout] 88 | |         HashSet<String>,
[INFO] [stdout] 89 | |         SchemaType::Array(Box::new(ArrayType {
[INFO] [stdout] 90 | |             items_type: Box::new(Schema::string(StringType::default())),
[INFO] [stdout] ...  |
[INFO] [stdout] 93 | |         }))
[INFO] [stdout] 94 | |     );
[INFO] [stdout]    | |_____- in this macro invocation
[INFO] [stdout]    |
[INFO] [stdout]    = note: this error originates in the macro `assert_build` (in Nightly builds, run with -Z macro-backtrace for more info)
[INFO] [stdout] 
[INFO] [stdout] 
[INFO] [stdout] error[E0433]: failed to resolve: use of undeclared crate or module `serde_json`
[INFO] [stdout]   --> tests/builder_test.rs:24:30
[INFO] [stdout]    |
[INFO] [stdout] 24 |           let output: Schema = serde_json::from_str(&input).unwrap();
[INFO] [stdout]    |                                ^^^^^^^^^^ use of undeclared crate or module `serde_json`
[INFO] [stdout] ...
[INFO] [stdout] 87 | /     assert_build!(
[INFO] [stdout] 88 | |         HashSet<String>,
[INFO] [stdout] 89 | |         SchemaType::Array(Box::new(ArrayType {
[INFO] [stdout] 90 | |             items_type: Box::new(Schema::string(StringType::default())),
[INFO] [stdout] ...  |
[INFO] [stdout] 93 | |         }))
[INFO] [stdout] 94 | |     );
[INFO] [stdout]    | |_____- in this macro invocation
[INFO] [stdout]    |
[INFO] [stdout]    = note: this error originates in the macro `assert_build` (in Nightly builds, run with -Z macro-backtrace for more info)
[INFO] [stdout] 
[INFO] [stdout] 
[INFO] [stdout] error[E0433]: failed to resolve: use of undeclared crate or module `serde_json`
[INFO] [stdout]    --> tests/builder_test.rs:20:21
[INFO] [stdout]     |
[INFO] [stdout] 20  |           let input = serde_json::to_string_pretty(&schema).unwrap();
[INFO] [stdout]     |                       ^^^^^^^^^^ use of undeclared crate or module `serde_json`
[INFO] [stdout] ...
[INFO] [stdout] 96  | /     assert_build!(
[INFO] [stdout] 97  | |         BTreeSet<String>,
[INFO] [stdout] 98  | |         SchemaType::Array(Box::new(ArrayType {
[INFO] [stdout] 99  | |             items_type: Box::new(Schema::string(StringType::default())),
[INFO] [stdout] ...   |
[INFO] [stdout] 102 | |         }))
[INFO] [stdout] 103 | |     );
[INFO] [stdout]     | |_____- in this macro invocation
[INFO] [stdout]     |
[INFO] [stdout]     = note: this error originates in the macro `assert_build` (in Nightly builds, run with -Z macro-backtrace for more info)
[INFO] [stdout] 
[INFO] [stdout] 
[INFO] [stdout] error[E0433]: failed to resolve: use of undeclared crate or module `serde_json`
[INFO] [stdout]    --> tests/builder_test.rs:24:30
[INFO] [stdout]     |
[INFO] [stdout] 24  |           let output: Schema = serde_json::from_str(&input).unwrap();
[INFO] [stdout]     |                                ^^^^^^^^^^ use of undeclared crate or module `serde_json`
[INFO] [stdout] ...
[INFO] [stdout] 96  | /     assert_build!(
[INFO] [stdout] 97  | |         BTreeSet<String>,
[INFO] [stdout] 98  | |         SchemaType::Array(Box::new(ArrayType {
[INFO] [stdout] 99  | |             items_type: Box::new(Schema::string(StringType::default())),
[INFO] [stdout] ...   |
[INFO] [stdout] 102 | |         }))
[INFO] [stdout] 103 | |     );
[INFO] [stdout]     | |_____- in this macro invocation
[INFO] [stdout]     |
[INFO] [stdout]     = note: this error originates in the macro `assert_build` (in Nightly builds, run with -Z macro-backtrace for more info)
[INFO] [stdout] 
[INFO] [stdout] 
[INFO] [stdout] error[E0433]: failed to resolve: use of undeclared crate or module `serde_json`
[INFO] [stdout]    --> tests/builder_test.rs:20:21
[INFO] [stdout]     |
[INFO] [stdout] 20  |           let input = serde_json::to_string_pretty(&schema).unwrap();
[INFO] [stdout]     |                       ^^^^^^^^^^ use of undeclared crate or module `serde_json`
[INFO] [stdout] ...
[INFO] [stdout] 108 | /     assert_build!(
[INFO] [stdout] 109 | |         u8,
[INFO] [stdout] 110 | |         SchemaType::Integer(Box::new(IntegerType::new_kind(IntegerKind::U8)))
[INFO] [stdout] 111 | |     );
[INFO] [stdout]     | |_____- in this macro invocation
[INFO] [stdout]     |
[INFO] [stdout]     = note: this error originates in the macro `assert_build` (in Nightly builds, run with -Z macro-backtrace for more info)
[INFO] [stdout] 
[INFO] [stdout] 
[INFO] [stdout] error[E0433]: failed to resolve: use of undeclared crate or module `serde_json`
[INFO] [stdout]    --> tests/builder_test.rs:24:30
[INFO] [stdout]     |
[INFO] [stdout] 24  |           let output: Schema = serde_json::from_str(&input).unwrap();
[INFO] [stdout]     |                                ^^^^^^^^^^ use of undeclared crate or module `serde_json`
[INFO] [stdout] ...
[INFO] [stdout] 108 | /     assert_build!(
[INFO] [stdout] 109 | |         u8,
[INFO] [stdout] 110 | |         SchemaType::Integer(Box::new(IntegerType::new_kind(IntegerKind::U8)))
[INFO] [stdout] 111 | |     );
[INFO] [stdout]     | |_____- in this macro invocation
[INFO] [stdout]     |
[INFO] [stdout]     = note: this error originates in the macro `assert_build` (in Nightly builds, run with -Z macro-backtrace for more info)
[INFO] [stdout] 
[INFO] [stdout] 
[INFO] [stdout] error[E0433]: failed to resolve: use of undeclared crate or module `serde_json`
[INFO] [stdout]    --> tests/builder_test.rs:20:21
[INFO] [stdout]     |
[INFO] [stdout] 20  |           let input = serde_json::to_string_pretty(&schema).unwrap();
[INFO] [stdout]     |                       ^^^^^^^^^^ use of undeclared crate or module `serde_json`
[INFO] [stdout] ...
[INFO] [stdout] 113 | /     assert_build!(
[INFO] [stdout] 114 | |         i32,
[INFO] [stdout] 115 | |         SchemaType::Integer(Box::new(IntegerType::new_kind(IntegerKind::I32)))
[INFO] [stdout] 116 | |     );
[INFO] [stdout]     | |_____- in this macro invocation
[INFO] [stdout]     |
[INFO] [stdout]     = note: this error originates in the macro `assert_build` (in Nightly builds, run with -Z macro-backtrace for more info)
[INFO] [stdout] 
[INFO] [stdout] 
[INFO] [stdout] error[E0433]: failed to resolve: use of undeclared crate or module `serde_json`
[INFO] [stdout]    --> tests/builder_test.rs:24:30
[INFO] [stdout]     |
[INFO] [stdout] 24  |           let output: Schema = serde_json::from_str(&input).unwrap();
[INFO] [stdout]     |                                ^^^^^^^^^^ use of undeclared crate or module `serde_json`
[INFO] [stdout] ...
[INFO] [stdout] 113 | /     assert_build!(
[INFO] [stdout] 114 | |         i32,
[INFO] [stdout] 115 | |         SchemaType::Integer(Box::new(IntegerType::new_kind(IntegerKind::I32)))
[INFO] [stdout] 116 | |     );
[INFO] [stdout]     | |_____- in this macro invocation
[INFO] [stdout]     |
[INFO] [stdout]     = note: this error originates in the macro `assert_build` (in Nightly builds, run with -Z macro-backtrace for more info)
[INFO] [stdout] 
[INFO] [stdout] 
[INFO] [stdout] error[E0433]: failed to resolve: use of undeclared crate or module `serde_json`
[INFO] [stdout]    --> tests/builder_test.rs:20:21
[INFO] [stdout]     |
[INFO] [stdout] 20  |           let input = serde_json::to_string_pretty(&schema).unwrap();
[INFO] [stdout]     |                       ^^^^^^^^^^ use of undeclared crate or module `serde_json`
[INFO] [stdout] ...
[INFO] [stdout] 121 | /     assert_build!(
[INFO] [stdout] 122 | |         f32,
[INFO] [stdout] 123 | |         SchemaType::Float(Box::new(FloatType::new_kind(FloatKind::F32)))
[INFO] [stdout] 124 | |     );
[INFO] [stdout]     | |_____- in this macro invocation
[INFO] [stdout]     |
[INFO] [stdout]     = note: this error originates in the macro `assert_build` (in Nightly builds, run with -Z macro-backtrace for more info)
[INFO] [stdout] 
[INFO] [stdout] 
[INFO] [stdout] error[E0433]: failed to resolve: use of undeclared crate or module `serde_json`
[INFO] [stdout]    --> tests/builder_test.rs:24:30
[INFO] [stdout]     |
[INFO] [stdout] 24  |           let output: Schema = serde_json::from_str(&input).unwrap();
[INFO] [stdout]     |                                ^^^^^^^^^^ use of undeclared crate or module `serde_json`
[INFO] [stdout] ...
[INFO] [stdout] 121 | /     assert_build!(
[INFO] [stdout] 122 | |         f32,
[INFO] [stdout] 123 | |         SchemaType::Float(Box::new(FloatType::new_kind(FloatKind::F32)))
[INFO] [stdout] 124 | |     );
[INFO] [stdout]     | |_____- in this macro invocation
[INFO] [stdout]     |
[INFO] [stdout]     = note: this error originates in the macro `assert_build` (in Nightly builds, run with -Z macro-backtrace for more info)
[INFO] [stdout] 
[INFO] [stdout] 
[INFO] [stdout] error[E0433]: failed to resolve: use of undeclared crate or module `serde_json`
[INFO] [stdout]    --> tests/builder_test.rs:20:21
[INFO] [stdout]     |
[INFO] [stdout] 20  |           let input = serde_json::to_string_pretty(&schema).unwrap();
[INFO] [stdout]     |                       ^^^^^^^^^^ use of undeclared crate or module `serde_json`
[INFO] [stdout] ...
[INFO] [stdout] 126 | /     assert_build!(
[INFO] [stdout] 127 | |         f64,
[INFO] [stdout] 128 | |         SchemaType::Float(Box::new(FloatType::new_kind(FloatKind::F64)))
[INFO] [stdout] 129 | |     );
[INFO] [stdout]     | |_____- in this macro invocation
[INFO] [stdout]     |
[INFO] [stdout]     = note: this error originates in the macro `assert_build` (in Nightly builds, run with -Z macro-backtrace for more info)
[INFO] [stdout] 
[INFO] [stdout] 
[INFO] [stdout] error[E0433]: failed to resolve: use of undeclared crate or module `serde_json`
[INFO] [stdout]    --> tests/builder_test.rs:24:30
[INFO] [stdout]     |
[INFO] [stdout] 24  |           let output: Schema = serde_json::from_str(&input).unwrap();
[INFO] [stdout]     |                                ^^^^^^^^^^ use of undeclared crate or module `serde_json`
[INFO] [stdout] ...
[INFO] [stdout] 126 | /     assert_build!(
[INFO] [stdout] 127 | |         f64,
[INFO] [stdout] 128 | |         SchemaType::Float(Box::new(FloatType::new_kind(FloatKind::F64)))
[INFO] [stdout] 129 | |     );
[INFO] [stdout]     | |_____- in this macro invocation
[INFO] [stdout]     |
[INFO] [stdout]     = note: this error originates in the macro `assert_build` (in Nightly builds, run with -Z macro-backtrace for more info)
[INFO] [stdout] 
[INFO] [stdout] 
[INFO] [stdout] error[E0433]: failed to resolve: use of undeclared crate or module `serde_json`
[INFO] [stdout]    --> tests/builder_test.rs:20:21
[INFO] [stdout]     |
[INFO] [stdout] 20  |           let input = serde_json::to_string_pretty(&schema).unwrap();
[INFO] [stdout]     |                       ^^^^^^^^^^ use of undeclared crate or module `serde_json`
[INFO] [stdout] ...
[INFO] [stdout] 134 | /     assert_build!(
[INFO] [stdout] 135 | |         HashMap<String, Named>,
[INFO] [stdout] 136 | |         SchemaType::Object(Box::new(ObjectType::new(
[INFO] [stdout] 137 | |             Schema::string(StringType::default()),
[INFO] [stdout] 138 | |             test_builder::<Named>(),
[INFO] [stdout] 139 | |         )))
[INFO] [stdout] 140 | |     );
[INFO] [stdout]     | |_____- in this macro invocation
[INFO] [stdout]     |
[INFO] [stdout]     = note: this error originates in the macro `assert_build` (in Nightly builds, run with -Z macro-backtrace for more info)
[INFO] [stdout] 
[INFO] [stdout] 
[INFO] [stdout] error[E0433]: failed to resolve: use of undeclared crate or module `serde_json`
[INFO] [stdout]    --> tests/builder_test.rs:24:30
[INFO] [stdout]     |
[INFO] [stdout] 24  |           let output: Schema = serde_json::from_str(&input).unwrap();
[INFO] [stdout]     |                                ^^^^^^^^^^ use of undeclared crate or module `serde_json`
[INFO] [stdout] ...
[INFO] [stdout] 134 | /     assert_build!(
[INFO] [stdout] 135 | |         HashMap<String, Named>,
[INFO] [stdout] 136 | |         SchemaType::Object(Box::new(ObjectType::new(
[INFO] [stdout] 137 | |             Schema::string(StringType::default()),
[INFO] [stdout] 138 | |             test_builder::<Named>(),
[INFO] [stdout] 139 | |         )))
[INFO] [stdout] 140 | |     );
[INFO] [stdout]     | |_____- in this macro invocation
[INFO] [stdout]     |
[INFO] [stdout]     = note: this error originates in the macro `assert_build` (in Nightly builds, run with -Z macro-backtrace for more info)
[INFO] [stdout] 
[INFO] [stdout] 
[INFO] [stdout] error[E0433]: failed to resolve: use of undeclared crate or module `serde_json`
[INFO] [stdout]    --> tests/builder_test.rs:20:21
[INFO] [stdout]     |
[INFO] [stdout] 20  |           let input = serde_json::to_string_pretty(&schema).unwrap();
[INFO] [stdout]     |                       ^^^^^^^^^^ use of undeclared crate or module `serde_json`
[INFO] [stdout] ...
[INFO] [stdout] 142 | /     assert_build!(
[INFO] [stdout] 143 | |         BTreeMap<u128, Named>,
[INFO] [stdout] 144 | |         SchemaType::Object(Box::new(ObjectType::new(
[INFO] [stdout] 145 | |             SchemaType::Integer(Box::new(IntegerType::new_kind(IntegerKind::U128))),
[INFO] [stdout] 146 | |             test_builder::<Named>(),
[INFO] [stdout] 147 | |         )))
[INFO] [stdout] 148 | |     );
[INFO] [stdout]     | |_____- in this macro invocation
[INFO] [stdout]     |
[INFO] [stdout]     = note: this error originates in the macro `assert_build` (in Nightly builds, run with -Z macro-backtrace for more info)
[INFO] [stdout] 
[INFO] [stdout] 
[INFO] [stdout] error[E0433]: failed to resolve: use of undeclared crate or module `serde_json`
[INFO] [stdout]    --> tests/builder_test.rs:24:30
[INFO] [stdout]     |
[INFO] [stdout] 24  |           let output: Schema = serde_json::from_str(&input).unwrap();
[INFO] [stdout]     |                                ^^^^^^^^^^ use of undeclared crate or module `serde_json`
[INFO] [stdout] ...
[INFO] [stdout] 142 | /     assert_build!(
[INFO] [stdout] 143 | |         BTreeMap<u128, Named>,
[INFO] [stdout] 144 | |         SchemaType::Object(Box::new(ObjectType::new(
[INFO] [stdout] 145 | |             SchemaType::Integer(Box::new(IntegerType::new_kind(IntegerKind::U128))),
[INFO] [stdout] 146 | |             test_builder::<Named>(),
[INFO] [stdout] 147 | |         )))
[INFO] [stdout] 148 | |     );
[INFO] [stdout]     | |_____- in this macro invocation
[INFO] [stdout]     |
[INFO] [stdout]     = note: this error originates in the macro `assert_build` (in Nightly builds, run with -Z macro-backtrace for more info)
[INFO] [stdout] 
[INFO] [stdout] 
[INFO] [stdout] error[E0433]: failed to resolve: use of undeclared crate or module `serde_json`
[INFO] [stdout]    --> tests/builder_test.rs:20:21
[INFO] [stdout]     |
[INFO] [stdout] 20  |           let input = serde_json::to_string_pretty(&schema).unwrap();
[INFO] [stdout]     |                       ^^^^^^^^^^ use of undeclared crate or module `serde_json`
[INFO] [stdout] ...
[INFO] [stdout] 153 | /     assert_build!(
[INFO] [stdout] 154 | |         char,
[INFO] [stdout] 155 | |         SchemaType::String(Box::new(StringType {
[INFO] [stdout] 156 | |             max_length: Some(1),
[INFO] [stdout] ...   |
[INFO] [stdout] 159 | |         }))
[INFO] [stdout] 160 | |     );
[INFO] [stdout]     | |_____- in this macro invocation
[INFO] [stdout]     |
[INFO] [stdout]     = note: this error originates in the macro `assert_build` (in Nightly builds, run with -Z macro-backtrace for more info)
[INFO] [stdout] 
[INFO] [stdout] 
[INFO] [stdout] error[E0433]: failed to resolve: use of undeclared crate or module `serde_json`
[INFO] [stdout]    --> tests/builder_test.rs:24:30
[INFO] [stdout]     |
[INFO] [stdout] 24  |           let output: Schema = serde_json::from_str(&input).unwrap();
[INFO] [stdout]     |                                ^^^^^^^^^^ use of undeclared crate or module `serde_json`
[INFO] [stdout] ...
[INFO] [stdout] 153 | /     assert_build!(
[INFO] [stdout] 154 | |         char,
[INFO] [stdout] 155 | |         SchemaType::String(Box::new(StringType {
[INFO] [stdout] 156 | |             max_length: Some(1),
[INFO] [stdout] ...   |
[INFO] [stdout] 159 | |         }))
[INFO] [stdout] 160 | |     );
[INFO] [stdout]     | |_____- in this macro invocation
[INFO] [stdout]     |
[INFO] [stdout]     = note: this error originates in the macro `assert_build` (in Nightly builds, run with -Z macro-backtrace for more info)
[INFO] [stdout] 
[INFO] [stdout] 
[INFO] [stdout] error[E0433]: failed to resolve: use of undeclared crate or module `serde_json`
[INFO] [stdout]    --> tests/builder_test.rs:20:21
[INFO] [stdout]     |
[INFO] [stdout] 20  |         let input = serde_json::to_string_pretty(&schema).unwrap();
[INFO] [stdout]     |                     ^^^^^^^^^^ use of undeclared crate or module `serde_json`
[INFO] [stdout] ...
[INFO] [stdout] 162 |     assert_build!(&str, SchemaType::String(Box::default()));
[INFO] [stdout]     |     ------------------------------------------------------- in this macro invocation
[INFO] [stdout]     |
[INFO] [stdout]     = note: this error originates in the macro `assert_build` (in Nightly builds, run with -Z macro-backtrace for more info)
[INFO] [stdout] 
[INFO] [stdout] 
[INFO] [stdout] error[E0433]: failed to resolve: use of undeclared crate or module `serde_json`
[INFO] [stdout]    --> tests/builder_test.rs:24:30
[INFO] [stdout]     |
[INFO] [stdout] 24  |         let output: Schema = serde_json::from_str(&input).unwrap();
[INFO] [stdout]     |                              ^^^^^^^^^^ use of undeclared crate or module `serde_json`
[INFO] [stdout] ...
[INFO] [stdout] 162 |     assert_build!(&str, SchemaType::String(Box::default()));
[INFO] [stdout]     |     ------------------------------------------------------- in this macro invocation
[INFO] [stdout]     |
[INFO] [stdout]     = note: this error originates in the macro `assert_build` (in Nightly builds, run with -Z macro-backtrace for more info)
[INFO] [stdout] 
[INFO] [stdout] 
[INFO] [stdout] error[E0433]: failed to resolve: use of undeclared crate or module `serde_json`
[INFO] [stdout]    --> tests/builder_test.rs:20:21
[INFO] [stdout]     |
[INFO] [stdout] 20  |         let input = serde_json::to_string_pretty(&schema).unwrap();
[INFO] [stdout]     |                     ^^^^^^^^^^ use of undeclared crate or module `serde_json`
[INFO] [stdout] ...
[INFO] [stdout] 164 |     assert_build!(String, SchemaType::String(Box::default()));
[INFO] [stdout]     |     --------------------------------------------------------- in this macro invocation
[INFO] [stdout]     |
[INFO] [stdout]     = note: this error originates in the macro `assert_build` (in Nightly builds, run with -Z macro-backtrace for more info)
[INFO] [stdout] 
[INFO] [stdout] 
[INFO] [stdout] error[E0433]: failed to resolve: use of undeclared crate or module `serde_json`
[INFO] [stdout]    --> tests/builder_test.rs:24:30
[INFO] [stdout]     |
[INFO] [stdout] 24  |         let output: Schema = serde_json::from_str(&input).unwrap();
[INFO] [stdout]     |                              ^^^^^^^^^^ use of undeclared crate or module `serde_json`
[INFO] [stdout] ...
[INFO] [stdout] 164 |     assert_build!(String, SchemaType::String(Box::default()));
[INFO] [stdout]     |     --------------------------------------------------------- in this macro invocation
[INFO] [stdout]     |
[INFO] [stdout]     = note: this error originates in the macro `assert_build` (in Nightly builds, run with -Z macro-backtrace for more info)
[INFO] [stdout] 
[INFO] [stdout] 
[INFO] [stdout] error[E0433]: failed to resolve: use of undeclared crate or module `serde_json`
[INFO] [stdout]    --> tests/builder_test.rs:20:21
[INFO] [stdout]     |
[INFO] [stdout] 20  |           let input = serde_json::to_string_pretty(&schema).unwrap();
[INFO] [stdout]     |                       ^^^^^^^^^^ use of undeclared crate or module `serde_json`
[INFO] [stdout] ...
[INFO] [stdout] 166 | /     assert_build!(
[INFO] [stdout] 167 | |         &Path,
[INFO] [stdout] 168 | |         SchemaType::String(Box::new(StringType {
[INFO] [stdout] 169 | |             format: Some("path".into()),
[INFO] [stdout] 170 | |             ..StringType::default()
[INFO] [stdout] 171 | |         }))
[INFO] [stdout] 172 | |     );
[INFO] [stdout]     | |_____- in this macro invocation
[INFO] [stdout]     |
[INFO] [stdout]     = note: this error originates in the macro `assert_build` (in Nightly builds, run with -Z macro-backtrace for more info)
[INFO] [stdout] 
[INFO] [stdout] 
[INFO] [stdout] error[E0433]: failed to resolve: use of undeclared crate or module `serde_json`
[INFO] [stdout]    --> tests/builder_test.rs:24:30
[INFO] [stdout]     |
[INFO] [stdout] 24  |           let output: Schema = serde_json::from_str(&input).unwrap();
[INFO] [stdout]     |                                ^^^^^^^^^^ use of undeclared crate or module `serde_json`
[INFO] [stdout] ...
[INFO] [stdout] 166 | /     assert_build!(
[INFO] [stdout] 167 | |         &Path,
[INFO] [stdout] 168 | |         SchemaType::String(Box::new(StringType {
[INFO] [stdout] 169 | |             format: Some("path".into()),
[INFO] [stdout] 170 | |             ..StringType::default()
[INFO] [stdout] 171 | |         }))
[INFO] [stdout] 172 | |     );
[INFO] [stdout]     | |_____- in this macro invocation
[INFO] [stdout]     |
[INFO] [stdout]     = note: this error originates in the macro `assert_build` (in Nightly builds, run with -Z macro-backtrace for more info)
[INFO] [stdout] 
[INFO] [stdout] 
[INFO] [stdout] error[E0433]: failed to resolve: use of undeclared crate or module `serde_json`
[INFO] [stdout]    --> tests/builder_test.rs:20:21
[INFO] [stdout]     |
[INFO] [stdout] 20  |           let input = serde_json::to_string_pretty(&schema).unwrap();
[INFO] [stdout]     |                       ^^^^^^^^^^ use of undeclared crate or module `serde_json`
[INFO] [stdout] ...
[INFO] [stdout] 174 | /     assert_build!(
[INFO] [stdout] 175 | |         PathBuf,
[INFO] [stdout] 176 | |         SchemaType::String(Box::new(StringType {
[INFO] [stdout] 177 | |             format: Some("path".into()),
[INFO] [stdout] 178 | |             ..StringType::default()
[INFO] [stdout] 179 | |         }))
[INFO] [stdout] 180 | |     );
[INFO] [stdout]     | |_____- in this macro invocation
[INFO] [stdout]     |
[INFO] [stdout]     = note: this error originates in the macro `assert_build` (in Nightly builds, run with -Z macro-backtrace for more info)
[INFO] [stdout] 
[INFO] [stdout] 
[INFO] [stdout] error[E0433]: failed to resolve: use of undeclared crate or module `serde_json`
[INFO] [stdout]    --> tests/builder_test.rs:24:30
[INFO] [stdout]     |
[INFO] [stdout] 24  |           let output: Schema = serde_json::from_str(&input).unwrap();
[INFO] [stdout]     |                                ^^^^^^^^^^ use of undeclared crate or module `serde_json`
[INFO] [stdout] ...
[INFO] [stdout] 174 | /     assert_build!(
[INFO] [stdout] 175 | |         PathBuf,
[INFO] [stdout] 176 | |         SchemaType::String(Box::new(StringType {
[INFO] [stdout] 177 | |             format: Some("path".into()),
[INFO] [stdout] 178 | |             ..StringType::default()
[INFO] [stdout] 179 | |         }))
[INFO] [stdout] 180 | |     );
[INFO] [stdout]     | |_____- in this macro invocation
[INFO] [stdout]     |
[INFO] [stdout]     = note: this error originates in the macro `assert_build` (in Nightly builds, run with -Z macro-backtrace for more info)
[INFO] [stdout] 
[INFO] [stdout] 
[INFO] [stdout] error[E0433]: failed to resolve: use of undeclared crate or module `serde_json`
[INFO] [stdout]    --> tests/builder_test.rs:20:21
[INFO] [stdout]     |
[INFO] [stdout] 20  |           let input = serde_json::to_string_pretty(&schema).unwrap();
[INFO] [stdout]     |                       ^^^^^^^^^^ use of undeclared crate or module `serde_json`
[INFO] [stdout] ...
[INFO] [stdout] 182 | /     assert_build!(
[INFO] [stdout] 183 | |         Ipv4Addr,
[INFO] [stdout] 184 | |         SchemaType::String(Box::new(StringType {
[INFO] [stdout] 185 | |             format: Some("ipv4".into()),
[INFO] [stdout] 186 | |             ..StringType::default()
[INFO] [stdout] 187 | |         }))
[INFO] [stdout] 188 | |     );
[INFO] [stdout]     | |_____- in this macro invocation
[INFO] [stdout]     |
[INFO] [stdout]     = note: this error originates in the macro `assert_build` (in Nightly builds, run with -Z macro-backtrace for more info)
[INFO] [stdout] 
[INFO] [stdout] 
[INFO] [stdout] error[E0433]: failed to resolve: use of undeclared crate or module `serde_json`
[INFO] [stdout]    --> tests/builder_test.rs:24:30
[INFO] [stdout]     |
[INFO] [stdout] 24  |           let output: Schema = serde_json::from_str(&input).unwrap();
[INFO] [stdout]     |                                ^^^^^^^^^^ use of undeclared crate or module `serde_json`
[INFO] [stdout] ...
[INFO] [stdout] 182 | /     assert_build!(
[INFO] [stdout] 183 | |         Ipv4Addr,
[INFO] [stdout] 184 | |         SchemaType::String(Box::new(StringType {
[INFO] [stdout] 185 | |             format: Some("ipv4".into()),
[INFO] [stdout] 186 | |             ..StringType::default()
[INFO] [stdout] 187 | |         }))
[INFO] [stdout] 188 | |     );
[INFO] [stdout]     | |_____- in this macro invocation
[INFO] [stdout]     |
[INFO] [stdout]     = note: this error originates in the macro `assert_build` (in Nightly builds, run with -Z macro-backtrace for more info)
[INFO] [stdout] 
[INFO] [stdout] 
[INFO] [stdout] error[E0433]: failed to resolve: use of undeclared crate or module `serde_json`
[INFO] [stdout]    --> tests/builder_test.rs:20:21
[INFO] [stdout]     |
[INFO] [stdout] 20  |           let input = serde_json::to_string_pretty(&schema).unwrap();
[INFO] [stdout]     |                       ^^^^^^^^^^ use of undeclared crate or module `serde_json`
[INFO] [stdout] ...
[INFO] [stdout] 190 | /     assert_build!(
[INFO] [stdout] 191 | |         Duration,
[INFO] [stdout] 192 | |         SchemaType::String(Box::new(StringType {
[INFO] [stdout] 193 | |             format: Some("duration".into()),
[INFO] [stdout] 194 | |             ..StringType::default()
[INFO] [stdout] 195 | |         }))
[INFO] [stdout] 196 | |     );
[INFO] [stdout]     | |_____- in this macro invocation
[INFO] [stdout]     |
[INFO] [stdout]     = note: this error originates in the macro `assert_build` (in Nightly builds, run with -Z macro-backtrace for more info)
[INFO] [stdout] 
[INFO] [stdout] 
[INFO] [stdout] error[E0433]: failed to resolve: use of undeclared crate or module `serde_json`
[INFO] [stdout]    --> tests/builder_test.rs:24:30
[INFO] [stdout]     |
[INFO] [stdout] 24  |           let output: Schema = serde_json::from_str(&input).unwrap();
[INFO] [stdout]     |                                ^^^^^^^^^^ use of undeclared crate or module `serde_json`
[INFO] [stdout] ...
[INFO] [stdout] 190 | /     assert_build!(
[INFO] [stdout] 191 | |         Duration,
[INFO] [stdout] 192 | |         SchemaType::String(Box::new(StringType {
[INFO] [stdout] 193 | |             format: Some("duration".into()),
[INFO] [stdout] 194 | |             ..StringType::default()
[INFO] [stdout] 195 | |         }))
[INFO] [stdout] 196 | |     );
[INFO] [stdout]     | |_____- in this macro invocation
[INFO] [stdout]     |
[INFO] [stdout]     = note: this error originates in the macro `assert_build` (in Nightly builds, run with -Z macro-backtrace for more info)
[INFO] [stdout] 
[INFO] [stdout] 
[INFO] [stdout] error[E0433]: failed to resolve: use of undeclared crate or module `serde_json`
[INFO] [stdout]    --> tests/builder_test.rs:20:21
[INFO] [stdout]     |
[INFO] [stdout] 20  |           let input = serde_json::to_string_pretty(&schema).unwrap();
[INFO] [stdout]     |                       ^^^^^^^^^^ use of undeclared crate or module `serde_json`
[INFO] [stdout] ...
[INFO] [stdout] 219 | /     assert_build!(
[INFO] [stdout] 220 | |         TestStruct,
[INFO] [stdout] 221 | |         SchemaType::Struct(Box::new(StructType::new([
[INFO] [stdout] 222 | |             (
[INFO] [stdout] ...   |
[INFO] [stdout] 232 | |         ])))
[INFO] [stdout] 233 | |     );
[INFO] [stdout]     | |_____- in this macro invocation
[INFO] [stdout]     |
[INFO] [stdout]     = note: this error originates in the macro `assert_build` (in Nightly builds, run with -Z macro-backtrace for more info)
[INFO] [stdout] 
[INFO] [stdout] 
[INFO] [stdout] error[E0433]: failed to resolve: use of undeclared crate or module `serde_json`
[INFO] [stdout]    --> tests/builder_test.rs:24:30
[INFO] [stdout]     |
[INFO] [stdout] 24  |           let output: Schema = serde_json::from_str(&input).unwrap();
[INFO] [stdout]     |                                ^^^^^^^^^^ use of undeclared crate or module `serde_json`
[INFO] [stdout] ...
[INFO] [stdout] 219 | /     assert_build!(
[INFO] [stdout] 220 | |         TestStruct,
[INFO] [stdout] 221 | |         SchemaType::Struct(Box::new(StructType::new([
[INFO] [stdout] 222 | |             (
[INFO] [stdout] ...   |
[INFO] [stdout] 232 | |         ])))
[INFO] [stdout] 233 | |     );
[INFO] [stdout]     | |_____- in this macro invocation
[INFO] [stdout]     |
[INFO] [stdout]     = note: this error originates in the macro `assert_build` (in Nightly builds, run with -Z macro-backtrace for more info)
[INFO] [stdout] 
[INFO] [stdout] 
[INFO] [stdout] error[E0433]: failed to resolve: use of undeclared crate or module `serde_json`
[INFO] [stdout]    --> tests/builder_test.rs:20:21
[INFO] [stdout]     |
[INFO] [stdout] 20  |           let input = serde_json::to_string_pretty(&schema).unwrap();
[INFO] [stdout]     |                       ^^^^^^^^^^ use of undeclared crate or module `serde_json`
[INFO] [stdout] ...
[INFO] [stdout] 238 | /     assert_build!(
[INFO] [stdout] 239 | |         (bool, i16, f32, String),
[INFO] [stdout] 240 | |         SchemaType::Tuple(Box::new(TupleType::new(vec![
[INFO] [stdout] 241 | |             SchemaType::Boolean(Box::default()),
[INFO] [stdout] ...   |
[INFO] [stdout] 245 | |         ])))
[INFO] [stdout] 246 | |     );
[INFO] [stdout]     | |_____- in this macro invocation
[INFO] [stdout]     |
[INFO] [stdout]     = note: this error originates in the macro `assert_build` (in Nightly builds, run with -Z macro-backtrace for more info)
[INFO] [stdout] 
[INFO] [stdout] 
[INFO] [stdout] error[E0433]: failed to resolve: use of undeclared crate or module `serde_json`
[INFO] [stdout]    --> tests/builder_test.rs:24:30
[INFO] [stdout]     |
[INFO] [stdout] 24  |           let output: Schema = serde_json::from_str(&input).unwrap();
[INFO] [stdout]     |                                ^^^^^^^^^^ use of undeclared crate or module `serde_json`
[INFO] [stdout] ...
[INFO] [stdout] 238 | /     assert_build!(
[INFO] [stdout] 239 | |         (bool, i16, f32, String),
[INFO] [stdout] 240 | |         SchemaType::Tuple(Box::new(TupleType::new(vec![
[INFO] [stdout] 241 | |             SchemaType::Boolean(Box::default()),
[INFO] [stdout] ...   |
[INFO] [stdout] 245 | |         ])))
[INFO] [stdout] 246 | |     );
[INFO] [stdout]     | |_____- in this macro invocation
[INFO] [stdout]     |
[INFO] [stdout]     = note: this error originates in the macro `assert_build` (in Nightly builds, run with -Z macro-backtrace for more info)
[INFO] [stdout] 
[INFO] [stdout] 
[INFO] [stdout] For more information about this error, try `rustc --explain E0433`.
[INFO] [stdout] 
[INFO] [stderr] error: could not compile `schematic_types` (test "builder_test") due to 52 previous errors
[INFO] running `Command { std: "docker" "inspect" "a7954dcf90c6e48c9079841d2b28dd8f69f734b2c386629ad369046a1f132077", kill_on_drop: false }`
[INFO] running `Command { std: "docker" "rm" "-f" "a7954dcf90c6e48c9079841d2b28dd8f69f734b2c386629ad369046a1f132077", kill_on_drop: false }`
[INFO] [stdout] a7954dcf90c6e48c9079841d2b28dd8f69f734b2c386629ad369046a1f132077
