[INFO] fetching crate sc-network 0.45.0...
[INFO] testing sc-network-0.45.0 against nightly-2024-10-28 for randomize-layout
[INFO] extracting crate sc-network 0.45.0 into /workspace/builds/worker-2-tc1/source
[INFO] validating manifest of crates.io crate sc-network 0.45.0 on toolchain nightly-2024-10-28
[INFO] running `Command { std: CARGO_HOME="/workspace/cargo-home" RUSTUP_HOME="/workspace/rustup-home" "/workspace/cargo-home/bin/cargo" "+nightly-2024-10-28" "metadata" "--manifest-path" "Cargo.toml" "--no-deps", kill_on_drop: false }`
[INFO] started tweaking crates.io crate sc-network 0.45.0
[INFO] finished tweaking crates.io crate sc-network 0.45.0
[INFO] tweaked toml for crates.io crate sc-network 0.45.0 written to /workspace/builds/worker-2-tc1/source/Cargo.toml
[INFO] running `Command { std: CARGO_HOME="/workspace/cargo-home" RUSTUP_HOME="/workspace/rustup-home" "/workspace/cargo-home/bin/cargo" "+nightly-2024-10-28" "generate-lockfile" "--manifest-path" "Cargo.toml", kill_on_drop: false }`
[INFO] [stderr]     Updating crates.io index
[INFO] [stderr]      Locking 678 packages to latest compatible versions
[INFO] [stderr]       Adding async-channel v1.9.0 (available: v2.3.1)
[INFO] [stderr]       Adding asynchronous-codec v0.6.2 (available: v0.7.0)
[INFO] [stderr]       Adding cid v0.9.0 (available: v0.11.1)
[INFO] [stderr]       Adding libp2p v0.52.4 (available: v0.54.1)
[INFO] [stderr]       Adding litep2p v0.6.2 (available: v0.7.0)
[INFO] [stderr]       Adding mockall v0.11.4 (available: v0.13.0)
[INFO] [stderr]       Adding proc-macro-crate v1.1.3 (available: v1.3.1)
[INFO] [stderr]       Adding prost v0.12.6 (available: v0.13.3)
[INFO] [stderr]       Adding prost-build v0.12.6 (available: v0.13.3)
[INFO] [stderr]       Adding unicode-normalization v0.1.22 (available: v0.1.24)
[INFO] [stderr]       Adding unsigned-varint v0.7.2 (available: v0.8.0)
[INFO] running `Command { std: CARGO_HOME="/workspace/cargo-home" RUSTUP_HOME="/workspace/rustup-home" "/workspace/cargo-home/bin/cargo" "+nightly-2024-10-28" "fetch" "--manifest-path" "Cargo.toml", kill_on_drop: false }`
[INFO] [stderr]  Downloading crates ...
[INFO] [stderr]   Downloaded sp-database v10.0.0
[INFO] [stderr]   Downloaded substrate-prometheus-endpoint v0.17.0
[INFO] [stderr]   Downloaded trust-dns-resolver v0.23.2
[INFO] [stderr]   Downloaded sc-network-types v0.12.1
[INFO] [stderr]   Downloaded sc-utils v17.0.0
[INFO] [stderr]   Downloaded futures-bounded v0.1.0
[INFO] [stderr]   Downloaded libp2p-yamux v0.44.1
[INFO] [stderr]   Downloaded sp-blockchain v37.0.1
[INFO] [stderr]   Downloaded multihash-derive v0.8.1
[INFO] [stderr]   Downloaded sp-consensus v0.40.0
[INFO] [stderr]   Downloaded quinn-udp v0.4.1
[INFO] [stderr]   Downloaded libp2p-metrics v0.13.1
[INFO] [stderr]   Downloaded attohttpc v0.24.1
[INFO] [stderr]   Downloaded libp2p-dns v0.40.1
[INFO] [stderr]   Downloaded libp2p-identify v0.43.1
[INFO] [stderr]   Downloaded if-addrs v0.10.2
[INFO] [stderr]   Downloaded quinn v0.10.2
[INFO] [stderr]   Downloaded polkavm v0.9.3
[INFO] [stderr]   Downloaded libp2p-kad v0.44.6
[INFO] [stderr]   Downloaded quinn v0.9.4
[INFO] [stderr]   Downloaded sctp-proto v0.2.2
[INFO] [stderr]   Downloaded quinn-proto v0.9.6
[INFO] [stderr]   Downloaded quinn-proto v0.10.6
[INFO] [stderr]   Downloaded litep2p v0.6.2
[INFO] [stderr]   Downloaded xmltree v0.10.3
[INFO] [stderr]   Downloaded soketto v0.8.0
[INFO] [stderr]   Downloaded prost-build v0.12.6
[INFO] [stderr]   Downloaded polkavm-linux-raw v0.9.0
[INFO] [stderr]   Downloaded trust-dns-proto v0.23.2
[INFO] [stderr]   Downloaded sc-client-api v37.0.0
[INFO] [stderr]   Downloaded blake2s_simd v1.0.2
[INFO] [stderr]   Downloaded proc-macro-crate v1.1.3
[INFO] [stderr]   Downloaded simple-dns v0.5.7
[INFO] [stderr]   Downloaded libp2p-noise v0.43.2
[INFO] [stderr]   Downloaded libp2p-ping v0.43.1
[INFO] [stderr]   Downloaded libp2p-tls v0.2.1
[INFO] [stderr]   Downloaded libp2p-quic v0.9.3
[INFO] [stderr]   Downloaded netlink-sys v0.8.6
[INFO] [stderr]   Downloaded if-watch v3.2.0
[INFO] [stderr]   Downloaded libp2p-tcp v0.40.1
[INFO] [stderr]   Downloaded snow v0.9.6
[INFO] [stderr]   Downloaded libp2p-upnp v0.1.1
[INFO] [stderr]   Downloaded yamux v0.12.1
[INFO] [stderr]   Downloaded sc-transaction-pool-api v37.0.0
[INFO] [stderr]   Downloaded sp-consensus-grandpa v21.0.0
[INFO] [stderr]   Downloaded network-interface v1.1.4
[INFO] [stderr]   Downloaded enum-as-inner v0.6.1
[INFO] [stderr]   Downloaded x509-parser v0.15.1
[INFO] [stderr]   Downloaded sc-executor-polkavm v0.32.0
[INFO] [stderr]   Downloaded sp-maybe-compressed-blob v11.0.0
[INFO] [stderr]   Downloaded sc-executor-common v0.35.0
[INFO] [stderr]   Downloaded sc-network-common v0.44.0
[INFO] [stderr]   Downloaded sha1-asm v0.5.3
[INFO] [stderr]   Downloaded polkavm-assembler v0.9.0
[INFO] [stderr]   Downloaded sc-executor-wasmtime v0.35.0
[INFO] [stderr]   Downloaded igd-next v0.14.3
[INFO] [stderr]   Downloaded libp2p-request-response v0.25.3
[INFO] [stderr]   Downloaded libp2p-websocket v0.42.2
[INFO] [stderr]   Downloaded sc-allocator v29.0.0
[INFO] [stderr]   Downloaded sp-statement-store v18.0.0
[INFO] [stderr]   Downloaded sc-consensus v0.44.0
[INFO] [stderr]   Downloaded cid v0.10.1
[INFO] [stderr]   Downloaded quinn-udp v0.3.2
[INFO] [stderr]   Downloaded str0m v0.5.1
[INFO] [stderr]   Downloaded sc-executor v0.40.1
[INFO] [stderr]   Downloaded windows v0.51.1
[INFO] running `Command { std: "docker" "create" "-v" "/var/lib/crater-agent-workspace/builds/worker-2-tc1/target:/opt/rustwide/target:rw,Z" "-v" "/var/lib/crater-agent-workspace/builds/worker-2-tc1/source:/opt/rustwide/workdir:ro,Z" "-v" "/var/lib/crater-agent-workspace/cargo-home:/opt/rustwide/cargo-home:ro,Z" "-v" "/var/lib/crater-agent-workspace/rustup-home:/opt/rustwide/rustup-home:ro,Z" "-e" "SOURCE_DIR=/opt/rustwide/workdir" "-e" "CARGO_TARGET_DIR=/opt/rustwide/target" "-e" "CARGO_HOME=/opt/rustwide/cargo-home" "-e" "RUSTUP_HOME=/opt/rustwide/rustup-home" "-w" "/opt/rustwide/workdir" "-m" "1610612736" "--user" "0:0" "--network" "none" "ghcr.io/rust-lang/crates-build-env/linux@sha256:4a844ea9eb2546a2d2c7022eacef16ef2e8229c7fbb2c7d4d55a9ceca922f72d" "/opt/rustwide/cargo-home/bin/cargo" "+nightly-2024-10-28" "metadata" "--no-deps" "--format-version=1", kill_on_drop: false }`
[INFO] [stdout] fbff607a17c8a4aee0e14ee19bdc7fbebed64cbcefd16b8afcd463ce55bf17fb
[INFO] running `Command { std: "docker" "start" "-a" "fbff607a17c8a4aee0e14ee19bdc7fbebed64cbcefd16b8afcd463ce55bf17fb", kill_on_drop: false }`
[INFO] running `Command { std: "docker" "inspect" "fbff607a17c8a4aee0e14ee19bdc7fbebed64cbcefd16b8afcd463ce55bf17fb", kill_on_drop: false }`
[INFO] running `Command { std: "docker" "rm" "-f" "fbff607a17c8a4aee0e14ee19bdc7fbebed64cbcefd16b8afcd463ce55bf17fb", kill_on_drop: false }`
[INFO] [stdout] fbff607a17c8a4aee0e14ee19bdc7fbebed64cbcefd16b8afcd463ce55bf17fb
[INFO] running `Command { std: "docker" "create" "-v" "/var/lib/crater-agent-workspace/builds/worker-2-tc1/target:/opt/rustwide/target:rw,Z" "-v" "/var/lib/crater-agent-workspace/builds/worker-2-tc1/source:/opt/rustwide/workdir:ro,Z" "-v" "/var/lib/crater-agent-workspace/cargo-home:/opt/rustwide/cargo-home:ro,Z" "-v" "/var/lib/crater-agent-workspace/rustup-home:/opt/rustwide/rustup-home:ro,Z" "-e" "SOURCE_DIR=/opt/rustwide/workdir" "-e" "CARGO_TARGET_DIR=/opt/rustwide/target" "-e" "CARGO_INCREMENTAL=0" "-e" "RUST_BACKTRACE=full" "-e" "RUSTFLAGS=--cap-lints=forbid" "-e" "RUSTDOCFLAGS=--cap-lints=forbid" "-e" "CARGO_HOME=/opt/rustwide/cargo-home" "-e" "RUSTUP_HOME=/opt/rustwide/rustup-home" "-w" "/opt/rustwide/workdir" "-m" "1610612736" "--user" "0:0" "--network" "none" "ghcr.io/rust-lang/crates-build-env/linux@sha256:4a844ea9eb2546a2d2c7022eacef16ef2e8229c7fbb2c7d4d55a9ceca922f72d" "/opt/rustwide/cargo-home/bin/cargo" "+nightly-2024-10-28" "build" "--frozen" "--message-format=json", kill_on_drop: false }`
[INFO] [stdout] 49ab69f366bfe056d165fc95e3f34d1ac89f3afac68b858370fe83e42538ff1c
[INFO] running `Command { std: "docker" "start" "-a" "49ab69f366bfe056d165fc95e3f34d1ac89f3afac68b858370fe83e42538ff1c", kill_on_drop: false }`
[INFO] [stderr]    Compiling proc-macro2 v1.0.89
[INFO] [stderr]    Compiling typenum v1.17.0
[INFO] [stderr]    Compiling libc v0.2.161
[INFO] [stderr]    Compiling generic-array v0.14.7
[INFO] [stderr]    Compiling byteorder v1.5.0
[INFO] [stderr]    Compiling serde v1.0.214
[INFO] [stderr]    Compiling log v0.4.22
[INFO] [stderr]    Compiling getrandom v0.2.15
[INFO] [stderr]    Compiling rand_core v0.6.4
[INFO] [stderr]    Compiling subtle v2.6.1
[INFO] [stderr]    Compiling bytes v1.8.0
[INFO] [stderr]    Compiling syn v1.0.109
[INFO] [stderr]    Compiling smallvec v1.13.2
[INFO] [stderr]    Compiling const-oid v0.9.6
[INFO] [stderr]    Compiling futures-core v0.3.31
[INFO] [stderr]    Compiling futures-sink v0.3.31
[INFO] [stderr]    Compiling futures-io v0.3.31
[INFO] [stderr]    Compiling cpufeatures v0.2.14
[INFO] [stderr]    Compiling futures-channel v0.3.31
[INFO] [stderr]    Compiling lock_api v0.4.12
[INFO] [stderr]    Compiling futures-task v0.3.31
[INFO] [stderr]    Compiling scopeguard v1.2.0
[INFO] [stderr]    Compiling either v1.13.0
[INFO] [stderr]    Compiling parking_lot_core v0.9.10
[INFO] [stderr]    Compiling quote v1.0.37
[INFO] [stderr]    Compiling unicode-normalization v0.1.22
[INFO] [stderr]    Compiling equivalent v1.0.1
[INFO] [stderr]    Compiling unicode-bidi v0.3.17
[INFO] [stderr]    Compiling anyhow v1.0.92
[INFO] [stderr]    Compiling indexmap v2.6.0
[INFO] [stderr]    Compiling syn v2.0.86
[INFO] [stderr]    Compiling jobserver v0.1.32
[INFO] [stderr]    Compiling parking_lot v0.12.3
[INFO] [stderr]    Compiling cc v1.1.31
[INFO] [stderr]    Compiling idna v0.5.0
[INFO] [stderr]    Compiling regex-syntax v0.8.5
[INFO] [stderr]    Compiling tracing-core v0.1.32
[INFO] [stderr]    Compiling static_assertions v1.1.0
[INFO] [stderr]    Compiling semver v1.0.23
[INFO] [stderr]    Compiling url v2.5.2
[INFO] [stderr]    Compiling arrayref v0.3.9
[INFO] [stderr]    Compiling arrayvec v0.7.6
[INFO] [stderr]    Compiling num_cpus v1.16.0
[INFO] [stderr]    Compiling rustc_version v0.4.1
[INFO] [stderr]    Compiling winnow v0.6.20
[INFO] [stderr]    Compiling curve25519-dalek v4.1.3
[INFO] [stderr]    Compiling lazy_static v1.5.0
[INFO] [stderr]    Compiling itoa v1.0.11
[INFO] [stderr]    Compiling memchr v2.7.4
[INFO] [stderr]    Compiling ahash v0.8.11
[INFO] [stderr]    Compiling indexmap v1.9.3
[INFO] [stderr]    Compiling hashbrown v0.12.3
[INFO] [stderr]    Compiling rustix v0.38.38
[INFO] [stderr]    Compiling aho-corasick v1.1.3
[INFO] [stderr]    Compiling bs58 v0.5.1
[INFO] [stderr]    Compiling linux-raw-sys v0.4.14
[INFO] [stderr]    Compiling socket2 v0.5.7
[INFO] [stderr]    Compiling mio v1.0.2
[INFO] [stderr]    Compiling paste v1.0.15
[INFO] [stderr]    Compiling regex-automata v0.4.8
[INFO] [stderr]    Compiling byte-slice-cast v1.2.2
[INFO] [stderr]    Compiling keccak v0.1.5
[INFO] [stderr]    Compiling bitflags v1.3.2
[INFO] [stderr]    Compiling fxhash v0.2.1
[INFO] [stderr]    Compiling stable_deref_trait v1.2.0
[INFO] [stderr]    Compiling constant_time_eq v0.3.1
[INFO] [stderr]    Compiling fallible-iterator v0.2.0
[INFO] [stderr]    Compiling target-lexicon v0.12.16
[INFO] [stderr]    Compiling zstd-sys v2.0.13+zstd.1.5.6
[INFO] [stderr]    Compiling powerfmt v0.2.0
[INFO] [stderr]    Compiling time-core v0.1.2
[INFO] [stderr]    Compiling cranelift-isle v0.95.1
[INFO] [stderr]    Compiling num-conv v0.1.0
[INFO] [stderr]    Compiling time-macros v0.2.18
[INFO] [stderr]    Compiling regex v1.11.1
[INFO] [stderr]    Compiling impl-trait-for-tuples v0.2.2
[INFO] [stderr]    Compiling serde_derive v1.0.214
[INFO] [stderr]    Compiling zeroize_derive v1.4.2
[INFO] [stderr]    Compiling thiserror-impl v1.0.66
[INFO] [stderr]    Compiling zeroize v1.8.1
[INFO] [stderr]    Compiling zerocopy-derive v0.7.35
[INFO] [stderr]    Compiling thiserror v1.0.66
[INFO] [stderr]    Compiling futures-macro v0.3.31
[INFO] [stderr]    Compiling zerocopy v0.7.35
[INFO] [stderr]    Compiling crypto-common v0.1.6
[INFO] [stderr]    Compiling block-buffer v0.10.4
[INFO] [stderr]    Compiling digest v0.10.7
[INFO] [stderr]    Compiling sha2 v0.10.8
[INFO] [stderr]    Compiling ppv-lite86 v0.2.20
[INFO] [stderr]    Compiling tracing-attributes v0.1.27
[INFO] [stderr]    Compiling rand_chacha v0.3.1
[INFO] [stderr]    Compiling hmac v0.12.1
[INFO] [stderr]    Compiling futures-util v0.3.31
[INFO] [stderr]    Compiling curve25519-dalek-derive v0.1.1
[INFO] [stderr]    Compiling rand v0.8.5
[INFO] [stderr]    Compiling signature v2.2.0
[INFO] [stderr]    Compiling ed25519 v2.2.3
[INFO] [stderr]    Compiling tracing v0.1.40
[INFO] [stderr]    Compiling tokio-macros v2.4.0
[INFO] [stderr]    Compiling deranged v0.3.11
[INFO] [stderr]    Compiling hashbrown v0.13.2
[INFO] [stderr]    Compiling tokio v1.41.0
[INFO] [stderr]    Compiling crossbeam-utils v0.8.20
[INFO] [stderr]    Compiling unicode-xid v0.2.6
[INFO] [stderr]    Compiling futures-executor v0.3.31
[INFO] [stderr]    Compiling crunchy v0.2.2
[INFO] [stderr]    Compiling cranelift-codegen-shared v0.95.1
[INFO] [stderr]    Compiling futures v0.3.31
[INFO] [stderr]    Compiling cranelift-codegen-meta v0.95.1
[INFO] [stderr]    Compiling time v0.3.36
[INFO] [stderr]    Compiling ed25519-dalek v2.1.1
[INFO] [stderr]    Compiling serde_spanned v0.6.8
[INFO] [stderr]    Compiling toml_datetime v0.6.8
[INFO] [stderr]    Compiling toml_edit v0.22.22
[INFO] [stderr]    Compiling cranelift-entity v0.95.1
[INFO] [stderr]    Compiling gimli v0.27.3
[INFO] [stderr]    Compiling termcolor v1.4.1
[INFO] [stderr]    Compiling wasmparser v0.102.0
[INFO] [stderr]    Compiling cranelift-codegen v0.95.1
[INFO] [stderr]    Compiling crc32fast v1.4.2
[INFO] [stderr]    Compiling io-lifetimes v1.0.11
[INFO] [stderr]    Compiling slice-group-by v0.3.1
[INFO] [stderr]    Compiling prettyplease v0.2.25
[INFO] [stderr]    Compiling regalloc2 v0.6.1
[INFO] [stderr]    Compiling proc-macro-crate v3.2.0
[INFO] [stderr]    Compiling object v0.30.4
[INFO] [stderr]    Compiling cranelift-bforest v0.95.1
[INFO] [stderr]    Compiling derive_more-impl v1.0.0
[INFO] [stderr]    Compiling parity-scale-codec-derive v3.6.12
[INFO] [stderr]    Compiling bumpalo v3.16.0
[INFO] [stderr]    Compiling rustix v0.36.17
[INFO] [stderr]    Compiling allocator-api2 v0.2.18
[INFO] [stderr]    Compiling base64 v0.21.7
[INFO] [stderr]    Compiling wasmtime-types v8.0.1
[INFO] [stderr]    Compiling derive_more v1.0.0
[INFO] [stderr]    Compiling scale-info-derive v2.11.5
[INFO] [stderr]    Compiling sha3 v0.10.8
[INFO] [stderr]    Compiling blake2b_simd v1.0.2
[INFO] [stderr]    Compiling errno v0.3.9
[INFO] [stderr]    Compiling num-traits v0.2.19
[INFO] [stderr]    Compiling linux-raw-sys v0.1.4
[INFO] [stderr]    Compiling hex v0.4.3
[INFO] [stderr]    Compiling data-encoding v2.6.0
[INFO] [stderr]    Compiling parity-scale-codec v3.6.12
[INFO] [stderr]    Compiling wasmtime-environ v8.0.1
[INFO] [stderr]    Compiling scale-info v2.11.5
[INFO] [stderr]    Compiling itertools v0.10.5
[INFO] [stderr]    Compiling memoffset v0.8.0
[INFO] [stderr]    Compiling zstd-safe v5.0.2+zstd.1.5.2
[INFO] [stderr]    Compiling uint v0.9.5
[INFO] [stderr]    Compiling crossbeam-epoch v0.9.18
[INFO] [stderr]    Compiling der v0.7.9
[INFO] [stderr]    Compiling Inflector v0.11.4
[INFO] [stderr]    Compiling digest v0.9.0
[INFO] [stderr]    Compiling wasmtime-runtime v8.0.1
[INFO] [stderr]    Compiling is-terminal v0.4.13
[INFO] [stderr]    Compiling fs-err v2.11.0
[INFO] [stderr]    Compiling humantime v2.1.0
[INFO] [stderr]    Compiling fnv v1.0.7
[INFO] [stderr]    Compiling rustc-demangle v0.1.24
[INFO] [stderr]    Compiling rayon-core v1.12.1
[INFO] [stderr]    Compiling cpp_demangle v0.3.5
[INFO] [stderr]    Compiling env_logger v0.10.2
[INFO] [stderr]    Compiling libsecp256k1-core v0.3.0
[INFO] [stderr]    Compiling crossbeam-deque v0.8.5
[INFO] [stderr]    Compiling wasmtime-jit-debug v8.0.1
[INFO] [stderr]    Compiling bincode v1.3.3
[INFO] [stderr]    Compiling memfd v0.6.4
[INFO] [stderr]    Compiling psm v0.1.23
[INFO] [stderr]    Compiling dirs-sys-next v0.1.2
[INFO] [stderr]    Compiling wasmtime-asm-macros v8.0.1
[INFO] [stderr]    Compiling ryu v1.0.18
[INFO] [stderr]    Compiling base16ct v0.2.0
[INFO] [stderr]    Compiling serde_json v1.0.132
[INFO] [stderr]    Compiling opaque-debug v0.3.1
[INFO] [stderr]    Compiling wasmtime-cache v8.0.1
[INFO] [stderr]    Compiling regex-syntax v0.6.29
[INFO] [stderr]    Compiling expander v2.2.1
[INFO] [stderr]    Compiling ref-cast v1.0.23
[INFO] [stderr]    Compiling base64 v0.13.1
[INFO] [stderr]    Compiling serdect v0.2.0
[INFO] [stderr]    Compiling directories-next v2.0.0
[INFO] [stderr]    Compiling zstd v0.11.2+zstd.1.5.2
[INFO] [stderr]    Compiling spki v0.7.3
[INFO] [stderr]    Compiling file-per-thread-logger v0.1.6
[INFO] [stderr]    Compiling addr2line v0.19.0
[INFO] [stderr]    Compiling blake2 v0.10.6
[INFO] [stderr]    Compiling impl-serde v0.4.0
[INFO] [stderr]    Compiling toml v0.5.11
[INFO] [stderr]    Compiling asynchronous-codec v0.6.2
[INFO] [stderr]    Compiling sp-debug-derive v14.0.0
[INFO] [stderr]    Compiling ref-cast-impl v1.0.23
[INFO] [stderr]    Compiling file-guard v0.2.0
[INFO] [stderr]    Compiling ff v0.13.0
[INFO] [stderr]    Compiling regex-automata v0.1.10
[INFO] [stderr]    Compiling wasmtime-jit-icache-coherence v8.0.1
[INFO] [stderr]    Compiling core2 v0.4.0
[INFO] [stderr]    Compiling wasmtime v8.0.1
[INFO] [stderr]    Compiling overload v0.1.1
[INFO] [stderr]    Compiling bitcoin-internals v0.2.0
[INFO] [stderr]    Compiling rustc-hex v2.1.0
[INFO] [stderr]    Compiling sp-std v14.0.0
[INFO] [stderr]    Compiling wasmtime-jit v8.0.1
[INFO] [stderr]    Compiling nu-ansi-term v0.46.0
[INFO] [stderr]    Compiling matchers v0.1.0
[INFO] [stderr]    Compiling group v0.13.0
[INFO] [stderr]    Compiling unsigned-varint v0.7.2
[INFO] [stderr]    Compiling rayon v1.10.0
[INFO] [stderr]    Compiling pkcs8 v0.10.2
[INFO] [stderr]    Compiling sec1 v0.7.3
[INFO] [stderr]    Compiling libsecp256k1-gen-genmult v0.3.0
[INFO] [stderr]    Compiling libsecp256k1-gen-ecmult v0.3.0
[INFO] [stderr]    Compiling crypto-mac v0.8.0
[INFO] [stderr]    Compiling crypto-bigint v0.5.5
[INFO] [stderr]    Compiling sharded-slab v0.1.7
[INFO] [stderr]    Compiling secp256k1-sys v0.9.2
[INFO] [stderr]    Compiling tracing-log v0.2.0
[INFO] [stderr]    Compiling thread_local v1.1.8
[INFO] [stderr]    Compiling hash-db v0.16.0
[INFO] [stderr]    Compiling base64ct v1.6.0
[INFO] [stderr]    Compiling ss58-registry v1.51.0
[INFO] [stderr]    Compiling password-hash v0.5.0
[INFO] [stderr]    Compiling tracing-subscriber v0.3.18
[INFO] [stderr]    Compiling data-encoding-macro-internal v0.1.13
[INFO] [stderr]    Compiling elliptic-curve v0.13.8
[INFO] [stderr]    Compiling libsecp256k1 v0.7.1
[INFO] [stderr]    Compiling hmac v0.8.1
[INFO] [stderr]    Compiling sp-storage v21.0.0
[INFO] [stderr]    Compiling fixed-hash v0.8.0
[INFO] [stderr]    Compiling impl-codec v0.6.0
[INFO] [stderr]    Compiling serde_bytes v0.11.15
[INFO] [stderr]    Compiling getrandom_or_panic v0.0.3
[INFO] [stderr]    Compiling rfc6979 v0.4.0
[INFO] [stderr]    Compiling block-buffer v0.9.0
[INFO] [stderr]    Compiling merlin v3.0.0
[INFO] [stderr]    Compiling environmental v1.1.4
[INFO] [stderr]    Compiling hex-conservative v0.1.2
[INFO] [stderr]    Compiling sp-externalities v0.29.0
[INFO] [stderr]    Compiling sha2 v0.9.9
[INFO] [stderr]    Compiling ecdsa v0.16.9
[INFO] [stderr]    Compiling schnorrkel v0.11.4
[INFO] [stderr]    Compiling bitcoin_hashes v0.13.0
[INFO] [stderr]    Compiling primitive-types v0.12.2
[INFO] [stderr]    Compiling hmac-drbg v0.3.0
[INFO] [stderr]    Compiling sp-tracing v17.0.1
[INFO] [stderr]    Compiling data-encoding-macro v0.1.15
[INFO] [stderr]    Compiling pbkdf2 v0.12.2
[INFO] [stderr]    Compiling sp-runtime-interface-proc-macro v18.0.0
[INFO] [stderr]    Compiling bounded-collections v0.2.1
[INFO] [stderr]    Compiling hashbrown v0.14.5
[INFO] [stderr]    Compiling twox-hash v1.6.3
[INFO] [stderr]    Compiling dyn-clonable-impl v0.9.0
[INFO] [stderr]    Compiling num-format v0.4.4
[INFO] [stderr]    Compiling ring v0.17.8
[INFO] [stderr]    Compiling dyn-clone v1.0.17
[INFO] [stderr]    Compiling base-x v0.2.11
[INFO] [stderr]    Compiling futures-timer v3.0.3
[INFO] [stderr]    Compiling multibase v0.9.1
[INFO] [stderr]    Compiling dyn-clonable v0.9.0
[INFO] [stderr]    Compiling ed25519-zebra v4.0.3
[INFO] [stderr]    Compiling sp-crypto-hashing v0.1.0
[INFO] [stderr]    Compiling cranelift-frontend v0.95.1
[INFO] [stderr]    Compiling cranelift-native v0.95.1
[INFO] [stderr]    Compiling wasmtime-cranelift-shared v8.0.1
[INFO] [stderr]    Compiling substrate-bip39 v0.6.0
[INFO] [stderr]    Compiling parity-bip39 v2.0.1
[INFO] [stderr]    Compiling cranelift-wasm v0.95.1
[INFO] [stderr]    Compiling secp256k1 v0.28.2
[INFO] [stderr]    Compiling k256 v0.13.4
[INFO] [stderr]    Compiling tokio-util v0.7.12
[INFO] [stderr]    Compiling hash256-std-hasher v0.15.2
[INFO] [stderr]    Compiling secrecy v0.8.0
[INFO] [stderr]    Compiling pin-project-internal v1.1.7
[INFO] [stderr]    Compiling wasmtime-cranelift v8.0.1
[INFO] [stderr]    Compiling itertools v0.11.0
[INFO] [stderr]    Compiling array-bytes v6.2.3
[INFO] [stderr]    Compiling unsigned-varint v0.8.0
[INFO] [stderr]    Compiling pin-project v1.1.7
[INFO] [stderr]    Compiling hkdf v0.12.4
[INFO] [stderr]    Compiling nohash-hasher v0.2.0
[INFO] [stderr]    Compiling quick-protobuf v0.8.1
[INFO] [stderr]    Compiling untrusted v0.9.0
[INFO] [stderr]    Compiling same-file v1.0.6
[INFO] [stderr]    Compiling spin v0.9.8
[INFO] [stderr]    Compiling walkdir v2.5.0
[INFO] [stderr]    Compiling multihash v0.19.2
[INFO] [stderr]    Compiling toml v0.8.19
[INFO] [stderr]    Compiling derive-syn-parse v0.2.0
[INFO] [stderr]    Compiling common-path v1.0.0
[INFO] [stderr]    Compiling libp2p-identity v0.2.9
[INFO] [stderr]    Compiling gimli v0.31.1
[INFO] [stderr]    Compiling adler2 v2.0.0
[INFO] [stderr]    Compiling rustversion v1.0.18
[INFO] [stderr]    Compiling heck v0.4.1
[INFO] [stderr]    Compiling docify_macros v0.2.8
[INFO] [stderr]    Compiling miniz_oxide v0.8.0
[INFO] [stderr]    Compiling multiaddr v0.18.2
[INFO] [stderr]    Compiling instant v0.1.13
[INFO] [stderr]    Compiling object v0.36.5
[INFO] [stderr]    Compiling docify v0.2.8
[INFO] [stderr]    Compiling trie-db v0.29.1
[INFO] [stderr]    Compiling trie-root v0.18.0
[INFO] [stderr]    Compiling addr2line v0.24.2
[INFO] [stderr]    Compiling sp-wasm-interface v21.0.1
[INFO] [stderr]    Compiling memory-db v0.32.0
[INFO] [stderr]    Compiling schnellru v0.2.3
[INFO] [stderr]    Compiling sp-io v38.0.0
[INFO] [stderr]    Compiling integer-sqrt v0.1.5
[INFO] [stderr]    Compiling async-trait v0.1.83
[INFO] [stderr]    Compiling sp-arithmetic v26.0.0
[INFO] [stderr]    Compiling sct v0.7.1
[INFO] [stderr]    Compiling sp-runtime-interface v28.0.0
[INFO] [stderr]    Compiling rw-stream-sink v0.4.0
[INFO] [stderr]    Compiling multistream-select v0.13.0
[INFO] [stderr]    Compiling void v1.0.2
[INFO] [stderr]    Compiling sp-core v34.0.0
[INFO] [stderr]    Compiling libp2p-core v0.40.1
[INFO] [stderr]    Compiling httparse v1.9.5
[INFO] [stderr]    Compiling parity-wasm v0.45.0
[INFO] [stderr]    Compiling sp-weights v31.0.0
[INFO] [stderr]    Compiling backtrace v0.3.74
[INFO] [stderr]    Compiling ring v0.16.20
[INFO] [stderr]    Compiling simple-mermaid v0.1.1
[INFO] [stderr]    Compiling sp-panic-handler v13.0.0
[INFO] [stderr]    Compiling sp-trie v37.0.0
[INFO] [stderr]    Compiling sp-keystore v0.40.0
[INFO] [stderr]    Compiling sp-state-machine v0.43.0
[INFO] [stderr]    Compiling proc-macro-error v1.0.4
[INFO] [stderr]    Compiling rustls v0.21.12
[INFO] [stderr]    Compiling heck v0.5.0
[INFO] [stderr]    Compiling proc-macro-warning v0.4.2
[INFO] [stderr]    Compiling ipnet v2.10.1
[INFO] [stderr]    Compiling fastrand v2.1.1
[INFO] [stderr]    Compiling proc-macro-error-attr v1.0.4
[INFO] [stderr]    Compiling rustls-webpki v0.101.7
[INFO] [stderr]    Compiling blake3 v1.5.4
[INFO] [stderr]    Compiling itertools v0.12.1
[INFO] [stderr]    Compiling zstd-safe v6.0.6
[INFO] [stderr]    Compiling fixedbitset v0.4.2
[INFO] [stderr]    Compiling petgraph v0.6.5
[INFO] [stderr]    Compiling sp-version-proc-macro v14.0.0
[INFO] [stderr]    Compiling proc-macro-crate v1.1.3
[INFO] [stderr]    Compiling sp-crypto-hashing-proc-macro v0.1.0
[INFO] [stderr]    Compiling tempfile v3.13.0
[INFO] [stderr]    Compiling http v0.2.12
[INFO] [stderr]    Compiling synstructure v0.12.6
[INFO] [stderr]    Compiling prost-derive v0.12.6
[INFO] [stderr]    Compiling openssl-src v300.4.0+3.4.0
[INFO] [stderr]    Compiling minimal-lexical v0.2.1
[INFO] [stderr]    Compiling untrusted v0.7.1
[INFO] [stderr]    Compiling spin v0.5.2
[INFO] [stderr]    Compiling openssl-sys v0.9.104
[INFO] [stderr]    Compiling prost-derive v0.11.9
[INFO] [stderr]    Compiling multihash-derive v0.8.1
[INFO] [stderr]    Compiling nom v7.1.3
[INFO] [stderr]    Compiling sp-application-crypto v38.0.0
[INFO] [stderr]    Compiling libp2p-swarm-derive v0.33.0
[INFO] [stderr]    Compiling sp-runtime v39.0.2
[INFO] [stderr]    Compiling sp-api-proc-macro v20.0.0
[INFO] [stderr]    Compiling sha1 v0.10.6
[INFO] [stderr]    Compiling blake2s_simd v1.0.2
[INFO] [stderr]    Compiling synstructure v0.13.1
[INFO] [stderr]    Compiling socket2 v0.4.10
[INFO] [stderr]    Compiling foldhash v0.1.3
[INFO] [stderr]    Compiling rustls v0.20.9
[INFO] [stderr]    Compiling predicates-core v1.0.8
[INFO] [stderr]    Compiling linked-hash-map v0.5.6
[INFO] [stderr]    Compiling match_cfg v0.1.0
[INFO] [stderr]    Compiling prettyplease v0.1.25
[INFO] [stderr]    Compiling hostname v0.3.1
[INFO] [stderr]    Compiling asn1-rs-derive v0.5.1
[INFO] [stderr]    Compiling hashbrown v0.15.0
[INFO] [stderr]    Compiling rusticata-macros v4.1.0
[INFO] [stderr]    Compiling prost v0.11.9
[INFO] [stderr]    Compiling zstd v0.12.4
[INFO] [stderr]    Compiling libp2p-swarm v0.43.7
[INFO] [stderr]    Compiling enum-as-inner v0.6.1
[INFO] [stderr]    Compiling webpki v0.22.4
[INFO] [stderr]    Compiling x25519-dalek v2.0.1
[INFO] [stderr]    Compiling inout v0.1.3
[INFO] [stderr]    Compiling netlink-packet-utils v0.5.2
[INFO] [stderr]    Compiling displaydoc v0.2.5
[INFO] [stderr]    Compiling asn1-rs-impl v0.2.0
[INFO] [stderr]    Compiling sha1-asm v0.5.3
[INFO] [stderr]    Compiling snow v0.9.6
[INFO] [stderr]    Compiling idna v0.4.0
[INFO] [stderr]    Compiling polkavm-assembler v0.9.0
[INFO] [stderr]    Compiling polkavm-common v0.9.0
[INFO] [stderr]    Compiling home v0.5.9
[INFO] [stderr]    Compiling quick-error v1.2.3
[INFO] [stderr]    Compiling polkavm-linux-raw v0.9.0
[INFO] [stderr]    Compiling resolv-conf v0.7.0
[INFO] [stderr]    Compiling trust-dns-proto v0.23.2
[INFO] [stderr]    Compiling polkavm v0.9.3
[INFO] [stderr]    Compiling which v4.4.2
[INFO] [stderr]    Compiling asn1-rs v0.6.2
[INFO] [stderr]    Compiling netlink-packet-core v0.4.2
[INFO] [stderr]    Compiling cipher v0.4.4
[INFO] [stderr]    Compiling sp-maybe-compressed-blob v11.0.0
[INFO] [stderr]    Compiling sp-version v37.0.0
[INFO] [stderr]    Compiling prost-types v0.11.9
[INFO] [stderr]    Compiling sp-api v34.0.0
[INFO] [stderr]    Compiling lru-cache v0.1.2
[INFO] [stderr]    Compiling sc-allocator v29.0.0
[INFO] [stderr]    Compiling wasm-instrument v0.4.0
[INFO] [stderr]    Compiling num-integer v0.1.46
[INFO] [stderr]    Compiling universal-hash v0.5.1
[INFO] [stderr]    Compiling oid-registry v0.7.1
[INFO] [stderr]    Compiling rustc-hash v1.1.0
[INFO] [stderr]    Compiling multimap v0.8.3
[INFO] [stderr]    Compiling crc-catalog v2.4.0
[INFO] [stderr]    Compiling prometheus v0.13.4
[INFO] [stderr]    Compiling termtree v0.4.1
[INFO] [stderr]    Compiling prost-build v0.11.9
[INFO] [stderr]    Compiling predicates-tree v1.0.11
[INFO] [stderr]    Compiling crc v3.2.1
[INFO] [stderr]    Compiling sc-executor-common v0.35.0
[INFO] [stderr]    Compiling quinn-proto v0.9.6
[INFO] [stderr]    Compiling num-bigint v0.4.6
[INFO] [stderr]    Compiling polyval v0.6.2
[INFO] [stderr]    Compiling trust-dns-resolver v0.23.2
[INFO] [stderr]    Compiling sp-inherents v34.0.0
[INFO] [stderr]    Compiling multihash v0.17.0
[INFO] [stderr]    Compiling rustls-pemfile v1.0.4
[INFO] [stderr]    Compiling netlink-sys v0.8.6
[INFO] [stderr]    Compiling openssl-macros v0.1.1
[INFO] [stderr]    Compiling kvdb v0.13.0
[INFO] [stderr]    Compiling downcast v0.11.0
[INFO] [stderr]    Compiling fragile v2.0.0
[INFO] [stderr]    Compiling network-interface v1.1.4
[INFO] [stderr]    Compiling try-lock v0.2.5
[INFO] [stderr]    Compiling utf-8 v0.7.6
[INFO] [stderr]    Compiling anstyle v1.0.10
[INFO] [stderr]    Compiling sc-executor-wasmtime v0.35.0
[INFO] [stderr]    Compiling tungstenite v0.20.1
[INFO] [stderr]    Compiling want v0.3.1
[INFO] [stderr]    Compiling predicates v3.1.2
[INFO] [stderr]    Compiling sp-database v10.0.0
[INFO] [stderr]    Compiling quinn-udp v0.3.2
[INFO] [stderr]    Compiling netlink-proto v0.10.0
[INFO] [stderr]    Compiling rustls-native-certs v0.6.3
[INFO] [stderr]    Compiling sha-1 v0.10.1
[INFO] [stderr]    Compiling litep2p v0.6.2
[INFO] [stderr]    Compiling der-parser v9.0.0
[INFO] [stderr]    Compiling ghash v0.5.1
[INFO] [stderr]    Compiling sp-consensus v0.40.0
[INFO] [stderr]    Compiling sctp-proto v0.2.2
[INFO] [stderr]    Compiling ctr v0.9.2
[INFO] [stderr]    Compiling aes v0.8.4
[INFO] [stderr]    Compiling netlink-packet-route v0.12.0
[INFO] [stderr]    Compiling multihash v0.18.1
[INFO] [stderr]    Compiling http-body v0.4.6
[INFO] [stderr]    Compiling tokio-rustls v0.24.1
[INFO] [stderr]    Compiling pem v1.1.1
[INFO] [stderr]    Compiling concurrent-queue v2.5.0
[INFO] [stderr]    Compiling yasna v0.5.2
[INFO] [stderr]    Compiling aead v0.5.2
[INFO] [stderr]    Compiling mockall_derive v0.12.1
[INFO] [stderr]    Compiling nix v0.24.3
[INFO] [stderr]    Compiling combine v4.6.7
[INFO] [stderr]    Compiling event-listener v2.5.3
[INFO] [stderr]    Compiling httpdate v1.0.3
[INFO] [stderr]    Compiling tower-service v0.3.3
[INFO] [stderr]    Compiling async-channel v1.9.0
[INFO] [stderr]    Compiling hyper v0.14.31
[INFO] [stderr]    Compiling rcgen v0.10.0
[INFO] [stderr]    Compiling aes-gcm v0.10.3
[INFO] [stderr]    Compiling rtnetlink v0.10.1
[INFO] [stderr]    Compiling tokio-tungstenite v0.20.1
[INFO] [stderr]    Compiling cid v0.10.1
[INFO] [stderr]    Compiling x509-parser v0.16.0
[INFO] [stderr]    Compiling sp-blockchain v37.0.1
[INFO] [stderr]    Compiling quinn v0.9.4
[INFO] [stderr]    Compiling multiaddr v0.17.1
[INFO] [stderr]    Compiling mockall v0.12.1
[INFO] [stderr]    Compiling sc-executor-polkavm v0.32.0
[INFO] [stderr]    Compiling prost v0.12.6
[INFO] [stderr]    Compiling float-cmp v0.9.0
[INFO] [stderr]    Compiling tokio-stream v0.1.16
[INFO] [stderr]    Compiling simple-dns v0.5.7
[INFO] [stderr]    Compiling parking_lot_core v0.8.6
[INFO] [stderr]    Compiling normalize-line-endings v0.3.0
[INFO] [stderr]    Compiling bs58 v0.4.0
[INFO] [stderr]    Compiling difflib v0.4.0
[INFO] [stderr]    Compiling hex-literal v0.4.1
[INFO] [stderr]    Compiling matches v0.1.10
[INFO] [stderr]    Compiling prost-types v0.12.6
[INFO] [stderr]    Compiling idna v0.2.3
[INFO] [stderr]    Compiling sc-executor v0.40.1
[INFO] [stderr]    Compiling substrate-prometheus-endpoint v0.17.0
[INFO] [stderr]    Compiling predicates v2.1.5
[INFO] [stderr]    Compiling sc-transaction-pool-api v37.0.0
[INFO] [stderr]    Compiling if-watch v3.2.0
[INFO] [stderr]    Compiling sp-statement-store v18.0.0
[INFO] [stderr]    Compiling sc-utils v17.0.0
[INFO] [stderr]    Compiling enum-as-inner v0.5.1
[INFO] [stderr]    Compiling quick-protobuf-codec v0.2.0
[INFO] [stderr]    Compiling mockall_derive v0.11.4
[INFO] [stderr]    Compiling multimap v0.10.0
[INFO] [stderr]    Compiling base64 v0.22.1
[INFO] [stderr]    Compiling trust-dns-proto v0.22.0
[INFO] [stderr]    Compiling lru v0.12.5
[INFO] [stderr]    Compiling prost-build v0.12.6
[INFO] [stderr]    Compiling soketto v0.8.0
[INFO] [stderr]    Compiling futures-rustls v0.24.0
[INFO] [stderr]    Compiling sc-client-api v37.0.0
[INFO] [stderr]    Compiling yamux v0.12.1
[INFO] [stderr]    Compiling futures-bounded v0.1.0
[INFO] [stderr]    Compiling finality-grandpa v0.16.2
[INFO] [stderr]    Compiling webpki-roots v0.25.4
[INFO] [stderr]    Compiling libp2p-yamux v0.44.1
[INFO] [stderr]    Compiling libp2p-websocket v0.42.2
[INFO] [stderr]    Compiling libp2p-identify v0.43.1
[INFO] [stderr]    Compiling parking_lot v0.11.2
[INFO] [stderr]    Compiling sc-network v0.45.0 (/opt/rustwide/workdir)
[INFO] [stderr]    Compiling libp2p-kad v0.44.6
[INFO] [stderr]    Compiling sp-consensus-grandpa v21.0.0
[INFO] [stderr]    Compiling libp2p-tcp v0.40.1
[INFO] [stderr]    Compiling libp2p-dns v0.40.1
[INFO] [stderr]    Compiling libp2p-noise v0.43.2
[INFO] [stderr]    Compiling libp2p-ping v0.43.1
[INFO] [stderr]    Compiling libp2p-allow-block-list v0.2.0
[INFO] [stderr]    Compiling libp2p-request-response v0.25.3
[INFO] [stderr]    Compiling libp2p-connection-limits v0.2.1
[INFO] [stderr]    Compiling libp2p-mdns v0.44.0
[INFO] [stderr]    Compiling mockall v0.11.4
[INFO] [stderr]    Compiling wasm-timer v0.2.5
[INFO] [stderr]    Compiling cid v0.9.0
[INFO] [stderr]    Compiling linked_hash_set v0.1.4
[INFO] [stderr]    Compiling partial_sort v0.2.0
[INFO] [stderr]    Compiling libp2p v0.52.4
[INFO] [stderr]    Compiling ip_network v0.4.1
[INFO] [stderr]    Compiling openssl v0.10.68
[INFO] [stderr]    Compiling str0m v0.5.1
[INFO] [stderr]    Compiling sc-network-types v0.12.1
[INFO] [stderr]    Compiling sc-consensus v0.44.0
[INFO] [stderr]    Compiling sc-network-common v0.44.0
[INFO] [stdout] warning: field `peer` is never read
[INFO] [stdout]   --> src/behaviour.rs:80:3
[INFO] [stdout]    |
[INFO] [stdout] 78 |     InboundRequest {
[INFO] [stdout]    |     -------------- field in this variant
[INFO] [stdout] 79 |         /// Peer which sent us a request.
[INFO] [stdout] 80 |         peer: PeerId,
[INFO] [stdout]    |         ^^^^
[INFO] [stdout]    |
[INFO] [stdout]    = note: `#[warn(dead_code)]` on by default
[INFO] [stdout] 
[INFO] [stdout] 
[INFO] [stdout] warning: field `peer` is never read
[INFO] [stdout]   --> src/behaviour.rs:93:3
[INFO] [stdout]    |
[INFO] [stdout] 91 |     RequestFinished {
[INFO] [stdout]    |     --------------- field in this variant
[INFO] [stdout] 92 |         /// Peer that we send a request to.
[INFO] [stdout] 93 |         peer: PeerId,
[INFO] [stdout]    |         ^^^^
[INFO] [stdout] 
[INFO] [stdout] 
[INFO] [stdout] warning: fields `protocol_version`, `user_agent`, and `observed_address` are never read
[INFO] [stdout]    --> src/litep2p/discovery.rs:99:3
[INFO] [stdout]     |
[INFO] [stdout] 94  |     Identified {
[INFO] [stdout]     |     ---------- fields in this variant
[INFO] [stdout] ...
[INFO] [stdout] 99  |         protocol_version: Option<String>,
[INFO] [stdout]     |         ^^^^^^^^^^^^^^^^
[INFO] [stdout] ...
[INFO] [stdout] 102 |         user_agent: Option<String>,
[INFO] [stdout]     |         ^^^^^^^^^^
[INFO] [stdout] ...
[INFO] [stdout] 105 |         observed_address: Multiaddr,
[INFO] [stdout]     |         ^^^^^^^^^^^^^^^^
[INFO] [stdout]     |
[INFO] [stdout]     = note: `DiscoveryEvent` has a derived impl for the trait `Debug`, but this is intentionally ignored during dead code analysis
[INFO] [stdout] 
[INFO] [stdout] 
[INFO] [stdout] warning: field `inbound` is never read
[INFO] [stdout]    --> src/protocol/notifications/behaviour.rs:366:3
[INFO] [stdout]     |
[INFO] [stdout] 350 |     CustomProtocolOpen {
[INFO] [stdout]     |     ------------------ field in this variant
[INFO] [stdout] ...
[INFO] [stdout] 366 |         inbound: bool,
[INFO] [stdout]     |         ^^^^^^^
[INFO] [stdout]     |
[INFO] [stdout]     = note: `NotificationsOut` has a derived impl for the trait `Debug`, but this is intentionally ignored during dead code analysis
[INFO] [stdout] 
[INFO] [stdout] 
[INFO] [stdout] warning: field `endpoint` is never read
[INFO] [stdout]    --> src/protocol/notifications/handler.rs:285:3
[INFO] [stdout]     |
[INFO] [stdout] 279 |     OpenResultOk {
[INFO] [stdout]     |     ------------ field in this variant
[INFO] [stdout] ...
[INFO] [stdout] 285 |         endpoint: ConnectedPoint,
[INFO] [stdout]     |         ^^^^^^^^
[INFO] [stdout]     |
[INFO] [stdout]     = note: `NotifsHandlerOut` has a derived impl for the trait `Debug`, but this is intentionally ignored during dead code analysis
[INFO] [stdout] 
[INFO] [stdout] 
[INFO] [stdout] warning: field `negotiated_fallback` is never read
[INFO] [stdout]    --> src/protocol/notifications/upgrade/notifications.rs:196:6
[INFO] [stdout]     |
[INFO] [stdout] 191 | pub struct NotificationsInOpen<TSubstream> {
[INFO] [stdout]     |            ------------------- field in this struct
[INFO] [stdout] ...
[INFO] [stdout] 196 |     pub negotiated_fallback: Option<ProtocolName>,
[INFO] [stdout]     |         ^^^^^^^^^^^^^^^^^^^
[INFO] [stdout] 
[INFO] [stdout] 
[INFO] [stdout] warning: field `issued_light_requests` is never read
[INFO] [stdout]   --> src/service/metrics.rs:75:6
[INFO] [stdout]    |
[INFO] [stdout] 67 | pub struct Metrics {
[INFO] [stdout]    |            ------- field in this struct
[INFO] [stdout] ...
[INFO] [stdout] 75 |     pub issued_light_requests: Counter<U64>,
[INFO] [stdout]    |         ^^^^^^^^^^^^^^^^^^^^^
[INFO] [stdout]    |
[INFO] [stdout]    = note: `Metrics` has a derived impl for the trait `Clone`, but this is intentionally ignored during dead code analysis
[INFO] [stdout] 
[INFO] [stdout] 
[INFO] [stderr]     Finished `dev` profile [unoptimized + debuginfo] target(s) in 3m 16s
[INFO] running `Command { std: "docker" "inspect" "49ab69f366bfe056d165fc95e3f34d1ac89f3afac68b858370fe83e42538ff1c", kill_on_drop: false }`
[INFO] running `Command { std: "docker" "rm" "-f" "49ab69f366bfe056d165fc95e3f34d1ac89f3afac68b858370fe83e42538ff1c", kill_on_drop: false }`
[INFO] [stdout] 49ab69f366bfe056d165fc95e3f34d1ac89f3afac68b858370fe83e42538ff1c
[INFO] running `Command { std: "docker" "create" "-v" "/var/lib/crater-agent-workspace/builds/worker-2-tc1/target:/opt/rustwide/target:rw,Z" "-v" "/var/lib/crater-agent-workspace/builds/worker-2-tc1/source:/opt/rustwide/workdir:ro,Z" "-v" "/var/lib/crater-agent-workspace/cargo-home:/opt/rustwide/cargo-home:ro,Z" "-v" "/var/lib/crater-agent-workspace/rustup-home:/opt/rustwide/rustup-home:ro,Z" "-e" "SOURCE_DIR=/opt/rustwide/workdir" "-e" "CARGO_TARGET_DIR=/opt/rustwide/target" "-e" "CARGO_INCREMENTAL=0" "-e" "RUST_BACKTRACE=full" "-e" "RUSTFLAGS=--cap-lints=forbid" "-e" "RUSTDOCFLAGS=--cap-lints=forbid" "-e" "CARGO_HOME=/opt/rustwide/cargo-home" "-e" "RUSTUP_HOME=/opt/rustwide/rustup-home" "-w" "/opt/rustwide/workdir" "-m" "1610612736" "--user" "0:0" "--network" "none" "ghcr.io/rust-lang/crates-build-env/linux@sha256:4a844ea9eb2546a2d2c7022eacef16ef2e8229c7fbb2c7d4d55a9ceca922f72d" "/opt/rustwide/cargo-home/bin/cargo" "+nightly-2024-10-28" "test" "--frozen" "--no-run" "--message-format=json", kill_on_drop: false }`
[INFO] [stdout] 747c94689020fad2b9bedd7d0648565a9db697568c7d9382b1e8f929c636eca7
[INFO] running `Command { std: "docker" "start" "-a" "747c94689020fad2b9bedd7d0648565a9db697568c7d9382b1e8f929c636eca7", kill_on_drop: false }`
[INFO] [stderr]    Compiling tokio v1.41.0
[INFO] [stderr]    Compiling tempfile v3.13.0
[INFO] [stderr]    Compiling async-stream-impl v0.3.6
[INFO] [stderr]    Compiling assert_matches v1.5.0
[INFO] [stderr]    Compiling prost-build v0.11.9
[INFO] [stderr]    Compiling prost-build v0.12.6
[INFO] [stderr]    Compiling async-stream v0.3.6
[INFO] [stderr]    Compiling litep2p v0.6.2
[INFO] [stderr]    Compiling sc-network v0.45.0 (/opt/rustwide/workdir)
[INFO] [stderr]    Compiling tokio-util v0.7.12
[INFO] [stderr]    Compiling trust-dns-proto v0.23.2
[INFO] [stderr]    Compiling netlink-sys v0.8.6
[INFO] [stderr]    Compiling tokio-stream v0.1.16
[INFO] [stderr]    Compiling tokio-rustls v0.24.1
[INFO] [stderr]    Compiling quinn v0.9.4
[INFO] [stderr]    Compiling hyper v0.14.31
[INFO] [stderr]    Compiling netlink-proto v0.10.0
[INFO] [stderr]    Compiling tokio-tungstenite v0.20.1
[INFO] [stderr]    Compiling rtnetlink v0.10.1
[INFO] [stderr]    Compiling unsigned-varint v0.8.0
[INFO] [stderr]    Compiling trust-dns-proto v0.22.0
[INFO] [stderr]    Compiling multihash v0.19.2
[INFO] [stderr]    Compiling tokio-test v0.4.4
[INFO] [stderr]    Compiling libp2p-identity v0.2.9
[INFO] [stderr]    Compiling multiaddr v0.18.2
[INFO] [stderr]    Compiling substrate-prometheus-endpoint v0.17.0
[INFO] [stderr]    Compiling libp2p-core v0.40.1
[INFO] [stderr]    Compiling if-watch v3.2.0
[INFO] [stderr]    Compiling sc-client-api v37.0.0
[INFO] [stderr]    Compiling libp2p-swarm v0.43.7
[INFO] [stderr]    Compiling libp2p-tcp v0.40.1
[INFO] [stderr]    Compiling libp2p-yamux v0.44.1
[INFO] [stderr]    Compiling libp2p-noise v0.43.2
[INFO] [stderr]    Compiling trust-dns-resolver v0.23.2
[INFO] [stderr]    Compiling libp2p-websocket v0.42.2
[INFO] [stderr]    Compiling libp2p-mdns v0.44.0
[INFO] [stderr]    Compiling libp2p-allow-block-list v0.2.0
[INFO] [stderr]    Compiling libp2p-request-response v0.25.3
[INFO] [stderr]    Compiling libp2p-ping v0.43.1
[INFO] [stderr]    Compiling libp2p-dns v0.40.1
[INFO] [stderr]    Compiling libp2p-kad v0.44.6
[INFO] [stderr]    Compiling libp2p-identify v0.43.1
[INFO] [stderr]    Compiling libp2p-connection-limits v0.2.1
[INFO] [stderr]    Compiling libp2p v0.52.4
[INFO] [stderr]    Compiling sc-network-types v0.12.1
[INFO] [stderr]    Compiling sc-consensus v0.44.0
[INFO] [stderr]    Compiling sc-network-common v0.44.0
[INFO] [stdout] warning: field `peer` is never read
[INFO] [stdout]   --> src/behaviour.rs:80:3
[INFO] [stdout]    |
[INFO] [stdout] 78 |     InboundRequest {
[INFO] [stdout]    |     -------------- field in this variant
[INFO] [stdout] 79 |         /// Peer which sent us a request.
[INFO] [stdout] 80 |         peer: PeerId,
[INFO] [stdout]    |         ^^^^
[INFO] [stdout]    |
[INFO] [stdout]    = note: `#[warn(dead_code)]` on by default
[INFO] [stdout] 
[INFO] [stdout] 
[INFO] [stdout] warning: field `peer` is never read
[INFO] [stdout]   --> src/behaviour.rs:93:3
[INFO] [stdout]    |
[INFO] [stdout] 91 |     RequestFinished {
[INFO] [stdout]    |     --------------- field in this variant
[INFO] [stdout] 92 |         /// Peer that we send a request to.
[INFO] [stdout] 93 |         peer: PeerId,
[INFO] [stdout]    |         ^^^^
[INFO] [stdout] 
[INFO] [stdout] 
[INFO] [stdout] warning: fields `protocol_version`, `user_agent`, and `observed_address` are never read
[INFO] [stdout]    --> src/litep2p/discovery.rs:99:3
[INFO] [stdout]     |
[INFO] [stdout] 94  |     Identified {
[INFO] [stdout]     |     ---------- fields in this variant
[INFO] [stdout] ...
[INFO] [stdout] 99  |         protocol_version: Option<String>,
[INFO] [stdout]     |         ^^^^^^^^^^^^^^^^
[INFO] [stdout] ...
[INFO] [stdout] 102 |         user_agent: Option<String>,
[INFO] [stdout]     |         ^^^^^^^^^^
[INFO] [stdout] ...
[INFO] [stdout] 105 |         observed_address: Multiaddr,
[INFO] [stdout]     |         ^^^^^^^^^^^^^^^^
[INFO] [stdout]     |
[INFO] [stdout]     = note: `DiscoveryEvent` has a derived impl for the trait `Debug`, but this is intentionally ignored during dead code analysis
[INFO] [stdout] 
[INFO] [stdout] 
[INFO] [stdout] warning: field `inbound` is never read
[INFO] [stdout]    --> src/protocol/notifications/behaviour.rs:366:3
[INFO] [stdout]     |
[INFO] [stdout] 350 |     CustomProtocolOpen {
[INFO] [stdout]     |     ------------------ field in this variant
[INFO] [stdout] ...
[INFO] [stdout] 366 |         inbound: bool,
[INFO] [stdout]     |         ^^^^^^^
[INFO] [stdout]     |
[INFO] [stdout]     = note: `NotificationsOut` has a derived impl for the trait `Debug`, but this is intentionally ignored during dead code analysis
[INFO] [stdout] 
[INFO] [stdout] 
[INFO] [stdout] warning: field `endpoint` is never read
[INFO] [stdout]    --> src/protocol/notifications/handler.rs:285:3
[INFO] [stdout]     |
[INFO] [stdout] 279 |     OpenResultOk {
[INFO] [stdout]     |     ------------ field in this variant
[INFO] [stdout] ...
[INFO] [stdout] 285 |         endpoint: ConnectedPoint,
[INFO] [stdout]     |         ^^^^^^^^
[INFO] [stdout]     |
[INFO] [stdout]     = note: `NotifsHandlerOut` has a derived impl for the trait `Debug`, but this is intentionally ignored during dead code analysis
[INFO] [stdout] 
[INFO] [stdout] 
[INFO] [stdout] warning: field `negotiated_fallback` is never read
[INFO] [stdout]    --> src/protocol/notifications/upgrade/notifications.rs:196:6
[INFO] [stdout]     |
[INFO] [stdout] 191 | pub struct NotificationsInOpen<TSubstream> {
[INFO] [stdout]     |            ------------------- field in this struct
[INFO] [stdout] ...
[INFO] [stdout] 196 |     pub negotiated_fallback: Option<ProtocolName>,
[INFO] [stdout]     |         ^^^^^^^^^^^^^^^^^^^
[INFO] [stdout] 
[INFO] [stdout] 
[INFO] [stdout] warning: field `issued_light_requests` is never read
[INFO] [stdout]   --> src/service/metrics.rs:75:6
[INFO] [stdout]    |
[INFO] [stdout] 67 | pub struct Metrics {
[INFO] [stdout]    |            ------- field in this struct
[INFO] [stdout] ...
[INFO] [stdout] 75 |     pub issued_light_requests: Counter<U64>,
[INFO] [stdout]    |         ^^^^^^^^^^^^^^^^^^^^^
[INFO] [stdout]    |
[INFO] [stdout]    = note: `Metrics` has a derived impl for the trait `Clone`, but this is intentionally ignored during dead code analysis
[INFO] [stdout] 
[INFO] [stdout] 
[INFO] [stdout] error[E0433]: failed to resolve: use of undeclared crate or module `substrate_test_runtime_client`
[INFO] [stdout]    --> src/bitswap/mod.rs:302:6
[INFO] [stdout]     |
[INFO] [stdout] 302 |     use substrate_test_runtime_client::{self, prelude::*, TestClientBuilder};
[INFO] [stdout]     |         ^^^^^^^^^^^^^^^^^^^^^^^^^^^^^ use of undeclared crate or module `substrate_test_runtime_client`
[INFO] [stdout] 
[INFO] [stdout] 
[INFO] [stdout] error[E0432]: unresolved import `sc_block_builder`
[INFO] [stdout]    --> src/bitswap/mod.rs:294:6
[INFO] [stdout]     |
[INFO] [stdout] 294 |     use sc_block_builder::BlockBuilderBuilder;
[INFO] [stdout]     |         ^^^^^^^^^^^^^^^^ use of undeclared crate or module `sc_block_builder`
[INFO] [stdout] 
[INFO] [stdout] 
[INFO] [stdout] error[E0432]: unresolved import `sp_consensus`
[INFO] [stdout]    --> src/bitswap/mod.rs:299:6
[INFO] [stdout]     |
[INFO] [stdout] 299 |     use sp_consensus::BlockOrigin;
[INFO] [stdout]     |         ^^^^^^^^^^^^ use of undeclared crate or module `sp_consensus`
[INFO] [stdout] 
[INFO] [stdout] 
[INFO] [stdout] error[E0432]: unresolved import `substrate_test_runtime`
[INFO] [stdout]    --> src/bitswap/mod.rs:301:6
[INFO] [stdout]     |
[INFO] [stdout] 301 |     use substrate_test_runtime::ExtrinsicBuilder;
[INFO] [stdout]     |         ^^^^^^^^^^^^^^^^^^^^^^ use of undeclared crate or module `substrate_test_runtime`
[INFO] [stdout] 
[INFO] [stdout] 
[INFO] [stdout] error[E0432]: unresolved import `substrate_test_runtime_client`
[INFO] [stdout]    --> src/bitswap/mod.rs:302:38
[INFO] [stdout]     |
[INFO] [stdout] 302 |     use substrate_test_runtime_client::{self, prelude::*, TestClientBuilder};
[INFO] [stdout]     |                                         ^^^^ no external crate `substrate_test_runtime_client`
[INFO] [stdout] 
[INFO] [stdout] 
[INFO] [stdout] error[E0433]: failed to resolve: use of undeclared crate or module `sp_crypto_hashing`
[INFO] [stdout]    --> src/bitswap/mod.rs:504:11
[INFO] [stdout]     |
[INFO] [stdout] 504 | ...                   &sp_crypto_hashing::blake2_256(&ext.encode()[pattern_index..]),
[INFO] [stdout]     |                        ^^^^^^^^^^^^^^^^^ use of undeclared crate or module `sp_crypto_hashing`
[INFO] [stdout] 
[INFO] [stdout] 
[INFO] [stdout] error[E0433]: failed to resolve: use of undeclared crate or module `sp_tracing`
[INFO] [stdout]   --> src/litep2p/shim/notification/tests/fuzz.rs:51:2
[INFO] [stdout]    |
[INFO] [stdout] 51 |     sp_tracing::try_init_simple();
[INFO] [stdout]    |     ^^^^^^^^^^ use of undeclared crate or module `sp_tracing`
[INFO] [stdout] 
[INFO] [stdout] 
[INFO] [stdout] error[E0433]: failed to resolve: use of undeclared crate or module `sp_tracing`
[INFO] [stdout]   --> src/litep2p/shim/notification/tests/peerset.rs:99:2
[INFO] [stdout]    |
[INFO] [stdout] 99 |     sp_tracing::try_init_simple();
[INFO] [stdout]    |     ^^^^^^^^^^ use of undeclared crate or module `sp_tracing`
[INFO] [stdout] 
[INFO] [stdout] 
[INFO] [stdout] error[E0433]: failed to resolve: use of undeclared crate or module `sp_tracing`
[INFO] [stdout]    --> src/litep2p/shim/notification/tests/peerset.rs:152:2
[INFO] [stdout]     |
[INFO] [stdout] 152 |     sp_tracing::try_init_simple();
[INFO] [stdout]     |     ^^^^^^^^^^ use of undeclared crate or module `sp_tracing`
[INFO] [stdout] 
[INFO] [stdout] 
[INFO] [stdout] error[E0433]: failed to resolve: use of undeclared crate or module `sp_tracing`
[INFO] [stdout]    --> src/litep2p/shim/notification/tests/peerset.rs:266:2
[INFO] [stdout]     |
[INFO] [stdout] 266 |     sp_tracing::try_init_simple();
[INFO] [stdout]     |     ^^^^^^^^^^ use of undeclared crate or module `sp_tracing`
[INFO] [stdout] 
[INFO] [stdout] 
[INFO] [stdout] error[E0433]: failed to resolve: use of undeclared crate or module `sp_tracing`
[INFO] [stdout]    --> src/litep2p/shim/notification/tests/peerset.rs:357:2
[INFO] [stdout]     |
[INFO] [stdout] 357 |     sp_tracing::try_init_simple();
[INFO] [stdout]     |     ^^^^^^^^^^ use of undeclared crate or module `sp_tracing`
[INFO] [stdout] 
[INFO] [stdout] 
[INFO] [stdout] error[E0433]: failed to resolve: use of undeclared crate or module `sp_tracing`
[INFO] [stdout]    --> src/litep2p/shim/notification/tests/peerset.rs:461:2
[INFO] [stdout]     |
[INFO] [stdout] 461 |     sp_tracing::try_init_simple();
[INFO] [stdout]     |     ^^^^^^^^^^ use of undeclared crate or module `sp_tracing`
[INFO] [stdout] 
[INFO] [stdout] 
[INFO] [stdout] error[E0433]: failed to resolve: use of undeclared crate or module `sp_tracing`
[INFO] [stdout]    --> src/litep2p/shim/notification/tests/peerset.rs:549:2
[INFO] [stdout]     |
[INFO] [stdout] 549 |     sp_tracing::try_init_simple();
[INFO] [stdout]     |     ^^^^^^^^^^ use of undeclared crate or module `sp_tracing`
[INFO] [stdout] 
[INFO] [stdout] 
[INFO] [stdout] error[E0433]: failed to resolve: use of undeclared crate or module `sp_tracing`
[INFO] [stdout]    --> src/litep2p/shim/notification/tests/peerset.rs:627:2
[INFO] [stdout]     |
[INFO] [stdout] 627 |     sp_tracing::try_init_simple();
[INFO] [stdout]     |     ^^^^^^^^^^ use of undeclared crate or module `sp_tracing`
[INFO] [stdout] 
[INFO] [stdout] 
[INFO] [stdout] error[E0433]: failed to resolve: use of undeclared crate or module `sp_tracing`
[INFO] [stdout]    --> src/litep2p/shim/notification/tests/peerset.rs:696:2
[INFO] [stdout]     |
[INFO] [stdout] 696 |     sp_tracing::try_init_simple();
[INFO] [stdout]     |     ^^^^^^^^^^ use of undeclared crate or module `sp_tracing`
[INFO] [stdout] 
[INFO] [stdout] 
[INFO] [stdout] error[E0433]: failed to resolve: use of undeclared crate or module `sp_tracing`
[INFO] [stdout]    --> src/litep2p/shim/notification/tests/peerset.rs:726:2
[INFO] [stdout]     |
[INFO] [stdout] 726 |     sp_tracing::try_init_simple();
[INFO] [stdout]     |     ^^^^^^^^^^ use of undeclared crate or module `sp_tracing`
[INFO] [stdout] 
[INFO] [stdout] 
[INFO] [stdout] error[E0433]: failed to resolve: use of undeclared crate or module `sp_tracing`
[INFO] [stdout]    --> src/litep2p/shim/notification/tests/peerset.rs:782:2
[INFO] [stdout]     |
[INFO] [stdout] 782 |     sp_tracing::try_init_simple();
[INFO] [stdout]     |     ^^^^^^^^^^ use of undeclared crate or module `sp_tracing`
[INFO] [stdout] 
[INFO] [stdout] 
[INFO] [stdout] error[E0433]: failed to resolve: use of undeclared crate or module `sp_tracing`
[INFO] [stdout]    --> src/litep2p/shim/request_response/tests.rs:496:2
[INFO] [stdout]     |
[INFO] [stdout] 496 |     sp_tracing::try_init_simple();
[INFO] [stdout]     |     ^^^^^^^^^^ use of undeclared crate or module `sp_tracing`
[INFO] [stdout] 
[INFO] [stdout] 
[INFO] [stdout] error[E0433]: failed to resolve: use of undeclared crate or module `sp_tracing`
[INFO] [stdout]    --> src/litep2p/shim/request_response/tests.rs:638:2
[INFO] [stdout]     |
[INFO] [stdout] 638 |     sp_tracing::try_init_simple();
[INFO] [stdout]     |     ^^^^^^^^^^ use of undeclared crate or module `sp_tracing`
[INFO] [stdout] 
[INFO] [stdout] 
[INFO] [stdout] error[E0433]: failed to resolve: use of undeclared crate or module `sp_tracing`
[INFO] [stdout]    --> src/litep2p/shim/request_response/tests.rs:780:2
[INFO] [stdout]     |
[INFO] [stdout] 780 |     sp_tracing::try_init_simple();
[INFO] [stdout]     |     ^^^^^^^^^^ use of undeclared crate or module `sp_tracing`
[INFO] [stdout] 
[INFO] [stdout] 
[INFO] [stdout] Some errors have detailed explanations: E0432, E0433.
[INFO] [stdout] 
[INFO] [stdout] For more information about an error, try `rustc --explain E0432`.
[INFO] [stdout] 
[INFO] [stderr] error: could not compile `sc-network` (lib test) due to 20 previous errors
[INFO] running `Command { std: "docker" "inspect" "747c94689020fad2b9bedd7d0648565a9db697568c7d9382b1e8f929c636eca7", kill_on_drop: false }`
[INFO] running `Command { std: "docker" "rm" "-f" "747c94689020fad2b9bedd7d0648565a9db697568c7d9382b1e8f929c636eca7", kill_on_drop: false }`
[INFO] [stdout] 747c94689020fad2b9bedd7d0648565a9db697568c7d9382b1e8f929c636eca7
