[INFO] fetching crate savant_rs 0.1.23...
[INFO] testing savant_rs-0.1.23 against nightly-2024-10-28+rustflags=-Zrandomize-layout for randomize-layout
[INFO] extracting crate savant_rs 0.1.23 into /workspace/builds/worker-6-tc2/source
[INFO] validating manifest of crates.io crate savant_rs 0.1.23 on toolchain nightly-2024-10-28
[INFO] running `Command { std: CARGO_HOME="/workspace/cargo-home" RUSTUP_HOME="/workspace/rustup-home" "/workspace/cargo-home/bin/cargo" "+nightly-2024-10-28" "metadata" "--manifest-path" "Cargo.toml" "--no-deps", kill_on_drop: false }`
[INFO] started tweaking crates.io crate savant_rs 0.1.23
[INFO] finished tweaking crates.io crate savant_rs 0.1.23
[INFO] tweaked toml for crates.io crate savant_rs 0.1.23 written to /workspace/builds/worker-6-tc2/source/Cargo.toml
[INFO] running `Command { std: CARGO_HOME="/workspace/cargo-home" RUSTUP_HOME="/workspace/rustup-home" "/workspace/cargo-home/bin/cargo" "+nightly-2024-10-28" "generate-lockfile" "--manifest-path" "Cargo.toml", kill_on_drop: false }`
[INFO] [stderr]     Updating crates.io index
[INFO] [stderr]      Locking 198 packages to latest compatible versions
[INFO] [stderr]       Adding cbindgen v0.24.5 (available: v0.27.0)
[INFO] [stderr]       Adding derive_builder v0.12.0 (available: v0.20.2)
[INFO] [stderr]       Adding env_logger v0.10.2 (available: v0.11.5)
[INFO] [stderr]       Adding geo v0.24.1 (available: v0.29.0)
[INFO] [stderr]       Adding hashbrown v0.13.2 (available: v0.15.0)
[INFO] [stderr]       Adding itertools v0.10.5 (available: v0.13.0)
[INFO] [stderr]       Adding lru v0.10.1 (available: v0.12.5)
[INFO] [stderr]       Adding nalgebra v0.32.6 (available: v0.33.2)
[INFO] [stderr]       Adding ndarray v0.15.6 (available: v0.16.1)
[INFO] [stderr]       Adding numpy v0.18.0 (available: v0.22.1)
[INFO] [stderr]       Adding pyo3 v0.18.3 (available: v0.22.5)
[INFO] [stderr]       Adding pyo3-build-config v0.18.3 (available: v0.22.5)
[INFO] [stderr]       Adding pyo3-log v0.8.4 (available: v0.11.0)
[INFO] [stderr]       Adding rkyv v0.7.45 (available: v0.8.8)
[INFO] [stderr]       Adding serial_test v2.0.0 (available: v3.1.1)
[INFO] running `Command { std: CARGO_HOME="/workspace/cargo-home" RUSTUP_HOME="/workspace/rustup-home" "/workspace/cargo-home/bin/cargo" "+nightly-2024-10-28" "fetch" "--manifest-path" "Cargo.toml", kill_on_drop: false }`
[INFO] running `Command { std: "docker" "create" "-v" "/var/lib/crater-agent-workspace/builds/worker-6-tc2/target:/opt/rustwide/target:rw,Z" "-v" "/var/lib/crater-agent-workspace/builds/worker-6-tc2/source:/opt/rustwide/workdir:ro,Z" "-v" "/var/lib/crater-agent-workspace/cargo-home:/opt/rustwide/cargo-home:ro,Z" "-v" "/var/lib/crater-agent-workspace/rustup-home:/opt/rustwide/rustup-home:ro,Z" "-e" "SOURCE_DIR=/opt/rustwide/workdir" "-e" "CARGO_TARGET_DIR=/opt/rustwide/target" "-e" "CARGO_HOME=/opt/rustwide/cargo-home" "-e" "RUSTUP_HOME=/opt/rustwide/rustup-home" "-w" "/opt/rustwide/workdir" "-m" "1610612736" "--user" "0:0" "--network" "none" "ghcr.io/rust-lang/crates-build-env/linux@sha256:4a844ea9eb2546a2d2c7022eacef16ef2e8229c7fbb2c7d4d55a9ceca922f72d" "/opt/rustwide/cargo-home/bin/cargo" "+nightly-2024-10-28" "metadata" "--no-deps" "--format-version=1", kill_on_drop: false }`
[INFO] [stdout] a6f94ef96cece626302d423a6d2ec940a524a7dd18ca12360ad0fe5cd05861da
[INFO] running `Command { std: "docker" "start" "-a" "a6f94ef96cece626302d423a6d2ec940a524a7dd18ca12360ad0fe5cd05861da", kill_on_drop: false }`
[INFO] running `Command { std: "docker" "inspect" "a6f94ef96cece626302d423a6d2ec940a524a7dd18ca12360ad0fe5cd05861da", kill_on_drop: false }`
[INFO] running `Command { std: "docker" "rm" "-f" "a6f94ef96cece626302d423a6d2ec940a524a7dd18ca12360ad0fe5cd05861da", kill_on_drop: false }`
[INFO] [stdout] a6f94ef96cece626302d423a6d2ec940a524a7dd18ca12360ad0fe5cd05861da
[INFO] running `Command { std: "docker" "create" "-v" "/var/lib/crater-agent-workspace/builds/worker-6-tc2/target:/opt/rustwide/target:rw,Z" "-v" "/var/lib/crater-agent-workspace/builds/worker-6-tc2/source:/opt/rustwide/workdir:ro,Z" "-v" "/var/lib/crater-agent-workspace/cargo-home:/opt/rustwide/cargo-home:ro,Z" "-v" "/var/lib/crater-agent-workspace/rustup-home:/opt/rustwide/rustup-home:ro,Z" "-e" "SOURCE_DIR=/opt/rustwide/workdir" "-e" "CARGO_TARGET_DIR=/opt/rustwide/target" "-e" "CARGO_INCREMENTAL=0" "-e" "RUST_BACKTRACE=full" "-e" "RUSTFLAGS=--cap-lints=forbid -Zrandomize-layout" "-e" "RUSTDOCFLAGS=--cap-lints=forbid" "-e" "CARGO_HOME=/opt/rustwide/cargo-home" "-e" "RUSTUP_HOME=/opt/rustwide/rustup-home" "-w" "/opt/rustwide/workdir" "-m" "1610612736" "--user" "0:0" "--network" "none" "ghcr.io/rust-lang/crates-build-env/linux@sha256:4a844ea9eb2546a2d2c7022eacef16ef2e8229c7fbb2c7d4d55a9ceca922f72d" "/opt/rustwide/cargo-home/bin/cargo" "+nightly-2024-10-28" "build" "--frozen" "--message-format=json", kill_on_drop: false }`
[INFO] [stdout] ba540857c50bbc144382960d13423d1ae6fd7282633263347f75c8cdba375de6
[INFO] running `Command { std: "docker" "start" "-a" "ba540857c50bbc144382960d13423d1ae6fd7282633263347f75c8cdba375de6", kill_on_drop: false }`
[INFO] [stderr]    Compiling syn v1.0.109
[INFO] [stderr]    Compiling target-lexicon v0.12.16
[INFO] [stderr]    Compiling strsim v0.10.0
[INFO] [stderr]    Compiling lock_api v0.4.12
[INFO] [stderr]    Compiling ahash v0.7.8
[INFO] [stderr]    Compiling indexmap v1.9.3
[INFO] [stderr]    Compiling getrandom v0.2.15
[INFO] [stderr]    Compiling fixedbitset v0.4.2
[INFO] [stderr]    Compiling parking_lot_core v0.9.10
[INFO] [stderr]    Compiling serde_derive v1.0.214
[INFO] [stderr]    Compiling rustix v0.38.38
[INFO] [stderr]    Compiling heapless v0.7.17
[INFO] [stderr]    Compiling backtrace v0.3.74
[INFO] [stderr]    Compiling approx v0.5.1
[INFO] [stderr]    Compiling thread-id v4.2.2
[INFO] [stderr]    Compiling matrixmultiply v0.3.9
[INFO] [stderr]    Compiling memoffset v0.8.0
[INFO] [stderr]    Compiling petgraph v0.6.5
[INFO] [stderr]    Compiling linux-raw-sys v0.4.14
[INFO] [stderr]    Compiling paste v1.0.15
[INFO] [stderr]    Compiling os_str_bytes v6.6.1
[INFO] [stderr]    Compiling bitflags v2.6.0
[INFO] [stderr]    Compiling bytemuck v1.19.0
[INFO] [stderr]    Compiling byteorder v1.5.0
[INFO] [stderr]    Compiling spin v0.9.8
[INFO] [stderr]    Compiling num-complex v0.4.6
[INFO] [stderr]    Compiling clap_lex v0.2.4
[INFO] [stderr]    Compiling hash32 v0.2.1
[INFO] [stderr]    Compiling hashbrown v0.12.3
[INFO] [stderr]    Compiling safe_arch v0.7.2
[INFO] [stderr]    Compiling num-integer v0.1.46
[INFO] [stderr]    Compiling atty v0.2.14
[INFO] [stderr]    Compiling ahash v0.8.11
[INFO] [stderr]    Compiling rawpointer v0.2.1
[INFO] [stderr]    Compiling cbindgen v0.24.5
[INFO] [stderr]    Compiling bytecheck v0.6.12
[INFO] [stderr]    Compiling bitflags v1.3.2
[INFO] [stderr]    Compiling deunicode v1.6.0
[INFO] [stderr]    Compiling stable_deref_trait v1.2.0
[INFO] [stderr]    Compiling textwrap v0.16.1
[INFO] [stderr]    Compiling fastrand v2.1.1
[INFO] [stderr]    Compiling pyo3-build-config v0.18.3
[INFO] [stderr]    Compiling slug v0.1.6
[INFO] [stderr]    Compiling simdutf8 v0.1.5
[INFO] [stderr]    Compiling rend v0.4.2
[INFO] [stderr]    Compiling indoc v1.0.9
[INFO] [stderr]    Compiling wide v0.7.28
[INFO] [stderr]    Compiling unindent v0.1.11
[INFO] [stderr]    Compiling zerocopy v0.7.35
[INFO] [stderr]    Compiling heck v0.4.1
[INFO] [stderr]    Compiling regex-automata v0.4.8
[INFO] [stderr]    Compiling num-rational v0.4.2
[INFO] [stderr]    Compiling nalgebra-macros v0.2.2
[INFO] [stderr]    Compiling either v1.13.0
[INFO] [stderr]    Compiling rkyv v0.7.45
[INFO] [stderr]    Compiling clap v3.2.25
[INFO] [stderr]    Compiling rstar v0.10.0
[INFO] [stderr]    Compiling ndarray v0.15.6
[INFO] [stderr]    Compiling geographiclib-rs v0.2.4
[INFO] [stderr]    Compiling hashbrown v0.13.2
[INFO] [stderr]    Compiling is-terminal v0.4.13
[INFO] [stderr]    Compiling geo-types v0.7.13
[INFO] [stderr]    Compiling seahash v4.1.0
[INFO] [stderr]    Compiling arc-swap v1.7.1
[INFO] [stderr]    Compiling unsafe-libyaml v0.2.11
[INFO] [stderr]    Compiling robust v0.2.3
[INFO] [stderr]    Compiling float_next_after v1.0.0
[INFO] [stderr]    Compiling rayon v1.10.0
[INFO] [stderr]    Compiling parking_lot v0.12.3
[INFO] [stderr]    Compiling lru v0.10.1
[INFO] [stderr]    Compiling tempfile v3.13.0
[INFO] [stderr]    Compiling geo v0.24.1
[INFO] [stderr]    Compiling itertools v0.10.5
[INFO] [stderr]    Compiling pyo3-ffi v0.18.3
[INFO] [stderr]    Compiling pyo3 v0.18.3
[INFO] [stderr]    Compiling simba v0.8.1
[INFO] [stderr]    Compiling num_cpus v1.16.0
[INFO] [stderr]    Compiling libloading v0.8.5
[INFO] [stderr]    Compiling serde v1.0.214
[INFO] [stderr]    Compiling darling_core v0.14.4
[INFO] [stderr]    Compiling pyo3-macros-backend v0.18.3
[INFO] [stderr]    Compiling regex v1.11.1
[INFO] [stderr]    Compiling env_logger v0.10.2
[INFO] [stderr]    Compiling ptr_meta_derive v0.1.4
[INFO] [stderr]    Compiling bytecheck_derive v0.6.12
[INFO] [stderr]    Compiling rkyv_derive v0.7.45
[INFO] [stderr]    Compiling ptr_meta v0.1.4
[INFO] [stderr]    Compiling darling_macro v0.14.4
[INFO] [stderr]    Compiling darling v0.14.4
[INFO] [stderr]    Compiling derive_builder_core v0.12.0
[INFO] [stderr]    Compiling pyo3-macros v0.18.3
[INFO] [stderr]    Compiling derive_builder_macro v0.12.0
[INFO] [stderr]    Compiling serde_json v1.0.132
[INFO] [stderr]    Compiling toml v0.5.11
[INFO] [stderr]    Compiling serde_yaml v0.9.34+deprecated
[INFO] [stderr]    Compiling derive_builder v0.12.0
[INFO] [stderr]    Compiling jmespath v0.3.0
[INFO] [stderr]    Compiling nalgebra v0.32.6
[INFO] [stderr]    Compiling pyo3-log v0.8.4
[INFO] [stderr]    Compiling savant_rs v0.1.23 (/opt/rustwide/workdir)
[INFO] [stderr]    Compiling numpy v0.18.0
[INFO] [stderr]     Finished `dev` profile [unoptimized + debuginfo] target(s) in 20.21s
[INFO] running `Command { std: "docker" "inspect" "ba540857c50bbc144382960d13423d1ae6fd7282633263347f75c8cdba375de6", kill_on_drop: false }`
[INFO] running `Command { std: "docker" "rm" "-f" "ba540857c50bbc144382960d13423d1ae6fd7282633263347f75c8cdba375de6", kill_on_drop: false }`
[INFO] [stdout] ba540857c50bbc144382960d13423d1ae6fd7282633263347f75c8cdba375de6
[INFO] running `Command { std: "docker" "create" "-v" "/var/lib/crater-agent-workspace/builds/worker-6-tc2/target:/opt/rustwide/target:rw,Z" "-v" "/var/lib/crater-agent-workspace/builds/worker-6-tc2/source:/opt/rustwide/workdir:ro,Z" "-v" "/var/lib/crater-agent-workspace/cargo-home:/opt/rustwide/cargo-home:ro,Z" "-v" "/var/lib/crater-agent-workspace/rustup-home:/opt/rustwide/rustup-home:ro,Z" "-e" "SOURCE_DIR=/opt/rustwide/workdir" "-e" "CARGO_TARGET_DIR=/opt/rustwide/target" "-e" "CARGO_INCREMENTAL=0" "-e" "RUST_BACKTRACE=full" "-e" "RUSTFLAGS=--cap-lints=forbid -Zrandomize-layout" "-e" "RUSTDOCFLAGS=--cap-lints=forbid" "-e" "CARGO_HOME=/opt/rustwide/cargo-home" "-e" "RUSTUP_HOME=/opt/rustwide/rustup-home" "-w" "/opt/rustwide/workdir" "-m" "1610612736" "--user" "0:0" "--network" "none" "ghcr.io/rust-lang/crates-build-env/linux@sha256:4a844ea9eb2546a2d2c7022eacef16ef2e8229c7fbb2c7d4d55a9ceca922f72d" "/opt/rustwide/cargo-home/bin/cargo" "+nightly-2024-10-28" "test" "--frozen" "--no-run" "--message-format=json", kill_on_drop: false }`
[INFO] [stdout] 16f84c6a86967c2b807826af55eab3c2813ee2f47ba655f3269449fcbd7b435a
[INFO] running `Command { std: "docker" "start" "-a" "16f84c6a86967c2b807826af55eab3c2813ee2f47ba655f3269449fcbd7b435a", kill_on_drop: false }`
[INFO] [stderr]    Compiling slab v0.4.9
[INFO] [stderr]    Compiling futures-sink v0.3.31
[INFO] [stderr]    Compiling futures-core v0.3.31
[INFO] [stderr]    Compiling futures-task v0.3.31
[INFO] [stderr]    Compiling pin-project-lite v0.2.15
[INFO] [stderr]    Compiling futures-io v0.3.31
[INFO] [stderr]    Compiling hashbrown v0.14.5
[INFO] [stderr]    Compiling serial_test_derive v2.0.0
[INFO] [stderr]    Compiling futures-channel v0.3.31
[INFO] [stderr]    Compiling futures-util v0.3.31
[INFO] [stderr]    Compiling dashmap v5.5.3
[INFO] [stderr]    Compiling futures-executor v0.3.31
[INFO] [stderr]    Compiling futures v0.3.31
[INFO] [stderr]    Compiling serial_test v2.0.0
[INFO] [stderr]    Compiling savant_rs v0.1.23 (/opt/rustwide/workdir)
[INFO] [stdout] error: linking with `cc` failed: exit status: 1
[INFO] [stdout]   |
[INFO] [stdout]   = note: LC_ALL="C" PATH="/opt/rustwide/rustup-home/toolchains/nightly-2024-10-28-x86_64-unknown-linux-gnu/lib/rustlib/x86_64-unknown-linux-gnu/bin:/opt/rustwide/rustup-home/toolchains/nightly-2024-10-28-x86_64-unknown-linux-gnu/lib/rustlib/x86_64-unknown-linux-gnu/bin/self-contained:/opt/rustwide/cargo-home/bin:/usr/local/sbin:/usr/local/bin:/usr/sbin:/usr/bin:/sbin:/bin" VSLANG="1033" "cc" "-m64" "/tmp/rustcS7Inae/symbols.o" "/opt/rustwide/target/debug/deps/savant_rs-effeeaa49d13f596.savant_rs.81e6714795989ea3-cgu.00.rcgu.o" "/opt/rustwide/target/debug/deps/savant_rs-effeeaa49d13f596.savant_rs.81e6714795989ea3-cgu.01.rcgu.o" "/opt/rustwide/target/debug/deps/savant_rs-effeeaa49d13f596.savant_rs.81e6714795989ea3-cgu.02.rcgu.o" "/opt/rustwide/target/debug/deps/savant_rs-effeeaa49d13f596.savant_rs.81e6714795989ea3-cgu.03.rcgu.o" "/opt/rustwide/target/debug/deps/savant_rs-effeeaa49d13f596.savant_rs.81e6714795989ea3-cgu.04.rcgu.o" "/opt/rustwide/target/debug/deps/savant_rs-effeeaa49d13f596.savant_rs.81e6714795989ea3-cgu.05.rcgu.o" "/opt/rustwide/target/debug/deps/savant_rs-effeeaa49d13f596.savant_rs.81e6714795989ea3-cgu.06.rcgu.o" "/opt/rustwide/target/debug/deps/savant_rs-effeeaa49d13f596.savant_rs.81e6714795989ea3-cgu.07.rcgu.o" "/opt/rustwide/target/debug/deps/savant_rs-effeeaa49d13f596.savant_rs.81e6714795989ea3-cgu.08.rcgu.o" "/opt/rustwide/target/debug/deps/savant_rs-effeeaa49d13f596.savant_rs.81e6714795989ea3-cgu.09.rcgu.o" "/opt/rustwide/target/debug/deps/savant_rs-effeeaa49d13f596.savant_rs.81e6714795989ea3-cgu.10.rcgu.o" "/opt/rustwide/target/debug/deps/savant_rs-effeeaa49d13f596.savant_rs.81e6714795989ea3-cgu.11.rcgu.o" "/opt/rustwide/target/debug/deps/savant_rs-effeeaa49d13f596.savant_rs.81e6714795989ea3-cgu.12.rcgu.o" "/opt/rustwide/target/debug/deps/savant_rs-effeeaa49d13f596.savant_rs.81e6714795989ea3-cgu.13.rcgu.o" "/opt/rustwide/target/debug/deps/savant_rs-effeeaa49d13f596.savant_rs.81e6714795989ea3-cgu.14.rcgu.o" "/opt/rustwide/target/debug/deps/savant_rs-effeeaa49d13f596.savant_rs.81e6714795989ea3-cgu.15.rcgu.o" "/opt/rustwide/target/debug/deps/savant_rs-effeeaa49d13f596.ez0q1ljwd9o2vee6uv0oyae0a.rcgu.o" "-Wl,--as-needed" "-Wl,-Bstatic" "/opt/rustwide/target/debug/deps/libpyo3_log-4f563e937a54faee.rlib" "/opt/rustwide/target/debug/deps/libarc_swap-c3af589bb46fe03c.rlib" "/opt/rustwide/target/debug/deps/libserde_yaml-eb14ee4e415cdb8f.rlib" "/opt/rustwide/target/debug/deps/libunsafe_libyaml-18c724e223d22ffd.rlib" "/opt/rustwide/target/debug/deps/libjmespath-dfa8b29122cad96b.rlib" "/opt/rustwide/target/debug/deps/liblru-30151ca9993a8d2f.rlib" "/opt/rustwide/target/debug/deps/libanyhow-c6bfdd57e897141e.rlib" "/opt/rustwide/rustup-home/toolchains/nightly-2024-10-28-x86_64-unknown-linux-gnu/lib/rustlib/x86_64-unknown-linux-gnu/lib/libtest-a09fad3b5321e7d6.rlib" "/opt/rustwide/rustup-home/toolchains/nightly-2024-10-28-x86_64-unknown-linux-gnu/lib/rustlib/x86_64-unknown-linux-gnu/lib/libgetopts-f9c3dff41ad42661.rlib" "/opt/rustwide/rustup-home/toolchains/nightly-2024-10-28-x86_64-unknown-linux-gnu/lib/rustlib/x86_64-unknown-linux-gnu/lib/libunicode_width-ad2aef31af6addd3.rlib" "/opt/rustwide/rustup-home/toolchains/nightly-2024-10-28-x86_64-unknown-linux-gnu/lib/rustlib/x86_64-unknown-linux-gnu/lib/librustc_std_workspace_std-e3f907dc03deb913.rlib" "/opt/rustwide/target/debug/deps/libserial_test-90f0dabac471e7d5.rlib" "/opt/rustwide/target/debug/deps/libfutures-58c77e6e9f88731f.rlib" "/opt/rustwide/target/debug/deps/libfutures_executor-d69114da3a9fab10.rlib" "/opt/rustwide/target/debug/deps/libfutures_util-49a7810155eb5e13.rlib" "/opt/rustwide/target/debug/deps/libfutures_io-124a01bb0b35f096.rlib" "/opt/rustwide/target/debug/deps/libslab-d637e80c635d9ae6.rlib" "/opt/rustwide/target/debug/deps/libfutures_channel-6368d936959d2967.rlib" "/opt/rustwide/target/debug/deps/libpin_project_lite-2633596a5f246a3b.rlib" "/opt/rustwide/target/debug/deps/libfutures_sink-4d32f3be9705a29b.rlib" "/opt/rustwide/target/debug/deps/libfutures_task-6b7e7a881f61604a.rlib" "/opt/rustwide/target/debug/deps/libpin_utils-76c2785263cdb1c1.rlib" "/opt/rustwide/target/debug/deps/libfutures_core-eeb6e4ec8d2fd68c.rlib" "/opt/rustwide/target/debug/deps/libdashmap-b7030e886370a272.rlib" "/opt/rustwide/target/debug/deps/libhashbrown-17cd557bcbec3b2d.rlib" "/opt/rustwide/target/debug/deps/libthiserror-f6397f184a4c3395.rlib" "/opt/rustwide/target/debug/deps/liblibloading-054a21082cc39ce4.rlib" "/opt/rustwide/target/debug/deps/libhashbrown-a2a0b33c005a794e.rlib" "/opt/rustwide/target/debug/deps/libahash-d32e60018b53639a.rlib" "/opt/rustwide/target/debug/deps/libzerocopy-31bec17133e02521.rlib" "/opt/rustwide/target/debug/deps/librayon-9eef7b85944a64b9.rlib" "/opt/rustwide/target/debug/deps/librayon_core-a58a5f58eb9ad7db.rlib" "/opt/rustwide/target/debug/deps/libcrossbeam_deque-858959b96805030a.rlib" "/opt/rustwide/target/debug/deps/libcrossbeam_epoch-b5a33f884d5450b9.rlib" "/opt/rustwide/target/debug/deps/libcrossbeam_utils-fd980c92aed8cdbe.rlib" "/opt/rustwide/target/debug/deps/libeither-386a0ff0e76518e4.rlib" "/opt/rustwide/target/debug/deps/libgeo-ae1e08a70a9f3e21.rlib" "/opt/rustwide/target/debug/deps/libfloat_next_after-fa20fc63c73ca556.rlib" "/opt/rustwide/target/debug/deps/libgeographiclib_rs-019f947ae590e283.rlib" "/opt/rustwide/target/debug/deps/liblibm-9122e3cb1887cfdf.rlib" "/opt/rustwide/target/debug/deps/librobust-5ea455eff342a0c3.rlib" "/opt/rustwide/target/debug/deps/liblog-e7e7e8ec9ff686da.rlib" "/opt/rustwide/target/debug/deps/libgeo_types-1a748d643b2be372.rlib" "/opt/rustwide/target/debug/deps/librstar-ba8812e98d6680f7.rlib" "/opt/rustwide/target/debug/deps/libheapless-8471d233a48d5fa5.rlib" "/opt/rustwide/target/debug/deps/libstable_deref_trait-99ae74af448b958c.rlib" "/opt/rustwide/target/debug/deps/libspin-7c2bd159db37c2ff.rlib" "/opt/rustwide/target/debug/deps/libhash32-529db8911d6b91bd.rlib" "/opt/rustwide/target/debug/deps/libbyteorder-7817d47eb31dfb0c.rlib" "/opt/rustwide/target/debug/deps/liblazy_static-7af2f34f8b124b26.rlib" "/opt/rustwide/target/debug/deps/libnumpy-c17c5c80b09b886f.rlib" "/opt/rustwide/target/debug/deps/libnalgebra-5df656dbedb7af9c.rlib" "/opt/rustwide/target/debug/deps/libnum_rational-ba93393ac91e5639.rlib" "/opt/rustwide/target/debug/deps/libtypenum-5326f72807cfe834.rlib" "/opt/rustwide/target/debug/deps/libsimba-fa1d385cf29d2187.rlib" "/opt/rustwide/target/debug/deps/libwide-0a54233eee15b652.rlib" "/opt/rustwide/target/debug/deps/libsafe_arch-add735df2d4c7dd7.rlib" "/opt/rustwide/target/debug/deps/libbytemuck-b219afd492cc01b6.rlib" "/opt/rustwide/target/debug/deps/libapprox-ebe6aa8ab6db0685.rlib" "/opt/rustwide/target/debug/deps/librustc_hash-449b4f68ddd88550.rlib" "/opt/rustwide/target/debug/deps/libndarray-579d8799095b20b4.rlib" "/opt/rustwide/target/debug/deps/libmatrixmultiply-f4ef83edbd5be4df.rlib" "/opt/rustwide/target/debug/deps/libnum_complex-c86f352683634a34.rlib" "/opt/rustwide/target/debug/deps/libnum_integer-b9eaa4ef6c41fbb9.rlib" "/opt/rustwide/target/debug/deps/libnum_traits-81eb09d354fc8f28.rlib" "/opt/rustwide/target/debug/deps/librawpointer-9a82b3d0237eca24.rlib" "/opt/rustwide/target/debug/deps/libderive_builder-f3fe0d8ecc6fab13.rlib" "/opt/rustwide/target/debug/deps/libserde_json-5739ebb9819cb0bd.rlib" "/opt/rustwide/target/debug/deps/libitoa-add5260810035b6e.rlib" "/opt/rustwide/target/debug/deps/libryu-2ae7af5af0bb88e0.rlib" "/opt/rustwide/target/debug/deps/libserde-1bd0b804b330197a.rlib" "/opt/rustwide/target/debug/deps/librkyv-34faab450447c6d2.rlib" "/opt/rustwide/target/debug/deps/librend-405e364e343f1c38.rlib" "/opt/rustwide/target/debug/deps/libhashbrown-f5bf17ceaba24a97.rlib" "/opt/rustwide/target/debug/deps/libahash-daecfb6d86d1bfa2.rlib" "/opt/rustwide/target/debug/deps/libgetrandom-98f9e59be9544545.rlib" "/opt/rustwide/target/debug/deps/libonce_cell-6dc575c335e8f5a1.rlib" "/opt/rustwide/target/debug/deps/libseahash-8b00466cf55ae47f.rlib" "/opt/rustwide/target/debug/deps/libbytecheck-910315e58071909d.rlib" "/opt/rustwide/target/debug/deps/libsimdutf8-4d1e5f4762fc371c.rlib" "/opt/rustwide/target/debug/deps/libptr_meta-901408bcd823bdb7.rlib" "/opt/rustwide/target/debug/deps/libpyo3-d40ab198a1d51ff3.rlib" "/opt/rustwide/target/debug/deps/libmemoffset-7c3958136d92b414.rlib" "/opt/rustwide/target/debug/deps/libparking_lot-5794a9a498f5091e.rlib" "/opt/rustwide/target/debug/deps/libparking_lot_core-f24364efd0305ab2.rlib" "/opt/rustwide/target/debug/deps/libthread_id-e0a6956e0f0e4a73.rlib" "/opt/rustwide/target/debug/deps/libpetgraph-6f057cafd964bf78.rlib" "/opt/rustwide/target/debug/deps/libindexmap-dc95a38cbf6415fa.rlib" "/opt/rustwide/target/debug/deps/libequivalent-9e89cbd86631a94f.rlib" "/opt/rustwide/target/debug/deps/libhashbrown-29cea3b674da82b3.rlib" "/opt/rustwide/target/debug/deps/libfixedbitset-e62d79dae90481b3.rlib" "/opt/rustwide/target/debug/deps/libbacktrace-cd3a83a454e52f9f.rlib" "/opt/rustwide/target/debug/deps/libminiz_oxide-aab7f170bc76163e.rlib" "/opt/rustwide/target/debug/deps/libadler2-b3e8bf616d8ed0c4.rlib" "/opt/rustwide/target/debug/deps/libobject-ade99612cbeb3254.rlib" "/opt/rustwide/target/debug/deps/libmemchr-c7ff0286392b94eb.rlib" "/opt/rustwide/target/debug/deps/libaddr2line-dd4d4e91cb412549.rlib" "/opt/rustwide/target/debug/deps/libgimli-29a90498a79efb86.rlib" "/opt/rustwide/target/debug/deps/libcfg_if-57bf25c23e31efdb.rlib" "/opt/rustwide/target/debug/deps/librustc_demangle-01b1170af4428f72.rlib" "/opt/rustwide/target/debug/deps/libsmallvec-756ee87804f0eec5.rlib" "/opt/rustwide/target/debug/deps/liblock_api-e2cb0d427dfba242.rlib" "/opt/rustwide/target/debug/deps/libscopeguard-003ee3b9b09cebdb.rlib" "/opt/rustwide/target/debug/deps/libpyo3_ffi-234562f1c794b9d5.rlib" "/opt/rustwide/target/debug/deps/liblibc-cf06f29c0a4f6ede.rlib" "/opt/rustwide/target/debug/deps/libunindent-1e23dff4ebeeb400.rlib" "/opt/rustwide/rustup-home/toolchains/nightly-2024-10-28-x86_64-unknown-linux-gnu/lib/rustlib/x86_64-unknown-linux-gnu/lib/libstd-fb8c387236db3c10.rlib" "/opt/rustwide/rustup-home/toolchains/nightly-2024-10-28-x86_64-unknown-linux-gnu/lib/rustlib/x86_64-unknown-linux-gnu/lib/libpanic_unwind-b251837809b2f64b.rlib" "/opt/rustwide/rustup-home/toolchains/nightly-2024-10-28-x86_64-unknown-linux-gnu/lib/rustlib/x86_64-unknown-linux-gnu/lib/libobject-cbef83eaa4e01f04.rlib" "/opt/rustwide/rustup-home/toolchains/nightly-2024-10-28-x86_64-unknown-linux-gnu/lib/rustlib/x86_64-unknown-linux-gnu/lib/libmemchr-12a772286de2fca7.rlib" "/opt/rustwide/rustup-home/toolchains/nightly-2024-10-28-x86_64-unknown-linux-gnu/lib/rustlib/x86_64-unknown-linux-gnu/lib/libaddr2line-023bbe5ada7abfc3.rlib" "/opt/rustwide/rustup-home/toolchains/nightly-2024-10-28-x86_64-unknown-linux-gnu/lib/rustlib/x86_64-unknown-linux-gnu/lib/libgimli-de2bcdf10ec69c2b.rlib" "/opt/rustwide/rustup-home/toolchains/nightly-2024-10-28-x86_64-unknown-linux-gnu/lib/rustlib/x86_64-unknown-linux-gnu/lib/librustc_demangle-8e1754df350800fd.rlib" "/opt/rustwide/rustup-home/toolchains/nightly-2024-10-28-x86_64-unknown-linux-gnu/lib/rustlib/x86_64-unknown-linux-gnu/lib/libstd_detect-06c2ab7b9c32e037.rlib" "/opt/rustwide/rustup-home/toolchains/nightly-2024-10-28-x86_64-unknown-linux-gnu/lib/rustlib/x86_64-unknown-linux-gnu/lib/libhashbrown-51d2621fc57a281b.rlib" "/opt/rustwide/rustup-home/toolchains/nightly-2024-10-28-x86_64-unknown-linux-gnu/lib/rustlib/x86_64-unknown-linux-gnu/lib/librustc_std_workspace_alloc-54a930408793772f.rlib" "/opt/rustwide/rustup-home/toolchains/nightly-2024-10-28-x86_64-unknown-linux-gnu/lib/rustlib/x86_64-unknown-linux-gnu/lib/libminiz_oxide-0c7d01cba400dcb2.rlib" "/opt/rustwide/rustup-home/toolchains/nightly-2024-10-28-x86_64-unknown-linux-gnu/lib/rustlib/x86_64-unknown-linux-gnu/lib/libadler-b9f84d69e331b75b.rlib" "/opt/rustwide/rustup-home/toolchains/nightly-2024-10-28-x86_64-unknown-linux-gnu/lib/rustlib/x86_64-unknown-linux-gnu/lib/libunwind-eec95493246aae39.rlib" "/opt/rustwide/rustup-home/toolchains/nightly-2024-10-28-x86_64-unknown-linux-gnu/lib/rustlib/x86_64-unknown-linux-gnu/lib/libcfg_if-6f6676c475e08ab0.rlib" "/opt/rustwide/rustup-home/toolchains/nightly-2024-10-28-x86_64-unknown-linux-gnu/lib/rustlib/x86_64-unknown-linux-gnu/lib/liblibc-799d520624f8b2e0.rlib" "/opt/rustwide/rustup-home/toolchains/nightly-2024-10-28-x86_64-unknown-linux-gnu/lib/rustlib/x86_64-unknown-linux-gnu/lib/liballoc-fcf93d4842acd9a9.rlib" "/opt/rustwide/rustup-home/toolchains/nightly-2024-10-28-x86_64-unknown-linux-gnu/lib/rustlib/x86_64-unknown-linux-gnu/lib/librustc_std_workspace_core-395a38b8e0851c9b.rlib" "/opt/rustwide/rustup-home/toolchains/nightly-2024-10-28-x86_64-unknown-linux-gnu/lib/rustlib/x86_64-unknown-linux-gnu/lib/libcore-d453bab70303062c.rlib" "/opt/rustwide/rustup-home/toolchains/nightly-2024-10-28-x86_64-unknown-linux-gnu/lib/rustlib/x86_64-unknown-linux-gnu/lib/libcompiler_builtins-0e6386368b0a24e8.rlib" "-Wl,-Bdynamic" "-ldl" "-lgcc_s" "-lutil" "-lrt" "-lpthread" "-lm" "-ldl" "-lc" "-B/opt/rustwide/rustup-home/toolchains/nightly-2024-10-28-x86_64-unknown-linux-gnu/lib/rustlib/x86_64-unknown-linux-gnu/bin/gcc-ld" "-fuse-ld=lld" "-Wl,--eh-frame-hdr" "-Wl,-z,noexecstack" "-L" "/opt/rustwide/rustup-home/toolchains/nightly-2024-10-28-x86_64-unknown-linux-gnu/lib/rustlib/x86_64-unknown-linux-gnu/lib" "-o" "/opt/rustwide/target/debug/deps/savant_rs-effeeaa49d13f596" "-Wl,--gc-sections" "-pie" "-Wl,-z,relro,-z,now" "-nodefaultlibs"
[INFO] [stdout]   = note: rust-lld: error: undefined symbol: PyErr_Fetch
[INFO] [stdout]           >>> referenced by mod.rs:292 (src/err/mod.rs:292)
[INFO] [stdout]           >>>               pyo3-d40ab198a1d51ff3.pyo3.a0a642d3b928d69a-cgu.13.rcgu.o:(pyo3::err::PyErr::take::h23561d656ed88031) in archive /opt/rustwide/target/debug/deps/libpyo3-d40ab198a1d51ff3.rlib
[INFO] [stdout]           
[INFO] [stdout]           rust-lld: error: undefined symbol: Py_IsInitialized
[INFO] [stdout]           >>> referenced by gil.rs:69 (src/gil.rs:69)
[INFO] [stdout]           >>>               pyo3-d40ab198a1d51ff3.pyo3.a0a642d3b928d69a-cgu.14.rcgu.o:(pyo3::gil::prepare_freethreaded_python::_$u7b$$u7b$closure$u7d$$u7d$::hbed6b3d30679caf8) in archive /opt/rustwide/target/debug/deps/libpyo3-d40ab198a1d51ff3.rlib
[INFO] [stdout]           >>> referenced by gil.rs:200 (src/gil.rs:200)
[INFO] [stdout]           >>>               pyo3-d40ab198a1d51ff3.pyo3.a0a642d3b928d69a-cgu.14.rcgu.o:(pyo3::gil::GILGuard::acquire::_$u7b$$u7b$closure$u7d$$u7d$::hdd87db9114d98758) in archive /opt/rustwide/target/debug/deps/libpyo3-d40ab198a1d51ff3.rlib
[INFO] [stdout]           
[INFO] [stdout]           rust-lld: error: undefined symbol: PyErr_Restore
[INFO] [stdout]           >>> referenced by mod.rs:331 (src/err/mod.rs:331)
[INFO] [stdout]           >>>               pyo3-d40ab198a1d51ff3.pyo3.a0a642d3b928d69a-cgu.13.rcgu.o:(pyo3::err::PyErr::take::h23561d656ed88031) in archive /opt/rustwide/target/debug/deps/libpyo3-d40ab198a1d51ff3.rlib
[INFO] [stdout]           
[INFO] [stdout]           rust-lld: error: undefined symbol: PyErr_PrintEx
[INFO] [stdout]           >>> referenced by mod.rs:332 (src/err/mod.rs:332)
[INFO] [stdout]           >>>               pyo3-d40ab198a1d51ff3.pyo3.a0a642d3b928d69a-cgu.13.rcgu.o:(pyo3::err::PyErr::take::h23561d656ed88031) in archive /opt/rustwide/target/debug/deps/libpyo3-d40ab198a1d51ff3.rlib
[INFO] [stdout]           
[INFO] [stdout]           rust-lld: error: undefined symbol: Py_InitializeEx
[INFO] [stdout]           >>> referenced by gil.rs:70 (src/gil.rs:70)
[INFO] [stdout]           >>>               pyo3-d40ab198a1d51ff3.pyo3.a0a642d3b928d69a-cgu.14.rcgu.o:(pyo3::gil::prepare_freethreaded_python::_$u7b$$u7b$closure$u7d$$u7d$::hbed6b3d30679caf8) in archive /opt/rustwide/target/debug/deps/libpyo3-d40ab198a1d51ff3.rlib
[INFO] [stdout]           
[INFO] [stdout]           rust-lld: error: undefined symbol: PyEval_SaveThread
[INFO] [stdout]           >>> referenced by gil.rs:73 (src/gil.rs:73)
[INFO] [stdout]           >>>               pyo3-d40ab198a1d51ff3.pyo3.a0a642d3b928d69a-cgu.14.rcgu.o:(pyo3::gil::prepare_freethreaded_python::_$u7b$$u7b$closure$u7d$$u7d$::hbed6b3d30679caf8) in archive /opt/rustwide/target/debug/deps/libpyo3-d40ab198a1d51ff3.rlib
[INFO] [stdout]           >>> referenced by gil.rs:336 (src/gil.rs:336)
[INFO] [stdout]           >>>               pyo3-d40ab198a1d51ff3.pyo3.a0a642d3b928d69a-cgu.14.rcgu.o:(pyo3::gil::SuspendGIL::new::h6bb51588b352a1ac) in archive /opt/rustwide/target/debug/deps/libpyo3-d40ab198a1d51ff3.rlib
[INFO] [stdout]           
[INFO] [stdout]           rust-lld: error: undefined symbol: PyGILState_Ensure
[INFO] [stdout]           >>> referenced by gil.rs:220 (src/gil.rs:220)
[INFO] [stdout]           >>>               pyo3-d40ab198a1d51ff3.pyo3.a0a642d3b928d69a-cgu.14.rcgu.o:(pyo3::gil::GILGuard::acquire_unchecked::h1e7d0592a9a90cf8) in archive /opt/rustwide/target/debug/deps/libpyo3-d40ab198a1d51ff3.rlib
[INFO] [stdout]           
[INFO] [stdout]           rust-lld: error: undefined symbol: PyErr_NewExceptionWithDoc
[INFO] [stdout]           >>> referenced by mod.rs:412 (src/err/mod.rs:412)
[INFO] [stdout]           >>>               pyo3-d40ab198a1d51ff3.pyo3.a0a642d3b928d69a-cgu.13.rcgu.o:(pyo3::err::PyErr::new_type::he84e053b057cc361) in archive /opt/rustwide/target/debug/deps/libpyo3-d40ab198a1d51ff3.rlib
[INFO] [stdout]           
[INFO] [stdout]           rust-lld: error: undefined symbol: PyObject_GetAttr
[INFO] [stdout]           >>> referenced by any.rs:122 (src/types/any.rs:122)
[INFO] [stdout]           >>>               pyo3-d40ab198a1d51ff3.pyo3.a0a642d3b928d69a-cgu.11.rcgu.o:(pyo3::types::any::PyAny::getattr::h43e67fe6c600fdaa) in archive /opt/rustwide/target/debug/deps/libpyo3-d40ab198a1d51ff3.rlib
[INFO] [stdout]           
[INFO] [stdout]           rust-lld: error: undefined symbol: PyGILState_Release
[INFO] [stdout]           >>> referenced by gil.rs:268 (src/gil.rs:268)
[INFO] [stdout]           >>>               pyo3-d40ab198a1d51ff3.pyo3.a0a642d3b928d69a-cgu.14.rcgu.o:(_$LT$pyo3..gil..GILGuard$u20$as$u20$core..ops..drop..Drop$GT$::drop::h57464319c69c9028) in archive /opt/rustwide/target/debug/deps/libpyo3-d40ab198a1d51ff3.rlib
[INFO] [stdout]           
[INFO] [stdout]           rust-lld: error: undefined symbol: PyErr_NormalizeException
[INFO] [stdout]           >>> referenced by mod.rs:679 (src/err/mod.rs:679)
[INFO] [stdout]           >>>               pyo3-d40ab198a1d51ff3.pyo3.a0a642d3b928d69a-cgu.13.rcgu.o:(pyo3::err::PyErr::make_normalized::h148f2cb896fec321) in archive /opt/rustwide/target/debug/deps/libpyo3-d40ab198a1d51ff3.rlib
[INFO] [stdout]           
[INFO] [stdout]           rust-lld: error: undefined symbol: PyObject_Repr
[INFO] [stdout]           >>> referenced by any.rs:859 (src/types/any.rs:859)
[INFO] [stdout]           >>>               pyo3-d40ab198a1d51ff3.pyo3.a0a642d3b928d69a-cgu.11.rcgu.o:(pyo3::types::any::PyAny::repr::h7103eadcfc5e2aad) in archive /opt/rustwide/target/debug/deps/libpyo3-d40ab198a1d51ff3.rlib
[INFO] [stdout]           
[INFO] [stdout]           rust-lld: error: undefined symbol: PyObject_Str
[INFO] [stdout]           >>> referenced by any.rs:869 (src/types/any.rs:869)
[INFO] [stdout]           >>>               pyo3-d40ab198a1d51ff3.pyo3.a0a642d3b928d69a-cgu.11.rcgu.o:(pyo3::types::any::PyAny::str::haf8776119eadc729) in archive /opt/rustwide/target/debug/deps/libpyo3-d40ab198a1d51ff3.rlib
[INFO] [stdout]           
[INFO] [stdout]           rust-lld: error: undefined symbol: PyEval_RestoreThread
[INFO] [stdout]           >>> referenced by gil.rs:346 (src/gil.rs:346)
[INFO] [stdout]           >>>               pyo3-d40ab198a1d51ff3.pyo3.a0a642d3b928d69a-cgu.14.rcgu.o:(_$LT$pyo3..gil..SuspendGIL$u20$as$u20$core..ops..drop..Drop$GT$::drop::hdb995d51eb16c7f1) in archive /opt/rustwide/target/debug/deps/libpyo3-d40ab198a1d51ff3.rlib
[INFO] [stdout]           
[INFO] [stdout]           rust-lld: error: undefined symbol: PyErr_Print
[INFO] [stdout]           >>> referenced by mod.rs:788 (src/err/mod.rs:788)
[INFO] [stdout]           >>>               pyo3-d40ab198a1d51ff3.pyo3.a0a642d3b928d69a-cgu.13.rcgu.o:(pyo3::err::panic_after_error::h29b5cfacdea555d6) in archive /opt/rustwide/target/debug/deps/libpyo3-d40ab198a1d51ff3.rlib
[INFO] [stdout]           
[INFO] [stdout]           rust-lld: error: undefined symbol: PyUnicode_FromStringAndSize
[INFO] [stdout]           >>> referenced by string.rs:141 (src/types/string.rs:141)
[INFO] [stdout]           >>>               pyo3-d40ab198a1d51ff3.pyo3.a0a642d3b928d69a-cgu.04.rcgu.o:(pyo3::types::string::PyString::new::habbfa446c6c4e9c0) in archive /opt/rustwide/target/debug/deps/libpyo3-d40ab198a1d51ff3.rlib
[INFO] [stdout]           >>> referenced by string.rs:156 (src/types/string.rs:156)
[INFO] [stdout]           >>>               pyo3-d40ab198a1d51ff3.pyo3.a0a642d3b928d69a-cgu.04.rcgu.o:(pyo3::types::string::PyString::intern::h32c94753f3c24f1e) in archive /opt/rustwide/target/debug/deps/libpyo3-d40ab198a1d51ff3.rlib
[INFO] [stdout]           
[INFO] [stdout]           rust-lld: error: undefined symbol: PyUnicode_InternInPlace
[INFO] [stdout]           >>> referenced by string.rs:158 (src/types/string.rs:158)
[INFO] [stdout]           >>>               pyo3-d40ab198a1d51ff3.pyo3.a0a642d3b928d69a-cgu.04.rcgu.o:(pyo3::types::string::PyString::intern::h32c94753f3c24f1e) in archive /opt/rustwide/target/debug/deps/libpyo3-d40ab198a1d51ff3.rlib
[INFO] [stdout]           
[INFO] [stdout]           rust-lld: error: undefined symbol: PyExc_BaseException
[INFO] [stdout]           >>> referenced by exceptions.rs:271 (src/exceptions.rs:271)
[INFO] [stdout]           >>>               pyo3-d40ab198a1d51ff3.pyo3.a0a642d3b928d69a-cgu.00.rcgu.o:(_$LT$pyo3..exceptions..PyBaseException$u20$as$u20$pyo3..type_object..PyTypeInfo$GT$::type_object_raw::hc32a5d3198a2f896) in archive /opt/rustwide/target/debug/deps/libpyo3-d40ab198a1d51ff3.rlib
[INFO] [stdout]           
[INFO] [stdout]           rust-lld: error: undefined symbol: PyUnicode_AsUTF8AndSize
[INFO] [stdout]           >>> referenced by string.rs:189 (src/types/string.rs:189)
[INFO] [stdout]           >>>               pyo3-d40ab198a1d51ff3.pyo3.a0a642d3b928d69a-cgu.04.rcgu.o:(pyo3::types::string::PyString::to_str::h9488049f567faf7d) in archive /opt/rustwide/target/debug/deps/libpyo3-d40ab198a1d51ff3.rlib
[INFO] [stdout]           
[INFO] [stdout]           rust-lld: error: undefined symbol: PyBytes_AsString
[INFO] [stdout]           >>> referenced by bytes.rs:92 (src/types/bytes.rs:92)
[INFO] [stdout]           >>>               pyo3-d40ab198a1d51ff3.pyo3.a0a642d3b928d69a-cgu.10.rcgu.o:(pyo3::types::bytes::PyBytes::as_bytes::h83f38a8dd50cb5fb) in archive /opt/rustwide/target/debug/deps/libpyo3-d40ab198a1d51ff3.rlib
[INFO] [stdout]           
[INFO] [stdout]           rust-lld: error: too many errors emitted, stopping now (use --error-limit=0 to see all errors)
[INFO] [stdout]           collect2: error: ld returned 1 exit status
[INFO] [stdout]           
[INFO] [stdout] 
[INFO] [stdout] 
[INFO] [stderr] error: could not compile `savant_rs` (lib test) due to 1 previous error
[INFO] running `Command { std: "docker" "inspect" "16f84c6a86967c2b807826af55eab3c2813ee2f47ba655f3269449fcbd7b435a", kill_on_drop: false }`
[INFO] running `Command { std: "docker" "rm" "-f" "16f84c6a86967c2b807826af55eab3c2813ee2f47ba655f3269449fcbd7b435a", kill_on_drop: false }`
[INFO] [stdout] 16f84c6a86967c2b807826af55eab3c2813ee2f47ba655f3269449fcbd7b435a
