[INFO] fetching crate sauron 0.61.8...
[INFO] testing sauron-0.61.8 against nightly-2024-10-28 for randomize-layout
[INFO] extracting crate sauron 0.61.8 into /workspace/builds/worker-3-tc1/source
[INFO] validating manifest of crates.io crate sauron 0.61.8 on toolchain nightly-2024-10-28
[INFO] running `Command { std: CARGO_HOME="/workspace/cargo-home" RUSTUP_HOME="/workspace/rustup-home" "/workspace/cargo-home/bin/cargo" "+nightly-2024-10-28" "metadata" "--manifest-path" "Cargo.toml" "--no-deps", kill_on_drop: false }`
[INFO] started tweaking crates.io crate sauron 0.61.8
[INFO] finished tweaking crates.io crate sauron 0.61.8
[INFO] tweaked toml for crates.io crate sauron 0.61.8 written to /workspace/builds/worker-3-tc1/source/Cargo.toml
[INFO] crate crates.io crate sauron 0.61.8 already has a lockfile, it will not be regenerated
[INFO] running `Command { std: CARGO_HOME="/workspace/cargo-home" RUSTUP_HOME="/workspace/rustup-home" "/workspace/cargo-home/bin/cargo" "+nightly-2024-10-28" "fetch" "--manifest-path" "Cargo.toml", kill_on_drop: false }`
[INFO] [stderr]     Updating crates.io index
[INFO] [stderr]  Downloading crates ...
[INFO] [stderr]   Downloaded wasm-bindgen-test-macro v0.3.41
[INFO] [stderr]   Downloaded wasm-bindgen-test v0.3.41
[INFO] [stderr]   Downloaded htmlentity v1.3.1
[INFO] [stderr]   Downloaded rphtml v0.5.9
[INFO] [stderr]   Downloaded sauron-core v0.61.8
[INFO] [stderr]   Downloaded sauron-macro v0.61.8
[INFO] [stderr]   Downloaded sauron-html-parser v0.61.8
[INFO] running `Command { std: "docker" "create" "-v" "/var/lib/crater-agent-workspace/builds/worker-3-tc1/target:/opt/rustwide/target:rw,Z" "-v" "/var/lib/crater-agent-workspace/builds/worker-3-tc1/source:/opt/rustwide/workdir:ro,Z" "-v" "/var/lib/crater-agent-workspace/cargo-home:/opt/rustwide/cargo-home:ro,Z" "-v" "/var/lib/crater-agent-workspace/rustup-home:/opt/rustwide/rustup-home:ro,Z" "-e" "SOURCE_DIR=/opt/rustwide/workdir" "-e" "CARGO_TARGET_DIR=/opt/rustwide/target" "-e" "CARGO_HOME=/opt/rustwide/cargo-home" "-e" "RUSTUP_HOME=/opt/rustwide/rustup-home" "-w" "/opt/rustwide/workdir" "-m" "1610612736" "--user" "0:0" "--network" "none" "ghcr.io/rust-lang/crates-build-env/linux@sha256:4a844ea9eb2546a2d2c7022eacef16ef2e8229c7fbb2c7d4d55a9ceca922f72d" "/opt/rustwide/cargo-home/bin/cargo" "+nightly-2024-10-28" "metadata" "--no-deps" "--format-version=1", kill_on_drop: false }`
[INFO] [stdout] 8559de577054d34ec9c7124b6d9e345eee5375ecab60ddb24174121ca82867f2
[INFO] running `Command { std: "docker" "start" "-a" "8559de577054d34ec9c7124b6d9e345eee5375ecab60ddb24174121ca82867f2", kill_on_drop: false }`
[INFO] running `Command { std: "docker" "inspect" "8559de577054d34ec9c7124b6d9e345eee5375ecab60ddb24174121ca82867f2", kill_on_drop: false }`
[INFO] running `Command { std: "docker" "rm" "-f" "8559de577054d34ec9c7124b6d9e345eee5375ecab60ddb24174121ca82867f2", kill_on_drop: false }`
[INFO] [stdout] 8559de577054d34ec9c7124b6d9e345eee5375ecab60ddb24174121ca82867f2
[INFO] running `Command { std: "docker" "create" "-v" "/var/lib/crater-agent-workspace/builds/worker-3-tc1/target:/opt/rustwide/target:rw,Z" "-v" "/var/lib/crater-agent-workspace/builds/worker-3-tc1/source:/opt/rustwide/workdir:ro,Z" "-v" "/var/lib/crater-agent-workspace/cargo-home:/opt/rustwide/cargo-home:ro,Z" "-v" "/var/lib/crater-agent-workspace/rustup-home:/opt/rustwide/rustup-home:ro,Z" "-e" "SOURCE_DIR=/opt/rustwide/workdir" "-e" "CARGO_TARGET_DIR=/opt/rustwide/target" "-e" "CARGO_INCREMENTAL=0" "-e" "RUST_BACKTRACE=full" "-e" "RUSTFLAGS=--cap-lints=forbid" "-e" "RUSTDOCFLAGS=--cap-lints=forbid" "-e" "CARGO_HOME=/opt/rustwide/cargo-home" "-e" "RUSTUP_HOME=/opt/rustwide/rustup-home" "-w" "/opt/rustwide/workdir" "-m" "1610612736" "--user" "0:0" "--network" "none" "ghcr.io/rust-lang/crates-build-env/linux@sha256:4a844ea9eb2546a2d2c7022eacef16ef2e8229c7fbb2c7d4d55a9ceca922f72d" "/opt/rustwide/cargo-home/bin/cargo" "+nightly-2024-10-28" "build" "--frozen" "--message-format=json", kill_on_drop: false }`
[INFO] [stdout] ff69ca625f6cf7963ed38a5d96b41592ce0f555904b5379626ba7e8433281ed3
[INFO] running `Command { std: "docker" "start" "-a" "ff69ca625f6cf7963ed38a5d96b41592ce0f555904b5379626ba7e8433281ed3", kill_on_drop: false }`
[INFO] [stderr]    Compiling proc-macro2 v1.0.78
[INFO] [stderr]    Compiling unicode-ident v1.0.12
[INFO] [stderr]    Compiling wasm-bindgen-shared v0.2.91
[INFO] [stderr]    Compiling version_check v0.9.4
[INFO] [stderr]    Compiling log v0.4.20
[INFO] [stderr]    Compiling once_cell v1.19.0
[INFO] [stderr]    Compiling bumpalo v3.14.0
[INFO] [stderr]    Compiling wasm-bindgen v0.2.91
[INFO] [stderr]    Compiling autocfg v1.1.0
[INFO] [stderr]    Compiling siphasher v0.3.11
[INFO] [stderr]    Compiling futures-sink v0.3.30
[INFO] [stderr]    Compiling futures-core v0.3.30
[INFO] [stderr]    Compiling rand_core v0.6.4
[INFO] [stderr]    Compiling memchr v2.7.1
[INFO] [stderr]    Compiling futures-io v0.3.30
[INFO] [stderr]    Compiling futures-task v0.3.30
[INFO] [stderr]    Compiling serde v1.0.197
[INFO] [stderr]    Compiling futures-channel v0.3.30
[INFO] [stderr]    Compiling rand v0.8.5
[INFO] [stderr]    Compiling pin-project-lite v0.2.13
[INFO] [stderr]    Compiling phf_shared v0.11.2
[INFO] [stderr]    Compiling thiserror v1.0.56
[INFO] [stderr]    Compiling doc-comment v0.3.3
[INFO] [stderr]    Compiling hashbrown v0.14.3
[INFO] [stderr]    Compiling longest-increasing-subsequence v0.1.0
[INFO] [stderr]    Compiling yansi v1.0.0-rc.1
[INFO] [stderr]    Compiling proc-macro-error-attr v1.0.4
[INFO] [stderr]    Compiling proc-macro-error v1.0.4
[INFO] [stderr]    Compiling proc-macro2-diagnostics v0.10.1
[INFO] [stderr]    Compiling slab v0.4.9
[INFO] [stderr]    Compiling phf_generator v0.11.2
[INFO] [stderr]    Compiling quote v1.0.35
[INFO] [stderr]    Compiling indexmap v2.2.5
[INFO] [stderr]    Compiling syn v2.0.48
[INFO] [stderr]    Compiling wasm-bindgen-backend v0.2.91
[INFO] [stderr]    Compiling futures-macro v0.3.30
[INFO] [stderr]    Compiling thiserror-impl v1.0.56
[INFO] [stderr]    Compiling phf_macros v0.11.2
[INFO] [stderr]    Compiling derive-where v1.2.7
[INFO] [stderr]    Compiling syn_derive v0.1.8
[INFO] [stderr]    Compiling phf v0.11.2
[INFO] [stderr]    Compiling wasm-bindgen-macro-support v0.2.91
[INFO] [stderr]    Compiling futures-util v0.3.30
[INFO] [stderr]    Compiling rstml v0.11.2
[INFO] [stderr]    Compiling wasm-bindgen-macro v0.2.91
[INFO] [stderr]    Compiling js-sys v0.3.68
[INFO] [stderr]    Compiling futures-executor v0.3.30
[INFO] [stderr]    Compiling futures v0.3.30
[INFO] [stderr]    Compiling serde-wasm-bindgen v0.5.0
[INFO] [stderr]    Compiling web-sys v0.3.68
[INFO] [stderr]    Compiling wasm-bindgen-futures v0.4.41
[INFO] [stderr]    Compiling sauron-core v0.61.8
[INFO] [stderr]    Compiling sauron-macro v0.61.8
[INFO] [stderr]    Compiling sauron v0.61.8 (/opt/rustwide/workdir)
[INFO] [stderr]     Finished `dev` profile [unoptimized + debuginfo] target(s) in 15.93s
[INFO] running `Command { std: "docker" "inspect" "ff69ca625f6cf7963ed38a5d96b41592ce0f555904b5379626ba7e8433281ed3", kill_on_drop: false }`
[INFO] running `Command { std: "docker" "rm" "-f" "ff69ca625f6cf7963ed38a5d96b41592ce0f555904b5379626ba7e8433281ed3", kill_on_drop: false }`
[INFO] [stdout] ff69ca625f6cf7963ed38a5d96b41592ce0f555904b5379626ba7e8433281ed3
[INFO] running `Command { std: "docker" "create" "-v" "/var/lib/crater-agent-workspace/builds/worker-3-tc1/target:/opt/rustwide/target:rw,Z" "-v" "/var/lib/crater-agent-workspace/builds/worker-3-tc1/source:/opt/rustwide/workdir:ro,Z" "-v" "/var/lib/crater-agent-workspace/cargo-home:/opt/rustwide/cargo-home:ro,Z" "-v" "/var/lib/crater-agent-workspace/rustup-home:/opt/rustwide/rustup-home:ro,Z" "-e" "SOURCE_DIR=/opt/rustwide/workdir" "-e" "CARGO_TARGET_DIR=/opt/rustwide/target" "-e" "CARGO_INCREMENTAL=0" "-e" "RUST_BACKTRACE=full" "-e" "RUSTFLAGS=--cap-lints=forbid" "-e" "RUSTDOCFLAGS=--cap-lints=forbid" "-e" "CARGO_HOME=/opt/rustwide/cargo-home" "-e" "RUSTUP_HOME=/opt/rustwide/rustup-home" "-w" "/opt/rustwide/workdir" "-m" "1610612736" "--user" "0:0" "--network" "none" "ghcr.io/rust-lang/crates-build-env/linux@sha256:4a844ea9eb2546a2d2c7022eacef16ef2e8229c7fbb2c7d4d55a9ceca922f72d" "/opt/rustwide/cargo-home/bin/cargo" "+nightly-2024-10-28" "test" "--frozen" "--no-run" "--message-format=json", kill_on_drop: false }`
[INFO] [stdout] 0d424529b9eaa004efe0de1c43b011a4a59956dcf50f712417363a80fbe90bb5
[INFO] running `Command { std: "docker" "start" "-a" "0d424529b9eaa004efe0de1c43b011a4a59956dcf50f712417363a80fbe90bb5", kill_on_drop: false }`
[INFO] [stderr]    Compiling serde v1.0.197
[INFO] [stderr]    Compiling rustix v0.38.31
[INFO] [stderr]    Compiling serde_json v1.0.113
[INFO] [stderr]    Compiling aho-corasick v1.1.2
[INFO] [stderr]    Compiling num-traits v0.2.18
[INFO] [stderr]    Compiling half v2.3.1
[INFO] [stderr]    Compiling either v1.10.0
[INFO] [stderr]    Compiling ryu v1.0.16
[INFO] [stderr]    Compiling clap_lex v0.6.0
[INFO] [stderr]    Compiling serde_derive v1.0.197
[INFO] [stderr]    Compiling ciborium-io v0.2.2
[INFO] [stderr]    Compiling regex-syntax v0.8.2
[INFO] [stderr]    Compiling itoa v1.0.10
[INFO] [stderr]    Compiling linux-raw-sys v0.4.13
[INFO] [stderr]    Compiling web-sys v0.3.68
[INFO] [stderr]    Compiling anstyle v1.0.6
[INFO] [stderr]    Compiling bitflags v2.4.2
[INFO] [stderr]    Compiling itertools v0.10.5
[INFO] [stderr]    Compiling cast v0.3.0
[INFO] [stderr]    Compiling ciborium-ll v0.2.2
[INFO] [stderr]    Compiling same-file v1.0.6
[INFO] [stderr]    Compiling console_error_panic_hook v0.1.7
[INFO] [stderr]    Compiling wasm-bindgen-test-macro v0.3.41
[INFO] [stderr]    Compiling clap_builder v4.4.18
[INFO] [stderr]    Compiling walkdir v2.4.0
[INFO] [stderr]    Compiling anes v0.1.6
[INFO] [stderr]    Compiling scoped-tls v1.0.1
[INFO] [stderr]    Compiling oorandom v11.1.3
[INFO] [stderr]    Compiling wasm-bindgen-test v0.3.41
[INFO] [stderr]    Compiling is-terminal v0.4.10
[INFO] [stderr]    Compiling criterion-plot v0.5.0
[INFO] [stderr]    Compiling regex-automata v0.4.5
[INFO] [stderr]    Compiling clap v4.4.18
[INFO] [stderr]    Compiling serde-wasm-bindgen v0.5.0
[INFO] [stderr]    Compiling regex v1.10.3
[INFO] [stderr]    Compiling ciborium v0.2.2
[INFO] [stderr]    Compiling tinytemplate v1.2.1
[INFO] [stderr]    Compiling criterion v0.5.1
[INFO] [stderr]    Compiling sauron-core v0.61.8
[INFO] [stderr]    Compiling console_log v1.0.0
[INFO] [stderr]    Compiling sauron-macro v0.61.8
[INFO] [stderr]    Compiling sauron v0.61.8 (/opt/rustwide/workdir)
[INFO] [stdout] error[E0432]: unresolved import `sauron_html_parser`
[INFO] [stdout]  --> tests/html_parser_test.rs:3:5
[INFO] [stdout]   |
[INFO] [stdout] 3 | use sauron_html_parser::parse_html;
[INFO] [stdout]   |     ^^^^^^^^^^^^^^^^^^ use of undeclared crate or module `sauron_html_parser`
[INFO] [stdout] 
[INFO] [stdout] 
[INFO] [stdout] error[E0432]: unresolved import `sauron::parse_html`
[INFO] [stdout]  --> tests/dom_safe_html.rs:3:5
[INFO] [stdout]   |
[INFO] [stdout] 3 | use sauron::parse_html;
[INFO] [stdout]   |     ^^^^^^^^^^^^^^^^^^ no `parse_html` in the root
[INFO] [stdout] 
[INFO] [stdout] 
[INFO] [stdout] error[E0599]: no method named `update_dom_with_vdom` found for struct `ManuallyDrop<sauron::Program<SimpleComponent>>` in the current scope
[INFO] [stdout]    --> tests/dom_create_element_tests.rs:71:10
[INFO] [stdout]     |
[INFO] [stdout] 70  | /     simple_program
[INFO] [stdout] 71  | |         .update_dom_with_vdom(vdiv)
[INFO] [stdout]     | |_________-^^^^^^^^^^^^^^^^^^^^
[INFO] [stdout]     |
[INFO] [stdout] help: there is a method `update_dom` with a similar name, but with different arguments
[INFO] [stdout]    --> /opt/rustwide/cargo-home/registry/src/index.crates.io-6f17d22bba15001f/sauron-core-0.61.8/src/dom/program.rs:442:5
[INFO] [stdout]     |
[INFO] [stdout] 442 |     pub fn update_dom(&mut self) -> Result<(), JsValue> {
[INFO] [stdout]     |     ^^^^^^^^^^^^^^^^^^^^^^^^^^^^^^^^^^^^^^^^^^^^^^^^^^^
[INFO] [stdout] 
[INFO] [stdout] 
[INFO] [stdout] For more information about this error, try `rustc --explain E0432`.
[INFO] [stdout] 
[INFO] [stdout] error[E0599]: no method named `update_dom_with_vdom` found for struct `ManuallyDrop<sauron::Program<SimpleComponent>>` in the current scope
[INFO] [stdout]    --> tests/dom_node_event_recycling.rs:63:10
[INFO] [stdout]     |
[INFO] [stdout] 62  | /     simple_program
[INFO] [stdout] 63  | |         .update_dom_with_vdom(old.clone())
[INFO] [stdout]     | |_________-^^^^^^^^^^^^^^^^^^^^
[INFO] [stdout]     |
[INFO] [stdout] help: there is a method `update_dom` with a similar name, but with different arguments
[INFO] [stdout]    --> /opt/rustwide/cargo-home/registry/src/index.crates.io-6f17d22bba15001f/sauron-core-0.61.8/src/dom/program.rs:442:5
[INFO] [stdout]     |
[INFO] [stdout] 442 |     pub fn update_dom(&mut self) -> Result<(), JsValue> {
[INFO] [stdout]     |     ^^^^^^^^^^^^^^^^^^^^^^^^^^^^^^^^^^^^^^^^^^^^^^^^^^^
[INFO] [stdout] 
[INFO] [stdout] 
[INFO] [stderr] error: could not compile `sauron` (test "html_parser_test") due to 1 previous error
[INFO] [stderr] warning: build failed, waiting for other jobs to finish...
[INFO] [stdout] error[E0599]: no method named `update_dom_with_vdom` found for struct `ManuallyDrop<sauron::Program<SimpleComponent>>` in the current scope
[INFO] [stdout]    --> tests/dom_keyed_subsequent_updates.rs:147:10
[INFO] [stdout]     |
[INFO] [stdout] 146 | /     simple_program
[INFO] [stdout] 147 | |         .update_dom_with_vdom(old.clone())
[INFO] [stdout]     | |_________-^^^^^^^^^^^^^^^^^^^^
[INFO] [stdout]     |
[INFO] [stdout] help: there is a method `update_dom` with a similar name, but with different arguments
[INFO] [stdout]    --> /opt/rustwide/cargo-home/registry/src/index.crates.io-6f17d22bba15001f/sauron-core-0.61.8/src/dom/program.rs:442:5
[INFO] [stdout]     |
[INFO] [stdout] 442 |     pub fn update_dom(&mut self) -> Result<(), JsValue> {
[INFO] [stdout]     |     ^^^^^^^^^^^^^^^^^^^^^^^^^^^^^^^^^^^^^^^^^^^^^^^^^^^
[INFO] [stdout] 
[INFO] [stdout] 
[INFO] [stdout] error[E0599]: no method named `update_dom_with_vdom` found for struct `ManuallyDrop<sauron::Program<SimpleComponent>>` in the current scope
[INFO] [stdout]    --> tests/dom_insert_before_after_patches.rs:56:10
[INFO] [stdout]     |
[INFO] [stdout] 55  | /     simple_program
[INFO] [stdout] 56  | |         .update_dom_with_vdom(old)
[INFO] [stdout]     | |_________-^^^^^^^^^^^^^^^^^^^^
[INFO] [stdout]     |
[INFO] [stdout] help: there is a method `update_dom` with a similar name, but with different arguments
[INFO] [stdout]    --> /opt/rustwide/cargo-home/registry/src/index.crates.io-6f17d22bba15001f/sauron-core-0.61.8/src/dom/program.rs:442:5
[INFO] [stdout]     |
[INFO] [stdout] 442 |     pub fn update_dom(&mut self) -> Result<(), JsValue> {
[INFO] [stdout]     |     ^^^^^^^^^^^^^^^^^^^^^^^^^^^^^^^^^^^^^^^^^^^^^^^^^^^
[INFO] [stdout] 
[INFO] [stdout] 
[INFO] [stdout] error[E0599]: no method named `update_dom_with_vdom` found for struct `ManuallyDrop<sauron::Program<SimpleComponent>>` in the current scope
[INFO] [stdout]    --> tests/dom_node_event_recycling.rs:68:10
[INFO] [stdout]     |
[INFO] [stdout] 67  | /     simple_program
[INFO] [stdout] 68  | |         .update_dom_with_vdom(new)
[INFO] [stdout]     | |_________-^^^^^^^^^^^^^^^^^^^^
[INFO] [stdout]     |
[INFO] [stdout] help: there is a method `update_dom` with a similar name, but with different arguments
[INFO] [stdout]    --> /opt/rustwide/cargo-home/registry/src/index.crates.io-6f17d22bba15001f/sauron-core-0.61.8/src/dom/program.rs:442:5
[INFO] [stdout]     |
[INFO] [stdout] 442 |     pub fn update_dom(&mut self) -> Result<(), JsValue> {
[INFO] [stdout]     |     ^^^^^^^^^^^^^^^^^^^^^^^^^^^^^^^^^^^^^^^^^^^^^^^^^^^
[INFO] [stdout] 
[INFO] [stdout] 
[INFO] [stdout] For more information about this error, try `rustc --explain E0599`.
[INFO] [stdout] 
[INFO] [stdout] error[E0599]: no method named `update_dom_with_vdom` found for struct `ManuallyDrop<sauron::Program<SimpleComponent>>` in the current scope
[INFO] [stdout]    --> tests/dom_keyed_subsequent_updates.rs:182:10
[INFO] [stdout]     |
[INFO] [stdout] 181 | /     simple_program
[INFO] [stdout] 182 | |         .update_dom_with_vdom(update1.clone())
[INFO] [stdout]     | |_________-^^^^^^^^^^^^^^^^^^^^
[INFO] [stdout]     |
[INFO] [stdout] help: there is a method `update_dom` with a similar name, but with different arguments
[INFO] [stdout]    --> /opt/rustwide/cargo-home/registry/src/index.crates.io-6f17d22bba15001f/sauron-core-0.61.8/src/dom/program.rs:442:5
[INFO] [stdout]     |
[INFO] [stdout] 442 |     pub fn update_dom(&mut self) -> Result<(), JsValue> {
[INFO] [stdout]     |     ^^^^^^^^^^^^^^^^^^^^^^^^^^^^^^^^^^^^^^^^^^^^^^^^^^^
[INFO] [stdout] 
[INFO] [stdout] 
[INFO] [stdout] error[E0599]: no method named `update_dom_with_vdom` found for struct `ManuallyDrop<sauron::Program<SimpleComponent>>` in the current scope
[INFO] [stdout]    --> tests/dom_insert_before_after_patches.rs:68:10
[INFO] [stdout]     |
[INFO] [stdout] 67  | /     simple_program
[INFO] [stdout] 68  | |         .update_dom_with_vdom(update1)
[INFO] [stdout]     | |_________-^^^^^^^^^^^^^^^^^^^^
[INFO] [stdout]     |
[INFO] [stdout] help: there is a method `update_dom` with a similar name, but with different arguments
[INFO] [stdout]    --> /opt/rustwide/cargo-home/registry/src/index.crates.io-6f17d22bba15001f/sauron-core-0.61.8/src/dom/program.rs:442:5
[INFO] [stdout]     |
[INFO] [stdout] 442 |     pub fn update_dom(&mut self) -> Result<(), JsValue> {
[INFO] [stdout]     |     ^^^^^^^^^^^^^^^^^^^^^^^^^^^^^^^^^^^^^^^^^^^^^^^^^^^
[INFO] [stdout] 
[INFO] [stdout] 
[INFO] [stdout] error[E0599]: no method named `update_dom_with_vdom` found for struct `ManuallyDrop<sauron::Program<SimpleComponent>>` in the current scope
[INFO] [stdout]    --> tests/dom_swap_nodes.rs:59:10
[INFO] [stdout]     |
[INFO] [stdout] 58  | /     simple_program
[INFO] [stdout] 59  | |         .update_dom_with_vdom(old)
[INFO] [stdout]     | |_________-^^^^^^^^^^^^^^^^^^^^
[INFO] [stdout]     |
[INFO] [stdout] help: there is a method `update_dom` with a similar name, but with different arguments
[INFO] [stdout]    --> /opt/rustwide/cargo-home/registry/src/index.crates.io-6f17d22bba15001f/sauron-core-0.61.8/src/dom/program.rs:442:5
[INFO] [stdout]     |
[INFO] [stdout] 442 |     pub fn update_dom(&mut self) -> Result<(), JsValue> {
[INFO] [stdout]     |     ^^^^^^^^^^^^^^^^^^^^^^^^^^^^^^^^^^^^^^^^^^^^^^^^^^^
[INFO] [stdout] 
[INFO] [stdout] 
[INFO] [stdout] error[E0599]: no method named `update_dom_with_vdom` found for struct `ManuallyDrop<sauron::Program<SimpleComponent>>` in the current scope
[INFO] [stdout]    --> tests/dom_insert_before_after_patches.rs:123:10
[INFO] [stdout]     |
[INFO] [stdout] 122 | /     simple_program
[INFO] [stdout] 123 | |         .update_dom_with_vdom(old)
[INFO] [stdout]     | |_________-^^^^^^^^^^^^^^^^^^^^
[INFO] [stdout]     |
[INFO] [stdout] help: there is a method `update_dom` with a similar name, but with different arguments
[INFO] [stdout]    --> /opt/rustwide/cargo-home/registry/src/index.crates.io-6f17d22bba15001f/sauron-core-0.61.8/src/dom/program.rs:442:5
[INFO] [stdout]     |
[INFO] [stdout] 442 |     pub fn update_dom(&mut self) -> Result<(), JsValue> {
[INFO] [stdout]     |     ^^^^^^^^^^^^^^^^^^^^^^^^^^^^^^^^^^^^^^^^^^^^^^^^^^^
[INFO] [stdout] 
[INFO] [stdout] 
[INFO] [stdout] error[E0599]: no method named `update_dom_with_vdom` found for struct `ManuallyDrop<sauron::Program<SimpleComponent>>` in the current scope
[INFO] [stdout]    --> tests/dom_event_tests.rs:35:10
[INFO] [stdout]     |
[INFO] [stdout] 34  | /     simple_program
[INFO] [stdout] 35  | |         .update_dom_with_vdom(input)
[INFO] [stdout]     | |_________-^^^^^^^^^^^^^^^^^^^^
[INFO] [stdout]     |
[INFO] [stdout] help: there is a method `update_dom` with a similar name, but with different arguments
[INFO] [stdout]    --> /opt/rustwide/cargo-home/registry/src/index.crates.io-6f17d22bba15001f/sauron-core-0.61.8/src/dom/program.rs:442:5
[INFO] [stdout]     |
[INFO] [stdout] 442 |     pub fn update_dom(&mut self) -> Result<(), JsValue> {
[INFO] [stdout]     |     ^^^^^^^^^^^^^^^^^^^^^^^^^^^^^^^^^^^^^^^^^^^^^^^^^^^
[INFO] [stdout] 
[INFO] [stdout] 
[INFO] [stdout] error[E0599]: no method named `update_dom_with_vdom` found for struct `ManuallyDrop<sauron::Program<SimpleComponent>>` in the current scope
[INFO] [stdout]    --> tests/dom_swap_nodes.rs:65:10
[INFO] [stdout]     |
[INFO] [stdout] 64  | /     simple_program
[INFO] [stdout] 65  | |         .update_dom_with_vdom(update1)
[INFO] [stdout]     | |_________-^^^^^^^^^^^^^^^^^^^^
[INFO] [stdout]     |
[INFO] [stdout] help: there is a method `update_dom` with a similar name, but with different arguments
[INFO] [stdout]    --> /opt/rustwide/cargo-home/registry/src/index.crates.io-6f17d22bba15001f/sauron-core-0.61.8/src/dom/program.rs:442:5
[INFO] [stdout]     |
[INFO] [stdout] 442 |     pub fn update_dom(&mut self) -> Result<(), JsValue> {
[INFO] [stdout]     |     ^^^^^^^^^^^^^^^^^^^^^^^^^^^^^^^^^^^^^^^^^^^^^^^^^^^
[INFO] [stdout] 
[INFO] [stdout] 
[INFO] [stderr] error: could not compile `sauron` (test "dom_create_element_tests") due to 1 previous error
[INFO] [stdout] error[E0599]: no method named `update_dom_with_vdom` found for struct `ManuallyDrop<sauron::Program<SimpleComponent>>` in the current scope
[INFO] [stdout]    --> tests/dom_insert_before_after_patches.rs:136:10
[INFO] [stdout]     |
[INFO] [stdout] 135 | /     simple_program
[INFO] [stdout] 136 | |         .update_dom_with_vdom(update1)
[INFO] [stdout]     | |_________-^^^^^^^^^^^^^^^^^^^^
[INFO] [stdout]     |
[INFO] [stdout] help: there is a method `update_dom` with a similar name, but with different arguments
[INFO] [stdout]    --> /opt/rustwide/cargo-home/registry/src/index.crates.io-6f17d22bba15001f/sauron-core-0.61.8/src/dom/program.rs:442:5
[INFO] [stdout]     |
[INFO] [stdout] 442 |     pub fn update_dom(&mut self) -> Result<(), JsValue> {
[INFO] [stdout]     |     ^^^^^^^^^^^^^^^^^^^^^^^^^^^^^^^^^^^^^^^^^^^^^^^^^^^
[INFO] [stdout] 
[INFO] [stdout] 
[INFO] [stdout] For more information about this error, try `rustc --explain E0599`.
[INFO] [stdout] 
[INFO] [stdout] For more information about this error, try `rustc --explain E0432`.
[INFO] [stdout] 
[INFO] [stdout] error[E0599]: no method named `update_dom_with_vdom` found for struct `ManuallyDrop<sauron::Program<SimpleComponent>>` in the current scope
[INFO] [stdout]    --> tests/dom_swap_nodes.rs:120:10
[INFO] [stdout]     |
[INFO] [stdout] 119 | /     simple_program
[INFO] [stdout] 120 | |         .update_dom_with_vdom(old)
[INFO] [stdout]     | |_________-^^^^^^^^^^^^^^^^^^^^
[INFO] [stdout]     |
[INFO] [stdout] help: there is a method `update_dom` with a similar name, but with different arguments
[INFO] [stdout]    --> /opt/rustwide/cargo-home/registry/src/index.crates.io-6f17d22bba15001f/sauron-core-0.61.8/src/dom/program.rs:442:5
[INFO] [stdout]     |
[INFO] [stdout] 442 |     pub fn update_dom(&mut self) -> Result<(), JsValue> {
[INFO] [stdout]     |     ^^^^^^^^^^^^^^^^^^^^^^^^^^^^^^^^^^^^^^^^^^^^^^^^^^^
[INFO] [stdout] 
[INFO] [stdout] 
[INFO] [stdout] error[E0599]: no method named `update_dom_with_vdom` found for struct `ManuallyDrop<sauron::Program<SimpleComponent>>` in the current scope
[INFO] [stdout]    --> tests/dom_event_tests.rs:87:10
[INFO] [stdout]     |
[INFO] [stdout] 86  | /     simple_program
[INFO] [stdout] 87  | |         .update_dom_with_vdom(old)
[INFO] [stdout]     | |_________-^^^^^^^^^^^^^^^^^^^^
[INFO] [stdout]     |
[INFO] [stdout] help: there is a method `update_dom` with a similar name, but with different arguments
[INFO] [stdout]    --> /opt/rustwide/cargo-home/registry/src/index.crates.io-6f17d22bba15001f/sauron-core-0.61.8/src/dom/program.rs:442:5
[INFO] [stdout]     |
[INFO] [stdout] 442 |     pub fn update_dom(&mut self) -> Result<(), JsValue> {
[INFO] [stdout]     |     ^^^^^^^^^^^^^^^^^^^^^^^^^^^^^^^^^^^^^^^^^^^^^^^^^^^
[INFO] [stdout] 
[INFO] [stdout] 
[INFO] [stderr] error: could not compile `sauron` (test "dom_node_event_recycling") due to 2 previous errors
[INFO] [stdout] error[E0599]: no method named `update_dom_with_vdom` found for struct `ManuallyDrop<sauron::Program<SimpleComponent>>` in the current scope
[INFO] [stdout]    --> tests/dom_keyed_subsequent_updates.rs:285:10
[INFO] [stdout]     |
[INFO] [stdout] 284 | /     simple_program
[INFO] [stdout] 285 | |         .update_dom_with_vdom(update2.clone())
[INFO] [stdout]     | |_________-^^^^^^^^^^^^^^^^^^^^
[INFO] [stdout]     |
[INFO] [stdout] help: there is a method `update_dom` with a similar name, but with different arguments
[INFO] [stdout]    --> /opt/rustwide/cargo-home/registry/src/index.crates.io-6f17d22bba15001f/sauron-core-0.61.8/src/dom/program.rs:442:5
[INFO] [stdout]     |
[INFO] [stdout] 442 |     pub fn update_dom(&mut self) -> Result<(), JsValue> {
[INFO] [stdout]     |     ^^^^^^^^^^^^^^^^^^^^^^^^^^^^^^^^^^^^^^^^^^^^^^^^^^^
[INFO] [stdout] 
[INFO] [stdout] 
[INFO] [stdout] error[E0599]: no method named `update_dom_with_vdom` found for struct `ManuallyDrop<sauron::Program<SimpleComponent>>` in the current scope
[INFO] [stdout]    --> tests/dom_insert_before_after_patches.rs:191:10
[INFO] [stdout]     |
[INFO] [stdout] 190 | /     simple_program
[INFO] [stdout] 191 | |         .update_dom_with_vdom(old)
[INFO] [stdout]     | |_________-^^^^^^^^^^^^^^^^^^^^
[INFO] [stdout]     |
[INFO] [stdout] help: there is a method `update_dom` with a similar name, but with different arguments
[INFO] [stdout]    --> /opt/rustwide/cargo-home/registry/src/index.crates.io-6f17d22bba15001f/sauron-core-0.61.8/src/dom/program.rs:442:5
[INFO] [stdout]     |
[INFO] [stdout] 442 |     pub fn update_dom(&mut self) -> Result<(), JsValue> {
[INFO] [stdout]     |     ^^^^^^^^^^^^^^^^^^^^^^^^^^^^^^^^^^^^^^^^^^^^^^^^^^^
[INFO] [stdout] 
[INFO] [stdout] 
[INFO] [stderr] error: could not compile `sauron` (test "dom_safe_html") due to 1 previous error
[INFO] [stdout] error[E0599]: no method named `update_dom_with_vdom` found for struct `ManuallyDrop<sauron::Program<SimpleComponent>>` in the current scope
[INFO] [stdout]    --> tests/dom_event_tests.rs:91:10
[INFO] [stdout]     |
[INFO] [stdout] 90  | /     simple_program
[INFO] [stdout] 91  | |         .update_dom_with_vdom(new)
[INFO] [stdout]     | |_________-^^^^^^^^^^^^^^^^^^^^
[INFO] [stdout]     |
[INFO] [stdout] help: there is a method `update_dom` with a similar name, but with different arguments
[INFO] [stdout]    --> /opt/rustwide/cargo-home/registry/src/index.crates.io-6f17d22bba15001f/sauron-core-0.61.8/src/dom/program.rs:442:5
[INFO] [stdout]     |
[INFO] [stdout] 442 |     pub fn update_dom(&mut self) -> Result<(), JsValue> {
[INFO] [stdout]     |     ^^^^^^^^^^^^^^^^^^^^^^^^^^^^^^^^^^^^^^^^^^^^^^^^^^^
[INFO] [stdout] 
[INFO] [stdout] 
[INFO] [stdout] error[E0599]: no method named `update_dom_with_vdom` found for struct `ManuallyDrop<sauron::Program<SimpleComponent>>` in the current scope
[INFO] [stdout]    --> tests/dom_swap_nodes.rs:126:10
[INFO] [stdout]     |
[INFO] [stdout] 125 | /     simple_program
[INFO] [stdout] 126 | |         .update_dom_with_vdom(update1)
[INFO] [stdout]     | |_________-^^^^^^^^^^^^^^^^^^^^
[INFO] [stdout]     |
[INFO] [stdout] help: there is a method `update_dom` with a similar name, but with different arguments
[INFO] [stdout]    --> /opt/rustwide/cargo-home/registry/src/index.crates.io-6f17d22bba15001f/sauron-core-0.61.8/src/dom/program.rs:442:5
[INFO] [stdout]     |
[INFO] [stdout] 442 |     pub fn update_dom(&mut self) -> Result<(), JsValue> {
[INFO] [stdout]     |     ^^^^^^^^^^^^^^^^^^^^^^^^^^^^^^^^^^^^^^^^^^^^^^^^^^^
[INFO] [stdout] 
[INFO] [stdout] 
[INFO] [stdout] error[E0599]: no method named `update_dom_with_vdom` found for struct `ManuallyDrop<sauron::Program<SimpleComponent>>` in the current scope
[INFO] [stdout]    --> tests/dom_insert_before_after_patches.rs:216:10
[INFO] [stdout]     |
[INFO] [stdout] 215 | /     simple_program
[INFO] [stdout] 216 | |         .update_dom_with_vdom(update1)
[INFO] [stdout]     | |_________-^^^^^^^^^^^^^^^^^^^^
[INFO] [stdout]     |
[INFO] [stdout] help: there is a method `update_dom` with a similar name, but with different arguments
[INFO] [stdout]    --> /opt/rustwide/cargo-home/registry/src/index.crates.io-6f17d22bba15001f/sauron-core-0.61.8/src/dom/program.rs:442:5
[INFO] [stdout]     |
[INFO] [stdout] 442 |     pub fn update_dom(&mut self) -> Result<(), JsValue> {
[INFO] [stdout]     |     ^^^^^^^^^^^^^^^^^^^^^^^^^^^^^^^^^^^^^^^^^^^^^^^^^^^
[INFO] [stdout] 
[INFO] [stdout] 
[INFO] [stdout] error[E0599]: no method named `update_dom_with_vdom` found for struct `ManuallyDrop<sauron::Program<SimpleComponent>>` in the current scope
[INFO] [stdout]    --> tests/dom_replace_node_patches.rs:53:10
[INFO] [stdout]     |
[INFO] [stdout] 52  | /     simple_program
[INFO] [stdout] 53  | |         .update_dom_with_vdom(old)
[INFO] [stdout]     | |_________-^^^^^^^^^^^^^^^^^^^^
[INFO] [stdout]     |
[INFO] [stdout] help: there is a method `update_dom` with a similar name, but with different arguments
[INFO] [stdout]    --> /opt/rustwide/cargo-home/registry/src/index.crates.io-6f17d22bba15001f/sauron-core-0.61.8/src/dom/program.rs:442:5
[INFO] [stdout]     |
[INFO] [stdout] 442 |     pub fn update_dom(&mut self) -> Result<(), JsValue> {
[INFO] [stdout]     |     ^^^^^^^^^^^^^^^^^^^^^^^^^^^^^^^^^^^^^^^^^^^^^^^^^^^
[INFO] [stdout] 
[INFO] [stdout] 
[INFO] [stdout] For more information about this error, try `rustc --explain E0599`.
[INFO] [stdout] 
[INFO] [stdout] error[E0599]: no method named `update_dom_with_vdom` found for struct `ManuallyDrop<sauron::Program<SimpleComponent>>` in the current scope
[INFO] [stdout]    --> tests/dom_event_tests.rs:145:10
[INFO] [stdout]     |
[INFO] [stdout] 144 | /     simple_program
[INFO] [stdout] 145 | |         .update_dom_with_vdom(old)
[INFO] [stdout]     | |_________-^^^^^^^^^^^^^^^^^^^^
[INFO] [stdout]     |
[INFO] [stdout] help: there is a method `update_dom` with a similar name, but with different arguments
[INFO] [stdout]    --> /opt/rustwide/cargo-home/registry/src/index.crates.io-6f17d22bba15001f/sauron-core-0.61.8/src/dom/program.rs:442:5
[INFO] [stdout]     |
[INFO] [stdout] 442 |     pub fn update_dom(&mut self) -> Result<(), JsValue> {
[INFO] [stdout]     |     ^^^^^^^^^^^^^^^^^^^^^^^^^^^^^^^^^^^^^^^^^^^^^^^^^^^
[INFO] [stdout] 
[INFO] [stdout] 
[INFO] [stdout] error[E0599]: no method named `update_dom_with_vdom` found for struct `ManuallyDrop<sauron::Program<SimpleComponent>>` in the current scope
[INFO] [stdout]    --> tests/dom_swap_nodes.rs:191:10
[INFO] [stdout]     |
[INFO] [stdout] 190 | /     simple_program
[INFO] [stdout] 191 | |         .update_dom_with_vdom(old)
[INFO] [stdout]     | |_________-^^^^^^^^^^^^^^^^^^^^
[INFO] [stdout]     |
[INFO] [stdout] help: there is a method `update_dom` with a similar name, but with different arguments
[INFO] [stdout]    --> /opt/rustwide/cargo-home/registry/src/index.crates.io-6f17d22bba15001f/sauron-core-0.61.8/src/dom/program.rs:442:5
[INFO] [stdout]     |
[INFO] [stdout] 442 |     pub fn update_dom(&mut self) -> Result<(), JsValue> {
[INFO] [stdout]     |     ^^^^^^^^^^^^^^^^^^^^^^^^^^^^^^^^^^^^^^^^^^^^^^^^^^^
[INFO] [stdout] 
[INFO] [stdout] 
[INFO] [stdout] error[E0599]: no method named `update_dom_with_vdom` found for struct `ManuallyDrop<sauron::Program<SimpleComponent>>` in the current scope
[INFO] [stdout]    --> tests/dom_replace_node_patches.rs:66:10
[INFO] [stdout]     |
[INFO] [stdout] 65  | /     simple_program
[INFO] [stdout] 66  | |         .update_dom_with_vdom(update1)
[INFO] [stdout]     | |_________-^^^^^^^^^^^^^^^^^^^^
[INFO] [stdout]     |
[INFO] [stdout] help: there is a method `update_dom` with a similar name, but with different arguments
[INFO] [stdout]    --> /opt/rustwide/cargo-home/registry/src/index.crates.io-6f17d22bba15001f/sauron-core-0.61.8/src/dom/program.rs:442:5
[INFO] [stdout]     |
[INFO] [stdout] 442 |     pub fn update_dom(&mut self) -> Result<(), JsValue> {
[INFO] [stdout]     |     ^^^^^^^^^^^^^^^^^^^^^^^^^^^^^^^^^^^^^^^^^^^^^^^^^^^
[INFO] [stdout] 
[INFO] [stdout] 
[INFO] [stderr] error: could not compile `sauron` (test "dom_insert_before_after_patches") due to 6 previous errors
[INFO] [stdout] error[E0599]: no method named `update_dom_with_vdom` found for struct `ManuallyDrop<sauron::Program<SimpleComponent>>` in the current scope
[INFO] [stdout]    --> tests/dom_swap_nodes.rs:197:10
[INFO] [stdout]     |
[INFO] [stdout] 196 | /     simple_program
[INFO] [stdout] 197 | |         .update_dom_with_vdom(update1)
[INFO] [stdout]     | |_________-^^^^^^^^^^^^^^^^^^^^
[INFO] [stdout]     |
[INFO] [stdout] help: there is a method `update_dom` with a similar name, but with different arguments
[INFO] [stdout]    --> /opt/rustwide/cargo-home/registry/src/index.crates.io-6f17d22bba15001f/sauron-core-0.61.8/src/dom/program.rs:442:5
[INFO] [stdout]     |
[INFO] [stdout] 442 |     pub fn update_dom(&mut self) -> Result<(), JsValue> {
[INFO] [stdout]     |     ^^^^^^^^^^^^^^^^^^^^^^^^^^^^^^^^^^^^^^^^^^^^^^^^^^^
[INFO] [stdout] 
[INFO] [stdout] 
[INFO] [stdout] error[E0599]: no method named `update_dom_with_vdom` found for struct `ManuallyDrop<sauron::Program<SimpleComponent>>` in the current scope
[INFO] [stdout]    --> tests/dom_event_tests.rs:149:10
[INFO] [stdout]     |
[INFO] [stdout] 148 | /     simple_program
[INFO] [stdout] 149 | |         .update_dom_with_vdom(new)
[INFO] [stdout]     | |_________-^^^^^^^^^^^^^^^^^^^^
[INFO] [stdout]     |
[INFO] [stdout] help: there is a method `update_dom` with a similar name, but with different arguments
[INFO] [stdout]    --> /opt/rustwide/cargo-home/registry/src/index.crates.io-6f17d22bba15001f/sauron-core-0.61.8/src/dom/program.rs:442:5
[INFO] [stdout]     |
[INFO] [stdout] 442 |     pub fn update_dom(&mut self) -> Result<(), JsValue> {
[INFO] [stdout]     |     ^^^^^^^^^^^^^^^^^^^^^^^^^^^^^^^^^^^^^^^^^^^^^^^^^^^
[INFO] [stdout] 
[INFO] [stdout] 
[INFO] [stdout] error[E0599]: no method named `update_dom_with_vdom` found for struct `ManuallyDrop<sauron::Program<SimpleComponent>>` in the current scope
[INFO] [stdout]    --> tests/dom_keyed_subsequent_updates.rs:389:10
[INFO] [stdout]     |
[INFO] [stdout] 388 | /     simple_program
[INFO] [stdout] 389 | |         .update_dom_with_vdom(update3.clone())
[INFO] [stdout]     | |_________-^^^^^^^^^^^^^^^^^^^^
[INFO] [stdout]     |
[INFO] [stdout] help: there is a method `update_dom` with a similar name, but with different arguments
[INFO] [stdout]    --> /opt/rustwide/cargo-home/registry/src/index.crates.io-6f17d22bba15001f/sauron-core-0.61.8/src/dom/program.rs:442:5
[INFO] [stdout]     |
[INFO] [stdout] 442 |     pub fn update_dom(&mut self) -> Result<(), JsValue> {
[INFO] [stdout]     |     ^^^^^^^^^^^^^^^^^^^^^^^^^^^^^^^^^^^^^^^^^^^^^^^^^^^
[INFO] [stdout] 
[INFO] [stdout] 
[INFO] [stdout] For more information about this error, try `rustc --explain E0599`.
[INFO] [stdout] 
[INFO] [stdout] For more information about this error, try `rustc --explain E0599`.
[INFO] [stdout] 
[INFO] [stderr] error: could not compile `sauron` (test "dom_event_tests") due to 5 previous errors
[INFO] [stdout] error[E0599]: no method named `update_dom_with_vdom` found for struct `ManuallyDrop<sauron::Program<SimpleComponent>>` in the current scope
[INFO] [stdout]    --> tests/dom_replace_node_patches.rs:119:10
[INFO] [stdout]     |
[INFO] [stdout] 118 | /     simple_program
[INFO] [stdout] 119 | |         .update_dom_with_vdom(old)
[INFO] [stdout]     | |_________-^^^^^^^^^^^^^^^^^^^^
[INFO] [stdout]     |
[INFO] [stdout] help: there is a method `update_dom` with a similar name, but with different arguments
[INFO] [stdout]    --> /opt/rustwide/cargo-home/registry/src/index.crates.io-6f17d22bba15001f/sauron-core-0.61.8/src/dom/program.rs:442:5
[INFO] [stdout]     |
[INFO] [stdout] 442 |     pub fn update_dom(&mut self) -> Result<(), JsValue> {
[INFO] [stdout]     |     ^^^^^^^^^^^^^^^^^^^^^^^^^^^^^^^^^^^^^^^^^^^^^^^^^^^
[INFO] [stdout] 
[INFO] [stdout] 
[INFO] [stderr] error: could not compile `sauron` (test "dom_swap_nodes") due to 6 previous errors
[INFO] [stdout] For more information about this error, try `rustc --explain E0599`.
[INFO] [stdout] 
[INFO] [stdout] error[E0599]: no method named `update_dom_with_vdom` found for struct `ManuallyDrop<sauron::Program<SimpleComponent>>` in the current scope
[INFO] [stdout]    --> tests/dom_replace_node_patches.rs:132:10
[INFO] [stdout]     |
[INFO] [stdout] 131 | /     simple_program
[INFO] [stdout] 132 | |         .update_dom_with_vdom(update1)
[INFO] [stdout]     | |_________-^^^^^^^^^^^^^^^^^^^^
[INFO] [stdout]     |
[INFO] [stdout] help: there is a method `update_dom` with a similar name, but with different arguments
[INFO] [stdout]    --> /opt/rustwide/cargo-home/registry/src/index.crates.io-6f17d22bba15001f/sauron-core-0.61.8/src/dom/program.rs:442:5
[INFO] [stdout]     |
[INFO] [stdout] 442 |     pub fn update_dom(&mut self) -> Result<(), JsValue> {
[INFO] [stdout]     |     ^^^^^^^^^^^^^^^^^^^^^^^^^^^^^^^^^^^^^^^^^^^^^^^^^^^
[INFO] [stdout] 
[INFO] [stdout] 
[INFO] [stderr] error: could not compile `sauron` (test "dom_keyed_subsequent_updates") due to 4 previous errors
[INFO] [stdout] For more information about this error, try `rustc --explain E0599`.
[INFO] [stdout] 
[INFO] [stderr] error: could not compile `sauron` (test "dom_replace_node_patches") due to 4 previous errors
[INFO] running `Command { std: "docker" "inspect" "0d424529b9eaa004efe0de1c43b011a4a59956dcf50f712417363a80fbe90bb5", kill_on_drop: false }`
[INFO] running `Command { std: "docker" "rm" "-f" "0d424529b9eaa004efe0de1c43b011a4a59956dcf50f712417363a80fbe90bb5", kill_on_drop: false }`
[INFO] [stdout] 0d424529b9eaa004efe0de1c43b011a4a59956dcf50f712417363a80fbe90bb5
