[INFO] fetching crate sapio-contrib 0.2.4...
[INFO] testing sapio-contrib-0.2.4 against nightly-2024-10-28+rustflags=-Zrandomize-layout for randomize-layout
[INFO] extracting crate sapio-contrib 0.2.4 into /workspace/builds/worker-4-tc2/source
[INFO] validating manifest of crates.io crate sapio-contrib 0.2.4 on toolchain nightly-2024-10-28
[INFO] running `Command { std: CARGO_HOME="/workspace/cargo-home" RUSTUP_HOME="/workspace/rustup-home" "/workspace/cargo-home/bin/cargo" "+nightly-2024-10-28" "metadata" "--manifest-path" "Cargo.toml" "--no-deps", kill_on_drop: false }`
[INFO] started tweaking crates.io crate sapio-contrib 0.2.4
[INFO] finished tweaking crates.io crate sapio-contrib 0.2.4
[INFO] tweaked toml for crates.io crate sapio-contrib 0.2.4 written to /workspace/builds/worker-4-tc2/source/Cargo.toml
[INFO] running `Command { std: CARGO_HOME="/workspace/cargo-home" RUSTUP_HOME="/workspace/rustup-home" "/workspace/cargo-home/bin/cargo" "+nightly-2024-10-28" "generate-lockfile" "--manifest-path" "Cargo.toml", kill_on_drop: false }`
[INFO] [stderr]     Updating crates.io index
[INFO] [stderr]      Locking 50 packages to latest compatible versions
[INFO] [stderr]       Adding rand v0.6.5 (available: v0.8.5)
[INFO] running `Command { std: CARGO_HOME="/workspace/cargo-home" RUSTUP_HOME="/workspace/rustup-home" "/workspace/cargo-home/bin/cargo" "+nightly-2024-10-28" "fetch" "--manifest-path" "Cargo.toml", kill_on_drop: false }`
[INFO] running `Command { std: "docker" "create" "-v" "/var/lib/crater-agent-workspace/builds/worker-4-tc2/target:/opt/rustwide/target:rw,Z" "-v" "/var/lib/crater-agent-workspace/builds/worker-4-tc2/source:/opt/rustwide/workdir:ro,Z" "-v" "/var/lib/crater-agent-workspace/cargo-home:/opt/rustwide/cargo-home:ro,Z" "-v" "/var/lib/crater-agent-workspace/rustup-home:/opt/rustwide/rustup-home:ro,Z" "-e" "SOURCE_DIR=/opt/rustwide/workdir" "-e" "CARGO_TARGET_DIR=/opt/rustwide/target" "-e" "CARGO_HOME=/opt/rustwide/cargo-home" "-e" "RUSTUP_HOME=/opt/rustwide/rustup-home" "-w" "/opt/rustwide/workdir" "-m" "1610612736" "--user" "0:0" "--network" "none" "ghcr.io/rust-lang/crates-build-env/linux@sha256:4a844ea9eb2546a2d2c7022eacef16ef2e8229c7fbb2c7d4d55a9ceca922f72d" "/opt/rustwide/cargo-home/bin/cargo" "+nightly-2024-10-28" "metadata" "--no-deps" "--format-version=1", kill_on_drop: false }`
[INFO] [stdout] 660d28f49990e0c74488d40ce0b0bc80acc2804d0d2268f6d77497de5a488f10
[INFO] running `Command { std: "docker" "start" "-a" "660d28f49990e0c74488d40ce0b0bc80acc2804d0d2268f6d77497de5a488f10", kill_on_drop: false }`
[INFO] running `Command { std: "docker" "inspect" "660d28f49990e0c74488d40ce0b0bc80acc2804d0d2268f6d77497de5a488f10", kill_on_drop: false }`
[INFO] running `Command { std: "docker" "rm" "-f" "660d28f49990e0c74488d40ce0b0bc80acc2804d0d2268f6d77497de5a488f10", kill_on_drop: false }`
[INFO] [stdout] 660d28f49990e0c74488d40ce0b0bc80acc2804d0d2268f6d77497de5a488f10
[INFO] running `Command { std: "docker" "create" "-v" "/var/lib/crater-agent-workspace/builds/worker-4-tc2/target:/opt/rustwide/target:rw,Z" "-v" "/var/lib/crater-agent-workspace/builds/worker-4-tc2/source:/opt/rustwide/workdir:ro,Z" "-v" "/var/lib/crater-agent-workspace/cargo-home:/opt/rustwide/cargo-home:ro,Z" "-v" "/var/lib/crater-agent-workspace/rustup-home:/opt/rustwide/rustup-home:ro,Z" "-e" "SOURCE_DIR=/opt/rustwide/workdir" "-e" "CARGO_TARGET_DIR=/opt/rustwide/target" "-e" "CARGO_INCREMENTAL=0" "-e" "RUST_BACKTRACE=full" "-e" "RUSTFLAGS=--cap-lints=forbid -Zrandomize-layout" "-e" "RUSTDOCFLAGS=--cap-lints=forbid" "-e" "CARGO_HOME=/opt/rustwide/cargo-home" "-e" "RUSTUP_HOME=/opt/rustwide/rustup-home" "-w" "/opt/rustwide/workdir" "-m" "1610612736" "--user" "0:0" "--network" "none" "ghcr.io/rust-lang/crates-build-env/linux@sha256:4a844ea9eb2546a2d2c7022eacef16ef2e8229c7fbb2c7d4d55a9ceca922f72d" "/opt/rustwide/cargo-home/bin/cargo" "+nightly-2024-10-28" "build" "--frozen" "--message-format=json", kill_on_drop: false }`
[INFO] [stdout] 43a7b952c5557f56953214ff0f499170eba2e98883d6c96b9cd5a8a6a598ef88
[INFO] running `Command { std: "docker" "start" "-a" "43a7b952c5557f56953214ff0f499170eba2e98883d6c96b9cd5a8a6a598ef88", kill_on_drop: false }`
[INFO] [stderr]    Compiling proc-macro2 v1.0.89
[INFO] [stderr]    Compiling unicode-ident v1.0.13
[INFO] [stderr]    Compiling serde v1.0.214
[INFO] [stderr]    Compiling serde_json v1.0.132
[INFO] [stderr]    Compiling shlex v1.3.0
[INFO] [stderr]    Compiling schemars v0.8.21
[INFO] [stderr]    Compiling ryu v1.0.18
[INFO] [stderr]    Compiling memchr v2.7.4
[INFO] [stderr]    Compiling itoa v1.0.11
[INFO] [stderr]    Compiling dyn-clone v1.0.17
[INFO] [stderr]    Compiling bech32 v0.8.1
[INFO] [stderr]    Compiling syn v1.0.109
[INFO] [stderr]    Compiling paste v1.0.15
[INFO] [stderr]    Compiling lazy_static v1.5.0
[INFO] [stderr]    Compiling base64 v0.13.1
[INFO] [stderr]    Compiling cc v1.1.31
[INFO] [stderr]    Compiling quote v1.0.37
[INFO] [stderr]    Compiling syn v2.0.86
[INFO] [stderr]    Compiling sapio-secp256k1-sys v0.9.2
[INFO] [stderr]    Compiling serde_derive_internals v0.29.1
[INFO] [stderr]    Compiling serde_derive v1.0.214
[INFO] [stderr]    Compiling schemars_derive v0.8.21
[INFO] [stderr]    Compiling sapio_macros v0.2.4
[INFO] [stderr]    Compiling sapio-secp256k1 v0.28.1
[INFO] [stderr]    Compiling bitcoin_hashes v0.10.0
[INFO] [stderr]    Compiling sapio-bitcoin v0.28.2
[INFO] [stderr]    Compiling sapio-miniscript v7.0.1
[INFO] [stderr]    Compiling sapio-base v0.2.4
[INFO] [stderr]    Compiling sapio-ctv-emulator-trait v0.2.4
[INFO] [stderr]    Compiling sapio v0.2.4
[INFO] [stderr]    Compiling sapio-contrib v0.2.4 (/opt/rustwide/workdir)
[INFO] [stdout] warning: elided lifetime has a name
[INFO] [stdout]   --> src/contracts/dynamic.rs:42:39
[INFO] [stdout]    |
[INFO] [stdout] 42 |     fn get_inner_ref<'a>(&'a self) -> &Self {
[INFO] [stdout]    |                      --               ^ this elided lifetime gets resolved as `'a`
[INFO] [stdout]    |                      |
[INFO] [stdout]    |                      lifetime `'a` declared here
[INFO] [stdout]    |
[INFO] [stdout]    = note: `#[warn(elided_named_lifetimes)]` on by default
[INFO] [stdout] 
[INFO] [stdout] 
[INFO] [stdout] warning: fields `revoke` and `split` are never read
[INFO] [stdout]   --> src/contracts/channel.rs:89:5
[INFO] [stdout]    |
[INFO] [stdout] 87 | pub struct Update {
[INFO] [stdout]    |            ------ fields in this struct
[INFO] [stdout] 88 |     /// hash to revoke
[INFO] [stdout] 89 |     revoke: bitcoin::hashes::sha256::Hash,
[INFO] [stdout]    |     ^^^^^^
[INFO] [stdout] 90 |     /// the balances of the channel
[INFO] [stdout] 91 |     split: (CoinAmount, CoinAmount),
[INFO] [stdout]    |     ^^^^^
[INFO] [stdout]    |
[INFO] [stdout]    = note: `Update` has a derived impl for the trait `Debug`, but this is intentionally ignored during dead code analysis
[INFO] [stdout]    = note: `#[warn(dead_code)]` on by default
[INFO] [stdout] 
[INFO] [stdout] 
[INFO] [stdout] warning: struct `MockDB` is never constructed
[INFO] [stdout]    --> src/contracts/channel.rs:134:8
[INFO] [stdout]     |
[INFO] [stdout] 134 | struct MockDB {}
[INFO] [stdout]     |        ^^^^^^
[INFO] [stdout] 
[INFO] [stdout] 
[INFO] [stdout] warning: function `register_db` is never used
[INFO] [stdout]    --> src/contracts/channel.rs:162:12
[INFO] [stdout]     |
[INFO] [stdout] 162 |     pub fn register_db(s: String, f: fn(&str) -> Arc<Mutex<dyn DB>>) {
[INFO] [stdout]     |            ^^^^^^^^^^^
[INFO] [stdout] 
[INFO] [stdout] 
[INFO] [stdout] warning: field `0` is never read
[INFO] [stdout]   --> src/contracts/derivatives/dlc.rs:19:14
[INFO] [stdout]    |
[INFO] [stdout] 19 | struct Event(String);
[INFO] [stdout]    |        ----- ^^^^^^
[INFO] [stdout]    |        |
[INFO] [stdout]    |        field in this struct
[INFO] [stdout]    |
[INFO] [stdout]    = help: consider removing this field
[INFO] [stdout] 
[INFO] [stdout] 
[INFO] [stdout] warning: struct `BasicOracle` is never constructed
[INFO] [stdout]   --> src/contracts/derivatives/dlc.rs:29:8
[INFO] [stdout]    |
[INFO] [stdout] 29 | struct BasicOracle {
[INFO] [stdout]    |        ^^^^^^^^^^^
[INFO] [stdout] 
[INFO] [stdout] 
[INFO] [stdout] warning: variants `LinearPositive`, `GeometricPositive`, and `Sigmoid` are never constructed
[INFO] [stdout]    --> src/contracts/derivatives/dlc.rs:142:5
[INFO] [stdout]     |
[INFO] [stdout] 139 | enum SplitFunctions {
[INFO] [stdout]     |      -------------- variants in this enum
[INFO] [stdout] ...
[INFO] [stdout] 142 |     LinearPositive(Intercept),
[INFO] [stdout]     |     ^^^^^^^^^^^^^^
[INFO] [stdout] 143 |     /// A Geometric starting at the intercept parameter to 1.0
[INFO] [stdout] 144 |     GeometricPositive(Intercept),
[INFO] [stdout]     |     ^^^^^^^^^^^^^^^^^
[INFO] [stdout] ...
[INFO] [stdout] 149 |     Sigmoid(Offset),
[INFO] [stdout]     |     ^^^^^^^
[INFO] [stdout]     |
[INFO] [stdout]     = note: `SplitFunctions` has a derived impl for the trait `Clone`, but this is intentionally ignored during dead code analysis
[INFO] [stdout] 
[INFO] [stdout] 
[INFO] [stdout] warning: function `candles_left` is never used
[INFO] [stdout]   --> src/contracts/hanukkah.rs:34:4
[INFO] [stdout]    |
[INFO] [stdout] 34 | fn candles_left(s: u8) -> u8 {
[INFO] [stdout]    |    ^^^^^^^^^^^^
[INFO] [stdout] 
[INFO] [stdout] 
[INFO] [stderr]     Finished `dev` profile [unoptimized + debuginfo] target(s) in 18.97s
[INFO] running `Command { std: "docker" "inspect" "43a7b952c5557f56953214ff0f499170eba2e98883d6c96b9cd5a8a6a598ef88", kill_on_drop: false }`
[INFO] running `Command { std: "docker" "rm" "-f" "43a7b952c5557f56953214ff0f499170eba2e98883d6c96b9cd5a8a6a598ef88", kill_on_drop: false }`
[INFO] [stdout] 43a7b952c5557f56953214ff0f499170eba2e98883d6c96b9cd5a8a6a598ef88
[INFO] running `Command { std: "docker" "create" "-v" "/var/lib/crater-agent-workspace/builds/worker-4-tc2/target:/opt/rustwide/target:rw,Z" "-v" "/var/lib/crater-agent-workspace/builds/worker-4-tc2/source:/opt/rustwide/workdir:ro,Z" "-v" "/var/lib/crater-agent-workspace/cargo-home:/opt/rustwide/cargo-home:ro,Z" "-v" "/var/lib/crater-agent-workspace/rustup-home:/opt/rustwide/rustup-home:ro,Z" "-e" "SOURCE_DIR=/opt/rustwide/workdir" "-e" "CARGO_TARGET_DIR=/opt/rustwide/target" "-e" "CARGO_INCREMENTAL=0" "-e" "RUST_BACKTRACE=full" "-e" "RUSTFLAGS=--cap-lints=forbid -Zrandomize-layout" "-e" "RUSTDOCFLAGS=--cap-lints=forbid" "-e" "CARGO_HOME=/opt/rustwide/cargo-home" "-e" "RUSTUP_HOME=/opt/rustwide/rustup-home" "-w" "/opt/rustwide/workdir" "-m" "1610612736" "--user" "0:0" "--network" "none" "ghcr.io/rust-lang/crates-build-env/linux@sha256:4a844ea9eb2546a2d2c7022eacef16ef2e8229c7fbb2c7d4d55a9ceca922f72d" "/opt/rustwide/cargo-home/bin/cargo" "+nightly-2024-10-28" "test" "--frozen" "--no-run" "--message-format=json", kill_on_drop: false }`
[INFO] [stdout] 860de8b21cda877cd4fdb3626a75f93d38223428551b56aa6d83acc59995405e
[INFO] running `Command { std: "docker" "start" "-a" "860de8b21cda877cd4fdb3626a75f93d38223428551b56aa6d83acc59995405e", kill_on_drop: false }`
[INFO] [stderr]    Compiling autocfg v1.4.0
[INFO] [stderr]    Compiling rand_core v0.4.2
[INFO] [stderr]    Compiling libc v0.2.161
[INFO] [stdout] warning: elided lifetime has a name
[INFO] [stdout]   --> src/contracts/dynamic.rs:42:39
[INFO] [stdout]    |
[INFO] [stdout] 42 |     fn get_inner_ref<'a>(&'a self) -> &Self {
[INFO] [stdout]    |                      --               ^ this elided lifetime gets resolved as `'a`
[INFO] [stdout]    |                      |
[INFO] [stdout]    |                      lifetime `'a` declared here
[INFO] [stdout]    |
[INFO] [stdout]    = note: `#[warn(elided_named_lifetimes)]` on by default
[INFO] [stdout] 
[INFO] [stdout] 
[INFO] [stdout] warning: fields `revoke` and `split` are never read
[INFO] [stdout]   --> src/contracts/channel.rs:89:5
[INFO] [stdout]    |
[INFO] [stdout] 87 | pub struct Update {
[INFO] [stdout]    |            ------ fields in this struct
[INFO] [stdout] 88 |     /// hash to revoke
[INFO] [stdout] 89 |     revoke: bitcoin::hashes::sha256::Hash,
[INFO] [stdout]    |     ^^^^^^
[INFO] [stdout] 90 |     /// the balances of the channel
[INFO] [stdout] 91 |     split: (CoinAmount, CoinAmount),
[INFO] [stdout]    |     ^^^^^
[INFO] [stdout]    |
[INFO] [stdout]    = note: `Update` has a derived impl for the trait `Debug`, but this is intentionally ignored during dead code analysis
[INFO] [stdout]    = note: `#[warn(dead_code)]` on by default
[INFO] [stdout] 
[INFO] [stdout] 
[INFO] [stdout] warning: struct `MockDB` is never constructed
[INFO] [stdout]    --> src/contracts/channel.rs:134:8
[INFO] [stdout]     |
[INFO] [stdout] 134 | struct MockDB {}
[INFO] [stdout]     |        ^^^^^^
[INFO] [stdout] 
[INFO] [stdout] 
[INFO] [stdout] warning: function `register_db` is never used
[INFO] [stdout]    --> src/contracts/channel.rs:162:12
[INFO] [stdout]     |
[INFO] [stdout] 162 |     pub fn register_db(s: String, f: fn(&str) -> Arc<Mutex<dyn DB>>) {
[INFO] [stdout]     |            ^^^^^^^^^^^
[INFO] [stdout] 
[INFO] [stdout] 
[INFO] [stdout] warning: field `0` is never read
[INFO] [stdout]   --> src/contracts/derivatives/dlc.rs:19:14
[INFO] [stdout]    |
[INFO] [stdout] 19 | struct Event(String);
[INFO] [stdout]    |        ----- ^^^^^^
[INFO] [stdout]    |        |
[INFO] [stdout]    |        field in this struct
[INFO] [stdout]    |
[INFO] [stdout]    = help: consider removing this field
[INFO] [stdout] 
[INFO] [stdout] 
[INFO] [stdout] warning: struct `BasicOracle` is never constructed
[INFO] [stdout]   --> src/contracts/derivatives/dlc.rs:29:8
[INFO] [stdout]    |
[INFO] [stdout] 29 | struct BasicOracle {
[INFO] [stdout]    |        ^^^^^^^^^^^
[INFO] [stdout] 
[INFO] [stdout] 
[INFO] [stdout] warning: variants `LinearPositive`, `GeometricPositive`, and `Sigmoid` are never constructed
[INFO] [stdout]    --> src/contracts/derivatives/dlc.rs:142:5
[INFO] [stdout]     |
[INFO] [stdout] 139 | enum SplitFunctions {
[INFO] [stdout]     |      -------------- variants in this enum
[INFO] [stdout] ...
[INFO] [stdout] 142 |     LinearPositive(Intercept),
[INFO] [stdout]     |     ^^^^^^^^^^^^^^
[INFO] [stdout] 143 |     /// A Geometric starting at the intercept parameter to 1.0
[INFO] [stdout] 144 |     GeometricPositive(Intercept),
[INFO] [stdout]     |     ^^^^^^^^^^^^^^^^^
[INFO] [stdout] ...
[INFO] [stdout] 149 |     Sigmoid(Offset),
[INFO] [stdout]     |     ^^^^^^^
[INFO] [stdout]     |
[INFO] [stdout]     = note: `SplitFunctions` has a derived impl for the trait `Clone`, but this is intentionally ignored during dead code analysis
[INFO] [stdout] 
[INFO] [stdout] 
[INFO] [stdout] warning: function `candles_left` is never used
[INFO] [stdout]   --> src/contracts/hanukkah.rs:34:4
[INFO] [stdout]    |
[INFO] [stdout] 34 | fn candles_left(s: u8) -> u8 {
[INFO] [stdout]    |    ^^^^^^^^^^^^
[INFO] [stdout] 
[INFO] [stdout] 
[INFO] [stderr]    Compiling rand_core v0.3.1
[INFO] [stderr]    Compiling rand_jitter v0.1.4
[INFO] [stderr]    Compiling rand_hc v0.1.0
[INFO] [stderr]    Compiling rand_xorshift v0.1.1
[INFO] [stderr]    Compiling rand_isaac v0.1.1
[INFO] [stderr]    Compiling autocfg v0.1.8
[INFO] [stderr]    Compiling rand_pcg v0.1.2
[INFO] [stderr]    Compiling rand_chacha v0.1.1
[INFO] [stderr]    Compiling rand v0.6.5
[INFO] [stderr]    Compiling rand_os v0.1.3
[INFO] [stderr]    Compiling sapio-contrib v0.2.4 (/opt/rustwide/workdir)
[INFO] [stdout] warning: elided lifetime has a name
[INFO] [stdout]   --> src/contracts/dynamic.rs:42:39
[INFO] [stdout]    |
[INFO] [stdout] 42 |     fn get_inner_ref<'a>(&'a self) -> &Self {
[INFO] [stdout]    |                      --               ^ this elided lifetime gets resolved as `'a`
[INFO] [stdout]    |                      |
[INFO] [stdout]    |                      lifetime `'a` declared here
[INFO] [stdout]    |
[INFO] [stdout]    = note: `#[warn(elided_named_lifetimes)]` on by default
[INFO] [stdout] 
[INFO] [stdout] 
[INFO] [stdout] error[E0599]: no method named `generate_keypair` found for struct `sapio_bitcoin::sapio_secp256k1::Secp256k1` in the current scope
[INFO] [stdout]   --> src/contracts/channel.rs:40:27
[INFO] [stdout]    |
[INFO] [stdout] 40 |             .map(|_| full.generate_keypair(&mut rng).1.into())
[INFO] [stdout]    |                           ^^^^^^^^^^^^^^^^ method not found in `Secp256k1<All>`
[INFO] [stdout] 
[INFO] [stdout] 
[INFO] [stdout] error[E0599]: no method named `generate_keypair` found for struct `sapio_bitcoin::sapio_secp256k1::Secp256k1` in the current scope
[INFO] [stdout]    --> src/contracts/derivatives/dlc.rs:232:29
[INFO] [stdout]     |
[INFO] [stdout] 232 |         let (_, pk1) = secp.generate_keypair(&mut rng);
[INFO] [stdout]     |                             ^^^^^^^^^^^^^^^^ method not found in `Secp256k1<All>`
[INFO] [stdout] 
[INFO] [stdout] 
[INFO] [stdout] error[E0599]: no method named `generate_keypair` found for struct `sapio_bitcoin::sapio_secp256k1::Secp256k1` in the current scope
[INFO] [stdout]    --> src/contracts/derivatives/dlc.rs:233:29
[INFO] [stdout]     |
[INFO] [stdout] 233 |         let (_, pk2) = secp.generate_keypair(&mut rng);
[INFO] [stdout]     |                             ^^^^^^^^^^^^^^^^ method not found in `Secp256k1<All>`
[INFO] [stdout] 
[INFO] [stdout] 
[INFO] [stdout] error[E0599]: no method named `generate_keypair` found for struct `sapio_bitcoin::sapio_secp256k1::Secp256k1` in the current scope
[INFO] [stdout]    --> src/contracts/derivatives/dlc.rs:238:30
[INFO] [stdout]     |
[INFO] [stdout] 238 |         let (_, pk_a) = secp.generate_keypair(&mut rng);
[INFO] [stdout]     |                              ^^^^^^^^^^^^^^^^ method not found in `Secp256k1<All>`
[INFO] [stdout] 
[INFO] [stdout] 
[INFO] [stdout] error[E0599]: no method named `generate_keypair` found for struct `sapio_bitcoin::sapio_secp256k1::Secp256k1` in the current scope
[INFO] [stdout]    --> src/contracts/derivatives/dlc.rs:239:30
[INFO] [stdout]     |
[INFO] [stdout] 239 |         let (_, pk_b) = secp.generate_keypair(&mut rng);
[INFO] [stdout]     |                              ^^^^^^^^^^^^^^^^ method not found in `Secp256k1<All>`
[INFO] [stdout] 
[INFO] [stdout] 
[INFO] [stdout] For more information about this error, try `rustc --explain E0599`.
[INFO] [stdout] 
[INFO] [stderr] error: could not compile `sapio-contrib` (lib test) due to 5 previous errors; 1 warning emitted
[INFO] running `Command { std: "docker" "inspect" "860de8b21cda877cd4fdb3626a75f93d38223428551b56aa6d83acc59995405e", kill_on_drop: false }`
[INFO] running `Command { std: "docker" "rm" "-f" "860de8b21cda877cd4fdb3626a75f93d38223428551b56aa6d83acc59995405e", kill_on_drop: false }`
[INFO] [stdout] 860de8b21cda877cd4fdb3626a75f93d38223428551b56aa6d83acc59995405e
