[INFO] fetching crate sap-scripting 0.3.8...
[INFO] testing sap-scripting-0.3.8 against nightly-2024-10-28+rustflags=-Zrandomize-layout for randomize-layout
[INFO] extracting crate sap-scripting 0.3.8 into /workspace/builds/worker-1-tc2/source
[INFO] validating manifest of crates.io crate sap-scripting 0.3.8 on toolchain nightly-2024-10-28
[INFO] running `Command { std: CARGO_HOME="/workspace/cargo-home" RUSTUP_HOME="/workspace/rustup-home" "/workspace/cargo-home/bin/cargo" "+nightly-2024-10-28" "metadata" "--manifest-path" "Cargo.toml" "--no-deps", kill_on_drop: false }`
[INFO] removed /workspace/builds/worker-1-tc2/source/.cargo/config
[INFO] started tweaking crates.io crate sap-scripting 0.3.8
[INFO] finished tweaking crates.io crate sap-scripting 0.3.8
[INFO] tweaked toml for crates.io crate sap-scripting 0.3.8 written to /workspace/builds/worker-1-tc2/source/Cargo.toml
[INFO] crate crates.io crate sap-scripting 0.3.8 already has a lockfile, it will not be regenerated
[INFO] running `Command { std: CARGO_HOME="/workspace/cargo-home" RUSTUP_HOME="/workspace/rustup-home" "/workspace/cargo-home/bin/cargo" "+nightly-2024-10-28" "fetch" "--manifest-path" "Cargo.toml", kill_on_drop: false }`
[INFO] running `Command { std: "docker" "create" "-v" "/var/lib/crater-agent-workspace/builds/worker-1-tc2/target:/opt/rustwide/target:rw,Z" "-v" "/var/lib/crater-agent-workspace/builds/worker-1-tc2/source:/opt/rustwide/workdir:ro,Z" "-v" "/var/lib/crater-agent-workspace/cargo-home:/opt/rustwide/cargo-home:ro,Z" "-v" "/var/lib/crater-agent-workspace/rustup-home:/opt/rustwide/rustup-home:ro,Z" "-e" "SOURCE_DIR=/opt/rustwide/workdir" "-e" "CARGO_TARGET_DIR=/opt/rustwide/target" "-e" "CARGO_HOME=/opt/rustwide/cargo-home" "-e" "RUSTUP_HOME=/opt/rustwide/rustup-home" "-w" "/opt/rustwide/workdir" "-m" "1610612736" "--user" "0:0" "--network" "none" "ghcr.io/rust-lang/crates-build-env/linux@sha256:4a844ea9eb2546a2d2c7022eacef16ef2e8229c7fbb2c7d4d55a9ceca922f72d" "/opt/rustwide/cargo-home/bin/cargo" "+nightly-2024-10-28" "metadata" "--no-deps" "--format-version=1", kill_on_drop: false }`
[INFO] [stdout] 0d3c583cb3e117e34eac5a72fd173c44ef56e60b0fccc1b1124788d65aa3e40e
[INFO] running `Command { std: "docker" "start" "-a" "0d3c583cb3e117e34eac5a72fd173c44ef56e60b0fccc1b1124788d65aa3e40e", kill_on_drop: false }`
[INFO] running `Command { std: "docker" "inspect" "0d3c583cb3e117e34eac5a72fd173c44ef56e60b0fccc1b1124788d65aa3e40e", kill_on_drop: false }`
[INFO] running `Command { std: "docker" "rm" "-f" "0d3c583cb3e117e34eac5a72fd173c44ef56e60b0fccc1b1124788d65aa3e40e", kill_on_drop: false }`
[INFO] [stdout] 0d3c583cb3e117e34eac5a72fd173c44ef56e60b0fccc1b1124788d65aa3e40e
[INFO] running `Command { std: "docker" "create" "-v" "/var/lib/crater-agent-workspace/builds/worker-1-tc2/target:/opt/rustwide/target:rw,Z" "-v" "/var/lib/crater-agent-workspace/builds/worker-1-tc2/source:/opt/rustwide/workdir:ro,Z" "-v" "/var/lib/crater-agent-workspace/cargo-home:/opt/rustwide/cargo-home:ro,Z" "-v" "/var/lib/crater-agent-workspace/rustup-home:/opt/rustwide/rustup-home:ro,Z" "-e" "SOURCE_DIR=/opt/rustwide/workdir" "-e" "CARGO_TARGET_DIR=/opt/rustwide/target" "-e" "CARGO_INCREMENTAL=0" "-e" "RUST_BACKTRACE=full" "-e" "RUSTFLAGS=--cap-lints=forbid -Zrandomize-layout" "-e" "RUSTDOCFLAGS=--cap-lints=forbid" "-e" "CARGO_HOME=/opt/rustwide/cargo-home" "-e" "RUSTUP_HOME=/opt/rustwide/rustup-home" "-w" "/opt/rustwide/workdir" "-m" "1610612736" "--user" "0:0" "--network" "none" "ghcr.io/rust-lang/crates-build-env/linux@sha256:4a844ea9eb2546a2d2c7022eacef16ef2e8229c7fbb2c7d4d55a9ceca922f72d" "/opt/rustwide/cargo-home/bin/cargo" "+nightly-2024-10-28" "build" "--frozen" "--message-format=json", kill_on_drop: false }`
[INFO] [stdout] 85222024f7b3ec47d527361dca9b49375d6df7cefa4dbdf6674b6372c4e918d8
[INFO] running `Command { std: "docker" "start" "-a" "85222024f7b3ec47d527361dca9b49375d6df7cefa4dbdf6674b6372c4e918d8", kill_on_drop: false }`
[INFO] [stderr]    Compiling windows_x86_64_gnu v0.48.5
[INFO] [stderr]    Compiling heck v0.4.1
[INFO] [stderr]    Compiling log v0.4.20
[INFO] [stderr]    Compiling com-shim-macro v0.3.6
[INFO] [stderr]    Compiling windows-targets v0.48.5
[INFO] [stderr]    Compiling windows-core v0.51.1
[INFO] [stderr]    Compiling windows v0.51.1
[INFO] [stderr]    Compiling com-shim v0.3.6
[INFO] [stderr]    Compiling sap-scripting v0.3.8 (/opt/rustwide/workdir)
[INFO] [stderr]     Finished `dev` profile [unoptimized + debuginfo] target(s) in 6.44s
[INFO] running `Command { std: "docker" "inspect" "85222024f7b3ec47d527361dca9b49375d6df7cefa4dbdf6674b6372c4e918d8", kill_on_drop: false }`
[INFO] running `Command { std: "docker" "rm" "-f" "85222024f7b3ec47d527361dca9b49375d6df7cefa4dbdf6674b6372c4e918d8", kill_on_drop: false }`
[INFO] [stdout] 85222024f7b3ec47d527361dca9b49375d6df7cefa4dbdf6674b6372c4e918d8
[INFO] running `Command { std: "docker" "create" "-v" "/var/lib/crater-agent-workspace/builds/worker-1-tc2/target:/opt/rustwide/target:rw,Z" "-v" "/var/lib/crater-agent-workspace/builds/worker-1-tc2/source:/opt/rustwide/workdir:ro,Z" "-v" "/var/lib/crater-agent-workspace/cargo-home:/opt/rustwide/cargo-home:ro,Z" "-v" "/var/lib/crater-agent-workspace/rustup-home:/opt/rustwide/rustup-home:ro,Z" "-e" "SOURCE_DIR=/opt/rustwide/workdir" "-e" "CARGO_TARGET_DIR=/opt/rustwide/target" "-e" "CARGO_INCREMENTAL=0" "-e" "RUST_BACKTRACE=full" "-e" "RUSTFLAGS=--cap-lints=forbid -Zrandomize-layout" "-e" "RUSTDOCFLAGS=--cap-lints=forbid" "-e" "CARGO_HOME=/opt/rustwide/cargo-home" "-e" "RUSTUP_HOME=/opt/rustwide/rustup-home" "-w" "/opt/rustwide/workdir" "-m" "1610612736" "--user" "0:0" "--network" "none" "ghcr.io/rust-lang/crates-build-env/linux@sha256:4a844ea9eb2546a2d2c7022eacef16ef2e8229c7fbb2c7d4d55a9ceca922f72d" "/opt/rustwide/cargo-home/bin/cargo" "+nightly-2024-10-28" "test" "--frozen" "--no-run" "--message-format=json", kill_on_drop: false }`
[INFO] [stdout] 74b29c4cd90334b1d9a764a9bc91316eb46d0f66e646966e38be4590a235f534
[INFO] running `Command { std: "docker" "start" "-a" "74b29c4cd90334b1d9a764a9bc91316eb46d0f66e646966e38be4590a235f534", kill_on_drop: false }`
[INFO] [stderr]    Compiling rustix v0.38.20
[INFO] [stderr]    Compiling log v0.4.20
[INFO] [stderr]    Compiling bitflags v2.4.1
[INFO] [stderr]    Compiling regex-syntax v0.8.2
[INFO] [stderr]    Compiling linux-raw-sys v0.4.10
[INFO] [stderr]    Compiling termcolor v1.3.0
[INFO] [stderr]    Compiling aho-corasick v1.1.2
[INFO] [stderr]    Compiling com-shim v0.3.6
[INFO] [stderr]    Compiling sap-scripting v0.3.8 (/opt/rustwide/workdir)
[INFO] [stderr]    Compiling is-terminal v0.4.9
[INFO] [stderr]    Compiling regex-automata v0.4.3
[INFO] [stderr]    Compiling regex v1.10.2
[INFO] [stderr]    Compiling env_logger v0.10.0
[INFO] [stderr]    Compiling pretty_env_logger v0.5.0
[INFO] [stdout] error: linking with `cc` failed: exit status: 1
[INFO] [stdout]   |
[INFO] [stdout]   = note: LC_ALL="C" PATH="/opt/rustwide/rustup-home/toolchains/nightly-2024-10-28-x86_64-unknown-linux-gnu/lib/rustlib/x86_64-unknown-linux-gnu/bin:/opt/rustwide/rustup-home/toolchains/nightly-2024-10-28-x86_64-unknown-linux-gnu/lib/rustlib/x86_64-unknown-linux-gnu/bin/self-contained:/opt/rustwide/cargo-home/bin:/usr/local/sbin:/usr/local/bin:/usr/sbin:/usr/bin:/sbin:/bin" VSLANG="1033" "cc" "-m64" "/tmp/rustcHfUuso/symbols.o" "/opt/rustwide/target/debug/examples/charge-381e26596a588707.charge.93af1e36540e594f-cgu.0.rcgu.o" "/opt/rustwide/target/debug/examples/charge-381e26596a588707.dpm7fpccdnj389x6vy38igcdd.rcgu.o" "-Wl,--as-needed" "-Wl,-Bstatic" "/opt/rustwide/target/debug/deps/libsap_scripting-bbcf8749ad6b5190.rlib" "/opt/rustwide/target/debug/deps/libcom_shim-93219a4a76d75acd.rlib" "/opt/rustwide/target/debug/deps/liblog-15b2ec84560d93d4.rlib" "/opt/rustwide/target/debug/deps/libwindows-6396aad9cf7a89e1.rlib" "/opt/rustwide/target/debug/deps/libwindows_core-63180eb637ec3a58.rlib" "/opt/rustwide/target/debug/deps/libwindows_targets-01e8e6f5f186fdc0.rlib" "/opt/rustwide/rustup-home/toolchains/nightly-2024-10-28-x86_64-unknown-linux-gnu/lib/rustlib/x86_64-unknown-linux-gnu/lib/libstd-fb8c387236db3c10.rlib" "/opt/rustwide/rustup-home/toolchains/nightly-2024-10-28-x86_64-unknown-linux-gnu/lib/rustlib/x86_64-unknown-linux-gnu/lib/libpanic_unwind-b251837809b2f64b.rlib" "/opt/rustwide/rustup-home/toolchains/nightly-2024-10-28-x86_64-unknown-linux-gnu/lib/rustlib/x86_64-unknown-linux-gnu/lib/libobject-cbef83eaa4e01f04.rlib" "/opt/rustwide/rustup-home/toolchains/nightly-2024-10-28-x86_64-unknown-linux-gnu/lib/rustlib/x86_64-unknown-linux-gnu/lib/libmemchr-12a772286de2fca7.rlib" "/opt/rustwide/rustup-home/toolchains/nightly-2024-10-28-x86_64-unknown-linux-gnu/lib/rustlib/x86_64-unknown-linux-gnu/lib/libaddr2line-023bbe5ada7abfc3.rlib" "/opt/rustwide/rustup-home/toolchains/nightly-2024-10-28-x86_64-unknown-linux-gnu/lib/rustlib/x86_64-unknown-linux-gnu/lib/libgimli-de2bcdf10ec69c2b.rlib" "/opt/rustwide/rustup-home/toolchains/nightly-2024-10-28-x86_64-unknown-linux-gnu/lib/rustlib/x86_64-unknown-linux-gnu/lib/librustc_demangle-8e1754df350800fd.rlib" "/opt/rustwide/rustup-home/toolchains/nightly-2024-10-28-x86_64-unknown-linux-gnu/lib/rustlib/x86_64-unknown-linux-gnu/lib/libstd_detect-06c2ab7b9c32e037.rlib" "/opt/rustwide/rustup-home/toolchains/nightly-2024-10-28-x86_64-unknown-linux-gnu/lib/rustlib/x86_64-unknown-linux-gnu/lib/libhashbrown-51d2621fc57a281b.rlib" "/opt/rustwide/rustup-home/toolchains/nightly-2024-10-28-x86_64-unknown-linux-gnu/lib/rustlib/x86_64-unknown-linux-gnu/lib/librustc_std_workspace_alloc-54a930408793772f.rlib" "/opt/rustwide/rustup-home/toolchains/nightly-2024-10-28-x86_64-unknown-linux-gnu/lib/rustlib/x86_64-unknown-linux-gnu/lib/libminiz_oxide-0c7d01cba400dcb2.rlib" "/opt/rustwide/rustup-home/toolchains/nightly-2024-10-28-x86_64-unknown-linux-gnu/lib/rustlib/x86_64-unknown-linux-gnu/lib/libadler-b9f84d69e331b75b.rlib" "/opt/rustwide/rustup-home/toolchains/nightly-2024-10-28-x86_64-unknown-linux-gnu/lib/rustlib/x86_64-unknown-linux-gnu/lib/libunwind-eec95493246aae39.rlib" "/opt/rustwide/rustup-home/toolchains/nightly-2024-10-28-x86_64-unknown-linux-gnu/lib/rustlib/x86_64-unknown-linux-gnu/lib/libcfg_if-6f6676c475e08ab0.rlib" "/opt/rustwide/rustup-home/toolchains/nightly-2024-10-28-x86_64-unknown-linux-gnu/lib/rustlib/x86_64-unknown-linux-gnu/lib/liblibc-799d520624f8b2e0.rlib" "/opt/rustwide/rustup-home/toolchains/nightly-2024-10-28-x86_64-unknown-linux-gnu/lib/rustlib/x86_64-unknown-linux-gnu/lib/liballoc-fcf93d4842acd9a9.rlib" "/opt/rustwide/rustup-home/toolchains/nightly-2024-10-28-x86_64-unknown-linux-gnu/lib/rustlib/x86_64-unknown-linux-gnu/lib/librustc_std_workspace_core-395a38b8e0851c9b.rlib" "/opt/rustwide/rustup-home/toolchains/nightly-2024-10-28-x86_64-unknown-linux-gnu/lib/rustlib/x86_64-unknown-linux-gnu/lib/libcore-d453bab70303062c.rlib" "/opt/rustwide/rustup-home/toolchains/nightly-2024-10-28-x86_64-unknown-linux-gnu/lib/rustlib/x86_64-unknown-linux-gnu/lib/libcompiler_builtins-0e6386368b0a24e8.rlib" "-Wl,-Bdynamic" "-lgcc_s" "-lutil" "-lrt" "-lpthread" "-lm" "-ldl" "-lc" "-B/opt/rustwide/rustup-home/toolchains/nightly-2024-10-28-x86_64-unknown-linux-gnu/lib/rustlib/x86_64-unknown-linux-gnu/bin/gcc-ld" "-fuse-ld=lld" "-Wl,--eh-frame-hdr" "-Wl,-z,noexecstack" "-L" "/opt/rustwide/rustup-home/toolchains/nightly-2024-10-28-x86_64-unknown-linux-gnu/lib/rustlib/x86_64-unknown-linux-gnu/lib" "-o" "/opt/rustwide/target/debug/examples/charge-381e26596a588707" "-Wl,--gc-sections" "-pie" "-Wl,-z,relro,-z,now" "-nodefaultlibs"
[INFO] [stdout]   = note: rust-lld: error: undefined symbol: CoInitialize
[INFO] [stdout]           >>> referenced by mod.rs:360 (/opt/rustwide/cargo-home/registry/src/index.crates.io-6f17d22bba15001f/windows-0.51.1/src/Windows/Win32/System/Com/mod.rs:360)
[INFO] [stdout]           >>>               sap_scripting-bbcf8749ad6b5190.sap_scripting.605ecc1d9637cd71-cgu.0.rcgu.o:(windows::Windows::Win32::System::Com::CoInitialize::h5094c5a2f54dbad2) in archive /opt/rustwide/target/debug/deps/libsap_scripting-bbcf8749ad6b5190.rlib
[INFO] [stdout]           
[INFO] [stdout]           rust-lld: error: undefined symbol: CoUninitialize
[INFO] [stdout]           >>> referenced by mod.rs:663 (/opt/rustwide/cargo-home/registry/src/index.crates.io-6f17d22bba15001f/windows-0.51.1/src/Windows/Win32/System/Com/mod.rs:663)
[INFO] [stdout]           >>>               sap_scripting-bbcf8749ad6b5190.sap_scripting.605ecc1d9637cd71-cgu.0.rcgu.o:(windows::Windows::Win32::System::Com::CoUninitialize::h58d846806a5a0dc3) in archive /opt/rustwide/target/debug/deps/libsap_scripting-bbcf8749ad6b5190.rlib
[INFO] [stdout]           
[INFO] [stdout]           rust-lld: error: undefined symbol: CLSIDFromProgID
[INFO] [stdout]           >>> referenced by mod.rs:34 (/opt/rustwide/cargo-home/registry/src/index.crates.io-6f17d22bba15001f/windows-0.51.1/src/Windows/Win32/System/Com/mod.rs:34)
[INFO] [stdout]           >>>               sap_scripting-bbcf8749ad6b5190.sap_scripting.605ecc1d9637cd71-cgu.0.rcgu.o:(windows::Windows::Win32::System::Com::CLSIDFromProgID::h1393be489eae130d) in archive /opt/rustwide/target/debug/deps/libsap_scripting-bbcf8749ad6b5190.rlib
[INFO] [stdout]           
[INFO] [stdout]           rust-lld: error: undefined symbol: CoCreateInstance
[INFO] [stdout]           >>> referenced by mod.rs:125 (/opt/rustwide/cargo-home/registry/src/index.crates.io-6f17d22bba15001f/windows-0.51.1/src/Windows/Win32/System/Com/mod.rs:125)
[INFO] [stdout]           >>>               sap_scripting-bbcf8749ad6b5190.sap_scripting.605ecc1d9637cd71-cgu.0.rcgu.o:(windows::Windows::Win32::System::Com::CoCreateInstance::hf8f537402cb354de) in archive /opt/rustwide/target/debug/deps/libsap_scripting-bbcf8749ad6b5190.rlib
[INFO] [stdout]           
[INFO] [stdout]           rust-lld: error: undefined symbol: VariantClear
[INFO] [stdout]           >>> referenced by mod.rs:219 (/opt/rustwide/cargo-home/registry/src/index.crates.io-6f17d22bba15001f/windows-0.51.1/src/Windows/Win32/System/Variant/mod.rs:219)
[INFO] [stdout]           >>>               com_shim-93219a4a76d75acd.com_shim.a1d60fe47998138f-cgu.0.rcgu.o:(windows::Windows::Win32::System::Variant::VariantClear::h9a918b0e203bdcc2) in archive /opt/rustwide/target/debug/deps/libcom_shim-93219a4a76d75acd.rlib
[INFO] [stdout]           
[INFO] [stdout]           rust-lld: error: undefined symbol: VariantChangeType
[INFO] [stdout]           >>> referenced by mod.rs:205 (/opt/rustwide/cargo-home/registry/src/index.crates.io-6f17d22bba15001f/windows-0.51.1/src/Windows/Win32/System/Variant/mod.rs:205)
[INFO] [stdout]           >>>               com_shim-93219a4a76d75acd.com_shim.a1d60fe47998138f-cgu.0.rcgu.o:(windows::Windows::Win32::System::Variant::VariantChangeType::h27ce1ffb9683468d) in archive /opt/rustwide/target/debug/deps/libcom_shim-93219a4a76d75acd.rlib
[INFO] [stdout]           
[INFO] [stdout]           rust-lld: error: undefined symbol: GetErrorInfo
[INFO] [stdout]           >>> referenced by com_bindings.rs:23 (src/imp/com_bindings.rs:23)
[INFO] [stdout]           >>>               windows_core-63180eb637ec3a58.windows_core.de26af1d8f423e5a-cgu.1.rcgu.o:(windows_core::imp::com_bindings::GetErrorInfo::h55d1b73bda374fb0) in archive /opt/rustwide/target/debug/deps/libwindows_core-63180eb637ec3a58.rlib
[INFO] [stdout]           
[INFO] [stdout]           rust-lld: error: undefined symbol: GetProcessHeap
[INFO] [stdout]           >>> referenced by heap.rs:10 (src/imp/heap.rs:10)
[INFO] [stdout]           >>>               windows_core-63180eb637ec3a58.windows_core.de26af1d8f423e5a-cgu.4.rcgu.o:(windows_core::imp::heap::heap_alloc::h118b2521cc78c44d) in archive /opt/rustwide/target/debug/deps/libwindows_core-63180eb637ec3a58.rlib
[INFO] [stdout]           >>> referenced by heap.rs:34 (src/imp/heap.rs:34)
[INFO] [stdout]           >>>               windows_core-63180eb637ec3a58.windows_core.de26af1d8f423e5a-cgu.4.rcgu.o:(windows_core::imp::heap::heap_free::h221b8f37b3bcd451) in archive /opt/rustwide/target/debug/deps/libwindows_core-63180eb637ec3a58.rlib
[INFO] [stdout]           
[INFO] [stdout]           rust-lld: error: undefined symbol: HeapAlloc
[INFO] [stdout]           >>> referenced by heap.rs:10 (src/imp/heap.rs:10)
[INFO] [stdout]           >>>               windows_core-63180eb637ec3a58.windows_core.de26af1d8f423e5a-cgu.4.rcgu.o:(windows_core::imp::heap::heap_alloc::h118b2521cc78c44d) in archive /opt/rustwide/target/debug/deps/libwindows_core-63180eb637ec3a58.rlib
[INFO] [stdout]           
[INFO] [stdout]           rust-lld: error: undefined symbol: HeapFree
[INFO] [stdout]           >>> referenced by heap.rs:34 (src/imp/heap.rs:34)
[INFO] [stdout]           >>>               windows_core-63180eb637ec3a58.windows_core.de26af1d8f423e5a-cgu.4.rcgu.o:(windows_core::imp::heap::heap_free::h221b8f37b3bcd451) in archive /opt/rustwide/target/debug/deps/libwindows_core-63180eb637ec3a58.rlib
[INFO] [stdout]           
[INFO] [stdout]           rust-lld: error: undefined symbol: SysStringLen
[INFO] [stdout]           >>> referenced by bstr.rs:26 (src/strings/bstr.rs:26)
[INFO] [stdout]           >>>               windows_core-63180eb637ec3a58.windows_core.de26af1d8f423e5a-cgu.5.rcgu.o:(windows_core::strings::bstr::BSTR::len::h349a97c774643c6f) in archive /opt/rustwide/target/debug/deps/libwindows_core-63180eb637ec3a58.rlib
[INFO] [stdout]           
[INFO] [stdout]           rust-lld: error: undefined symbol: SysAllocStringLen
[INFO] [stdout]           >>> referenced by bstr.rs:45 (src/strings/bstr.rs:45)
[INFO] [stdout]           >>>               windows_core-63180eb637ec3a58.windows_core.de26af1d8f423e5a-cgu.5.rcgu.o:(windows_core::strings::bstr::BSTR::from_wide::hada0d6692ba3ea27) in archive /opt/rustwide/target/debug/deps/libwindows_core-63180eb637ec3a58.rlib
[INFO] [stdout]           
[INFO] [stdout]           rust-lld: error: undefined symbol: SysFreeString
[INFO] [stdout]           >>> referenced by bstr.rs:153 (src/strings/bstr.rs:153)
[INFO] [stdout]           >>>               windows_core-63180eb637ec3a58.windows_core.de26af1d8f423e5a-cgu.5.rcgu.o:(_$LT$windows_core..strings..bstr..BSTR$u20$as$u20$core..ops..drop..Drop$GT$::drop::h4ee87f21b375be26) in archive /opt/rustwide/target/debug/deps/libwindows_core-63180eb637ec3a58.rlib
[INFO] [stdout]           
[INFO] [stdout]           rust-lld: error: undefined symbol: FormatMessageW
[INFO] [stdout]           >>> referenced by hresult.rs:88 (src/hresult.rs:88)
[INFO] [stdout]           >>>               windows_core-63180eb637ec3a58.windows_core.de26af1d8f423e5a-cgu.3.rcgu.o:(windows_core::hresult::HRESULT::message::h620f78e0f9017393) in archive /opt/rustwide/target/debug/deps/libwindows_core-63180eb637ec3a58.rlib
[INFO] [stdout]           
[INFO] [stdout]           rust-lld: error: undefined symbol: LoadLibraryExA
[INFO] [stdout]           >>> referenced by delay_load.rs:11 (src/imp/delay_load.rs:11)
[INFO] [stdout]           >>>               windows_core-63180eb637ec3a58.windows_core.de26af1d8f423e5a-cgu.6.rcgu.o:(windows_core::imp::delay_load::delay_load::h5c14bd52280ba581) in archive /opt/rustwide/target/debug/deps/libwindows_core-63180eb637ec3a58.rlib
[INFO] [stdout]           
[INFO] [stdout]           rust-lld: error: undefined symbol: GetProcAddress
[INFO] [stdout]           >>> referenced by delay_load.rs:17 (src/imp/delay_load.rs:17)
[INFO] [stdout]           >>>               windows_core-63180eb637ec3a58.windows_core.de26af1d8f423e5a-cgu.6.rcgu.o:(windows_core::imp::delay_load::delay_load::h5c14bd52280ba581) in archive /opt/rustwide/target/debug/deps/libwindows_core-63180eb637ec3a58.rlib
[INFO] [stdout]           
[INFO] [stdout]           rust-lld: error: undefined symbol: FreeLibrary
[INFO] [stdout]           >>> referenced by delay_load.rs:23 (src/imp/delay_load.rs:23)
[INFO] [stdout]           >>>               windows_core-63180eb637ec3a58.windows_core.de26af1d8f423e5a-cgu.6.rcgu.o:(windows_core::imp::delay_load::delay_load::h5c14bd52280ba581) in archive /opt/rustwide/target/debug/deps/libwindows_core-63180eb637ec3a58.rlib
[INFO] [stdout]           collect2: error: ld returned 1 exit status
[INFO] [stdout]           
[INFO] [stdout] 
[INFO] [stdout] 
[INFO] [stderr] error: could not compile `sap-scripting` (example "charge") due to 1 previous error
[INFO] [stderr] warning: build failed, waiting for other jobs to finish...
[INFO] [stdout] error: linking with `cc` failed: exit status: 1
[INFO] [stdout]   |
[INFO] [stdout]   = note: LC_ALL="C" PATH="/opt/rustwide/rustup-home/toolchains/nightly-2024-10-28-x86_64-unknown-linux-gnu/lib/rustlib/x86_64-unknown-linux-gnu/bin:/opt/rustwide/rustup-home/toolchains/nightly-2024-10-28-x86_64-unknown-linux-gnu/lib/rustlib/x86_64-unknown-linux-gnu/bin/self-contained:/opt/rustwide/cargo-home/bin:/usr/local/sbin:/usr/local/bin:/usr/sbin:/usr/bin:/sbin:/bin" VSLANG="1033" "cc" "-m64" "/tmp/rustcBpEbeA/symbols.o" "/opt/rustwide/target/debug/examples/simple-1a005bf94d925675.simple.ed0e01055fc8b40c-cgu.0.rcgu.o" "/opt/rustwide/target/debug/examples/simple-1a005bf94d925675.0xk6g223lx3hdpl540amf8puy.rcgu.o" "-Wl,--as-needed" "-Wl,-Bstatic" "/opt/rustwide/target/debug/deps/libsap_scripting-bbcf8749ad6b5190.rlib" "/opt/rustwide/target/debug/deps/libcom_shim-93219a4a76d75acd.rlib" "/opt/rustwide/target/debug/deps/liblog-15b2ec84560d93d4.rlib" "/opt/rustwide/target/debug/deps/libwindows-6396aad9cf7a89e1.rlib" "/opt/rustwide/target/debug/deps/libwindows_core-63180eb637ec3a58.rlib" "/opt/rustwide/target/debug/deps/libwindows_targets-01e8e6f5f186fdc0.rlib" "/opt/rustwide/rustup-home/toolchains/nightly-2024-10-28-x86_64-unknown-linux-gnu/lib/rustlib/x86_64-unknown-linux-gnu/lib/libstd-fb8c387236db3c10.rlib" "/opt/rustwide/rustup-home/toolchains/nightly-2024-10-28-x86_64-unknown-linux-gnu/lib/rustlib/x86_64-unknown-linux-gnu/lib/libpanic_unwind-b251837809b2f64b.rlib" "/opt/rustwide/rustup-home/toolchains/nightly-2024-10-28-x86_64-unknown-linux-gnu/lib/rustlib/x86_64-unknown-linux-gnu/lib/libobject-cbef83eaa4e01f04.rlib" "/opt/rustwide/rustup-home/toolchains/nightly-2024-10-28-x86_64-unknown-linux-gnu/lib/rustlib/x86_64-unknown-linux-gnu/lib/libmemchr-12a772286de2fca7.rlib" "/opt/rustwide/rustup-home/toolchains/nightly-2024-10-28-x86_64-unknown-linux-gnu/lib/rustlib/x86_64-unknown-linux-gnu/lib/libaddr2line-023bbe5ada7abfc3.rlib" "/opt/rustwide/rustup-home/toolchains/nightly-2024-10-28-x86_64-unknown-linux-gnu/lib/rustlib/x86_64-unknown-linux-gnu/lib/libgimli-de2bcdf10ec69c2b.rlib" "/opt/rustwide/rustup-home/toolchains/nightly-2024-10-28-x86_64-unknown-linux-gnu/lib/rustlib/x86_64-unknown-linux-gnu/lib/librustc_demangle-8e1754df350800fd.rlib" "/opt/rustwide/rustup-home/toolchains/nightly-2024-10-28-x86_64-unknown-linux-gnu/lib/rustlib/x86_64-unknown-linux-gnu/lib/libstd_detect-06c2ab7b9c32e037.rlib" "/opt/rustwide/rustup-home/toolchains/nightly-2024-10-28-x86_64-unknown-linux-gnu/lib/rustlib/x86_64-unknown-linux-gnu/lib/libhashbrown-51d2621fc57a281b.rlib" "/opt/rustwide/rustup-home/toolchains/nightly-2024-10-28-x86_64-unknown-linux-gnu/lib/rustlib/x86_64-unknown-linux-gnu/lib/librustc_std_workspace_alloc-54a930408793772f.rlib" "/opt/rustwide/rustup-home/toolchains/nightly-2024-10-28-x86_64-unknown-linux-gnu/lib/rustlib/x86_64-unknown-linux-gnu/lib/libminiz_oxide-0c7d01cba400dcb2.rlib" "/opt/rustwide/rustup-home/toolchains/nightly-2024-10-28-x86_64-unknown-linux-gnu/lib/rustlib/x86_64-unknown-linux-gnu/lib/libadler-b9f84d69e331b75b.rlib" "/opt/rustwide/rustup-home/toolchains/nightly-2024-10-28-x86_64-unknown-linux-gnu/lib/rustlib/x86_64-unknown-linux-gnu/lib/libunwind-eec95493246aae39.rlib" "/opt/rustwide/rustup-home/toolchains/nightly-2024-10-28-x86_64-unknown-linux-gnu/lib/rustlib/x86_64-unknown-linux-gnu/lib/libcfg_if-6f6676c475e08ab0.rlib" "/opt/rustwide/rustup-home/toolchains/nightly-2024-10-28-x86_64-unknown-linux-gnu/lib/rustlib/x86_64-unknown-linux-gnu/lib/liblibc-799d520624f8b2e0.rlib" "/opt/rustwide/rustup-home/toolchains/nightly-2024-10-28-x86_64-unknown-linux-gnu/lib/rustlib/x86_64-unknown-linux-gnu/lib/liballoc-fcf93d4842acd9a9.rlib" "/opt/rustwide/rustup-home/toolchains/nightly-2024-10-28-x86_64-unknown-linux-gnu/lib/rustlib/x86_64-unknown-linux-gnu/lib/librustc_std_workspace_core-395a38b8e0851c9b.rlib" "/opt/rustwide/rustup-home/toolchains/nightly-2024-10-28-x86_64-unknown-linux-gnu/lib/rustlib/x86_64-unknown-linux-gnu/lib/libcore-d453bab70303062c.rlib" "/opt/rustwide/rustup-home/toolchains/nightly-2024-10-28-x86_64-unknown-linux-gnu/lib/rustlib/x86_64-unknown-linux-gnu/lib/libcompiler_builtins-0e6386368b0a24e8.rlib" "-Wl,-Bdynamic" "-lgcc_s" "-lutil" "-lrt" "-lpthread" "-lm" "-ldl" "-lc" "-B/opt/rustwide/rustup-home/toolchains/nightly-2024-10-28-x86_64-unknown-linux-gnu/lib/rustlib/x86_64-unknown-linux-gnu/bin/gcc-ld" "-fuse-ld=lld" "-Wl,--eh-frame-hdr" "-Wl,-z,noexecstack" "-L" "/opt/rustwide/rustup-home/toolchains/nightly-2024-10-28-x86_64-unknown-linux-gnu/lib/rustlib/x86_64-unknown-linux-gnu/lib" "-o" "/opt/rustwide/target/debug/examples/simple-1a005bf94d925675" "-Wl,--gc-sections" "-pie" "-Wl,-z,relro,-z,now" "-nodefaultlibs"
[INFO] [stdout]   = note: rust-lld: error: undefined symbol: CoInitialize
[INFO] [stdout]           >>> referenced by mod.rs:360 (/opt/rustwide/cargo-home/registry/src/index.crates.io-6f17d22bba15001f/windows-0.51.1/src/Windows/Win32/System/Com/mod.rs:360)
[INFO] [stdout]           >>>               sap_scripting-bbcf8749ad6b5190.sap_scripting.605ecc1d9637cd71-cgu.0.rcgu.o:(windows::Windows::Win32::System::Com::CoInitialize::h5094c5a2f54dbad2) in archive /opt/rustwide/target/debug/deps/libsap_scripting-bbcf8749ad6b5190.rlib
[INFO] [stdout]           
[INFO] [stdout]           rust-lld: error: undefined symbol: CoUninitialize
[INFO] [stdout]           >>> referenced by mod.rs:663 (/opt/rustwide/cargo-home/registry/src/index.crates.io-6f17d22bba15001f/windows-0.51.1/src/Windows/Win32/System/Com/mod.rs:663)
[INFO] [stdout]           >>>               sap_scripting-bbcf8749ad6b5190.sap_scripting.605ecc1d9637cd71-cgu.0.rcgu.o:(windows::Windows::Win32::System::Com::CoUninitialize::h58d846806a5a0dc3) in archive /opt/rustwide/target/debug/deps/libsap_scripting-bbcf8749ad6b5190.rlib
[INFO] [stdout]           
[INFO] [stdout]           rust-lld: error: undefined symbol: CLSIDFromProgID
[INFO] [stdout]           >>> referenced by mod.rs:34 (/opt/rustwide/cargo-home/registry/src/index.crates.io-6f17d22bba15001f/windows-0.51.1/src/Windows/Win32/System/Com/mod.rs:34)
[INFO] [stdout]           >>>               sap_scripting-bbcf8749ad6b5190.sap_scripting.605ecc1d9637cd71-cgu.0.rcgu.o:(windows::Windows::Win32::System::Com::CLSIDFromProgID::h1393be489eae130d) in archive /opt/rustwide/target/debug/deps/libsap_scripting-bbcf8749ad6b5190.rlib
[INFO] [stdout]           
[INFO] [stdout]           rust-lld: error: undefined symbol: CoCreateInstance
[INFO] [stdout]           >>> referenced by mod.rs:125 (/opt/rustwide/cargo-home/registry/src/index.crates.io-6f17d22bba15001f/windows-0.51.1/src/Windows/Win32/System/Com/mod.rs:125)
[INFO] [stdout]           >>>               sap_scripting-bbcf8749ad6b5190.sap_scripting.605ecc1d9637cd71-cgu.0.rcgu.o:(windows::Windows::Win32::System::Com::CoCreateInstance::hf8f537402cb354de) in archive /opt/rustwide/target/debug/deps/libsap_scripting-bbcf8749ad6b5190.rlib
[INFO] [stdout]           
[INFO] [stdout]           rust-lld: error: undefined symbol: VariantClear
[INFO] [stdout]           >>> referenced by mod.rs:219 (/opt/rustwide/cargo-home/registry/src/index.crates.io-6f17d22bba15001f/windows-0.51.1/src/Windows/Win32/System/Variant/mod.rs:219)
[INFO] [stdout]           >>>               com_shim-93219a4a76d75acd.com_shim.a1d60fe47998138f-cgu.0.rcgu.o:(windows::Windows::Win32::System::Variant::VariantClear::h9a918b0e203bdcc2) in archive /opt/rustwide/target/debug/deps/libcom_shim-93219a4a76d75acd.rlib
[INFO] [stdout]           
[INFO] [stdout]           rust-lld: error: undefined symbol: VariantChangeType
[INFO] [stdout]           >>> referenced by mod.rs:205 (/opt/rustwide/cargo-home/registry/src/index.crates.io-6f17d22bba15001f/windows-0.51.1/src/Windows/Win32/System/Variant/mod.rs:205)
[INFO] [stdout]           >>>               com_shim-93219a4a76d75acd.com_shim.a1d60fe47998138f-cgu.0.rcgu.o:(windows::Windows::Win32::System::Variant::VariantChangeType::h27ce1ffb9683468d) in archive /opt/rustwide/target/debug/deps/libcom_shim-93219a4a76d75acd.rlib
[INFO] [stdout]           
[INFO] [stdout]           rust-lld: error: undefined symbol: GetErrorInfo
[INFO] [stdout]           >>> referenced by com_bindings.rs:23 (src/imp/com_bindings.rs:23)
[INFO] [stdout]           >>>               windows_core-63180eb637ec3a58.windows_core.de26af1d8f423e5a-cgu.1.rcgu.o:(windows_core::imp::com_bindings::GetErrorInfo::h55d1b73bda374fb0) in archive /opt/rustwide/target/debug/deps/libwindows_core-63180eb637ec3a58.rlib
[INFO] [stdout]           
[INFO] [stdout]           rust-lld: error: undefined symbol: GetProcessHeap
[INFO] [stdout]           >>> referenced by heap.rs:10 (src/imp/heap.rs:10)
[INFO] [stdout]           >>>               windows_core-63180eb637ec3a58.windows_core.de26af1d8f423e5a-cgu.4.rcgu.o:(windows_core::imp::heap::heap_alloc::h118b2521cc78c44d) in archive /opt/rustwide/target/debug/deps/libwindows_core-63180eb637ec3a58.rlib
[INFO] [stdout]           >>> referenced by heap.rs:34 (src/imp/heap.rs:34)
[INFO] [stdout]           >>>               windows_core-63180eb637ec3a58.windows_core.de26af1d8f423e5a-cgu.4.rcgu.o:(windows_core::imp::heap::heap_free::h221b8f37b3bcd451) in archive /opt/rustwide/target/debug/deps/libwindows_core-63180eb637ec3a58.rlib
[INFO] [stdout]           
[INFO] [stdout]           rust-lld: error: undefined symbol: HeapAlloc
[INFO] [stdout]           >>> referenced by heap.rs:10 (src/imp/heap.rs:10)
[INFO] [stdout]           >>>               windows_core-63180eb637ec3a58.windows_core.de26af1d8f423e5a-cgu.4.rcgu.o:(windows_core::imp::heap::heap_alloc::h118b2521cc78c44d) in archive /opt/rustwide/target/debug/deps/libwindows_core-63180eb637ec3a58.rlib
[INFO] [stdout]           
[INFO] [stdout]           rust-lld: error: undefined symbol: HeapFree
[INFO] [stdout]           >>> referenced by heap.rs:34 (src/imp/heap.rs:34)
[INFO] [stdout]           >>>               windows_core-63180eb637ec3a58.windows_core.de26af1d8f423e5a-cgu.4.rcgu.o:(windows_core::imp::heap::heap_free::h221b8f37b3bcd451) in archive /opt/rustwide/target/debug/deps/libwindows_core-63180eb637ec3a58.rlib
[INFO] [stdout]           
[INFO] [stdout]           rust-lld: error: undefined symbol: FormatMessageW
[INFO] [stdout]           >>> referenced by hresult.rs:88 (src/hresult.rs:88)
[INFO] [stdout]           >>>               windows_core-63180eb637ec3a58.windows_core.de26af1d8f423e5a-cgu.3.rcgu.o:(windows_core::hresult::HRESULT::message::h620f78e0f9017393) in archive /opt/rustwide/target/debug/deps/libwindows_core-63180eb637ec3a58.rlib
[INFO] [stdout]           
[INFO] [stdout]           rust-lld: error: undefined symbol: SysStringLen
[INFO] [stdout]           >>> referenced by bstr.rs:26 (src/strings/bstr.rs:26)
[INFO] [stdout]           >>>               windows_core-63180eb637ec3a58.windows_core.de26af1d8f423e5a-cgu.5.rcgu.o:(windows_core::strings::bstr::BSTR::len::h349a97c774643c6f) in archive /opt/rustwide/target/debug/deps/libwindows_core-63180eb637ec3a58.rlib
[INFO] [stdout]           
[INFO] [stdout]           rust-lld: error: undefined symbol: SysAllocStringLen
[INFO] [stdout]           >>> referenced by bstr.rs:45 (src/strings/bstr.rs:45)
[INFO] [stdout]           >>>               windows_core-63180eb637ec3a58.windows_core.de26af1d8f423e5a-cgu.5.rcgu.o:(windows_core::strings::bstr::BSTR::from_wide::hada0d6692ba3ea27) in archive /opt/rustwide/target/debug/deps/libwindows_core-63180eb637ec3a58.rlib
[INFO] [stdout]           
[INFO] [stdout]           rust-lld: error: undefined symbol: SysFreeString
[INFO] [stdout]           >>> referenced by bstr.rs:153 (src/strings/bstr.rs:153)
[INFO] [stdout]           >>>               windows_core-63180eb637ec3a58.windows_core.de26af1d8f423e5a-cgu.5.rcgu.o:(_$LT$windows_core..strings..bstr..BSTR$u20$as$u20$core..ops..drop..Drop$GT$::drop::h4ee87f21b375be26) in archive /opt/rustwide/target/debug/deps/libwindows_core-63180eb637ec3a58.rlib
[INFO] [stdout]           
[INFO] [stdout]           rust-lld: error: undefined symbol: LoadLibraryExA
[INFO] [stdout]           >>> referenced by delay_load.rs:11 (src/imp/delay_load.rs:11)
[INFO] [stdout]           >>>               windows_core-63180eb637ec3a58.windows_core.de26af1d8f423e5a-cgu.6.rcgu.o:(windows_core::imp::delay_load::delay_load::h5c14bd52280ba581) in archive /opt/rustwide/target/debug/deps/libwindows_core-63180eb637ec3a58.rlib
[INFO] [stdout]           
[INFO] [stdout]           rust-lld: error: undefined symbol: GetProcAddress
[INFO] [stdout]           >>> referenced by delay_load.rs:17 (src/imp/delay_load.rs:17)
[INFO] [stdout]           >>>               windows_core-63180eb637ec3a58.windows_core.de26af1d8f423e5a-cgu.6.rcgu.o:(windows_core::imp::delay_load::delay_load::h5c14bd52280ba581) in archive /opt/rustwide/target/debug/deps/libwindows_core-63180eb637ec3a58.rlib
[INFO] [stdout]           
[INFO] [stdout]           rust-lld: error: undefined symbol: FreeLibrary
[INFO] [stdout]           >>> referenced by delay_load.rs:23 (src/imp/delay_load.rs:23)
[INFO] [stdout]           >>>               windows_core-63180eb637ec3a58.windows_core.de26af1d8f423e5a-cgu.6.rcgu.o:(windows_core::imp::delay_load::delay_load::h5c14bd52280ba581) in archive /opt/rustwide/target/debug/deps/libwindows_core-63180eb637ec3a58.rlib
[INFO] [stdout]           collect2: error: ld returned 1 exit status
[INFO] [stdout]           
[INFO] [stdout] 
[INFO] [stdout] 
[INFO] [stderr] error: could not compile `sap-scripting` (example "simple") due to 1 previous error
[INFO] running `Command { std: "docker" "inspect" "74b29c4cd90334b1d9a764a9bc91316eb46d0f66e646966e38be4590a235f534", kill_on_drop: false }`
[INFO] running `Command { std: "docker" "rm" "-f" "74b29c4cd90334b1d9a764a9bc91316eb46d0f66e646966e38be4590a235f534", kill_on_drop: false }`
[INFO] [stdout] 74b29c4cd90334b1d9a764a9bc91316eb46d0f66e646966e38be4590a235f534
