[INFO] fetching crate sails-macros 0.6.1...
[INFO] testing sails-macros-0.6.1 against nightly-2024-10-28 for randomize-layout
[INFO] extracting crate sails-macros 0.6.1 into /workspace/builds/worker-0-tc1/source
[INFO] validating manifest of crates.io crate sails-macros 0.6.1 on toolchain nightly-2024-10-28
[INFO] running `Command { std: CARGO_HOME="/workspace/cargo-home" RUSTUP_HOME="/workspace/rustup-home" "/workspace/cargo-home/bin/cargo" "+nightly-2024-10-28" "metadata" "--manifest-path" "Cargo.toml" "--no-deps", kill_on_drop: false }`
[INFO] started tweaking crates.io crate sails-macros 0.6.1
[INFO] removed 0 missing tests
[INFO] finished tweaking crates.io crate sails-macros 0.6.1
[INFO] tweaked toml for crates.io crate sails-macros 0.6.1 written to /workspace/builds/worker-0-tc1/source/Cargo.toml
[INFO] running `Command { std: CARGO_HOME="/workspace/cargo-home" RUSTUP_HOME="/workspace/rustup-home" "/workspace/cargo-home/bin/cargo" "+nightly-2024-10-28" "generate-lockfile" "--manifest-path" "Cargo.toml", kill_on_drop: false }`
[INFO] [stderr]     Blocking waiting for file lock on package cache
[INFO] [stderr]     Updating crates.io index
[INFO] [stderr]     Blocking waiting for file lock on package cache
[INFO] [stderr]      Locking 77 packages to latest compatible versions
[INFO] [stderr]       Adding sails-macros-core v0.6.1 (available: v0.6.2)
[INFO] running `Command { std: CARGO_HOME="/workspace/cargo-home" RUSTUP_HOME="/workspace/rustup-home" "/workspace/cargo-home/bin/cargo" "+nightly-2024-10-28" "fetch" "--manifest-path" "Cargo.toml", kill_on_drop: false }`
[INFO] [stderr]     Blocking waiting for file lock on package cache
[INFO] running `Command { std: "docker" "create" "-v" "/var/lib/crater-agent-workspace/builds/worker-0-tc1/target:/opt/rustwide/target:rw,Z" "-v" "/var/lib/crater-agent-workspace/builds/worker-0-tc1/source:/opt/rustwide/workdir:ro,Z" "-v" "/var/lib/crater-agent-workspace/cargo-home:/opt/rustwide/cargo-home:ro,Z" "-v" "/var/lib/crater-agent-workspace/rustup-home:/opt/rustwide/rustup-home:ro,Z" "-e" "SOURCE_DIR=/opt/rustwide/workdir" "-e" "CARGO_TARGET_DIR=/opt/rustwide/target" "-e" "CARGO_HOME=/opt/rustwide/cargo-home" "-e" "RUSTUP_HOME=/opt/rustwide/rustup-home" "-w" "/opt/rustwide/workdir" "-m" "1610612736" "--user" "0:0" "--network" "none" "ghcr.io/rust-lang/crates-build-env/linux@sha256:4a844ea9eb2546a2d2c7022eacef16ef2e8229c7fbb2c7d4d55a9ceca922f72d" "/opt/rustwide/cargo-home/bin/cargo" "+nightly-2024-10-28" "metadata" "--no-deps" "--format-version=1", kill_on_drop: false }`
[INFO] [stdout] 5606952a2860aa7afb2705c96013e7b2b9154864b50a7fbef5e6bb8de1cb5d61
[INFO] running `Command { std: "docker" "start" "-a" "5606952a2860aa7afb2705c96013e7b2b9154864b50a7fbef5e6bb8de1cb5d61", kill_on_drop: false }`
[INFO] running `Command { std: "docker" "inspect" "5606952a2860aa7afb2705c96013e7b2b9154864b50a7fbef5e6bb8de1cb5d61", kill_on_drop: false }`
[INFO] running `Command { std: "docker" "rm" "-f" "5606952a2860aa7afb2705c96013e7b2b9154864b50a7fbef5e6bb8de1cb5d61", kill_on_drop: false }`
[INFO] [stdout] 5606952a2860aa7afb2705c96013e7b2b9154864b50a7fbef5e6bb8de1cb5d61
[INFO] running `Command { std: "docker" "create" "-v" "/var/lib/crater-agent-workspace/builds/worker-0-tc1/target:/opt/rustwide/target:rw,Z" "-v" "/var/lib/crater-agent-workspace/builds/worker-0-tc1/source:/opt/rustwide/workdir:ro,Z" "-v" "/var/lib/crater-agent-workspace/cargo-home:/opt/rustwide/cargo-home:ro,Z" "-v" "/var/lib/crater-agent-workspace/rustup-home:/opt/rustwide/rustup-home:ro,Z" "-e" "SOURCE_DIR=/opt/rustwide/workdir" "-e" "CARGO_TARGET_DIR=/opt/rustwide/target" "-e" "CARGO_INCREMENTAL=0" "-e" "RUST_BACKTRACE=full" "-e" "RUSTFLAGS=--cap-lints=forbid" "-e" "RUSTDOCFLAGS=--cap-lints=forbid" "-e" "CARGO_HOME=/opt/rustwide/cargo-home" "-e" "RUSTUP_HOME=/opt/rustwide/rustup-home" "-w" "/opt/rustwide/workdir" "-m" "1610612736" "--user" "0:0" "--network" "none" "ghcr.io/rust-lang/crates-build-env/linux@sha256:4a844ea9eb2546a2d2c7022eacef16ef2e8229c7fbb2c7d4d55a9ceca922f72d" "/opt/rustwide/cargo-home/bin/cargo" "+nightly-2024-10-28" "build" "--frozen" "--message-format=json", kill_on_drop: false }`
[INFO] [stdout] c00a5ee2f28e9316657dc4de5f03304fc585d1262c8b86cf4a80d3af3377a886
[INFO] running `Command { std: "docker" "start" "-a" "c00a5ee2f28e9316657dc4de5f03304fc585d1262c8b86cf4a80d3af3377a886", kill_on_drop: false }`
[INFO] [stderr]    Compiling arrayvec v0.7.6
[INFO] [stderr]    Compiling byte-slice-cast v1.2.2
[INFO] [stderr]    Compiling convert_case v0.6.0
[INFO] [stderr]    Compiling syn v1.0.109
[INFO] [stderr]    Compiling syn v2.0.86
[INFO] [stderr]    Compiling proc-macro-error v1.0.4
[INFO] [stderr]    Compiling impl-trait-for-tuples v0.2.2
[INFO] [stderr]    Compiling parity-scale-codec v3.6.12
[INFO] [stderr]    Compiling sails-macros-core v0.6.1
[INFO] [stderr]    Compiling sails-macros v0.6.1 (/opt/rustwide/workdir)
[INFO] [stderr]     Finished `dev` profile [unoptimized + debuginfo] target(s) in 7.34s
[INFO] running `Command { std: "docker" "inspect" "c00a5ee2f28e9316657dc4de5f03304fc585d1262c8b86cf4a80d3af3377a886", kill_on_drop: false }`
[INFO] running `Command { std: "docker" "rm" "-f" "c00a5ee2f28e9316657dc4de5f03304fc585d1262c8b86cf4a80d3af3377a886", kill_on_drop: false }`
[INFO] [stdout] c00a5ee2f28e9316657dc4de5f03304fc585d1262c8b86cf4a80d3af3377a886
[INFO] running `Command { std: "docker" "create" "-v" "/var/lib/crater-agent-workspace/builds/worker-0-tc1/target:/opt/rustwide/target:rw,Z" "-v" "/var/lib/crater-agent-workspace/builds/worker-0-tc1/source:/opt/rustwide/workdir:ro,Z" "-v" "/var/lib/crater-agent-workspace/cargo-home:/opt/rustwide/cargo-home:ro,Z" "-v" "/var/lib/crater-agent-workspace/rustup-home:/opt/rustwide/rustup-home:ro,Z" "-e" "SOURCE_DIR=/opt/rustwide/workdir" "-e" "CARGO_TARGET_DIR=/opt/rustwide/target" "-e" "CARGO_INCREMENTAL=0" "-e" "RUST_BACKTRACE=full" "-e" "RUSTFLAGS=--cap-lints=forbid" "-e" "RUSTDOCFLAGS=--cap-lints=forbid" "-e" "CARGO_HOME=/opt/rustwide/cargo-home" "-e" "RUSTUP_HOME=/opt/rustwide/rustup-home" "-w" "/opt/rustwide/workdir" "-m" "1610612736" "--user" "0:0" "--network" "none" "ghcr.io/rust-lang/crates-build-env/linux@sha256:4a844ea9eb2546a2d2c7022eacef16ef2e8229c7fbb2c7d4d55a9ceca922f72d" "/opt/rustwide/cargo-home/bin/cargo" "+nightly-2024-10-28" "test" "--frozen" "--no-run" "--message-format=json", kill_on_drop: false }`
[INFO] [stdout] b1a2b7f7ba056aec513c1eb487cad268a2c65ac528f7865cb84846a5a3d04b79
[INFO] running `Command { std: "docker" "start" "-a" "b1a2b7f7ba056aec513c1eb487cad268a2c65ac528f7865cb84846a5a3d04b79", kill_on_drop: false }`
[INFO] [stderr]    Compiling proc-macro2 v1.0.89
[INFO] [stderr]    Compiling unicode-ident v1.0.13
[INFO] [stderr]    Compiling hashbrown v0.15.0
[INFO] [stderr]    Compiling winnow v0.6.20
[INFO] [stderr]    Compiling byte-slice-cast v1.2.2
[INFO] [stderr]    Compiling target-triple v0.1.3
[INFO] [stderr]    Compiling lock_api v0.4.12
[INFO] [stderr]    Compiling unicode-segmentation v1.12.0
[INFO] [stderr]    Compiling proc-macro-error v1.0.4
[INFO] [stderr]    Compiling toml_datetime v0.6.8
[INFO] [stderr]    Compiling serde_spanned v0.6.8
[INFO] [stderr]    Compiling parking_lot_core v0.9.10
[INFO] [stderr]    Compiling glob v0.3.1
[INFO] [stderr]    Compiling syn v1.0.109
[INFO] [stderr]    Compiling socket2 v0.5.7
[INFO] [stderr]    Compiling mio v1.0.2
[INFO] [stderr]    Compiling convert_case v0.6.0
[INFO] [stderr]    Compiling parking_lot v0.12.3
[INFO] [stderr]    Compiling quote v1.0.37
[INFO] [stderr]    Compiling indexmap v2.6.0
[INFO] [stderr]    Compiling syn v2.0.86
[INFO] [stderr]    Compiling proc-macro-error-attr v1.0.4
[INFO] [stderr]    Compiling toml_edit v0.22.22
[INFO] [stderr]    Compiling toml v0.8.19
[INFO] [stderr]    Compiling proc-macro-crate v3.2.0
[INFO] [stderr]    Compiling serde_derive v1.0.214
[INFO] [stderr]    Compiling derive_more-impl v1.0.0
[INFO] [stderr]    Compiling scale-info-derive v2.11.5
[INFO] [stderr]    Compiling tokio-macros v2.4.0
[INFO] [stderr]    Compiling parity-scale-codec-derive v3.6.12
[INFO] [stderr]    Compiling impl-trait-for-tuples v0.2.2
[INFO] [stderr]    Compiling tokio v1.41.0
[INFO] [stderr]    Compiling derive_more v1.0.0
[INFO] [stderr]    Compiling parity-scale-codec v3.6.12
[INFO] [stderr]    Compiling sails-macros-core v0.6.1
[INFO] [stderr]    Compiling scale-info v2.11.5
[INFO] [stderr]    Compiling trybuild v1.0.101
[INFO] [stderr]    Compiling sails-macros v0.6.1 (/opt/rustwide/workdir)
[INFO] [stdout] error[E0433]: failed to resolve: use of undeclared crate or module `sails_rs`
[INFO] [stdout]  --> tests/gservice_tests.rs:1:5
[INFO] [stdout]   |
[INFO] [stdout] 1 | use sails_rs::gstd::services::Service;
[INFO] [stdout]   |     ^^^^^^^^ use of undeclared crate or module `sails_rs`
[INFO] [stdout] 
[INFO] [stdout] 
[INFO] [stdout] error[E0432]: unresolved import `sails_rs`
[INFO] [stdout]  --> tests/gprogram_basic/mod.rs:8:1
[INFO] [stdout]   |
[INFO] [stdout] 8 | #[program]
[INFO] [stdout]   | ^^^^^^^^^^ use of undeclared crate or module `sails_rs`
[INFO] [stdout]   |
[INFO] [stdout]   = note: this error originates in the attribute macro `program` (in Nightly builds, run with -Z macro-backtrace for more info)
[INFO] [stdout] 
[INFO] [stdout] 
[INFO] [stdout] error[E0433]: failed to resolve: use of undeclared crate or module `sails_rs`
[INFO] [stdout]  --> tests/gservice_with_extends/mod.rs:1:5
[INFO] [stdout]   |
[INFO] [stdout] 1 | use sails_rs::{gstd::service, Decode, Encode};
[INFO] [stdout]   |     ^^^^^^^^ use of undeclared crate or module `sails_rs`
[INFO] [stdout] 
[INFO] [stdout] 
[INFO] [stdout] error[E0432]: unresolved import `sails_rs`
[INFO] [stdout]  --> tests/gservice_tests.rs:2:5
[INFO] [stdout]   |
[INFO] [stdout] 2 | use sails_rs::{Decode, Encode, MessageId};
[INFO] [stdout]   |     ^^^^^^^^ use of undeclared crate or module `sails_rs`
[INFO] [stdout] 
[INFO] [stdout] 
[INFO] [stdout] error[E0433]: failed to resolve: use of undeclared crate or module `sails_rs`
[INFO] [stdout]  --> tests/gservice_with_extends_and_lifetimes/mod.rs:1:5
[INFO] [stdout]   |
[INFO] [stdout] 1 | use sails_rs::gstd::service;
[INFO] [stdout]   |     ^^^^^^^^ use of undeclared crate or module `sails_rs`
[INFO] [stdout] 
[INFO] [stdout] 
[INFO] [stdout] error[E0432]: unresolved import `sails_rs`
[INFO] [stdout]  --> tests/gservice_with_extends/mod.rs:1:5
[INFO] [stdout]   |
[INFO] [stdout] 1 | use sails_rs::{gstd::service, Decode, Encode};
[INFO] [stdout]   |     ^^^^^^^^ use of undeclared crate or module `sails_rs`
[INFO] [stdout] 
[INFO] [stdout] 
[INFO] [stdout] error[E0433]: failed to resolve: use of undeclared crate or module `sails_rs`
[INFO] [stdout]  --> tests/gservice_with_events/mod.rs:1:5
[INFO] [stdout]   |
[INFO] [stdout] 1 | use sails_rs::{gstd::service, Encode, TypeInfo};
[INFO] [stdout]   |     ^^^^^^^^ use of undeclared crate or module `sails_rs`
[INFO] [stdout] 
[INFO] [stdout] 
[INFO] [stdout] error[E0432]: unresolved import `sails_rs`
[INFO] [stdout]  --> tests/gservice_with_basics/mod.rs:2:5
[INFO] [stdout]   |
[INFO] [stdout] 2 | use sails_rs::Encode;
[INFO] [stdout]   |     ^^^^^^^^ use of undeclared crate or module `sails_rs`
[INFO] [stdout] 
[INFO] [stdout] 
[INFO] [stdout] error[E0433]: failed to resolve: use of undeclared crate or module `sails_rs`
[INFO] [stdout]  --> tests/gservice_with_lifecycles_and_generics/mod.rs:2:5
[INFO] [stdout]   |
[INFO] [stdout] 2 | use sails_rs::gstd::service;
[INFO] [stdout]   |     ^^^^^^^^ use of undeclared crate or module `sails_rs`
[INFO] [stdout] 
[INFO] [stdout] 
[INFO] [stdout] error[E0433]: failed to resolve: use of undeclared crate or module `sails_rs`
[INFO] [stdout]  --> tests/gservice_with_lifetimes_and_events/mod.rs:2:5
[INFO] [stdout]   |
[INFO] [stdout] 2 | use sails_rs::{gstd::service, Encode, TypeInfo};
[INFO] [stdout]   |     ^^^^^^^^ use of undeclared crate or module `sails_rs`
[INFO] [stdout] 
[INFO] [stdout] 
[INFO] [stdout] error[E0432]: unresolved import `sails_rs`
[INFO] [stdout]  --> tests/gservice_with_events/mod.rs:1:5
[INFO] [stdout]   |
[INFO] [stdout] 1 | use sails_rs::{gstd::service, Encode, TypeInfo};
[INFO] [stdout]   |     ^^^^^^^^ use of undeclared crate or module `sails_rs`
[INFO] [stdout] 
[INFO] [stdout] 
[INFO] [stdout] error[E0432]: unresolved import `sails_rs`
[INFO] [stdout]  --> tests/gservice_with_lifetimes_and_events/mod.rs:2:5
[INFO] [stdout]   |
[INFO] [stdout] 2 | use sails_rs::{gstd::service, Encode, TypeInfo};
[INFO] [stdout]   |     ^^^^^^^^ use of undeclared crate or module `sails_rs`
[INFO] [stdout] 
[INFO] [stdout] 
[INFO] [stdout] error[E0433]: failed to resolve: use of undeclared crate or module `sails_rs`
[INFO] [stdout]  --> tests/gservice_with_trait_bounds/mod.rs:2:5
[INFO] [stdout]   |
[INFO] [stdout] 2 | use sails_rs::gstd::service;
[INFO] [stdout]   |     ^^^^^^^^ use of undeclared crate or module `sails_rs`
[INFO] [stdout] 
[INFO] [stdout] 
[INFO] [stdout] error[E0432]: unresolved import `sails_rs`
[INFO] [stdout]  --> tests/gservice_with_reply_with_value/mod.rs:2:5
[INFO] [stdout]   |
[INFO] [stdout] 2 | use sails_rs::{CommandReply, Encode};
[INFO] [stdout]   |     ^^^^^^^^ use of undeclared crate or module `sails_rs`
[INFO] [stdout] 
[INFO] [stdout] 
[INFO] [stdout] error[E0432]: unresolved import `sails_rs`
[INFO] [stdout]  --> tests/gservice_with_basics/mod.rs:6:1
[INFO] [stdout]   |
[INFO] [stdout] 6 | #[service]
[INFO] [stdout]   | ^^^^^^^^^^ use of undeclared crate or module `sails_rs`
[INFO] [stdout]   |
[INFO] [stdout]   = note: this error originates in the attribute macro `service` (in Nightly builds, run with -Z macro-backtrace for more info)
[INFO] [stdout] 
[INFO] [stdout] 
[INFO] [stdout] error[E0432]: unresolved import `sails_rs`
[INFO] [stdout]  --> tests/gservice_with_reply_with_value/mod.rs:6:1
[INFO] [stdout]   |
[INFO] [stdout] 6 | #[service]
[INFO] [stdout]   | ^^^^^^^^^^ use of undeclared crate or module `sails_rs`
[INFO] [stdout]   |
[INFO] [stdout]   = note: this error originates in the attribute macro `service` (in Nightly builds, run with -Z macro-backtrace for more info)
[INFO] [stdout] 
[INFO] [stdout] 
[INFO] [stdout] error: cannot find attribute `codec` in this scope
[INFO] [stdout]  --> tests/gprogram_basic/mod.rs:8:1
[INFO] [stdout]   |
[INFO] [stdout] 8 | #[program]
[INFO] [stdout]   | ^^^^^^^^^^
[INFO] [stdout]   |
[INFO] [stdout]   = note: this error originates in the attribute macro `program` (in Nightly builds, run with -Z macro-backtrace for more info)
[INFO] [stdout] 
[INFO] [stdout] 
[INFO] [stdout] error: cannot find attribute `scale_info` in this scope
[INFO] [stdout]  --> tests/gprogram_basic/mod.rs:8:1
[INFO] [stdout]   |
[INFO] [stdout] 8 | #[program]
[INFO] [stdout]   | ^^^^^^^^^^
[INFO] [stdout]   |
[INFO] [stdout]   = note: `scale_info` is in scope, but it is a crate, not an attribute
[INFO] [stdout]   = note: this error originates in the attribute macro `program` (in Nightly builds, run with -Z macro-backtrace for more info)
[INFO] [stdout] 
[INFO] [stdout] 
[INFO] [stdout] error: cannot find attribute `codec` in this scope
[INFO] [stdout]  --> tests/gservice_with_basics/mod.rs:6:1
[INFO] [stdout]   |
[INFO] [stdout] 6 | #[service]
[INFO] [stdout]   | ^^^^^^^^^^
[INFO] [stdout]   |
[INFO] [stdout]   = note: this error originates in the attribute macro `service` (in Nightly builds, run with -Z macro-backtrace for more info)
[INFO] [stdout] 
[INFO] [stdout] 
[INFO] [stdout] error: cannot find attribute `scale_info` in this scope
[INFO] [stdout]  --> tests/gservice_with_basics/mod.rs:6:1
[INFO] [stdout]   |
[INFO] [stdout] 6 | #[service]
[INFO] [stdout]   | ^^^^^^^^^^
[INFO] [stdout]   |
[INFO] [stdout]   = note: `scale_info` is in scope, but it is a crate, not an attribute
[INFO] [stdout]   = note: this error originates in the attribute macro `service` (in Nightly builds, run with -Z macro-backtrace for more info)
[INFO] [stdout] 
[INFO] [stdout] 
[INFO] [stdout] error[E0433]: failed to resolve: use of undeclared crate or module `sails_rs`
[INFO] [stdout]  --> tests/gprogram_basic/mod.rs:8:1
[INFO] [stdout]   |
[INFO] [stdout] 8 | #[program]
[INFO] [stdout]   | ^^^^^^^^^^ use of undeclared crate or module `sails_rs`
[INFO] [stdout]   |
[INFO] [stdout]   = note: this error originates in the attribute macro `program` (in Nightly builds, run with -Z macro-backtrace for more info)
[INFO] [stdout] 
[INFO] [stdout] 
[INFO] [stdout] error[E0433]: failed to resolve: use of undeclared crate or module `sails_rs`
[INFO] [stdout]  --> tests/gprogram_basic/mod.rs:8:1
[INFO] [stdout]   |
[INFO] [stdout] 8 | #[program]
[INFO] [stdout]   | ^^^^^^^^^^ use of undeclared crate or module `sails_rs`
[INFO] [stdout]   |
[INFO] [stdout]   = note: this error originates in the attribute macro `program` (in Nightly builds, run with -Z macro-backtrace for more info)
[INFO] [stdout] help: consider importing this struct
[INFO] [stdout]   |
[INFO] [stdout] 1 + use scale_info::MetaType;
[INFO] [stdout]   |
[INFO] [stdout] 
[INFO] [stdout] 
[INFO] [stdout] error: cannot find attribute `codec` in this scope
[INFO] [stdout]  --> tests/gservice_with_reply_with_value/mod.rs:6:1
[INFO] [stdout]   |
[INFO] [stdout] 6 | #[service]
[INFO] [stdout]   | ^^^^^^^^^^
[INFO] [stdout]   |
[INFO] [stdout]   = note: this error originates in the attribute macro `service` (in Nightly builds, run with -Z macro-backtrace for more info)
[INFO] [stdout] 
[INFO] [stdout] 
[INFO] [stdout] error: cannot find attribute `scale_info` in this scope
[INFO] [stdout]  --> tests/gservice_with_reply_with_value/mod.rs:6:1
[INFO] [stdout]   |
[INFO] [stdout] 6 | #[service]
[INFO] [stdout]   | ^^^^^^^^^^
[INFO] [stdout]   |
[INFO] [stdout]   = note: `scale_info` is in scope, but it is a crate, not an attribute
[INFO] [stdout]   = note: this error originates in the attribute macro `service` (in Nightly builds, run with -Z macro-backtrace for more info)
[INFO] [stdout] 
[INFO] [stdout] 
[INFO] [stdout] Some errors have detailed explanations: E0432, E0433.
[INFO] [stdout] 
[INFO] [stdout] For more information about an error, try `rustc --explain E0432`.
[INFO] [stdout] 
[INFO] [stdout] error[E0433]: failed to resolve: use of undeclared crate or module `sails_rs`
[INFO] [stdout]  --> tests/gservice_with_basics/mod.rs:6:1
[INFO] [stdout]   |
[INFO] [stdout] 6 | #[service]
[INFO] [stdout]   | ^^^^^^^^^^ use of undeclared crate or module `sails_rs`
[INFO] [stdout]   |
[INFO] [stdout]   = note: this error originates in the attribute macro `service` (in Nightly builds, run with -Z macro-backtrace for more info)
[INFO] [stdout] 
[INFO] [stdout] 
[INFO] [stderr] error: could not compile `sails-macros` (test "gprogram_tests") due to 5 previous errors
[INFO] [stderr] warning: build failed, waiting for other jobs to finish...
[INFO] [stdout] error[E0433]: failed to resolve: use of undeclared crate or module `sails_rs`
[INFO] [stdout]  --> tests/gservice_with_reply_with_value/mod.rs:6:1
[INFO] [stdout]   |
[INFO] [stdout] 6 | #[service]
[INFO] [stdout]   | ^^^^^^^^^^ use of undeclared crate or module `sails_rs`
[INFO] [stdout]   |
[INFO] [stdout]   = note: this error originates in the attribute macro `service` (in Nightly builds, run with -Z macro-backtrace for more info)
[INFO] [stdout] 
[INFO] [stdout] 
[INFO] [stdout] error[E0433]: failed to resolve: use of undeclared crate or module `sails_rs`
[INFO] [stdout]  --> tests/gservice_with_basics/mod.rs:6:1
[INFO] [stdout]   |
[INFO] [stdout] 6 | #[service]
[INFO] [stdout]   | ^^^^^^^^^^ use of undeclared crate or module `sails_rs`
[INFO] [stdout]   |
[INFO] [stdout]   = note: this error originates in the attribute macro `service` (in Nightly builds, run with -Z macro-backtrace for more info)
[INFO] [stdout] help: consider importing this struct
[INFO] [stdout]   |
[INFO] [stdout] 1 + use scale_info::MetaType;
[INFO] [stdout]   |
[INFO] [stdout] 
[INFO] [stdout] 
[INFO] [stdout] error[E0433]: failed to resolve: use of undeclared crate or module `sails_rs`
[INFO] [stdout]  --> tests/gservice_with_reply_with_value/mod.rs:6:1
[INFO] [stdout]   |
[INFO] [stdout] 6 | #[service]
[INFO] [stdout]   | ^^^^^^^^^^ use of undeclared crate or module `sails_rs`
[INFO] [stdout]   |
[INFO] [stdout]   = note: this error originates in the attribute macro `service` (in Nightly builds, run with -Z macro-backtrace for more info)
[INFO] [stdout] help: consider importing this struct
[INFO] [stdout]   |
[INFO] [stdout] 1 + use scale_info::MetaType;
[INFO] [stdout]   |
[INFO] [stdout] 
[INFO] [stdout] 
[INFO] [stdout] Some errors have detailed explanations: E0432, E0433.
[INFO] [stdout] 
[INFO] [stdout] For more information about an error, try `rustc --explain E0432`.
[INFO] [stdout] 
[INFO] [stderr] error: could not compile `sails-macros` (test "gservice_tests") due to 23 previous errors
[INFO] running `Command { std: "docker" "inspect" "b1a2b7f7ba056aec513c1eb487cad268a2c65ac528f7865cb84846a5a3d04b79", kill_on_drop: false }`
[INFO] running `Command { std: "docker" "rm" "-f" "b1a2b7f7ba056aec513c1eb487cad268a2c65ac528f7865cb84846a5a3d04b79", kill_on_drop: false }`
[INFO] [stdout] b1a2b7f7ba056aec513c1eb487cad268a2c65ac528f7865cb84846a5a3d04b79
