[INFO] fetching crate safina 0.5.0...
[INFO] testing safina-0.5.0 against nightly-2024-10-28 for randomize-layout
[INFO] extracting crate safina 0.5.0 into /workspace/builds/worker-1-tc1/source
[INFO] validating manifest of crates.io crate safina 0.5.0 on toolchain nightly-2024-10-28
[INFO] running `Command { std: CARGO_HOME="/workspace/cargo-home" RUSTUP_HOME="/workspace/rustup-home" "/workspace/cargo-home/bin/cargo" "+nightly-2024-10-28" "metadata" "--manifest-path" "Cargo.toml" "--no-deps", kill_on_drop: false }`
[INFO] started tweaking crates.io crate safina 0.5.0
[INFO] removed 0 missing tests
[INFO] finished tweaking crates.io crate safina 0.5.0
[INFO] tweaked toml for crates.io crate safina 0.5.0 written to /workspace/builds/worker-1-tc1/source/Cargo.toml
[INFO] running `Command { std: CARGO_HOME="/workspace/cargo-home" RUSTUP_HOME="/workspace/rustup-home" "/workspace/cargo-home/bin/cargo" "+nightly-2024-10-28" "generate-lockfile" "--manifest-path" "Cargo.toml", kill_on_drop: false }`
[INFO] [stderr]     Updating crates.io index
[INFO] [stderr]      Locking 29 packages to latest compatible versions
[INFO] running `Command { std: CARGO_HOME="/workspace/cargo-home" RUSTUP_HOME="/workspace/rustup-home" "/workspace/cargo-home/bin/cargo" "+nightly-2024-10-28" "fetch" "--manifest-path" "Cargo.toml", kill_on_drop: false }`
[INFO] [stderr]  Downloading crates ...
[INFO] [stderr]   Downloaded safe-lock v0.1.4
[INFO] [stderr]   Downloaded safe-proc-macro2 v1.0.67
[INFO] [stderr]   Downloaded safe-quote v1.0.15
[INFO] [stderr]   Downloaded safina-macros v0.1.2
[INFO] running `Command { std: "docker" "create" "-v" "/var/lib/crater-agent-workspace/builds/worker-1-tc1/target:/opt/rustwide/target:rw,Z" "-v" "/var/lib/crater-agent-workspace/builds/worker-1-tc1/source:/opt/rustwide/workdir:ro,Z" "-v" "/var/lib/crater-agent-workspace/cargo-home:/opt/rustwide/cargo-home:ro,Z" "-v" "/var/lib/crater-agent-workspace/rustup-home:/opt/rustwide/rustup-home:ro,Z" "-e" "SOURCE_DIR=/opt/rustwide/workdir" "-e" "CARGO_TARGET_DIR=/opt/rustwide/target" "-e" "CARGO_HOME=/opt/rustwide/cargo-home" "-e" "RUSTUP_HOME=/opt/rustwide/rustup-home" "-w" "/opt/rustwide/workdir" "-m" "1610612736" "--user" "0:0" "--network" "none" "ghcr.io/rust-lang/crates-build-env/linux@sha256:4a844ea9eb2546a2d2c7022eacef16ef2e8229c7fbb2c7d4d55a9ceca922f72d" "/opt/rustwide/cargo-home/bin/cargo" "+nightly-2024-10-28" "metadata" "--no-deps" "--format-version=1", kill_on_drop: false }`
[INFO] [stdout] 62ebf5e4a6575cc4b852631b60218ae94986b033c8679c2f1c5780bdbaa2bdc8
[INFO] running `Command { std: "docker" "start" "-a" "62ebf5e4a6575cc4b852631b60218ae94986b033c8679c2f1c5780bdbaa2bdc8", kill_on_drop: false }`
[INFO] running `Command { std: "docker" "inspect" "62ebf5e4a6575cc4b852631b60218ae94986b033c8679c2f1c5780bdbaa2bdc8", kill_on_drop: false }`
[INFO] running `Command { std: "docker" "rm" "-f" "62ebf5e4a6575cc4b852631b60218ae94986b033c8679c2f1c5780bdbaa2bdc8", kill_on_drop: false }`
[INFO] [stdout] 62ebf5e4a6575cc4b852631b60218ae94986b033c8679c2f1c5780bdbaa2bdc8
[INFO] running `Command { std: "docker" "create" "-v" "/var/lib/crater-agent-workspace/builds/worker-1-tc1/target:/opt/rustwide/target:rw,Z" "-v" "/var/lib/crater-agent-workspace/builds/worker-1-tc1/source:/opt/rustwide/workdir:ro,Z" "-v" "/var/lib/crater-agent-workspace/cargo-home:/opt/rustwide/cargo-home:ro,Z" "-v" "/var/lib/crater-agent-workspace/rustup-home:/opt/rustwide/rustup-home:ro,Z" "-e" "SOURCE_DIR=/opt/rustwide/workdir" "-e" "CARGO_TARGET_DIR=/opt/rustwide/target" "-e" "CARGO_INCREMENTAL=0" "-e" "RUST_BACKTRACE=full" "-e" "RUSTFLAGS=--cap-lints=forbid" "-e" "RUSTDOCFLAGS=--cap-lints=forbid" "-e" "CARGO_HOME=/opt/rustwide/cargo-home" "-e" "RUSTUP_HOME=/opt/rustwide/rustup-home" "-w" "/opt/rustwide/workdir" "-m" "1610612736" "--user" "0:0" "--network" "none" "ghcr.io/rust-lang/crates-build-env/linux@sha256:4a844ea9eb2546a2d2c7022eacef16ef2e8229c7fbb2c7d4d55a9ceca922f72d" "/opt/rustwide/cargo-home/bin/cargo" "+nightly-2024-10-28" "build" "--frozen" "--message-format=json", kill_on_drop: false }`
[INFO] [stdout] 45fa5ed261dcde95d167c53079465e4957013330aeb73e739761817853748e63
[INFO] running `Command { std: "docker" "start" "-a" "45fa5ed261dcde95d167c53079465e4957013330aeb73e739761817853748e63", kill_on_drop: false }`
[INFO] [stderr]    Compiling safina v0.5.0 (/opt/rustwide/workdir)
[INFO] [stderr]     Finished `dev` profile [unoptimized + debuginfo] target(s) in 0.46s
[INFO] running `Command { std: "docker" "inspect" "45fa5ed261dcde95d167c53079465e4957013330aeb73e739761817853748e63", kill_on_drop: false }`
[INFO] running `Command { std: "docker" "rm" "-f" "45fa5ed261dcde95d167c53079465e4957013330aeb73e739761817853748e63", kill_on_drop: false }`
[INFO] [stdout] 45fa5ed261dcde95d167c53079465e4957013330aeb73e739761817853748e63
[INFO] running `Command { std: "docker" "create" "-v" "/var/lib/crater-agent-workspace/builds/worker-1-tc1/target:/opt/rustwide/target:rw,Z" "-v" "/var/lib/crater-agent-workspace/builds/worker-1-tc1/source:/opt/rustwide/workdir:ro,Z" "-v" "/var/lib/crater-agent-workspace/cargo-home:/opt/rustwide/cargo-home:ro,Z" "-v" "/var/lib/crater-agent-workspace/rustup-home:/opt/rustwide/rustup-home:ro,Z" "-e" "SOURCE_DIR=/opt/rustwide/workdir" "-e" "CARGO_TARGET_DIR=/opt/rustwide/target" "-e" "CARGO_INCREMENTAL=0" "-e" "RUST_BACKTRACE=full" "-e" "RUSTFLAGS=--cap-lints=forbid" "-e" "RUSTDOCFLAGS=--cap-lints=forbid" "-e" "CARGO_HOME=/opt/rustwide/cargo-home" "-e" "RUSTUP_HOME=/opt/rustwide/rustup-home" "-w" "/opt/rustwide/workdir" "-m" "1610612736" "--user" "0:0" "--network" "none" "ghcr.io/rust-lang/crates-build-env/linux@sha256:4a844ea9eb2546a2d2c7022eacef16ef2e8229c7fbb2c7d4d55a9ceca922f72d" "/opt/rustwide/cargo-home/bin/cargo" "+nightly-2024-10-28" "test" "--frozen" "--no-run" "--message-format=json", kill_on_drop: false }`
[INFO] [stdout] 22a56b9df017791f1279e70c7eb375688a003e5d8bcd64e597558a5eeef7b2eb
[INFO] running `Command { std: "docker" "start" "-a" "22a56b9df017791f1279e70c7eb375688a003e5d8bcd64e597558a5eeef7b2eb", kill_on_drop: false }`
[INFO] [stderr]    Compiling rustix v0.38.38
[INFO] [stderr]    Compiling libc v0.2.161
[INFO] [stderr]    Compiling bitflags v2.6.0
[INFO] [stderr]    Compiling once_cell v1.20.2
[INFO] [stderr]    Compiling fastrand v2.1.1
[INFO] [stderr]    Compiling quick-error v1.2.3
[INFO] [stderr]    Compiling safe-lock v0.1.4
[INFO] [stderr]    Compiling wait-timeout v0.2.0
[INFO] [stderr]    Compiling tempfile v3.13.0
[INFO] [stderr]    Compiling rusty-fork v0.3.0
[INFO] [stderr]    Compiling safina v0.5.0 (/opt/rustwide/workdir)
[INFO] [stdout] error[E0432]: unresolved import `safina::threadpool::INTERNAL_MAX_THREADS`
[INFO] [stdout]   --> tests/threadpool_sequential_test.rs:2:76
[INFO] [stdout]    |
[INFO] [stdout] 2  | use safina::threadpool::{NewThreadPoolError, ThreadPool, TryScheduleError, INTERNAL_MAX_THREADS};
[INFO] [stdout]    |                                                                            ^^^^^^^^^^^^^^^^^^^^ no `INTERNAL_MAX_THREADS` in `threadpool`
[INFO] [stdout]    |
[INFO] [stdout] note: found an item that was configured out
[INFO] [stdout]   --> /opt/rustwide/workdir/src/threadpool/mod.rs:99:12
[INFO] [stdout]    |
[INFO] [stdout] 99 | pub static INTERNAL_MAX_THREADS: core::sync::atomic::AtomicUsize =
[INFO] [stdout]    |            ^^^^^^^^^^^^^^^^^^^^
[INFO] [stdout] note: the item is gated behind the `testing` feature
[INFO] [stdout]   --> /opt/rustwide/workdir/src/threadpool/mod.rs:97:7
[INFO] [stdout]    |
[INFO] [stdout] 97 | #[cfg(feature = "testing")]
[INFO] [stdout]    |       ^^^^^^^^^^^^^^^^^^^
[INFO] [stdout] 
[INFO] [stdout] 
[INFO] [stdout] error[E0432]: unresolved import `safina::async_test`
[INFO] [stdout]    --> tests/net_tcp_listener_test.rs:3:5
[INFO] [stdout]     |
[INFO] [stdout] 3   | use safina::async_test;
[INFO] [stdout]     |     ^^^^^^^^^^^^^^^^^^ no `async_test` in the root
[INFO] [stdout]     |
[INFO] [stdout] note: found an item that was configured out
[INFO] [stdout]    --> /opt/rustwide/workdir/src/lib.rs:141:24
[INFO] [stdout]     |
[INFO] [stdout] 141 | pub use safina_macros::async_test;
[INFO] [stdout]     |                        ^^^^^^^^^^
[INFO] [stdout] note: the item is gated behind the `async_test` feature
[INFO] [stdout]    --> /opt/rustwide/workdir/src/lib.rs:140:7
[INFO] [stdout]     |
[INFO] [stdout] 140 | #[cfg(feature = "async_test")]
[INFO] [stdout]     |       ^^^^^^^^^^^^^^^^^^^^^^
[INFO] [stdout] 
[INFO] [stdout] 
[INFO] [stdout] error[E0432]: unresolved import `safina::async_test`
[INFO] [stdout]    --> tests/select_test.rs:5:5
[INFO] [stdout]     |
[INFO] [stdout] 5   | use safina::async_test;
[INFO] [stdout]     |     ^^^^^^^^^^^^^^^^^^ no `async_test` in the root
[INFO] [stdout]     |
[INFO] [stdout] note: found an item that was configured out
[INFO] [stdout]    --> /opt/rustwide/workdir/src/lib.rs:141:24
[INFO] [stdout]     |
[INFO] [stdout] 141 | pub use safina_macros::async_test;
[INFO] [stdout]     |                        ^^^^^^^^^^
[INFO] [stdout] note: the item is gated behind the `async_test` feature
[INFO] [stdout]    --> /opt/rustwide/workdir/src/lib.rs:140:7
[INFO] [stdout]     |
[INFO] [stdout] 140 | #[cfg(feature = "async_test")]
[INFO] [stdout]     |       ^^^^^^^^^^^^^^^^^^^^^^
[INFO] [stdout] 
[INFO] [stdout] 
[INFO] [stdout] error[E0432]: unresolved import `safina::async_test`
[INFO] [stdout]    --> tests/async_test_test.rs:1:5
[INFO] [stdout]     |
[INFO] [stdout] 1   | use safina::async_test;
[INFO] [stdout]     |     ^^^^^^^^^^^^^^^^^^ no `async_test` in the root
[INFO] [stdout]     |
[INFO] [stdout] note: found an item that was configured out
[INFO] [stdout]    --> /opt/rustwide/workdir/src/lib.rs:141:24
[INFO] [stdout]     |
[INFO] [stdout] 141 | pub use safina_macros::async_test;
[INFO] [stdout]     |                        ^^^^^^^^^^
[INFO] [stdout] note: the item is gated behind the `async_test` feature
[INFO] [stdout]    --> /opt/rustwide/workdir/src/lib.rs:140:7
[INFO] [stdout]     |
[INFO] [stdout] 140 | #[cfg(feature = "async_test")]
[INFO] [stdout]     |       ^^^^^^^^^^^^^^^^^^^^^^
[INFO] [stdout] 
[INFO] [stdout] 
[INFO] [stdout] error[E0432]: unresolved import `safina::async_test`
[INFO] [stdout]    --> tests/net_tcp_stream_test.rs:3:5
[INFO] [stdout]     |
[INFO] [stdout] 3   | use safina::async_test;
[INFO] [stdout]     |     ^^^^^^^^^^^^^^^^^^ no `async_test` in the root
[INFO] [stdout]     |
[INFO] [stdout] note: found an item that was configured out
[INFO] [stdout]    --> /opt/rustwide/workdir/src/lib.rs:141:24
[INFO] [stdout]     |
[INFO] [stdout] 141 | pub use safina_macros::async_test;
[INFO] [stdout]     |                        ^^^^^^^^^^
[INFO] [stdout] note: the item is gated behind the `async_test` feature
[INFO] [stdout]    --> /opt/rustwide/workdir/src/lib.rs:140:7
[INFO] [stdout]     |
[INFO] [stdout] 140 | #[cfg(feature = "async_test")]
[INFO] [stdout]     |       ^^^^^^^^^^^^^^^^^^^^^^
[INFO] [stdout] 
[INFO] [stdout] 
[INFO] [stdout] error[E0432]: unresolved import `safina::async_test`
[INFO] [stdout]    --> tests/sync_mutex_test.rs:3:5
[INFO] [stdout]     |
[INFO] [stdout] 3   | use safina::async_test;
[INFO] [stdout]     |     ^^^^^^^^^^^^^^^^^^ no `async_test` in the root
[INFO] [stdout]     |
[INFO] [stdout] note: found an item that was configured out
[INFO] [stdout]    --> /opt/rustwide/workdir/src/lib.rs:141:24
[INFO] [stdout]     |
[INFO] [stdout] 141 | pub use safina_macros::async_test;
[INFO] [stdout]     |                        ^^^^^^^^^^
[INFO] [stdout] note: the item is gated behind the `async_test` feature
[INFO] [stdout]    --> /opt/rustwide/workdir/src/lib.rs:140:7
[INFO] [stdout]     |
[INFO] [stdout] 140 | #[cfg(feature = "async_test")]
[INFO] [stdout]     |       ^^^^^^^^^^^^^^^^^^^^^^
[INFO] [stdout] 
[INFO] [stdout] 
[INFO] [stdout] For more information about this error, try `rustc --explain E0432`.
[INFO] [stdout] 
[INFO] [stdout] For more information about this error, try `rustc --explain E0432`.
[INFO] [stdout] 
[INFO] [stderr] error: could not compile `safina` (test "async_test_test") due to 1 previous error
[INFO] [stderr] warning: build failed, waiting for other jobs to finish...
[INFO] [stdout] error[E0599]: no method named `num_live_threads_fn` found for struct `ThreadPool` in the current scope
[INFO] [stdout]    --> tests/threadpool_sequential_test.rs:132:36
[INFO] [stdout]     |
[INFO] [stdout] 132 |     let num_live_threads_fn = pool.num_live_threads_fn();
[INFO] [stdout]     |                                    ^^^^^^^^^^^^^^^^^^^
[INFO] [stdout]     |
[INFO] [stdout] help: there is a method `num_live_threads` with a similar name
[INFO] [stdout]     |
[INFO] [stdout] 132 |     let num_live_threads_fn = pool.num_live_threads();
[INFO] [stdout]     |                                    ~~~~~~~~~~~~~~~~
[INFO] [stdout] 
[INFO] [stdout] 
[INFO] [stderr] error: could not compile `safina` (test "net_tcp_listener_test") due to 1 previous error
[INFO] [stdout] For more information about this error, try `rustc --explain E0432`.
[INFO] [stdout] 
[INFO] [stdout] Some errors have detailed explanations: E0432, E0599.
[INFO] [stdout] 
[INFO] [stdout] For more information about an error, try `rustc --explain E0432`.
[INFO] [stdout] 
[INFO] [stderr] error: could not compile `safina` (test "sync_mutex_test") due to 1 previous error
[INFO] [stderr] error: could not compile `safina` (test "threadpool_sequential_test") due to 2 previous errors
[INFO] [stdout] For more information about this error, try `rustc --explain E0432`.
[INFO] [stdout] 
[INFO] [stdout] For more information about this error, try `rustc --explain E0432`.
[INFO] [stdout] 
[INFO] [stderr] error: could not compile `safina` (test "select_test") due to 1 previous error
[INFO] [stderr] error: could not compile `safina` (test "net_tcp_stream_test") due to 1 previous error
[INFO] running `Command { std: "docker" "inspect" "22a56b9df017791f1279e70c7eb375688a003e5d8bcd64e597558a5eeef7b2eb", kill_on_drop: false }`
[INFO] running `Command { std: "docker" "rm" "-f" "22a56b9df017791f1279e70c7eb375688a003e5d8bcd64e597558a5eeef7b2eb", kill_on_drop: false }`
[INFO] [stdout] 22a56b9df017791f1279e70c7eb375688a003e5d8bcd64e597558a5eeef7b2eb
