[INFO] fetching crate s3s-aws 0.10.1...
[INFO] testing s3s-aws-0.10.1 against nightly-2024-10-28+rustflags=-Zrandomize-layout for randomize-layout
[INFO] extracting crate s3s-aws 0.10.1 into /workspace/builds/worker-2-tc2/source
[INFO] validating manifest of crates.io crate s3s-aws 0.10.1 on toolchain nightly-2024-10-28
[INFO] running `Command { std: CARGO_HOME="/workspace/cargo-home" RUSTUP_HOME="/workspace/rustup-home" "/workspace/cargo-home/bin/cargo" "+nightly-2024-10-28" "metadata" "--manifest-path" "Cargo.toml" "--no-deps", kill_on_drop: false }`
[INFO] started tweaking crates.io crate s3s-aws 0.10.1
[INFO] finished tweaking crates.io crate s3s-aws 0.10.1
[INFO] tweaked toml for crates.io crate s3s-aws 0.10.1 written to /workspace/builds/worker-2-tc2/source/Cargo.toml
[INFO] running `Command { std: CARGO_HOME="/workspace/cargo-home" RUSTUP_HOME="/workspace/rustup-home" "/workspace/cargo-home/bin/cargo" "+nightly-2024-10-28" "generate-lockfile" "--manifest-path" "Cargo.toml", kill_on_drop: false }`
[INFO] [stderr]     Updating crates.io index
[INFO] [stderr]     Blocking waiting for file lock on package cache
[INFO] [stderr]      Locking 189 packages to latest compatible versions
[INFO] running `Command { std: CARGO_HOME="/workspace/cargo-home" RUSTUP_HOME="/workspace/rustup-home" "/workspace/cargo-home/bin/cargo" "+nightly-2024-10-28" "fetch" "--manifest-path" "Cargo.toml", kill_on_drop: false }`
[INFO] [stderr]     Blocking waiting for file lock on package cache
[INFO] [stderr]     Blocking waiting for file lock on package cache
[INFO] running `Command { std: "docker" "create" "-v" "/var/lib/crater-agent-workspace/builds/worker-2-tc2/target:/opt/rustwide/target:rw,Z" "-v" "/var/lib/crater-agent-workspace/builds/worker-2-tc2/source:/opt/rustwide/workdir:ro,Z" "-v" "/var/lib/crater-agent-workspace/cargo-home:/opt/rustwide/cargo-home:ro,Z" "-v" "/var/lib/crater-agent-workspace/rustup-home:/opt/rustwide/rustup-home:ro,Z" "-e" "SOURCE_DIR=/opt/rustwide/workdir" "-e" "CARGO_TARGET_DIR=/opt/rustwide/target" "-e" "CARGO_HOME=/opt/rustwide/cargo-home" "-e" "RUSTUP_HOME=/opt/rustwide/rustup-home" "-w" "/opt/rustwide/workdir" "-m" "1610612736" "--user" "0:0" "--network" "none" "ghcr.io/rust-lang/crates-build-env/linux@sha256:4a844ea9eb2546a2d2c7022eacef16ef2e8229c7fbb2c7d4d55a9ceca922f72d" "/opt/rustwide/cargo-home/bin/cargo" "+nightly-2024-10-28" "metadata" "--no-deps" "--format-version=1", kill_on_drop: false }`
[INFO] [stdout] ebe6d1f7ada35e7a34555a3fe425f73803044df4f82b31747538688c11b8f3c0
[INFO] running `Command { std: "docker" "start" "-a" "ebe6d1f7ada35e7a34555a3fe425f73803044df4f82b31747538688c11b8f3c0", kill_on_drop: false }`
[INFO] running `Command { std: "docker" "inspect" "ebe6d1f7ada35e7a34555a3fe425f73803044df4f82b31747538688c11b8f3c0", kill_on_drop: false }`
[INFO] running `Command { std: "docker" "rm" "-f" "ebe6d1f7ada35e7a34555a3fe425f73803044df4f82b31747538688c11b8f3c0", kill_on_drop: false }`
[INFO] [stdout] ebe6d1f7ada35e7a34555a3fe425f73803044df4f82b31747538688c11b8f3c0
[INFO] running `Command { std: "docker" "create" "-v" "/var/lib/crater-agent-workspace/builds/worker-2-tc2/target:/opt/rustwide/target:rw,Z" "-v" "/var/lib/crater-agent-workspace/builds/worker-2-tc2/source:/opt/rustwide/workdir:ro,Z" "-v" "/var/lib/crater-agent-workspace/cargo-home:/opt/rustwide/cargo-home:ro,Z" "-v" "/var/lib/crater-agent-workspace/rustup-home:/opt/rustwide/rustup-home:ro,Z" "-e" "SOURCE_DIR=/opt/rustwide/workdir" "-e" "CARGO_TARGET_DIR=/opt/rustwide/target" "-e" "CARGO_INCREMENTAL=0" "-e" "RUST_BACKTRACE=full" "-e" "RUSTFLAGS=--cap-lints=forbid -Zrandomize-layout" "-e" "RUSTDOCFLAGS=--cap-lints=forbid" "-e" "CARGO_HOME=/opt/rustwide/cargo-home" "-e" "RUSTUP_HOME=/opt/rustwide/rustup-home" "-w" "/opt/rustwide/workdir" "-m" "1610612736" "--user" "0:0" "--network" "none" "ghcr.io/rust-lang/crates-build-env/linux@sha256:4a844ea9eb2546a2d2c7022eacef16ef2e8229c7fbb2c7d4d55a9ceca922f72d" "/opt/rustwide/cargo-home/bin/cargo" "+nightly-2024-10-28" "build" "--frozen" "--message-format=json", kill_on_drop: false }`
[INFO] [stdout] 071df3d1fe67073da16f6696955b371dcfa456c00f8ed44d7d5f604f0cf49646
[INFO] running `Command { std: "docker" "start" "-a" "071df3d1fe67073da16f6696955b371dcfa456c00f8ed44d7d5f604f0cf49646", kill_on_drop: false }`
[INFO] [stderr]    Compiling libc v0.2.161
[INFO] [stderr]    Compiling autocfg v1.4.0
[INFO] [stderr]    Compiling bytes v1.8.0
[INFO] [stderr]    Compiling pin-project-lite v0.2.15
[INFO] [stderr]    Compiling proc-macro2 v1.0.89
[INFO] [stderr]    Compiling futures-core v0.3.31
[INFO] [stderr]    Compiling itoa v1.0.11
[INFO] [stderr]    Compiling unicode-ident v1.0.13
[INFO] [stderr]    Compiling memchr v2.7.4
[INFO] [stderr]    Compiling futures-sink v0.3.31
[INFO] [stderr]    Compiling fnv v1.0.7
[INFO] [stderr]    Compiling typenum v1.17.0
[INFO] [stderr]    Compiling futures-channel v0.3.31
[INFO] [stderr]    Compiling pin-utils v0.1.0
[INFO] [stderr]    Compiling version_check v0.9.5
[INFO] [stderr]    Compiling futures-task v0.3.31
[INFO] [stderr]    Compiling slab v0.4.9
[INFO] [stderr]    Compiling futures-io v0.3.31
[INFO] [stderr]    Compiling generic-array v0.14.7
[INFO] [stderr]    Compiling subtle v2.6.1
[INFO] [stderr]    Compiling num-traits v0.2.19
[INFO] [stderr]    Compiling zeroize v1.8.1
[INFO] [stderr]    Compiling quote v1.0.37
[INFO] [stderr]    Compiling futures-util v0.3.31
[INFO] [stderr]    Compiling http v1.1.0
[INFO] [stderr]    Compiling socket2 v0.5.7
[INFO] [stderr]    Compiling mio v1.0.2
[INFO] [stderr]    Compiling syn v2.0.86
[INFO] [stderr]    Compiling getrandom v0.2.15
[INFO] [stderr]    Compiling http v0.2.12
[INFO] [stderr]    Compiling tokio v1.41.0
[INFO] [stderr]    Compiling num-conv v0.1.0
[INFO] [stderr]    Compiling vsimd v0.8.0
[INFO] [stderr]    Compiling time-core v0.1.2
[INFO] [stderr]    Compiling http-body v1.0.1
[INFO] [stderr]    Compiling outref v0.5.1
[INFO] [stderr]    Compiling powerfmt v0.2.0
[INFO] [stderr]    Compiling crypto-common v0.1.6
[INFO] [stderr]    Compiling block-buffer v0.10.4
[INFO] [stderr]    Compiling deranged v0.3.11
[INFO] [stderr]    Compiling time-macros v0.2.18
[INFO] [stderr]    Compiling http-body v0.4.6
[INFO] [stderr]    Compiling once_cell v1.20.2
[INFO] [stderr]    Compiling ryu v1.0.18
[INFO] [stderr]    Compiling base64-simd v0.8.0
[INFO] [stderr]    Compiling tracing-core v0.1.32
[INFO] [stderr]    Compiling digest v0.10.7
[INFO] [stderr]    Compiling either v1.13.0
[INFO] [stderr]    Compiling shlex v1.3.0
[INFO] [stderr]    Compiling cc v1.1.31
[INFO] [stderr]    Compiling bytes-utils v0.1.4
[INFO] [stderr]    Compiling num-integer v0.1.46
[INFO] [stderr]    Compiling semver v1.0.23
[INFO] [stderr]    Compiling rand_core v0.6.4
[INFO] [stderr]    Compiling percent-encoding v2.3.1
[INFO] [stderr]    Compiling untrusted v0.9.0
[INFO] [stderr]    Compiling http-body-util v0.1.2
[INFO] [stderr]    Compiling rustc_version v0.4.1
[INFO] [stderr]    Compiling time v0.3.36
[INFO] [stderr]    Compiling const-oid v0.9.6
[INFO] [stderr]    Compiling spin v0.9.8
[INFO] [stderr]    Compiling httparse v1.9.5
[INFO] [stderr]    Compiling der v0.6.1
[INFO] [stderr]    Compiling foldhash v0.1.3
[INFO] [stderr]    Compiling base64ct v1.6.0
[INFO] [stderr]    Compiling allocator-api2 v0.2.18
[INFO] [stderr]    Compiling equivalent v1.0.1
[INFO] [stderr]    Compiling crc32fast v1.4.2
[INFO] [stderr]    Compiling cpufeatures v0.2.14
[INFO] [stderr]    Compiling ff v0.12.1
[INFO] [stderr]    Compiling hashbrown v0.15.0
[INFO] [stderr]    Compiling crypto-bigint v0.4.9
[INFO] [stderr]    Compiling ring v0.17.8
[INFO] [stderr]    Compiling spki v0.6.0
[INFO] [stderr]    Compiling pkcs8 v0.9.0
[INFO] [stderr]    Compiling hmac v0.12.1
[INFO] [stderr]    Compiling rustls v0.21.12
[INFO] [stderr]    Compiling base16ct v0.1.1
[INFO] [stderr]    Compiling httpdate v1.0.3
[INFO] [stderr]    Compiling indexmap v2.6.0
[INFO] [stderr]    Compiling sec1 v0.3.0
[INFO] [stderr]    Compiling group v0.12.1
[INFO] [stderr]    Compiling sha2 v0.10.8
[INFO] [stderr]    Compiling tokio-util v0.7.12
[INFO] [stderr]    Compiling aws-smithy-async v1.2.1
[INFO] [stderr]    Compiling form_urlencoded v1.2.1
[INFO] [stderr]    Compiling base64 v0.21.7
[INFO] [stderr]    Compiling try-lock v0.2.5
[INFO] [stderr]    Compiling aws-smithy-types v1.2.8
[INFO] [stderr]    Compiling log v0.4.22
[INFO] [stderr]    Compiling rustls-pemfile v1.0.4
[INFO] [stderr]    Compiling want v0.3.1
[INFO] [stderr]    Compiling elliptic-curve v0.12.3
[INFO] [stderr]    Compiling rfc6979 v0.3.1
[INFO] [stderr]    Compiling crc32c v0.6.8
[INFO] [stderr]    Compiling signature v1.6.4
[INFO] [stderr]    Compiling tower-service v0.3.3
[INFO] [stderr]    Compiling serde v1.0.214
[INFO] [stderr]    Compiling tracing-attributes v0.1.27
[INFO] [stderr]    Compiling tinyvec_macros v0.1.1
[INFO] [stderr]    Compiling openssl-probe v0.1.5
[INFO] [stderr]    Compiling rustls-native-certs v0.6.3
[INFO] [stderr]    Compiling tinyvec v1.8.0
[INFO] [stderr]    Compiling serde_derive v1.0.214
[INFO] [stderr]    Compiling ecdsa v0.14.8
[INFO] [stderr]    Compiling aws-smithy-eventstream v0.60.5
[INFO] [stderr]    Compiling aws-types v1.3.3
[INFO] [stderr]    Compiling hex v0.4.3
[INFO] [stderr]    Compiling unicode-normalization v0.1.24
[INFO] [stderr]    Compiling p256 v0.11.1
[INFO] [stderr]    Compiling sha1 v0.10.6
[INFO] [stderr]    Compiling crypto-bigint v0.5.5
[INFO] [stderr]    Compiling fastrand v2.1.1
[INFO] [stderr]    Compiling tracing v0.1.40
[INFO] [stderr]    Compiling thiserror v1.0.66
[INFO] [stderr]    Compiling unicode-bidi v0.3.17
[INFO] [stderr]    Compiling thiserror-impl v1.0.66
[INFO] [stderr]    Compiling aws-smithy-runtime-api v1.7.2
[INFO] [stderr]    Compiling h2 v0.3.26
[INFO] [stderr]    Compiling md-5 v0.10.6
[INFO] [stderr]    Compiling idna v0.5.0
[INFO] [stderr]    Compiling rustls-webpki v0.101.7
[INFO] [stderr]    Compiling sct v0.7.1
[INFO] [stderr]    Compiling aws-smithy-http v0.60.11
[INFO] [stderr]    Compiling aws-credential-types v1.2.1
[INFO] [stderr]    Compiling minimal-lexical v0.2.1
[INFO] [stderr]    Compiling aws-sigv4 v1.2.5
[INFO] [stderr]    Compiling smallvec v1.13.2
[INFO] [stderr]    Compiling xmlparser v0.13.6
[INFO] [stderr]    Compiling uuid v1.11.0
[INFO] [stderr]    Compiling simdutf8 v0.1.5
[INFO] [stderr]    Compiling aws-smithy-xml v0.60.9
[INFO] [stderr]    Compiling hyper v1.5.0
[INFO] [stderr]    Compiling nugine-rust-utils v0.3.1
[INFO] [stderr]    Compiling nom v7.1.3
[INFO] [stderr]    Compiling aws-smithy-checksums v0.60.13
[INFO] [stderr]    Compiling hyper v0.14.31
[INFO] [stderr]    Compiling url v2.5.2
[INFO] [stderr]    Compiling aws-smithy-json v0.60.7
[INFO] [stderr]    Compiling async-trait v0.1.83
[INFO] [stderr]    Compiling tokio-rustls v0.24.1
[INFO] [stderr]    Compiling lru v0.12.5
[INFO] [stderr]    Compiling futures v0.3.31
[INFO] [stderr]    Compiling hex-simd v0.8.0
[INFO] [stderr]    Compiling chrono v0.4.38
[INFO] [stderr]    Compiling atoi v2.0.0
[INFO] [stderr]    Compiling bytestring v1.3.1
[INFO] [stderr]    Compiling transform-stream v0.3.0
[INFO] [stderr]    Compiling sync_wrapper v1.0.1
[INFO] [stderr]    Compiling arrayvec v0.7.6
[INFO] [stderr]    Compiling regex-lite v0.1.6
[INFO] [stderr]    Compiling mime v0.3.17
[INFO] [stderr]    Compiling urlencoding v2.1.3
[INFO] [stderr]    Compiling numeric_cast v0.2.1
[INFO] [stderr]    Compiling quick-xml v0.36.2
[INFO] [stderr]    Compiling serde_urlencoded v0.7.1
[INFO] [stderr]    Compiling aws-smithy-types-convert v0.60.8
[INFO] [stderr]    Compiling hyper-rustls v0.24.2
[INFO] [stderr]    Compiling aws-smithy-runtime v1.7.3
[INFO] [stderr]    Compiling s3s v0.10.1
[INFO] [stderr]    Compiling aws-runtime v1.4.3
[INFO] [stderr]    Compiling aws-sdk-s3 v1.59.0
[INFO] [stderr]    Compiling s3s-aws v0.10.1 (/opt/rustwide/workdir)
[INFO] [stdout] error[E0599]: no associated item named `And` found for struct `aws_sdk_s3::types::LifecycleRuleFilter` in the current scope
[INFO] [stdout]     --> src/conv/generated.rs:4342:53
[INFO] [stdout]      |
[INFO] [stdout] 4342 |             aws_sdk_s3::types::LifecycleRuleFilter::And(v) => Self::And(try_from_aws(v)?),
[INFO] [stdout]      |                                                     ^^^ associated item not found in `LifecycleRuleFilter`
[INFO] [stdout]      |
[INFO] [stdout] help: there is a method `and` with a similar name
[INFO] [stdout]     --> /opt/rustwide/cargo-home/registry/src/index.crates.io-6f17d22bba15001f/aws-sdk-s3-1.59.0/src/types/_lifecycle_rule_filter.rs:40:5
[INFO] [stdout]      |
[INFO] [stdout] 40   |     pub fn and(&self) -> ::std::option::Option<&crate::types::LifecycleRuleAndOperator> {
[INFO] [stdout]      |     ^^^^^^^^^^^^^^^^^^^^^^^^^^^^^^^^^^^^^^^^^^^^^^^^^^^^^^^^^^^^^^^^^^^^^^^^^^^^^^^^^^^
[INFO] [stdout] 
[INFO] [stdout] 
[INFO] [stdout] error[E0599]: no associated item named `ObjectSizeGreaterThan` found for struct `aws_sdk_s3::types::LifecycleRuleFilter` in the current scope
[INFO] [stdout]     --> src/conv/generated.rs:4343:53
[INFO] [stdout]      |
[INFO] [stdout] 4343 |             aws_sdk_s3::types::LifecycleRuleFilter::ObjectSizeGreaterThan(v) => Self::ObjectSizeGreaterThan(try_from_aws(v)?),
[INFO] [stdout]      |                                                     ^^^^^^^^^^^^^^^^^^^^^ associated item not found in `LifecycleRuleFilter`
[INFO] [stdout]      |
[INFO] [stdout] help: there is a method `object_size_greater_than` with a similar name
[INFO] [stdout]     --> /opt/rustwide/cargo-home/registry/src/index.crates.io-6f17d22bba15001f/aws-sdk-s3-1.59.0/src/types/_lifecycle_rule_filter.rs:32:5
[INFO] [stdout]      |
[INFO] [stdout] 32   |     pub fn object_size_greater_than(&self) -> ::std::option::Option<i64> {
[INFO] [stdout]      |     ^^^^^^^^^^^^^^^^^^^^^^^^^^^^^^^^^^^^^^^^^^^^^^^^^^^^^^^^^^^^^^^^^^^^
[INFO] [stdout] 
[INFO] [stdout] 
[INFO] [stdout] error[E0599]: no associated item named `ObjectSizeLessThan` found for struct `aws_sdk_s3::types::LifecycleRuleFilter` in the current scope
[INFO] [stdout]     --> src/conv/generated.rs:4344:53
[INFO] [stdout]      |
[INFO] [stdout] 4344 |             aws_sdk_s3::types::LifecycleRuleFilter::ObjectSizeLessThan(v) => Self::ObjectSizeLessThan(try_from_aws(v)?),
[INFO] [stdout]      |                                                     ^^^^^^^^^^^^^^^^^^ associated item not found in `LifecycleRuleFilter`
[INFO] [stdout]      |
[INFO] [stdout] help: there is a method `object_size_less_than` with a similar name
[INFO] [stdout]     --> /opt/rustwide/cargo-home/registry/src/index.crates.io-6f17d22bba15001f/aws-sdk-s3-1.59.0/src/types/_lifecycle_rule_filter.rs:36:5
[INFO] [stdout]      |
[INFO] [stdout] 36   |     pub fn object_size_less_than(&self) -> ::std::option::Option<i64> {
[INFO] [stdout]      |     ^^^^^^^^^^^^^^^^^^^^^^^^^^^^^^^^^^^^^^^^^^^^^^^^^^^^^^^^^^^^^^^^^
[INFO] [stdout] 
[INFO] [stdout] 
[INFO] [stdout] error[E0599]: no associated item named `Prefix` found for struct `aws_sdk_s3::types::LifecycleRuleFilter` in the current scope
[INFO] [stdout]     --> src/conv/generated.rs:4345:53
[INFO] [stdout]      |
[INFO] [stdout] 4345 |             aws_sdk_s3::types::LifecycleRuleFilter::Prefix(v) => Self::Prefix(try_from_aws(v)?),
[INFO] [stdout]      |                                                     ^^^^^^ associated item not found in `LifecycleRuleFilter`
[INFO] [stdout]      |
[INFO] [stdout] help: there is a method `prefix` with a similar name
[INFO] [stdout]     --> /opt/rustwide/cargo-home/registry/src/index.crates.io-6f17d22bba15001f/aws-sdk-s3-1.59.0/src/types/_lifecycle_rule_filter.rs:24:5
[INFO] [stdout]      |
[INFO] [stdout] 24   |     pub fn prefix(&self) -> ::std::option::Option<&str> {
[INFO] [stdout]      |     ^^^^^^^^^^^^^^^^^^^^^^^^^^^^^^^^^^^^^^^^^^^^^^^^^^^
[INFO] [stdout] 
[INFO] [stdout] 
[INFO] [stdout] error[E0599]: no associated item named `Tag` found for struct `aws_sdk_s3::types::LifecycleRuleFilter` in the current scope
[INFO] [stdout]     --> src/conv/generated.rs:4346:53
[INFO] [stdout]      |
[INFO] [stdout] 4346 |             aws_sdk_s3::types::LifecycleRuleFilter::Tag(v) => Self::Tag(try_from_aws(v)?),
[INFO] [stdout]      |                                                     ^^^ associated item not found in `LifecycleRuleFilter`
[INFO] [stdout]      |
[INFO] [stdout] help: there is a method `tag` with a similar name
[INFO] [stdout]     --> /opt/rustwide/cargo-home/registry/src/index.crates.io-6f17d22bba15001f/aws-sdk-s3-1.59.0/src/types/_lifecycle_rule_filter.rs:28:5
[INFO] [stdout]      |
[INFO] [stdout] 28   |     pub fn tag(&self) -> ::std::option::Option<&crate::types::Tag> {
[INFO] [stdout]      |     ^^^^^^^^^^^^^^^^^^^^^^^^^^^^^^^^^^^^^^^^^^^^^^^^^^^^^^^^^^^^^^
[INFO] [stdout] 
[INFO] [stdout] 
[INFO] [stdout] error[E0599]: no associated item named `And` found for struct `aws_sdk_s3::types::LifecycleRuleFilter` in the current scope
[INFO] [stdout]     --> src/conv/generated.rs:4353:69
[INFO] [stdout]      |
[INFO] [stdout] 4353 |             Self::And(v) => aws_sdk_s3::types::LifecycleRuleFilter::And(try_into_aws(v)?),
[INFO] [stdout]      |                                                                     ^^^ associated item not found in `LifecycleRuleFilter`
[INFO] [stdout]      |
[INFO] [stdout] help: there is a method `and` with a similar name, but with different arguments
[INFO] [stdout]     --> /opt/rustwide/cargo-home/registry/src/index.crates.io-6f17d22bba15001f/aws-sdk-s3-1.59.0/src/types/_lifecycle_rule_filter.rs:40:5
[INFO] [stdout]      |
[INFO] [stdout] 40   |     pub fn and(&self) -> ::std::option::Option<&crate::types::LifecycleRuleAndOperator> {
[INFO] [stdout]      |     ^^^^^^^^^^^^^^^^^^^^^^^^^^^^^^^^^^^^^^^^^^^^^^^^^^^^^^^^^^^^^^^^^^^^^^^^^^^^^^^^^^^
[INFO] [stdout] 
[INFO] [stdout] 
[INFO] [stdout] error[E0599]: no associated item named `ObjectSizeGreaterThan` found for struct `aws_sdk_s3::types::LifecycleRuleFilter` in the current scope
[INFO] [stdout]     --> src/conv/generated.rs:4354:87
[INFO] [stdout]      |
[INFO] [stdout] 4354 |             Self::ObjectSizeGreaterThan(v) => aws_sdk_s3::types::LifecycleRuleFilter::ObjectSizeGreaterThan(try_into_aws(v)?),
[INFO] [stdout]      |                                                                                       ^^^^^^^^^^^^^^^^^^^^^ associated item not found in `LifecycleRuleFilter`
[INFO] [stdout]      |
[INFO] [stdout] help: there is a method `object_size_greater_than` with a similar name, but with different arguments
[INFO] [stdout]     --> /opt/rustwide/cargo-home/registry/src/index.crates.io-6f17d22bba15001f/aws-sdk-s3-1.59.0/src/types/_lifecycle_rule_filter.rs:32:5
[INFO] [stdout]      |
[INFO] [stdout] 32   |     pub fn object_size_greater_than(&self) -> ::std::option::Option<i64> {
[INFO] [stdout]      |     ^^^^^^^^^^^^^^^^^^^^^^^^^^^^^^^^^^^^^^^^^^^^^^^^^^^^^^^^^^^^^^^^^^^^
[INFO] [stdout] 
[INFO] [stdout] 
[INFO] [stdout] error[E0599]: no associated item named `ObjectSizeLessThan` found for struct `aws_sdk_s3::types::LifecycleRuleFilter` in the current scope
[INFO] [stdout]     --> src/conv/generated.rs:4355:84
[INFO] [stdout]      |
[INFO] [stdout] 4355 |             Self::ObjectSizeLessThan(v) => aws_sdk_s3::types::LifecycleRuleFilter::ObjectSizeLessThan(try_into_aws(v)?),
[INFO] [stdout]      |                                                                                    ^^^^^^^^^^^^^^^^^^ associated item not found in `LifecycleRuleFilter`
[INFO] [stdout]      |
[INFO] [stdout] help: there is a method `object_size_less_than` with a similar name, but with different arguments
[INFO] [stdout]     --> /opt/rustwide/cargo-home/registry/src/index.crates.io-6f17d22bba15001f/aws-sdk-s3-1.59.0/src/types/_lifecycle_rule_filter.rs:36:5
[INFO] [stdout]      |
[INFO] [stdout] 36   |     pub fn object_size_less_than(&self) -> ::std::option::Option<i64> {
[INFO] [stdout]      |     ^^^^^^^^^^^^^^^^^^^^^^^^^^^^^^^^^^^^^^^^^^^^^^^^^^^^^^^^^^^^^^^^^
[INFO] [stdout] 
[INFO] [stdout] 
[INFO] [stdout] error[E0599]: no associated item named `Prefix` found for struct `aws_sdk_s3::types::LifecycleRuleFilter` in the current scope
[INFO] [stdout]     --> src/conv/generated.rs:4356:72
[INFO] [stdout]      |
[INFO] [stdout] 4356 |             Self::Prefix(v) => aws_sdk_s3::types::LifecycleRuleFilter::Prefix(try_into_aws(v)?),
[INFO] [stdout]      |                                                                        ^^^^^^ associated item not found in `LifecycleRuleFilter`
[INFO] [stdout]      |
[INFO] [stdout] help: there is a method `prefix` with a similar name, but with different arguments
[INFO] [stdout]     --> /opt/rustwide/cargo-home/registry/src/index.crates.io-6f17d22bba15001f/aws-sdk-s3-1.59.0/src/types/_lifecycle_rule_filter.rs:24:5
[INFO] [stdout]      |
[INFO] [stdout] 24   |     pub fn prefix(&self) -> ::std::option::Option<&str> {
[INFO] [stdout]      |     ^^^^^^^^^^^^^^^^^^^^^^^^^^^^^^^^^^^^^^^^^^^^^^^^^^^
[INFO] [stdout] 
[INFO] [stdout] 
[INFO] [stdout] error[E0599]: no associated item named `Tag` found for struct `aws_sdk_s3::types::LifecycleRuleFilter` in the current scope
[INFO] [stdout]     --> src/conv/generated.rs:4357:69
[INFO] [stdout]      |
[INFO] [stdout] 4357 |             Self::Tag(v) => aws_sdk_s3::types::LifecycleRuleFilter::Tag(try_into_aws(v)?),
[INFO] [stdout]      |                                                                     ^^^ associated item not found in `LifecycleRuleFilter`
[INFO] [stdout]      |
[INFO] [stdout] help: there is a method `tag` with a similar name, but with different arguments
[INFO] [stdout]     --> /opt/rustwide/cargo-home/registry/src/index.crates.io-6f17d22bba15001f/aws-sdk-s3-1.59.0/src/types/_lifecycle_rule_filter.rs:28:5
[INFO] [stdout]      |
[INFO] [stdout] 28   |     pub fn tag(&self) -> ::std::option::Option<&crate::types::Tag> {
[INFO] [stdout]      |     ^^^^^^^^^^^^^^^^^^^^^^^^^^^^^^^^^^^^^^^^^^^^^^^^^^^^^^^^^^^^^^
[INFO] [stdout] 
[INFO] [stdout] 
[INFO] [stdout] error[E0599]: no associated item named `And` found for struct `aws_sdk_s3::types::ReplicationRuleFilter` in the current scope
[INFO] [stdout]     --> src/conv/generated.rs:7461:55
[INFO] [stdout]      |
[INFO] [stdout] 7461 |             aws_sdk_s3::types::ReplicationRuleFilter::And(v) => Self::And(try_from_aws(v)?),
[INFO] [stdout]      |                                                       ^^^ associated item not found in `ReplicationRuleFilter`
[INFO] [stdout]      |
[INFO] [stdout] help: there is a method `and` with a similar name
[INFO] [stdout]     --> /opt/rustwide/cargo-home/registry/src/index.crates.io-6f17d22bba15001f/aws-sdk-s3-1.59.0/src/types/_replication_rule_filter.rs:42:5
[INFO] [stdout]      |
[INFO] [stdout] 42   |     pub fn and(&self) -> ::std::option::Option<&crate::types::ReplicationRuleAndOperator> {
[INFO] [stdout]      |     ^^^^^^^^^^^^^^^^^^^^^^^^^^^^^^^^^^^^^^^^^^^^^^^^^^^^^^^^^^^^^^^^^^^^^^^^^^^^^^^^^^^^^
[INFO] [stdout] 
[INFO] [stdout] 
[INFO] [stdout] error[E0599]: no associated item named `Prefix` found for struct `aws_sdk_s3::types::ReplicationRuleFilter` in the current scope
[INFO] [stdout]     --> src/conv/generated.rs:7462:55
[INFO] [stdout]      |
[INFO] [stdout] 7462 |             aws_sdk_s3::types::ReplicationRuleFilter::Prefix(v) => Self::Prefix(try_from_aws(v)?),
[INFO] [stdout]      |                                                       ^^^^^^ associated item not found in `ReplicationRuleFilter`
[INFO] [stdout]      |
[INFO] [stdout] help: there is a method `prefix` with a similar name
[INFO] [stdout]     --> /opt/rustwide/cargo-home/registry/src/index.crates.io-6f17d22bba15001f/aws-sdk-s3-1.59.0/src/types/_replication_rule_filter.rs:27:5
[INFO] [stdout]      |
[INFO] [stdout] 27   |     pub fn prefix(&self) -> ::std::option::Option<&str> {
[INFO] [stdout]      |     ^^^^^^^^^^^^^^^^^^^^^^^^^^^^^^^^^^^^^^^^^^^^^^^^^^^
[INFO] [stdout] 
[INFO] [stdout] 
[INFO] [stdout] error[E0599]: no associated item named `Tag` found for struct `aws_sdk_s3::types::ReplicationRuleFilter` in the current scope
[INFO] [stdout]     --> src/conv/generated.rs:7463:55
[INFO] [stdout]      |
[INFO] [stdout] 7463 |             aws_sdk_s3::types::ReplicationRuleFilter::Tag(v) => Self::Tag(try_from_aws(v)?),
[INFO] [stdout]      |                                                       ^^^ associated item not found in `ReplicationRuleFilter`
[INFO] [stdout]      |
[INFO] [stdout] help: there is a method `tag` with a similar name
[INFO] [stdout]     --> /opt/rustwide/cargo-home/registry/src/index.crates.io-6f17d22bba15001f/aws-sdk-s3-1.59.0/src/types/_replication_rule_filter.rs:32:5
[INFO] [stdout]      |
[INFO] [stdout] 32   |     pub fn tag(&self) -> ::std::option::Option<&crate::types::Tag> {
[INFO] [stdout]      |     ^^^^^^^^^^^^^^^^^^^^^^^^^^^^^^^^^^^^^^^^^^^^^^^^^^^^^^^^^^^^^^
[INFO] [stdout] 
[INFO] [stdout] 
[INFO] [stdout] error[E0599]: no associated item named `And` found for struct `aws_sdk_s3::types::ReplicationRuleFilter` in the current scope
[INFO] [stdout]     --> src/conv/generated.rs:7470:71
[INFO] [stdout]      |
[INFO] [stdout] 7470 |             Self::And(v) => aws_sdk_s3::types::ReplicationRuleFilter::And(try_into_aws(v)?),
[INFO] [stdout]      |                                                                       ^^^ associated item not found in `ReplicationRuleFilter`
[INFO] [stdout]      |
[INFO] [stdout] help: there is a method `and` with a similar name, but with different arguments
[INFO] [stdout]     --> /opt/rustwide/cargo-home/registry/src/index.crates.io-6f17d22bba15001f/aws-sdk-s3-1.59.0/src/types/_replication_rule_filter.rs:42:5
[INFO] [stdout]      |
[INFO] [stdout] 42   |     pub fn and(&self) -> ::std::option::Option<&crate::types::ReplicationRuleAndOperator> {
[INFO] [stdout]      |     ^^^^^^^^^^^^^^^^^^^^^^^^^^^^^^^^^^^^^^^^^^^^^^^^^^^^^^^^^^^^^^^^^^^^^^^^^^^^^^^^^^^^^
[INFO] [stdout] 
[INFO] [stdout] 
[INFO] [stdout] error[E0599]: no associated item named `Prefix` found for struct `aws_sdk_s3::types::ReplicationRuleFilter` in the current scope
[INFO] [stdout]     --> src/conv/generated.rs:7471:74
[INFO] [stdout]      |
[INFO] [stdout] 7471 |             Self::Prefix(v) => aws_sdk_s3::types::ReplicationRuleFilter::Prefix(try_into_aws(v)?),
[INFO] [stdout]      |                                                                          ^^^^^^ associated item not found in `ReplicationRuleFilter`
[INFO] [stdout]      |
[INFO] [stdout] help: there is a method `prefix` with a similar name, but with different arguments
[INFO] [stdout]     --> /opt/rustwide/cargo-home/registry/src/index.crates.io-6f17d22bba15001f/aws-sdk-s3-1.59.0/src/types/_replication_rule_filter.rs:27:5
[INFO] [stdout]      |
[INFO] [stdout] 27   |     pub fn prefix(&self) -> ::std::option::Option<&str> {
[INFO] [stdout]      |     ^^^^^^^^^^^^^^^^^^^^^^^^^^^^^^^^^^^^^^^^^^^^^^^^^^^
[INFO] [stdout] 
[INFO] [stdout] 
[INFO] [stdout] error[E0599]: no associated item named `Tag` found for struct `aws_sdk_s3::types::ReplicationRuleFilter` in the current scope
[INFO] [stdout]     --> src/conv/generated.rs:7472:71
[INFO] [stdout]      |
[INFO] [stdout] 7472 |             Self::Tag(v) => aws_sdk_s3::types::ReplicationRuleFilter::Tag(try_into_aws(v)?),
[INFO] [stdout]      |                                                                       ^^^ associated item not found in `ReplicationRuleFilter`
[INFO] [stdout]      |
[INFO] [stdout] help: there is a method `tag` with a similar name, but with different arguments
[INFO] [stdout]     --> /opt/rustwide/cargo-home/registry/src/index.crates.io-6f17d22bba15001f/aws-sdk-s3-1.59.0/src/types/_replication_rule_filter.rs:32:5
[INFO] [stdout]      |
[INFO] [stdout] 32   |     pub fn tag(&self) -> ::std::option::Option<&crate::types::Tag> {
[INFO] [stdout]      |     ^^^^^^^^^^^^^^^^^^^^^^^^^^^^^^^^^^^^^^^^^^^^^^^^^^^^^^^^^^^^^^
[INFO] [stdout] 
[INFO] [stdout] 
[INFO] [stderr] error: could not compile `aws-sdk-s3` (lib)
[INFO] [stderr] 
[INFO] [stderr] Caused by:
[INFO] [stderr]   process didn't exit successfully: `/opt/rustwide/rustup-home/toolchains/nightly-2024-10-28-x86_64-unknown-linux-gnu/bin/rustc --crate-name aws_sdk_s3 --edition=2021 /opt/rustwide/cargo-home/registry/src/index.crates.io-6f17d22bba15001f/aws-sdk-s3-1.59.0/src/lib.rs --error-format=json --json=diagnostic-rendered-ansi,artifacts,future-incompat --crate-type lib --emit=dep-info,metadata,link -C embed-bitcode=no -C debuginfo=2 --cfg 'feature="default"' --cfg 'feature="rt-tokio"' --cfg 'feature="rustls"' --cfg 'feature="sigv4a"' --check-cfg 'cfg(docsrs)' --check-cfg 'cfg(feature, values("behavior-version-latest", "default", "http-1x", "rt-tokio", "rustls", "sigv4a", "test-util"))' -C metadata=6fdef29b50cc5ec5 -C extra-filename=-6fdef29b50cc5ec5 --out-dir /opt/rustwide/target/debug/deps -L dependency=/opt/rustwide/target/debug/deps --extern aws_credential_types=/opt/rustwide/target/debug/deps/libaws_credential_types-cbc05a44f3ea0887.rmeta --extern aws_runtime=/opt/rustwide/target/debug/deps/libaws_runtime-587d76287ba8eceb.rmeta --extern aws_sigv4=/opt/rustwide/target/debug/deps/libaws_sigv4-49a9894732757457.rmeta --extern aws_smithy_async=/opt/rustwide/target/debug/deps/libaws_smithy_async-428602c840eab900.rmeta --extern aws_smithy_checksums=/opt/rustwide/target/debug/deps/libaws_smithy_checksums-2de4f48127a7e305.rmeta --extern aws_smithy_eventstream=/opt/rustwide/target/debug/deps/libaws_smithy_eventstream-27fc848040ff0a77.rmeta --extern aws_smithy_http=/opt/rustwide/target/debug/deps/libaws_smithy_http-6711b7b2b6bef98b.rmeta --extern aws_smithy_json=/opt/rustwide/target/debug/deps/libaws_smithy_json-73bf2edff1ebb952.rmeta --extern aws_smithy_runtime=/opt/rustwide/target/debug/deps/libaws_smithy_runtime-392037690ec43f45.rmeta --extern aws_smithy_runtime_api=/opt/rustwide/target/debug/deps/libaws_smithy_runtime_api-9797a4e447e3b7f9.rmeta --extern aws_smithy_types=/opt/rustwide/target/debug/deps/libaws_smithy_types-ca94c6f44d2cc5cd.rmeta --extern aws_smithy_xml=/opt/rustwide/target/debug/deps/libaws_smithy_xml-f6f10a557e4a96e6.rmeta --extern aws_types=/opt/rustwide/target/debug/deps/libaws_types-ecc22428276f6eec.rmeta --extern bytes=/opt/rustwide/target/debug/deps/libbytes-6a4c7ea0a880895d.rmeta --extern fastrand=/opt/rustwide/target/debug/deps/libfastrand-f623a11bfaa18180.rmeta --extern hex=/opt/rustwide/target/debug/deps/libhex-718b4f18bb2e7953.rmeta --extern hmac=/opt/rustwide/target/debug/deps/libhmac-3c4833b671156953.rmeta --extern http=/opt/rustwide/target/debug/deps/libhttp-97a25e6db0f40089.rmeta --extern http_body=/opt/rustwide/target/debug/deps/libhttp_body-05665cfcfea503ff.rmeta --extern lru=/opt/rustwide/target/debug/deps/liblru-d55fc2fb5b80c445.rmeta --extern once_cell=/opt/rustwide/target/debug/deps/libonce_cell-6dc575c335e8f5a1.rmeta --extern percent_encoding=/opt/rustwide/target/debug/deps/libpercent_encoding-a400589552762a21.rmeta --extern regex_lite=/opt/rustwide/target/debug/deps/libregex_lite-2fcc9876c4fb2ab7.rmeta --extern sha2=/opt/rustwide/target/debug/deps/libsha2-c22c1241f22e62b9.rmeta --extern tracing=/opt/rustwide/target/debug/deps/libtracing-cda535108c0c5c2d.rmeta --extern url=/opt/rustwide/target/debug/deps/liburl-3ecc82cacc8bd093.rmeta --cap-lints allow --cap-lints=forbid -Zrandomize-layout -L native=/opt/rustwide/target/debug/build/ring-dde9b6b56ce77d69/out` (signal: 9, SIGKILL: kill)
[INFO] [stderr] warning: build failed, waiting for other jobs to finish...
[INFO] [stdout] For more information about this error, try `rustc --explain E0599`.
[INFO] [stdout] 
[INFO] [stderr] error: could not compile `s3s-aws` (lib) due to 16 previous errors
[INFO] running `Command { std: "docker" "inspect" "071df3d1fe67073da16f6696955b371dcfa456c00f8ed44d7d5f604f0cf49646", kill_on_drop: false }`
[INFO] running `Command { std: "docker" "rm" "-f" "071df3d1fe67073da16f6696955b371dcfa456c00f8ed44d7d5f604f0cf49646", kill_on_drop: false }`
[INFO] [stdout] 071df3d1fe67073da16f6696955b371dcfa456c00f8ed44d7d5f604f0cf49646
