[INFO] fetching crate s2n-quic-rustls 0.48.0...
[INFO] testing s2n-quic-rustls-0.48.0 against nightly-2024-10-28 for randomize-layout
[INFO] extracting crate s2n-quic-rustls 0.48.0 into /workspace/builds/worker-5-tc1/source
[INFO] validating manifest of crates.io crate s2n-quic-rustls 0.48.0 on toolchain nightly-2024-10-28
[INFO] running `Command { std: CARGO_HOME="/workspace/cargo-home" RUSTUP_HOME="/workspace/rustup-home" "/workspace/cargo-home/bin/cargo" "+nightly-2024-10-28" "metadata" "--manifest-path" "Cargo.toml" "--no-deps", kill_on_drop: false }`
[INFO] started tweaking crates.io crate s2n-quic-rustls 0.48.0
[INFO] finished tweaking crates.io crate s2n-quic-rustls 0.48.0
[INFO] tweaked toml for crates.io crate s2n-quic-rustls 0.48.0 written to /workspace/builds/worker-5-tc1/source/Cargo.toml
[INFO] running `Command { std: CARGO_HOME="/workspace/cargo-home" RUSTUP_HOME="/workspace/rustup-home" "/workspace/cargo-home/bin/cargo" "+nightly-2024-10-28" "generate-lockfile" "--manifest-path" "Cargo.toml", kill_on_drop: false }`
[INFO] [stderr]     Updating crates.io index
[INFO] [stderr]     Blocking waiting for file lock on package cache
[INFO] [stderr]      Locking 89 packages to latest compatible versions
[INFO] running `Command { std: CARGO_HOME="/workspace/cargo-home" RUSTUP_HOME="/workspace/rustup-home" "/workspace/cargo-home/bin/cargo" "+nightly-2024-10-28" "fetch" "--manifest-path" "Cargo.toml", kill_on_drop: false }`
[INFO] running `Command { std: "docker" "create" "-v" "/var/lib/crater-agent-workspace/builds/worker-5-tc1/target:/opt/rustwide/target:rw,Z" "-v" "/var/lib/crater-agent-workspace/builds/worker-5-tc1/source:/opt/rustwide/workdir:ro,Z" "-v" "/var/lib/crater-agent-workspace/cargo-home:/opt/rustwide/cargo-home:ro,Z" "-v" "/var/lib/crater-agent-workspace/rustup-home:/opt/rustwide/rustup-home:ro,Z" "-e" "SOURCE_DIR=/opt/rustwide/workdir" "-e" "CARGO_TARGET_DIR=/opt/rustwide/target" "-e" "CARGO_HOME=/opt/rustwide/cargo-home" "-e" "RUSTUP_HOME=/opt/rustwide/rustup-home" "-w" "/opt/rustwide/workdir" "-m" "1610612736" "--user" "0:0" "--network" "none" "ghcr.io/rust-lang/crates-build-env/linux@sha256:4a844ea9eb2546a2d2c7022eacef16ef2e8229c7fbb2c7d4d55a9ceca922f72d" "/opt/rustwide/cargo-home/bin/cargo" "+nightly-2024-10-28" "metadata" "--no-deps" "--format-version=1", kill_on_drop: false }`
[INFO] [stdout] a6e0050e5c0db21e3217a66ebca0f51b065dd496d19e1b9d4dc0c497910a69a3
[INFO] running `Command { std: "docker" "start" "-a" "a6e0050e5c0db21e3217a66ebca0f51b065dd496d19e1b9d4dc0c497910a69a3", kill_on_drop: false }`
[INFO] running `Command { std: "docker" "inspect" "a6e0050e5c0db21e3217a66ebca0f51b065dd496d19e1b9d4dc0c497910a69a3", kill_on_drop: false }`
[INFO] running `Command { std: "docker" "rm" "-f" "a6e0050e5c0db21e3217a66ebca0f51b065dd496d19e1b9d4dc0c497910a69a3", kill_on_drop: false }`
[INFO] [stdout] a6e0050e5c0db21e3217a66ebca0f51b065dd496d19e1b9d4dc0c497910a69a3
[INFO] running `Command { std: "docker" "create" "-v" "/var/lib/crater-agent-workspace/builds/worker-5-tc1/target:/opt/rustwide/target:rw,Z" "-v" "/var/lib/crater-agent-workspace/builds/worker-5-tc1/source:/opt/rustwide/workdir:ro,Z" "-v" "/var/lib/crater-agent-workspace/cargo-home:/opt/rustwide/cargo-home:ro,Z" "-v" "/var/lib/crater-agent-workspace/rustup-home:/opt/rustwide/rustup-home:ro,Z" "-e" "SOURCE_DIR=/opt/rustwide/workdir" "-e" "CARGO_TARGET_DIR=/opt/rustwide/target" "-e" "CARGO_INCREMENTAL=0" "-e" "RUST_BACKTRACE=full" "-e" "RUSTFLAGS=--cap-lints=forbid" "-e" "RUSTDOCFLAGS=--cap-lints=forbid" "-e" "CARGO_HOME=/opt/rustwide/cargo-home" "-e" "RUSTUP_HOME=/opt/rustwide/rustup-home" "-w" "/opt/rustwide/workdir" "-m" "1610612736" "--user" "0:0" "--network" "none" "ghcr.io/rust-lang/crates-build-env/linux@sha256:4a844ea9eb2546a2d2c7022eacef16ef2e8229c7fbb2c7d4d55a9ceca922f72d" "/opt/rustwide/cargo-home/bin/cargo" "+nightly-2024-10-28" "build" "--frozen" "--message-format=json", kill_on_drop: false }`
[INFO] [stdout] 80f860cc4ceadf7c479b491d31ee7e5121f32d60ba314363d7ac63c058ac01b2
[INFO] running `Command { std: "docker" "start" "-a" "80f860cc4ceadf7c479b491d31ee7e5121f32d60ba314363d7ac63c058ac01b2", kill_on_drop: false }`
[INFO] [stderr]    Compiling fs_extra v1.3.0
[INFO] [stderr]    Compiling dunce v1.0.5
[INFO] [stderr]    Compiling paste v1.0.15
[INFO] [stderr]    Compiling libm v0.2.11
[INFO] [stderr]    Compiling aws-lc-rs v1.10.0
[INFO] [stderr]    Compiling crossbeam-utils v0.8.20
[INFO] [stderr]    Compiling mirai-annotations v1.12.0
[INFO] [stderr]    Compiling untrusted v0.7.1
[INFO] [stderr]    Compiling byteorder v1.5.0
[INFO] [stderr]    Compiling subtle v2.6.1
[INFO] [stderr]    Compiling rustls-pki-types v1.10.0
[INFO] [stderr]    Compiling num-traits v0.2.19
[INFO] [stderr]    Compiling untrusted v0.9.0
[INFO] [stderr]    Compiling rustls v0.23.16
[INFO] [stderr]    Compiling jobserver v0.1.32
[INFO] [stderr]    Compiling syn v2.0.86
[INFO] [stderr]    Compiling hex-literal v0.4.1
[INFO] [stderr]    Compiling atomic-waker v1.1.2
[INFO] [stderr]    Compiling bytes v1.8.0
[INFO] [stderr]    Compiling lazy_static v1.5.0
[INFO] [stderr]    Compiling once_cell v1.20.2
[INFO] [stderr]    Compiling cc v1.1.31
[INFO] [stderr]    Compiling rustls-pemfile v2.2.0
[INFO] [stderr]    Compiling cmake v0.1.51
[INFO] [stderr]    Compiling aws-lc-sys v0.22.0
[INFO] [stderr]    Compiling num-integer v0.1.46
[INFO] [stderr]    Compiling num-rational v0.4.2
[INFO] [stderr]    Compiling zeroize_derive v1.4.2
[INFO] [stderr]    Compiling zerocopy-derive v0.7.35
[INFO] [stderr]    Compiling zeroize v1.8.1
[INFO] [stderr]    Compiling zerocopy v0.7.35
[INFO] [stderr]    Compiling s2n-codec v0.48.0
[INFO] [stderr]    Compiling s2n-quic-core v0.48.0
[INFO] [stderr]    Compiling rustls-webpki v0.102.8
[INFO] [stderr]    Compiling s2n-quic-crypto v0.48.0
[INFO] [stderr]    Compiling s2n-quic-rustls v0.48.0 (/opt/rustwide/workdir)
[INFO] [stderr]     Finished `dev` profile [unoptimized + debuginfo] target(s) in 16.58s
[INFO] running `Command { std: "docker" "inspect" "80f860cc4ceadf7c479b491d31ee7e5121f32d60ba314363d7ac63c058ac01b2", kill_on_drop: false }`
[INFO] running `Command { std: "docker" "rm" "-f" "80f860cc4ceadf7c479b491d31ee7e5121f32d60ba314363d7ac63c058ac01b2", kill_on_drop: false }`
[INFO] [stdout] 80f860cc4ceadf7c479b491d31ee7e5121f32d60ba314363d7ac63c058ac01b2
[INFO] running `Command { std: "docker" "create" "-v" "/var/lib/crater-agent-workspace/builds/worker-5-tc1/target:/opt/rustwide/target:rw,Z" "-v" "/var/lib/crater-agent-workspace/builds/worker-5-tc1/source:/opt/rustwide/workdir:ro,Z" "-v" "/var/lib/crater-agent-workspace/cargo-home:/opt/rustwide/cargo-home:ro,Z" "-v" "/var/lib/crater-agent-workspace/rustup-home:/opt/rustwide/rustup-home:ro,Z" "-e" "SOURCE_DIR=/opt/rustwide/workdir" "-e" "CARGO_TARGET_DIR=/opt/rustwide/target" "-e" "CARGO_INCREMENTAL=0" "-e" "RUST_BACKTRACE=full" "-e" "RUSTFLAGS=--cap-lints=forbid" "-e" "RUSTDOCFLAGS=--cap-lints=forbid" "-e" "CARGO_HOME=/opt/rustwide/cargo-home" "-e" "RUSTUP_HOME=/opt/rustwide/rustup-home" "-w" "/opt/rustwide/workdir" "-m" "1610612736" "--user" "0:0" "--network" "none" "ghcr.io/rust-lang/crates-build-env/linux@sha256:4a844ea9eb2546a2d2c7022eacef16ef2e8229c7fbb2c7d4d55a9ceca922f72d" "/opt/rustwide/cargo-home/bin/cargo" "+nightly-2024-10-28" "test" "--frozen" "--no-run" "--message-format=json", kill_on_drop: false }`
[INFO] [stdout] b96503fccacd1913a911a3fd7f3238cb85d224df39fead135c8aa338da276807
[INFO] running `Command { std: "docker" "start" "-a" "b96503fccacd1913a911a3fd7f3238cb85d224df39fead135c8aa338da276807", kill_on_drop: false }`
[INFO] [stderr]    Compiling serde v1.0.214
[INFO] [stderr]    Compiling console v0.15.8
[INFO] [stderr]    Compiling linked-hash-map v0.5.6
[INFO] [stderr]    Compiling similar v2.6.0
[INFO] [stderr]    Compiling insta v1.41.1
[INFO] [stderr]    Compiling s2n-quic-rustls v0.48.0 (/opt/rustwide/workdir)
[INFO] [stdout] error[E0433]: failed to resolve: could not find `testing` in `tls`
[INFO] [stdout]    --> src/certificate.rs:177:37
[INFO] [stdout]     |
[INFO] [stdout] 177 |     use s2n_quic_core::crypto::tls::testing::certificates::*;
[INFO] [stdout]     |                                     ^^^^^^^ could not find `testing` in `tls`
[INFO] [stdout]     |
[INFO] [stdout] note: found an item that was configured out
[INFO] [stdout]    --> /opt/rustwide/cargo-home/registry/src/index.crates.io-6f17d22bba15001f/s2n-quic-core-0.48.0/src/crypto/tls.rs:15:9
[INFO] [stdout]     |
[INFO] [stdout] 15  | pub mod testing;
[INFO] [stdout]     |         ^^^^^^^
[INFO] [stdout] note: the item is gated here
[INFO] [stdout]    --> /opt/rustwide/cargo-home/registry/src/index.crates.io-6f17d22bba15001f/s2n-quic-core-0.48.0/src/crypto/tls.rs:14:1
[INFO] [stdout]     |
[INFO] [stdout] 14  | #[cfg(any(test, feature = "testing"))]
[INFO] [stdout]     | ^^^^^^^^^^^^^^^^^^^^^^^^^^^^^^^^^^^^^^
[INFO] [stdout] 
[INFO] [stdout] 
[INFO] [stdout] error[E0433]: failed to resolve: could not find `testing` in `tls`
[INFO] [stdout]   --> src/lib.rs:47:44
[INFO] [stdout]    |
[INFO] [stdout] 47 |     use s2n_quic_core::crypto::tls::{self, testing::certificates::*};
[INFO] [stdout]    |                                            ^^^^^^^ could not find `testing` in `tls`
[INFO] [stdout]    |
[INFO] [stdout] note: found an item that was configured out
[INFO] [stdout]   --> /opt/rustwide/cargo-home/registry/src/index.crates.io-6f17d22bba15001f/s2n-quic-core-0.48.0/src/crypto/tls.rs:15:9
[INFO] [stdout]    |
[INFO] [stdout] 15 | pub mod testing;
[INFO] [stdout]    |         ^^^^^^^
[INFO] [stdout] note: the item is gated here
[INFO] [stdout]   --> /opt/rustwide/cargo-home/registry/src/index.crates.io-6f17d22bba15001f/s2n-quic-core-0.48.0/src/crypto/tls.rs:14:1
[INFO] [stdout]    |
[INFO] [stdout] 14 | #[cfg(any(test, feature = "testing"))]
[INFO] [stdout]    | ^^^^^^^^^^^^^^^^^^^^^^^^^^^^^^^^^^^^^^
[INFO] [stdout] 
[INFO] [stdout] 
[INFO] [stdout] error[E0425]: cannot find value `CERT_PEM` in this scope
[INFO] [stdout]    --> src/certificate.rs:181:17
[INFO] [stdout]     |
[INFO] [stdout] 181 |         let _ = CERT_PEM.into_certificate().unwrap();
[INFO] [stdout]     |                 ^^^^^^^^ not found in this scope
[INFO] [stdout] 
[INFO] [stdout] 
[INFO] [stdout] error[E0425]: cannot find value `CERT_PKCS1_PEM` in this scope
[INFO] [stdout]    --> src/certificate.rs:182:17
[INFO] [stdout]     |
[INFO] [stdout] 182 |         let _ = CERT_PKCS1_PEM.into_certificate().unwrap();
[INFO] [stdout]     |                 ^^^^^^^^^^^^^^ not found in this scope
[INFO] [stdout] 
[INFO] [stdout] 
[INFO] [stdout] error[E0425]: cannot find value `KEY_PEM` in this scope
[INFO] [stdout]    --> src/certificate.rs:184:17
[INFO] [stdout]     |
[INFO] [stdout] 184 |         let _ = KEY_PEM.into_private_key().unwrap();
[INFO] [stdout]     |                 ^^^^^^^ not found in this scope
[INFO] [stdout] 
[INFO] [stdout] 
[INFO] [stdout] error[E0425]: cannot find value `KEY_PKCS1_PEM` in this scope
[INFO] [stdout]    --> src/certificate.rs:186:17
[INFO] [stdout]     |
[INFO] [stdout] 186 |         let _ = KEY_PKCS1_PEM.into_private_key().unwrap();
[INFO] [stdout]     |                 ^^^^^^^^^^^^^ not found in this scope
[INFO] [stdout] 
[INFO] [stdout] 
[INFO] [stdout] error[E0425]: cannot find value `CERT_DER` in this scope
[INFO] [stdout]    --> src/certificate.rs:191:17
[INFO] [stdout]     |
[INFO] [stdout] 191 |         let _ = CERT_DER.into_certificate().unwrap();
[INFO] [stdout]     |                 ^^^^^^^^ not found in this scope
[INFO] [stdout] 
[INFO] [stdout] 
[INFO] [stdout] error[E0425]: cannot find value `KEY_DER` in this scope
[INFO] [stdout]    --> src/certificate.rs:192:17
[INFO] [stdout]     |
[INFO] [stdout] 192 |         let _ = KEY_DER.into_private_key().unwrap();
[INFO] [stdout]     |                 ^^^^^^^ not found in this scope
[INFO] [stdout] 
[INFO] [stdout] 
[INFO] [stdout] error[E0425]: cannot find value `CERT_PEM` in this scope
[INFO] [stdout]   --> src/lib.rs:52:31
[INFO] [stdout]    |
[INFO] [stdout] 52 |             .with_certificate(CERT_PEM)
[INFO] [stdout]    |                               ^^^^^^^^ not found in this scope
[INFO] [stdout] 
[INFO] [stdout] 
[INFO] [stdout] error[E0425]: cannot find value `CERT_PEM` in this scope
[INFO] [stdout]   --> src/lib.rs:58:31
[INFO] [stdout]    |
[INFO] [stdout] 58 |             .with_certificate(CERT_PEM, KEY_PEM)
[INFO] [stdout]    |                               ^^^^^^^^ not found in this scope
[INFO] [stdout] 
[INFO] [stdout] 
[INFO] [stdout] error[E0425]: cannot find value `KEY_PEM` in this scope
[INFO] [stdout]   --> src/lib.rs:58:41
[INFO] [stdout]    |
[INFO] [stdout] 58 |             .with_certificate(CERT_PEM, KEY_PEM)
[INFO] [stdout]    |                                         ^^^^^^^ not found in this scope
[INFO] [stdout] 
[INFO] [stdout] 
[INFO] [stdout] error[E0433]: failed to resolve: could not find `testing` in `tls`
[INFO] [stdout]   --> src/lib.rs:63:29
[INFO] [stdout]    |
[INFO] [stdout] 63 |         let mut pair = tls::testing::Pair::new(&mut server, &mut client, "localhost".into());
[INFO] [stdout]    |                             ^^^^^^^ could not find `testing` in `tls`
[INFO] [stdout]    |
[INFO] [stdout] note: found an item that was configured out
[INFO] [stdout]   --> /opt/rustwide/cargo-home/registry/src/index.crates.io-6f17d22bba15001f/s2n-quic-core-0.48.0/src/crypto/tls.rs:15:9
[INFO] [stdout]    |
[INFO] [stdout] 15 | pub mod testing;
[INFO] [stdout]    |         ^^^^^^^
[INFO] [stdout] note: the item is gated here
[INFO] [stdout]   --> /opt/rustwide/cargo-home/registry/src/index.crates.io-6f17d22bba15001f/s2n-quic-core-0.48.0/src/crypto/tls.rs:14:1
[INFO] [stdout]    |
[INFO] [stdout] 14 | #[cfg(any(test, feature = "testing"))]
[INFO] [stdout]    | ^^^^^^^^^^^^^^^^^^^^^^^^^^^^^^^^^^^^^^
[INFO] [stdout] help: consider importing this struct
[INFO] [stdout]    |
[INFO] [stdout] 46 +     use s2n_quic_core::slice::deque::Pair;
[INFO] [stdout]    |
[INFO] [stdout] help: if you import `Pair`, refer to it directly
[INFO] [stdout]    |
[INFO] [stdout] 63 -         let mut pair = tls::testing::Pair::new(&mut server, &mut client, "localhost".into());
[INFO] [stdout] 63 +         let mut pair = Pair::new(&mut server, &mut client, "localhost".into());
[INFO] [stdout]    |
[INFO] [stdout] 
[INFO] [stdout] 
[INFO] [stdout] error[E0425]: cannot find value `CERT_DER` in this scope
[INFO] [stdout]   --> src/lib.rs:75:31
[INFO] [stdout]    |
[INFO] [stdout] 75 |             .with_certificate(CERT_DER)
[INFO] [stdout]    |                               ^^^^^^^^ not found in this scope
[INFO] [stdout] 
[INFO] [stdout] 
[INFO] [stdout] error[E0425]: cannot find value `CERT_DER` in this scope
[INFO] [stdout]   --> src/lib.rs:81:31
[INFO] [stdout]    |
[INFO] [stdout] 81 |             .with_certificate(CERT_DER, KEY_DER)
[INFO] [stdout]    |                               ^^^^^^^^ not found in this scope
[INFO] [stdout] 
[INFO] [stdout] 
[INFO] [stdout] error[E0425]: cannot find value `KEY_DER` in this scope
[INFO] [stdout]   --> src/lib.rs:81:41
[INFO] [stdout]    |
[INFO] [stdout] 81 |             .with_certificate(CERT_DER, KEY_DER)
[INFO] [stdout]    |                                         ^^^^^^^ not found in this scope
[INFO] [stdout] 
[INFO] [stdout] 
[INFO] [stdout] error[E0433]: failed to resolve: could not find `testing` in `tls`
[INFO] [stdout]   --> src/lib.rs:86:29
[INFO] [stdout]    |
[INFO] [stdout] 86 |         let mut pair = tls::testing::Pair::new(&mut server, &mut client, "localhost".into());
[INFO] [stdout]    |                             ^^^^^^^ could not find `testing` in `tls`
[INFO] [stdout]    |
[INFO] [stdout] note: found an item that was configured out
[INFO] [stdout]   --> /opt/rustwide/cargo-home/registry/src/index.crates.io-6f17d22bba15001f/s2n-quic-core-0.48.0/src/crypto/tls.rs:15:9
[INFO] [stdout]    |
[INFO] [stdout] 15 | pub mod testing;
[INFO] [stdout]    |         ^^^^^^^
[INFO] [stdout] note: the item is gated here
[INFO] [stdout]   --> /opt/rustwide/cargo-home/registry/src/index.crates.io-6f17d22bba15001f/s2n-quic-core-0.48.0/src/crypto/tls.rs:14:1
[INFO] [stdout]    |
[INFO] [stdout] 14 | #[cfg(any(test, feature = "testing"))]
[INFO] [stdout]    | ^^^^^^^^^^^^^^^^^^^^^^^^^^^^^^^^^^^^^^
[INFO] [stdout] help: consider importing this struct
[INFO] [stdout]    |
[INFO] [stdout] 46 +     use s2n_quic_core::slice::deque::Pair;
[INFO] [stdout]    |
[INFO] [stdout] help: if you import `Pair`, refer to it directly
[INFO] [stdout]    |
[INFO] [stdout] 86 -         let mut pair = tls::testing::Pair::new(&mut server, &mut client, "localhost".into());
[INFO] [stdout] 86 +         let mut pair = Pair::new(&mut server, &mut client, "localhost".into());
[INFO] [stdout]    |
[INFO] [stdout] 
[INFO] [stdout] 
[INFO] [stdout] error[E0425]: cannot find value `CERT_PKCS1_PEM` in this scope
[INFO] [stdout]   --> src/lib.rs:98:31
[INFO] [stdout]    |
[INFO] [stdout] 98 |             .with_certificate(CERT_PKCS1_PEM)
[INFO] [stdout]    |                               ^^^^^^^^^^^^^^ not found in this scope
[INFO] [stdout] 
[INFO] [stdout] 
[INFO] [stdout] error[E0425]: cannot find value `CERT_PKCS1_PEM` in this scope
[INFO] [stdout]    --> src/lib.rs:104:31
[INFO] [stdout]     |
[INFO] [stdout] 104 |             .with_certificate(CERT_PKCS1_PEM, KEY_PKCS1_PEM)
[INFO] [stdout]     |                               ^^^^^^^^^^^^^^ not found in this scope
[INFO] [stdout] 
[INFO] [stdout] 
[INFO] [stdout] error[E0425]: cannot find value `KEY_PKCS1_PEM` in this scope
[INFO] [stdout]    --> src/lib.rs:104:47
[INFO] [stdout]     |
[INFO] [stdout] 104 |             .with_certificate(CERT_PKCS1_PEM, KEY_PKCS1_PEM)
[INFO] [stdout]     |                                               ^^^^^^^^^^^^^ not found in this scope
[INFO] [stdout] 
[INFO] [stdout] 
[INFO] [stdout] error[E0433]: failed to resolve: could not find `testing` in `tls`
[INFO] [stdout]    --> src/lib.rs:109:29
[INFO] [stdout]     |
[INFO] [stdout] 109 |         let mut pair = tls::testing::Pair::new(&mut server, &mut client, "localhost".into());
[INFO] [stdout]     |                             ^^^^^^^ could not find `testing` in `tls`
[INFO] [stdout]     |
[INFO] [stdout] note: found an item that was configured out
[INFO] [stdout]    --> /opt/rustwide/cargo-home/registry/src/index.crates.io-6f17d22bba15001f/s2n-quic-core-0.48.0/src/crypto/tls.rs:15:9
[INFO] [stdout]     |
[INFO] [stdout] 15  | pub mod testing;
[INFO] [stdout]     |         ^^^^^^^
[INFO] [stdout] note: the item is gated here
[INFO] [stdout]    --> /opt/rustwide/cargo-home/registry/src/index.crates.io-6f17d22bba15001f/s2n-quic-core-0.48.0/src/crypto/tls.rs:14:1
[INFO] [stdout]     |
[INFO] [stdout] 14  | #[cfg(any(test, feature = "testing"))]
[INFO] [stdout]     | ^^^^^^^^^^^^^^^^^^^^^^^^^^^^^^^^^^^^^^
[INFO] [stdout] help: consider importing this struct
[INFO] [stdout]     |
[INFO] [stdout] 46  +     use s2n_quic_core::slice::deque::Pair;
[INFO] [stdout]     |
[INFO] [stdout] help: if you import `Pair`, refer to it directly
[INFO] [stdout]     |
[INFO] [stdout] 109 -         let mut pair = tls::testing::Pair::new(&mut server, &mut client, "localhost".into());
[INFO] [stdout] 109 +         let mut pair = Pair::new(&mut server, &mut client, "localhost".into());
[INFO] [stdout]     |
[INFO] [stdout] 
[INFO] [stdout] 
[INFO] [stdout] Some errors have detailed explanations: E0425, E0433.
[INFO] [stdout] 
[INFO] [stdout] For more information about an error, try `rustc --explain E0425`.
[INFO] [stdout] 
[INFO] [stderr] error: could not compile `s2n-quic-rustls` (lib test) due to 20 previous errors
[INFO] running `Command { std: "docker" "inspect" "b96503fccacd1913a911a3fd7f3238cb85d224df39fead135c8aa338da276807", kill_on_drop: false }`
[INFO] running `Command { std: "docker" "rm" "-f" "b96503fccacd1913a911a3fd7f3238cb85d224df39fead135c8aa338da276807", kill_on_drop: false }`
[INFO] [stdout] b96503fccacd1913a911a3fd7f3238cb85d224df39fead135c8aa338da276807
