[INFO] fetching crate s2n-quic-dc 0.47.0...
[INFO] testing s2n-quic-dc-0.47.0 against nightly-2024-10-28+rustflags=-Zrandomize-layout for randomize-layout
[INFO] extracting crate s2n-quic-dc 0.47.0 into /workspace/builds/worker-6-tc2/source
[INFO] validating manifest of crates.io crate s2n-quic-dc 0.47.0 on toolchain nightly-2024-10-28
[INFO] running `Command { std: CARGO_HOME="/workspace/cargo-home" RUSTUP_HOME="/workspace/rustup-home" "/workspace/cargo-home/bin/cargo" "+nightly-2024-10-28" "metadata" "--manifest-path" "Cargo.toml" "--no-deps", kill_on_drop: false }`
[INFO] started tweaking crates.io crate s2n-quic-dc 0.47.0
[INFO] finished tweaking crates.io crate s2n-quic-dc 0.47.0
[INFO] tweaked toml for crates.io crate s2n-quic-dc 0.47.0 written to /workspace/builds/worker-6-tc2/source/Cargo.toml
[INFO] running `Command { std: CARGO_HOME="/workspace/cargo-home" RUSTUP_HOME="/workspace/rustup-home" "/workspace/cargo-home/bin/cargo" "+nightly-2024-10-28" "generate-lockfile" "--manifest-path" "Cargo.toml", kill_on_drop: false }`
[INFO] [stderr]     Updating crates.io index
[INFO] [stderr]      Locking 155 packages to latest compatible versions
[INFO] [stderr]       Adding s2n-codec v0.47.0 (available: v0.48.0)
[INFO] [stderr]       Adding s2n-quic-core v0.47.0 (available: v0.48.0)
[INFO] [stderr]       Adding s2n-quic-platform v0.47.0 (available: v0.48.0)
[INFO] [stderr]       Adding toml_datetime v0.6.3 (available: v0.6.8)
[INFO] [stderr]       Adding toml_edit v0.20.2 (available: v0.20.7)
[INFO] [stderr]       Adding zerocopy v0.7.35 (available: v0.8.8)
[INFO] running `Command { std: CARGO_HOME="/workspace/cargo-home" RUSTUP_HOME="/workspace/rustup-home" "/workspace/cargo-home/bin/cargo" "+nightly-2024-10-28" "fetch" "--manifest-path" "Cargo.toml", kill_on_drop: false }`
[INFO] running `Command { std: "docker" "create" "-v" "/var/lib/crater-agent-workspace/builds/worker-6-tc2/target:/opt/rustwide/target:rw,Z" "-v" "/var/lib/crater-agent-workspace/builds/worker-6-tc2/source:/opt/rustwide/workdir:ro,Z" "-v" "/var/lib/crater-agent-workspace/cargo-home:/opt/rustwide/cargo-home:ro,Z" "-v" "/var/lib/crater-agent-workspace/rustup-home:/opt/rustwide/rustup-home:ro,Z" "-e" "SOURCE_DIR=/opt/rustwide/workdir" "-e" "CARGO_TARGET_DIR=/opt/rustwide/target" "-e" "CARGO_HOME=/opt/rustwide/cargo-home" "-e" "RUSTUP_HOME=/opt/rustwide/rustup-home" "-w" "/opt/rustwide/workdir" "-m" "1610612736" "--user" "0:0" "--network" "none" "ghcr.io/rust-lang/crates-build-env/linux@sha256:4a844ea9eb2546a2d2c7022eacef16ef2e8229c7fbb2c7d4d55a9ceca922f72d" "/opt/rustwide/cargo-home/bin/cargo" "+nightly-2024-10-28" "metadata" "--no-deps" "--format-version=1", kill_on_drop: false }`
[INFO] [stdout] b12b52f07443a866ab1c4ef551711f6b8423fafc4978653e92d1955cefacd4ff
[INFO] running `Command { std: "docker" "start" "-a" "b12b52f07443a866ab1c4ef551711f6b8423fafc4978653e92d1955cefacd4ff", kill_on_drop: false }`
[INFO] running `Command { std: "docker" "inspect" "b12b52f07443a866ab1c4ef551711f6b8423fafc4978653e92d1955cefacd4ff", kill_on_drop: false }`
[INFO] running `Command { std: "docker" "rm" "-f" "b12b52f07443a866ab1c4ef551711f6b8423fafc4978653e92d1955cefacd4ff", kill_on_drop: false }`
[INFO] [stdout] b12b52f07443a866ab1c4ef551711f6b8423fafc4978653e92d1955cefacd4ff
[INFO] running `Command { std: "docker" "create" "-v" "/var/lib/crater-agent-workspace/builds/worker-6-tc2/target:/opt/rustwide/target:rw,Z" "-v" "/var/lib/crater-agent-workspace/builds/worker-6-tc2/source:/opt/rustwide/workdir:ro,Z" "-v" "/var/lib/crater-agent-workspace/cargo-home:/opt/rustwide/cargo-home:ro,Z" "-v" "/var/lib/crater-agent-workspace/rustup-home:/opt/rustwide/rustup-home:ro,Z" "-e" "SOURCE_DIR=/opt/rustwide/workdir" "-e" "CARGO_TARGET_DIR=/opt/rustwide/target" "-e" "CARGO_INCREMENTAL=0" "-e" "RUST_BACKTRACE=full" "-e" "RUSTFLAGS=--cap-lints=forbid -Zrandomize-layout" "-e" "RUSTDOCFLAGS=--cap-lints=forbid" "-e" "CARGO_HOME=/opt/rustwide/cargo-home" "-e" "RUSTUP_HOME=/opt/rustwide/rustup-home" "-w" "/opt/rustwide/workdir" "-m" "1610612736" "--user" "0:0" "--network" "none" "ghcr.io/rust-lang/crates-build-env/linux@sha256:4a844ea9eb2546a2d2c7022eacef16ef2e8229c7fbb2c7d4d55a9ceca922f72d" "/opt/rustwide/cargo-home/bin/cargo" "+nightly-2024-10-28" "build" "--frozen" "--message-format=json", kill_on_drop: false }`
[INFO] [stdout] 3be331e36fbb6ca51da21e540a73c52989c0075dcca39fd204460aaa46bd0d38
[INFO] running `Command { std: "docker" "start" "-a" "3be331e36fbb6ca51da21e540a73c52989c0075dcca39fd204460aaa46bd0d38", kill_on_drop: false }`
[INFO] [stderr]    Compiling libc v0.2.161
[INFO] [stderr]    Compiling proc-macro2 v1.0.89
[INFO] [stderr]    Compiling unicode-ident v1.0.13
[INFO] [stderr]    Compiling cfg-if v1.0.0
[INFO] [stderr]    Compiling autocfg v1.4.0
[INFO] [stderr]    Compiling byteorder v1.5.0
[INFO] [stderr]    Compiling shlex v1.3.0
[INFO] [stderr]    Compiling libm v0.2.11
[INFO] [stderr]    Compiling version_check v0.9.5
[INFO] [stderr]    Compiling crossbeam-utils v0.8.20
[INFO] [stderr]    Compiling crunchy v0.2.2
[INFO] [stderr]    Compiling tiny-keccak v2.0.2
[INFO] [stderr]    Compiling pin-project-lite v0.2.15
[INFO] [stderr]    Compiling once_cell v1.20.2
[INFO] [stderr]    Compiling fs_extra v1.3.0
[INFO] [stderr]    Compiling dunce v1.0.5
[INFO] [stderr]    Compiling futures-core v0.3.31
[INFO] [stderr]    Compiling futures-sink v0.3.31
[INFO] [stderr]    Compiling paste v1.0.15
[INFO] [stderr]    Compiling parking_lot_core v0.9.10
[INFO] [stderr]    Compiling pin-utils v0.1.0
[INFO] [stderr]    Compiling smallvec v1.13.2
[INFO] [stderr]    Compiling scopeguard v1.2.0
[INFO] [stderr]    Compiling futures-task v0.3.31
[INFO] [stderr]    Compiling bytes v1.8.0
[INFO] [stderr]    Compiling futures-channel v0.3.31
[INFO] [stderr]    Compiling thiserror v1.0.66
[INFO] [stderr]    Compiling subtle v2.6.1
[INFO] [stderr]    Compiling aws-lc-rs v1.10.0
[INFO] [stderr]    Compiling atomic-waker v1.1.2
[INFO] [stderr]    Compiling futures-io v0.3.31
[INFO] [stderr]    Compiling hex-literal v0.4.1
[INFO] [stderr]    Compiling ahash v0.8.11
[INFO] [stderr]    Compiling slotmap v1.0.7
[INFO] [stderr]    Compiling s2n-quic-platform v0.47.0
[INFO] [stderr]    Compiling tracing-core v0.1.32
[INFO] [stderr]    Compiling lazy_static v1.5.0
[INFO] [stderr]    Compiling seize v0.3.3
[INFO] [stderr]    Compiling mirai-annotations v1.12.0
[INFO] [stderr]    Compiling num-traits v0.2.19
[INFO] [stderr]    Compiling lock_api v0.4.12
[INFO] [stderr]    Compiling untrusted v0.7.1
[INFO] [stderr]    Compiling zeroize v1.8.1
[INFO] [stderr]    Compiling arrayvec v0.7.6
[INFO] [stderr]    Compiling bitflags v2.6.0
[INFO] [stderr]    Compiling crossbeam-channel v0.5.13
[INFO] [stderr]    Compiling crossbeam-epoch v0.9.18
[INFO] [stderr]    Compiling crossbeam-queue v0.3.11
[INFO] [stderr]    Compiling quote v1.0.37
[INFO] [stderr]    Compiling syn v2.0.86
[INFO] [stderr]    Compiling jobserver v0.1.32
[INFO] [stderr]    Compiling getrandom v0.2.15
[INFO] [stderr]    Compiling mio v1.0.2
[INFO] [stderr]    Compiling socket2 v0.5.7
[INFO] [stderr]    Compiling num_cpus v1.16.0
[INFO] [stderr]    Compiling const-random-macro v0.1.16
[INFO] [stderr]    Compiling rand_core v0.6.4
[INFO] [stderr]    Compiling parking_lot v0.12.3
[INFO] [stderr]    Compiling cc v1.1.31
[INFO] [stderr]    Compiling const-random v0.1.18
[INFO] [stderr]    Compiling num-integer v0.1.46
[INFO] [stderr]    Compiling num-rational v0.4.2
[INFO] [stderr]    Compiling cmake v0.1.51
[INFO] [stderr]    Compiling aws-lc-sys v0.22.0
[INFO] [stderr]    Compiling zerocopy-derive v0.7.35
[INFO] [stderr]    Compiling futures-macro v0.3.31
[INFO] [stderr]    Compiling tokio-macros v2.4.0
[INFO] [stderr]    Compiling tracing-attributes v0.1.27
[INFO] [stderr]    Compiling thiserror-impl v1.0.66
[INFO] [stderr]    Compiling tokio v1.41.0
[INFO] [stderr]    Compiling zerocopy v0.7.35
[INFO] [stderr]    Compiling futures-util v0.3.31
[INFO] [stderr]    Compiling tracing v0.1.40
[INFO] [stderr]    Compiling s2n-codec v0.47.0
[INFO] [stderr]    Compiling ppv-lite86 v0.2.20
[INFO] [stderr]    Compiling flurry v0.5.1
[INFO] [stderr]    Compiling rand_chacha v0.3.1
[INFO] [stderr]    Compiling s2n-quic-core v0.47.0
[INFO] [stderr]    Compiling rand v0.8.5
[INFO] [stderr]    Compiling futures v0.3.31
[INFO] [stderr]    Compiling s2n-quic-dc v0.47.0 (/opt/rustwide/workdir)
[INFO] [stdout] warning: elided lifetime has a name
[INFO] [stdout]   --> src/packet/secret_control/decoder.rs:65:82
[INFO] [stdout]    |
[INFO] [stdout] 65 | pub fn header<'a, T>(buffer: DecoderBufferMut<'a>, header_len: usize) -> Rm<'a, (&[u8], T, &[u8])>
[INFO] [stdout]    |               -- lifetime `'a` declared here                                     ^ this elided lifetime gets resolved as `'a`
[INFO] [stdout]    |
[INFO] [stdout]    = note: `#[warn(elided_named_lifetimes)]` on by default
[INFO] [stdout] 
[INFO] [stdout] 
[INFO] [stdout] warning: elided lifetime has a name
[INFO] [stdout]   --> src/packet/secret_control/decoder.rs:65:92
[INFO] [stdout]    |
[INFO] [stdout] 65 | pub fn header<'a, T>(buffer: DecoderBufferMut<'a>, header_len: usize) -> Rm<'a, (&[u8], T, &[u8])>
[INFO] [stdout]    |               -- lifetime `'a` declared here                                               ^ this elided lifetime gets resolved as `'a`
[INFO] [stdout] 
[INFO] [stdout] 
[INFO] [stdout] warning: elided lifetime has a name
[INFO] [stdout]   --> src/packet/secret_control/decoder.rs:19:62
[INFO] [stdout]    |
[INFO] [stdout] 17 |         impl<'a> Packet<'a> {
[INFO] [stdout]    |              -- lifetime `'a` declared here
[INFO] [stdout] 18 |             #[inline]
[INFO] [stdout] 19 |             pub fn decode(buffer: DecoderBufferMut<'a>) -> Rm<Packet> {
[INFO] [stdout]    |                                                              ^ this elided lifetime gets resolved as `'a`
[INFO] [stdout]    |
[INFO] [stdout]   ::: src/packet/secret_control/replay_detected.rs:7:1
[INFO] [stdout]    |
[INFO] [stdout] 7  | impl_packet!(ReplayDetected);
[INFO] [stdout]    | ---------------------------- in this macro invocation
[INFO] [stdout]    |
[INFO] [stdout]    = note: this warning originates in the macro `impl_packet` (in Nightly builds, run with -Z macro-backtrace for more info)
[INFO] [stdout] 
[INFO] [stdout] 
[INFO] [stdout] warning: elided lifetime has a name
[INFO] [stdout]   --> src/packet/secret_control/decoder.rs:19:63
[INFO] [stdout]    |
[INFO] [stdout] 17 |         impl<'a> Packet<'a> {
[INFO] [stdout]    |              -- lifetime `'a` declared here
[INFO] [stdout] 18 |             #[inline]
[INFO] [stdout] 19 |             pub fn decode(buffer: DecoderBufferMut<'a>) -> Rm<Packet> {
[INFO] [stdout]    |                                                               ^^^^^^ this elided lifetime gets resolved as `'a`
[INFO] [stdout]    |
[INFO] [stdout]   ::: src/packet/secret_control/replay_detected.rs:7:1
[INFO] [stdout]    |
[INFO] [stdout] 7  | impl_packet!(ReplayDetected);
[INFO] [stdout]    | ---------------------------- in this macro invocation
[INFO] [stdout]    |
[INFO] [stdout]    = note: this warning originates in the macro `impl_packet` (in Nightly builds, run with -Z macro-backtrace for more info)
[INFO] [stdout] 
[INFO] [stdout] 
[INFO] [stdout] warning: elided lifetime has a name
[INFO] [stdout]   --> src/packet/secret_control/decoder.rs:19:62
[INFO] [stdout]    |
[INFO] [stdout] 17 |         impl<'a> Packet<'a> {
[INFO] [stdout]    |              -- lifetime `'a` declared here
[INFO] [stdout] 18 |             #[inline]
[INFO] [stdout] 19 |             pub fn decode(buffer: DecoderBufferMut<'a>) -> Rm<Packet> {
[INFO] [stdout]    |                                                              ^ this elided lifetime gets resolved as `'a`
[INFO] [stdout]    |
[INFO] [stdout]   ::: src/packet/secret_control/stale_key.rs:7:1
[INFO] [stdout]    |
[INFO] [stdout] 7  | impl_packet!(StaleKey);
[INFO] [stdout]    | ---------------------- in this macro invocation
[INFO] [stdout]    |
[INFO] [stdout]    = note: this warning originates in the macro `impl_packet` (in Nightly builds, run with -Z macro-backtrace for more info)
[INFO] [stdout] 
[INFO] [stdout] 
[INFO] [stdout] warning: elided lifetime has a name
[INFO] [stdout]   --> src/packet/secret_control/decoder.rs:19:63
[INFO] [stdout]    |
[INFO] [stdout] 17 |         impl<'a> Packet<'a> {
[INFO] [stdout]    |              -- lifetime `'a` declared here
[INFO] [stdout] 18 |             #[inline]
[INFO] [stdout] 19 |             pub fn decode(buffer: DecoderBufferMut<'a>) -> Rm<Packet> {
[INFO] [stdout]    |                                                               ^^^^^^ this elided lifetime gets resolved as `'a`
[INFO] [stdout]    |
[INFO] [stdout]   ::: src/packet/secret_control/stale_key.rs:7:1
[INFO] [stdout]    |
[INFO] [stdout] 7  | impl_packet!(StaleKey);
[INFO] [stdout]    | ---------------------- in this macro invocation
[INFO] [stdout]    |
[INFO] [stdout]    = note: this warning originates in the macro `impl_packet` (in Nightly builds, run with -Z macro-backtrace for more info)
[INFO] [stdout] 
[INFO] [stdout] 
[INFO] [stdout] warning: elided lifetime has a name
[INFO] [stdout]   --> src/packet/secret_control/unknown_path_secret.rs:30:54
[INFO] [stdout]    |
[INFO] [stdout] 17 | impl<'a> Packet<'a> {
[INFO] [stdout]    |      -- lifetime `'a` declared here
[INFO] [stdout] ...
[INFO] [stdout] 30 |     pub fn decode(buffer: DecoderBufferMut<'a>) -> Rm<Packet> {
[INFO] [stdout]    |                                                      ^ this elided lifetime gets resolved as `'a`
[INFO] [stdout] 
[INFO] [stdout] 
[INFO] [stdout] warning: elided lifetime has a name
[INFO] [stdout]   --> src/packet/secret_control/unknown_path_secret.rs:30:55
[INFO] [stdout]    |
[INFO] [stdout] 17 | impl<'a> Packet<'a> {
[INFO] [stdout]    |      -- lifetime `'a` declared here
[INFO] [stdout] ...
[INFO] [stdout] 30 |     pub fn decode(buffer: DecoderBufferMut<'a>) -> Rm<Packet> {
[INFO] [stdout]    |                                                       ^^^^^^ this elided lifetime gets resolved as `'a`
[INFO] [stdout] 
[INFO] [stdout] 
[INFO] [stdout] warning: elided lifetime has a name
[INFO] [stdout]    --> src/packet/secret_control.rs:136:54
[INFO] [stdout]     |
[INFO] [stdout] 134 | impl<'a> Packet<'a> {
[INFO] [stdout]     |      -- lifetime `'a` declared here
[INFO] [stdout] 135 |     #[inline]
[INFO] [stdout] 136 |     pub fn decode(buffer: DecoderBufferMut<'a>) -> Rm<Self> {
[INFO] [stdout]     |                                                      ^ this elided lifetime gets resolved as `'a`
[INFO] [stdout] 
[INFO] [stdout] 
[INFO] [stdout] warning: elided lifetime has a name
[INFO] [stdout]   --> src/packet.rs:64:43
[INFO] [stdout]    |
[INFO] [stdout] 57 | impl<'a> s2n_codec::DecoderParameterizedValueMut<'a> for Packet<'a> {
[INFO] [stdout]    |      -- lifetime `'a` declared here
[INFO] [stdout] ...
[INFO] [stdout] 64 |     ) -> s2n_codec::DecoderBufferMutResult<Self> {
[INFO] [stdout]    |                                           ^ this elided lifetime gets resolved as `'a`
[INFO] [stdout] 
[INFO] [stdout] 
[INFO] [stderr]     Finished `dev` profile [unoptimized + debuginfo] target(s) in 14.01s
[INFO] running `Command { std: "docker" "inspect" "3be331e36fbb6ca51da21e540a73c52989c0075dcca39fd204460aaa46bd0d38", kill_on_drop: false }`
[INFO] running `Command { std: "docker" "rm" "-f" "3be331e36fbb6ca51da21e540a73c52989c0075dcca39fd204460aaa46bd0d38", kill_on_drop: false }`
[INFO] [stdout] 3be331e36fbb6ca51da21e540a73c52989c0075dcca39fd204460aaa46bd0d38
[INFO] running `Command { std: "docker" "create" "-v" "/var/lib/crater-agent-workspace/builds/worker-6-tc2/target:/opt/rustwide/target:rw,Z" "-v" "/var/lib/crater-agent-workspace/builds/worker-6-tc2/source:/opt/rustwide/workdir:ro,Z" "-v" "/var/lib/crater-agent-workspace/cargo-home:/opt/rustwide/cargo-home:ro,Z" "-v" "/var/lib/crater-agent-workspace/rustup-home:/opt/rustwide/rustup-home:ro,Z" "-e" "SOURCE_DIR=/opt/rustwide/workdir" "-e" "CARGO_TARGET_DIR=/opt/rustwide/target" "-e" "CARGO_INCREMENTAL=0" "-e" "RUST_BACKTRACE=full" "-e" "RUSTFLAGS=--cap-lints=forbid -Zrandomize-layout" "-e" "RUSTDOCFLAGS=--cap-lints=forbid" "-e" "CARGO_HOME=/opt/rustwide/cargo-home" "-e" "RUSTUP_HOME=/opt/rustwide/rustup-home" "-w" "/opt/rustwide/workdir" "-m" "1610612736" "--user" "0:0" "--network" "none" "ghcr.io/rust-lang/crates-build-env/linux@sha256:4a844ea9eb2546a2d2c7022eacef16ef2e8229c7fbb2c7d4d55a9ceca922f72d" "/opt/rustwide/cargo-home/bin/cargo" "+nightly-2024-10-28" "test" "--frozen" "--no-run" "--message-format=json", kill_on_drop: false }`
[INFO] [stdout] 4f70436dbbc7f4c1f8a5587266d386976fd17c5a0bce120fa6da3a36e43b15ab
[INFO] running `Command { std: "docker" "start" "-a" "4f70436dbbc7f4c1f8a5587266d386976fd17c5a0bce120fa6da3a36e43b15ab", kill_on_drop: false }`
[INFO] [stderr]    Compiling equivalent v1.0.1
[INFO] [stderr]    Compiling hashbrown v0.15.0
[INFO] [stderr]    Compiling winnow v0.5.40
[INFO] [stderr]    Compiling toml_datetime v0.6.3
[INFO] [stderr]    Compiling syn v1.0.109
[INFO] [stderr]    Compiling adler2 v2.0.0
[INFO] [stderr]    Compiling gimli v0.31.1
[INFO] [stderr]    Compiling memchr v2.7.4
[INFO] [stderr]    Compiling anyhow v1.0.92
[INFO] [stderr]    Compiling signal-hook-registry v1.4.2
[INFO] [stderr]    Compiling either v1.13.0
[INFO] [stderr]    Compiling rustc-demangle v0.1.24
[INFO] [stderr]    Compiling rand_xoshiro v0.6.0
[INFO] [stderr]    Compiling pretty-hex v0.4.1
[INFO] [stderr]    Compiling console v0.15.8
[INFO] [stderr]    Compiling linked-hash-map v0.5.6
[INFO] [stderr]    Compiling similar v2.6.0
[INFO] [stderr]    Compiling miniz_oxide v0.8.0
[INFO] [stderr]    Compiling tokio v1.41.0
[INFO] [stderr]    Compiling indexmap v2.6.0
[INFO] [stderr]    Compiling object v0.36.5
[INFO] [stderr]    Compiling insta v1.41.1
[INFO] [stderr]    Compiling toml_edit v0.20.2
[INFO] [stderr]    Compiling addr2line v0.24.2
[INFO] [stderr]    Compiling proc-macro-crate v2.0.2
[INFO] [stderr]    Compiling bolero-generator-derive v0.11.0
[INFO] [stderr]    Compiling backtrace v0.3.74
[INFO] [stderr]    Compiling bolero-generator v0.11.1
[INFO] [stderr]    Compiling s2n-quic-platform v0.47.0
[INFO] [stderr]    Compiling s2n-quic-dc v0.47.0 (/opt/rustwide/workdir)
[INFO] [stdout] warning: elided lifetime has a name
[INFO] [stdout]   --> src/packet/secret_control/decoder.rs:65:82
[INFO] [stdout]    |
[INFO] [stdout] 65 | pub fn header<'a, T>(buffer: DecoderBufferMut<'a>, header_len: usize) -> Rm<'a, (&[u8], T, &[u8])>
[INFO] [stdout]    |               -- lifetime `'a` declared here                                     ^ this elided lifetime gets resolved as `'a`
[INFO] [stdout]    |
[INFO] [stdout]    = note: `#[warn(elided_named_lifetimes)]` on by default
[INFO] [stdout] 
[INFO] [stdout] 
[INFO] [stdout] warning: elided lifetime has a name
[INFO] [stdout]   --> src/packet/secret_control/decoder.rs:65:92
[INFO] [stdout]    |
[INFO] [stdout] 65 | pub fn header<'a, T>(buffer: DecoderBufferMut<'a>, header_len: usize) -> Rm<'a, (&[u8], T, &[u8])>
[INFO] [stdout]    |               -- lifetime `'a` declared here                                               ^ this elided lifetime gets resolved as `'a`
[INFO] [stdout] 
[INFO] [stdout] 
[INFO] [stdout] warning: elided lifetime has a name
[INFO] [stdout]   --> src/packet/secret_control/decoder.rs:19:62
[INFO] [stdout]    |
[INFO] [stdout] 17 |         impl<'a> Packet<'a> {
[INFO] [stdout]    |              -- lifetime `'a` declared here
[INFO] [stdout] 18 |             #[inline]
[INFO] [stdout] 19 |             pub fn decode(buffer: DecoderBufferMut<'a>) -> Rm<Packet> {
[INFO] [stdout]    |                                                              ^ this elided lifetime gets resolved as `'a`
[INFO] [stdout]    |
[INFO] [stdout]   ::: src/packet/secret_control/replay_detected.rs:7:1
[INFO] [stdout]    |
[INFO] [stdout] 7  | impl_packet!(ReplayDetected);
[INFO] [stdout]    | ---------------------------- in this macro invocation
[INFO] [stdout]    |
[INFO] [stdout]    = note: this warning originates in the macro `impl_packet` (in Nightly builds, run with -Z macro-backtrace for more info)
[INFO] [stdout] 
[INFO] [stdout] 
[INFO] [stdout] warning: elided lifetime has a name
[INFO] [stdout]   --> src/packet/secret_control/decoder.rs:19:63
[INFO] [stdout]    |
[INFO] [stdout] 17 |         impl<'a> Packet<'a> {
[INFO] [stdout]    |              -- lifetime `'a` declared here
[INFO] [stdout] 18 |             #[inline]
[INFO] [stdout] 19 |             pub fn decode(buffer: DecoderBufferMut<'a>) -> Rm<Packet> {
[INFO] [stdout]    |                                                               ^^^^^^ this elided lifetime gets resolved as `'a`
[INFO] [stdout]    |
[INFO] [stdout]   ::: src/packet/secret_control/replay_detected.rs:7:1
[INFO] [stdout]    |
[INFO] [stdout] 7  | impl_packet!(ReplayDetected);
[INFO] [stdout]    | ---------------------------- in this macro invocation
[INFO] [stdout]    |
[INFO] [stdout]    = note: this warning originates in the macro `impl_packet` (in Nightly builds, run with -Z macro-backtrace for more info)
[INFO] [stdout] 
[INFO] [stdout] 
[INFO] [stdout] warning: elided lifetime has a name
[INFO] [stdout]   --> src/packet/secret_control/decoder.rs:19:62
[INFO] [stdout]    |
[INFO] [stdout] 17 |         impl<'a> Packet<'a> {
[INFO] [stdout]    |              -- lifetime `'a` declared here
[INFO] [stdout] 18 |             #[inline]
[INFO] [stdout] 19 |             pub fn decode(buffer: DecoderBufferMut<'a>) -> Rm<Packet> {
[INFO] [stdout]    |                                                              ^ this elided lifetime gets resolved as `'a`
[INFO] [stdout]    |
[INFO] [stdout]   ::: src/packet/secret_control/stale_key.rs:7:1
[INFO] [stdout]    |
[INFO] [stdout] 7  | impl_packet!(StaleKey);
[INFO] [stdout]    | ---------------------- in this macro invocation
[INFO] [stdout]    |
[INFO] [stdout]    = note: this warning originates in the macro `impl_packet` (in Nightly builds, run with -Z macro-backtrace for more info)
[INFO] [stdout] 
[INFO] [stdout] 
[INFO] [stdout] warning: elided lifetime has a name
[INFO] [stdout]   --> src/packet/secret_control/decoder.rs:19:63
[INFO] [stdout]    |
[INFO] [stdout] 17 |         impl<'a> Packet<'a> {
[INFO] [stdout]    |              -- lifetime `'a` declared here
[INFO] [stdout] 18 |             #[inline]
[INFO] [stdout] 19 |             pub fn decode(buffer: DecoderBufferMut<'a>) -> Rm<Packet> {
[INFO] [stdout]    |                                                               ^^^^^^ this elided lifetime gets resolved as `'a`
[INFO] [stdout]    |
[INFO] [stdout]   ::: src/packet/secret_control/stale_key.rs:7:1
[INFO] [stdout]    |
[INFO] [stdout] 7  | impl_packet!(StaleKey);
[INFO] [stdout]    | ---------------------- in this macro invocation
[INFO] [stdout]    |
[INFO] [stdout]    = note: this warning originates in the macro `impl_packet` (in Nightly builds, run with -Z macro-backtrace for more info)
[INFO] [stdout] 
[INFO] [stdout] 
[INFO] [stdout] warning: elided lifetime has a name
[INFO] [stdout]   --> src/packet/secret_control/unknown_path_secret.rs:30:54
[INFO] [stdout]    |
[INFO] [stdout] 17 | impl<'a> Packet<'a> {
[INFO] [stdout]    |      -- lifetime `'a` declared here
[INFO] [stdout] ...
[INFO] [stdout] 30 |     pub fn decode(buffer: DecoderBufferMut<'a>) -> Rm<Packet> {
[INFO] [stdout]    |                                                      ^ this elided lifetime gets resolved as `'a`
[INFO] [stdout] 
[INFO] [stdout] 
[INFO] [stdout] warning: elided lifetime has a name
[INFO] [stdout]   --> src/packet/secret_control/unknown_path_secret.rs:30:55
[INFO] [stdout]    |
[INFO] [stdout] 17 | impl<'a> Packet<'a> {
[INFO] [stdout]    |      -- lifetime `'a` declared here
[INFO] [stdout] ...
[INFO] [stdout] 30 |     pub fn decode(buffer: DecoderBufferMut<'a>) -> Rm<Packet> {
[INFO] [stdout]    |                                                       ^^^^^^ this elided lifetime gets resolved as `'a`
[INFO] [stdout] 
[INFO] [stdout] 
[INFO] [stdout] warning: elided lifetime has a name
[INFO] [stdout]    --> src/packet/secret_control.rs:136:54
[INFO] [stdout]     |
[INFO] [stdout] 134 | impl<'a> Packet<'a> {
[INFO] [stdout]     |      -- lifetime `'a` declared here
[INFO] [stdout] 135 |     #[inline]
[INFO] [stdout] 136 |     pub fn decode(buffer: DecoderBufferMut<'a>) -> Rm<Self> {
[INFO] [stdout]     |                                                      ^ this elided lifetime gets resolved as `'a`
[INFO] [stdout] 
[INFO] [stdout] 
[INFO] [stdout] warning: elided lifetime has a name
[INFO] [stdout]   --> src/packet.rs:64:43
[INFO] [stdout]    |
[INFO] [stdout] 57 | impl<'a> s2n_codec::DecoderParameterizedValueMut<'a> for Packet<'a> {
[INFO] [stdout]    |      -- lifetime `'a` declared here
[INFO] [stdout] ...
[INFO] [stdout] 64 |     ) -> s2n_codec::DecoderBufferMutResult<Self> {
[INFO] [stdout]    |                                           ^ this elided lifetime gets resolved as `'a`
[INFO] [stdout] 
[INFO] [stdout] 
[INFO] [stderr]    Compiling bolero-engine v0.11.2
[INFO] [stderr]    Compiling bolero v0.11.1
[INFO] [stdout] error[E0432]: unresolved import `s2n_codec::assert_codec_round_trip_value`
[INFO] [stdout]    --> src/credentials.rs:112:9
[INFO] [stdout]     |
[INFO] [stdout] 112 |     use s2n_codec::assert_codec_round_trip_value;
[INFO] [stdout]     |         ^^^^^^^^^^^^^^^^^^^^^^^^^^^^^^^^^^^^^^^^ no `assert_codec_round_trip_value` in the root
[INFO] [stdout] 
[INFO] [stdout] 
[INFO] [stdout] error[E0433]: failed to resolve: could not find `testing` in `dc`
[INFO] [stdout]    --> src/path/secret/map.rs:520:21
[INFO] [stdout]     |
[INFO] [stdout] 520 |                 dc::testing::TEST_APPLICATION_PARAMS,
[INFO] [stdout]     |                     ^^^^^^^ could not find `testing` in `dc`
[INFO] [stdout]     |
[INFO] [stdout] note: found an item that was configured out
[INFO] [stdout]    --> /opt/rustwide/cargo-home/registry/src/index.crates.io-6f17d22bba15001f/s2n-quic-core-0.47.0/src/dc.rs:20:9
[INFO] [stdout]     |
[INFO] [stdout] 20  | pub mod testing;
[INFO] [stdout]     |         ^^^^^^^
[INFO] [stdout] note: the item is gated here
[INFO] [stdout]    --> /opt/rustwide/cargo-home/registry/src/index.crates.io-6f17d22bba15001f/s2n-quic-core-0.47.0/src/dc.rs:19:1
[INFO] [stdout]     |
[INFO] [stdout] 19  | #[cfg(any(test, feature = "testing"))]
[INFO] [stdout]     | ^^^^^^^^^^^^^^^^^^^^^^^^^^^^^^^^^^^^^^
[INFO] [stdout] 
[INFO] [stdout] 
[INFO] [stdout] error[E0433]: failed to resolve: could not find `testing` in `dc`
[INFO] [stdout]    --> src/path/secret/map.rs:521:21
[INFO] [stdout]     |
[INFO] [stdout] 521 |                 dc::testing::TEST_REHANDSHAKE_PERIOD,
[INFO] [stdout]     |                     ^^^^^^^ could not find `testing` in `dc`
[INFO] [stdout]     |
[INFO] [stdout] note: found an item that was configured out
[INFO] [stdout]    --> /opt/rustwide/cargo-home/registry/src/index.crates.io-6f17d22bba15001f/s2n-quic-core-0.47.0/src/dc.rs:20:9
[INFO] [stdout]     |
[INFO] [stdout] 20  | pub mod testing;
[INFO] [stdout]     |         ^^^^^^^
[INFO] [stdout] note: the item is gated here
[INFO] [stdout]    --> /opt/rustwide/cargo-home/registry/src/index.crates.io-6f17d22bba15001f/s2n-quic-core-0.47.0/src/dc.rs:19:1
[INFO] [stdout]     |
[INFO] [stdout] 19  | #[cfg(any(test, feature = "testing"))]
[INFO] [stdout]     | ^^^^^^^^^^^^^^^^^^^^^^^^^^^^^^^^^^^^^^
[INFO] [stdout] 
[INFO] [stdout] 
[INFO] [stdout] error[E0433]: failed to resolve: could not find `testing` in `dc`
[INFO] [stdout]    --> src/path/secret/map.rs:548:17
[INFO] [stdout]     |
[INFO] [stdout] 548 |             dc::testing::TEST_APPLICATION_PARAMS,
[INFO] [stdout]     |                 ^^^^^^^ could not find `testing` in `dc`
[INFO] [stdout]     |
[INFO] [stdout] note: found an item that was configured out
[INFO] [stdout]    --> /opt/rustwide/cargo-home/registry/src/index.crates.io-6f17d22bba15001f/s2n-quic-core-0.47.0/src/dc.rs:20:9
[INFO] [stdout]     |
[INFO] [stdout] 20  | pub mod testing;
[INFO] [stdout]     |         ^^^^^^^
[INFO] [stdout] note: the item is gated here
[INFO] [stdout]    --> /opt/rustwide/cargo-home/registry/src/index.crates.io-6f17d22bba15001f/s2n-quic-core-0.47.0/src/dc.rs:19:1
[INFO] [stdout]     |
[INFO] [stdout] 19  | #[cfg(any(test, feature = "testing"))]
[INFO] [stdout]     | ^^^^^^^^^^^^^^^^^^^^^^^^^^^^^^^^^^^^^^
[INFO] [stdout] 
[INFO] [stdout] 
[INFO] [stdout] error[E0433]: failed to resolve: could not find `testing` in `dc`
[INFO] [stdout]    --> src/path/secret/map.rs:549:17
[INFO] [stdout]     |
[INFO] [stdout] 549 |             dc::testing::TEST_REHANDSHAKE_PERIOD,
[INFO] [stdout]     |                 ^^^^^^^ could not find `testing` in `dc`
[INFO] [stdout]     |
[INFO] [stdout] note: found an item that was configured out
[INFO] [stdout]    --> /opt/rustwide/cargo-home/registry/src/index.crates.io-6f17d22bba15001f/s2n-quic-core-0.47.0/src/dc.rs:20:9
[INFO] [stdout]     |
[INFO] [stdout] 20  | pub mod testing;
[INFO] [stdout]     |         ^^^^^^^
[INFO] [stdout] note: the item is gated here
[INFO] [stdout]    --> /opt/rustwide/cargo-home/registry/src/index.crates.io-6f17d22bba15001f/s2n-quic-core-0.47.0/src/dc.rs:19:1
[INFO] [stdout]     |
[INFO] [stdout] 19  | #[cfg(any(test, feature = "testing"))]
[INFO] [stdout]     | ^^^^^^^^^^^^^^^^^^^^^^^^^^^^^^^^^^^^^^
[INFO] [stdout] 
[INFO] [stdout] 
[INFO] [stdout] error[E0433]: failed to resolve: could not find `testing` in `dc`
[INFO] [stdout]   --> src/path/secret/map/test.rs:27:13
[INFO] [stdout]    |
[INFO] [stdout] 27 |         dc::testing::TEST_APPLICATION_PARAMS,
[INFO] [stdout]    |             ^^^^^^^ could not find `testing` in `dc`
[INFO] [stdout]    |
[INFO] [stdout] note: found an item that was configured out
[INFO] [stdout]   --> /opt/rustwide/cargo-home/registry/src/index.crates.io-6f17d22bba15001f/s2n-quic-core-0.47.0/src/dc.rs:20:9
[INFO] [stdout]    |
[INFO] [stdout] 20 | pub mod testing;
[INFO] [stdout]    |         ^^^^^^^
[INFO] [stdout] note: the item is gated here
[INFO] [stdout]   --> /opt/rustwide/cargo-home/registry/src/index.crates.io-6f17d22bba15001f/s2n-quic-core-0.47.0/src/dc.rs:19:1
[INFO] [stdout]    |
[INFO] [stdout] 19 | #[cfg(any(test, feature = "testing"))]
[INFO] [stdout]    | ^^^^^^^^^^^^^^^^^^^^^^^^^^^^^^^^^^^^^^
[INFO] [stdout] 
[INFO] [stdout] 
[INFO] [stdout] error[E0433]: failed to resolve: could not find `testing` in `dc`
[INFO] [stdout]   --> src/path/secret/map/test.rs:28:13
[INFO] [stdout]    |
[INFO] [stdout] 28 |         dc::testing::TEST_REHANDSHAKE_PERIOD,
[INFO] [stdout]    |             ^^^^^^^ could not find `testing` in `dc`
[INFO] [stdout]    |
[INFO] [stdout] note: found an item that was configured out
[INFO] [stdout]   --> /opt/rustwide/cargo-home/registry/src/index.crates.io-6f17d22bba15001f/s2n-quic-core-0.47.0/src/dc.rs:20:9
[INFO] [stdout]    |
[INFO] [stdout] 20 | pub mod testing;
[INFO] [stdout]    |         ^^^^^^^
[INFO] [stdout] note: the item is gated here
[INFO] [stdout]   --> /opt/rustwide/cargo-home/registry/src/index.crates.io-6f17d22bba15001f/s2n-quic-core-0.47.0/src/dc.rs:19:1
[INFO] [stdout]    |
[INFO] [stdout] 19 | #[cfg(any(test, feature = "testing"))]
[INFO] [stdout]    | ^^^^^^^^^^^^^^^^^^^^^^^^^^^^^^^^^^^^^^
[INFO] [stdout] 
[INFO] [stdout] 
[INFO] [stdout] error[E0433]: failed to resolve: could not find `testing` in `dc`
[INFO] [stdout]    --> src/path/secret/map/test.rs:144:25
[INFO] [stdout]     |
[INFO] [stdout] 144 |                     dc::testing::TEST_APPLICATION_PARAMS,
[INFO] [stdout]     |                         ^^^^^^^ could not find `testing` in `dc`
[INFO] [stdout]     |
[INFO] [stdout] note: found an item that was configured out
[INFO] [stdout]    --> /opt/rustwide/cargo-home/registry/src/index.crates.io-6f17d22bba15001f/s2n-quic-core-0.47.0/src/dc.rs:20:9
[INFO] [stdout]     |
[INFO] [stdout] 20  | pub mod testing;
[INFO] [stdout]     |         ^^^^^^^
[INFO] [stdout] note: the item is gated here
[INFO] [stdout]    --> /opt/rustwide/cargo-home/registry/src/index.crates.io-6f17d22bba15001f/s2n-quic-core-0.47.0/src/dc.rs:19:1
[INFO] [stdout]     |
[INFO] [stdout] 19  | #[cfg(any(test, feature = "testing"))]
[INFO] [stdout]     | ^^^^^^^^^^^^^^^^^^^^^^^^^^^^^^^^^^^^^^
[INFO] [stdout] 
[INFO] [stdout] 
[INFO] [stdout] error[E0433]: failed to resolve: could not find `testing` in `dc`
[INFO] [stdout]    --> src/path/secret/map/test.rs:145:25
[INFO] [stdout]     |
[INFO] [stdout] 145 |                     dc::testing::TEST_REHANDSHAKE_PERIOD,
[INFO] [stdout]     |                         ^^^^^^^ could not find `testing` in `dc`
[INFO] [stdout]     |
[INFO] [stdout] note: found an item that was configured out
[INFO] [stdout]    --> /opt/rustwide/cargo-home/registry/src/index.crates.io-6f17d22bba15001f/s2n-quic-core-0.47.0/src/dc.rs:20:9
[INFO] [stdout]     |
[INFO] [stdout] 20  | pub mod testing;
[INFO] [stdout]     |         ^^^^^^^
[INFO] [stdout] note: the item is gated here
[INFO] [stdout]    --> /opt/rustwide/cargo-home/registry/src/index.crates.io-6f17d22bba15001f/s2n-quic-core-0.47.0/src/dc.rs:19:1
[INFO] [stdout]     |
[INFO] [stdout] 19  | #[cfg(any(test, feature = "testing"))]
[INFO] [stdout]     | ^^^^^^^^^^^^^^^^^^^^^^^^^^^^^^^^^^^^^^
[INFO] [stdout] 
[INFO] [stdout] 
[INFO] [stdout] warning: elided lifetime has a name
[INFO] [stdout]   --> src/packet/secret_control/decoder.rs:65:82
[INFO] [stdout]    |
[INFO] [stdout] 65 | pub fn header<'a, T>(buffer: DecoderBufferMut<'a>, header_len: usize) -> Rm<'a, (&[u8], T, &[u8])>
[INFO] [stdout]    |               -- lifetime `'a` declared here                                     ^ this elided lifetime gets resolved as `'a`
[INFO] [stdout]    |
[INFO] [stdout]    = note: `#[warn(elided_named_lifetimes)]` on by default
[INFO] [stdout] 
[INFO] [stdout] 
[INFO] [stdout] warning: elided lifetime has a name
[INFO] [stdout]   --> src/packet/secret_control/decoder.rs:65:92
[INFO] [stdout]    |
[INFO] [stdout] 65 | pub fn header<'a, T>(buffer: DecoderBufferMut<'a>, header_len: usize) -> Rm<'a, (&[u8], T, &[u8])>
[INFO] [stdout]    |               -- lifetime `'a` declared here                                               ^ this elided lifetime gets resolved as `'a`
[INFO] [stdout] 
[INFO] [stdout] 
[INFO] [stdout] warning: elided lifetime has a name
[INFO] [stdout]   --> src/packet/secret_control/decoder.rs:19:62
[INFO] [stdout]    |
[INFO] [stdout] 17 |         impl<'a> Packet<'a> {
[INFO] [stdout]    |              -- lifetime `'a` declared here
[INFO] [stdout] 18 |             #[inline]
[INFO] [stdout] 19 |             pub fn decode(buffer: DecoderBufferMut<'a>) -> Rm<Packet> {
[INFO] [stdout]    |                                                              ^ this elided lifetime gets resolved as `'a`
[INFO] [stdout]    |
[INFO] [stdout]   ::: src/packet/secret_control/replay_detected.rs:7:1
[INFO] [stdout]    |
[INFO] [stdout] 7  | impl_packet!(ReplayDetected);
[INFO] [stdout]    | ---------------------------- in this macro invocation
[INFO] [stdout]    |
[INFO] [stdout]    = note: this warning originates in the macro `impl_packet` (in Nightly builds, run with -Z macro-backtrace for more info)
[INFO] [stdout] 
[INFO] [stdout] 
[INFO] [stdout] warning: elided lifetime has a name
[INFO] [stdout]   --> src/packet/secret_control/decoder.rs:19:63
[INFO] [stdout]    |
[INFO] [stdout] 17 |         impl<'a> Packet<'a> {
[INFO] [stdout]    |              -- lifetime `'a` declared here
[INFO] [stdout] 18 |             #[inline]
[INFO] [stdout] 19 |             pub fn decode(buffer: DecoderBufferMut<'a>) -> Rm<Packet> {
[INFO] [stdout]    |                                                               ^^^^^^ this elided lifetime gets resolved as `'a`
[INFO] [stdout]    |
[INFO] [stdout]   ::: src/packet/secret_control/replay_detected.rs:7:1
[INFO] [stdout]    |
[INFO] [stdout] 7  | impl_packet!(ReplayDetected);
[INFO] [stdout]    | ---------------------------- in this macro invocation
[INFO] [stdout]    |
[INFO] [stdout]    = note: this warning originates in the macro `impl_packet` (in Nightly builds, run with -Z macro-backtrace for more info)
[INFO] [stdout] 
[INFO] [stdout] 
[INFO] [stdout] warning: elided lifetime has a name
[INFO] [stdout]   --> src/packet/secret_control/decoder.rs:19:62
[INFO] [stdout]    |
[INFO] [stdout] 17 |         impl<'a> Packet<'a> {
[INFO] [stdout]    |              -- lifetime `'a` declared here
[INFO] [stdout] 18 |             #[inline]
[INFO] [stdout] 19 |             pub fn decode(buffer: DecoderBufferMut<'a>) -> Rm<Packet> {
[INFO] [stdout]    |                                                              ^ this elided lifetime gets resolved as `'a`
[INFO] [stdout]    |
[INFO] [stdout]   ::: src/packet/secret_control/stale_key.rs:7:1
[INFO] [stdout]    |
[INFO] [stdout] 7  | impl_packet!(StaleKey);
[INFO] [stdout]    | ---------------------- in this macro invocation
[INFO] [stdout]    |
[INFO] [stdout]    = note: this warning originates in the macro `impl_packet` (in Nightly builds, run with -Z macro-backtrace for more info)
[INFO] [stdout] 
[INFO] [stdout] 
[INFO] [stdout] warning: elided lifetime has a name
[INFO] [stdout]   --> src/packet/secret_control/decoder.rs:19:63
[INFO] [stdout]    |
[INFO] [stdout] 17 |         impl<'a> Packet<'a> {
[INFO] [stdout]    |              -- lifetime `'a` declared here
[INFO] [stdout] 18 |             #[inline]
[INFO] [stdout] 19 |             pub fn decode(buffer: DecoderBufferMut<'a>) -> Rm<Packet> {
[INFO] [stdout]    |                                                               ^^^^^^ this elided lifetime gets resolved as `'a`
[INFO] [stdout]    |
[INFO] [stdout]   ::: src/packet/secret_control/stale_key.rs:7:1
[INFO] [stdout]    |
[INFO] [stdout] 7  | impl_packet!(StaleKey);
[INFO] [stdout]    | ---------------------- in this macro invocation
[INFO] [stdout]    |
[INFO] [stdout]    = note: this warning originates in the macro `impl_packet` (in Nightly builds, run with -Z macro-backtrace for more info)
[INFO] [stdout] 
[INFO] [stdout] 
[INFO] [stdout] warning: elided lifetime has a name
[INFO] [stdout]   --> src/packet/secret_control/unknown_path_secret.rs:30:54
[INFO] [stdout]    |
[INFO] [stdout] 17 | impl<'a> Packet<'a> {
[INFO] [stdout]    |      -- lifetime `'a` declared here
[INFO] [stdout] ...
[INFO] [stdout] 30 |     pub fn decode(buffer: DecoderBufferMut<'a>) -> Rm<Packet> {
[INFO] [stdout]    |                                                      ^ this elided lifetime gets resolved as `'a`
[INFO] [stdout] 
[INFO] [stdout] 
[INFO] [stdout] warning: elided lifetime has a name
[INFO] [stdout]   --> src/packet/secret_control/unknown_path_secret.rs:30:55
[INFO] [stdout]    |
[INFO] [stdout] 17 | impl<'a> Packet<'a> {
[INFO] [stdout]    |      -- lifetime `'a` declared here
[INFO] [stdout] ...
[INFO] [stdout] 30 |     pub fn decode(buffer: DecoderBufferMut<'a>) -> Rm<Packet> {
[INFO] [stdout]    |                                                       ^^^^^^ this elided lifetime gets resolved as `'a`
[INFO] [stdout] 
[INFO] [stdout] 
[INFO] [stdout] warning: elided lifetime has a name
[INFO] [stdout]    --> src/packet/secret_control.rs:136:54
[INFO] [stdout]     |
[INFO] [stdout] 134 | impl<'a> Packet<'a> {
[INFO] [stdout]     |      -- lifetime `'a` declared here
[INFO] [stdout] 135 |     #[inline]
[INFO] [stdout] 136 |     pub fn decode(buffer: DecoderBufferMut<'a>) -> Rm<Self> {
[INFO] [stdout]     |                                                      ^ this elided lifetime gets resolved as `'a`
[INFO] [stdout] 
[INFO] [stdout] 
[INFO] [stdout] warning: elided lifetime has a name
[INFO] [stdout]   --> src/packet.rs:64:43
[INFO] [stdout]    |
[INFO] [stdout] 57 | impl<'a> s2n_codec::DecoderParameterizedValueMut<'a> for Packet<'a> {
[INFO] [stdout]    |      -- lifetime `'a` declared here
[INFO] [stdout] ...
[INFO] [stdout] 64 |     ) -> s2n_codec::DecoderBufferMutResult<Self> {
[INFO] [stdout]    |                                           ^ this elided lifetime gets resolved as `'a`
[INFO] [stdout] 
[INFO] [stdout] 
[INFO] [stdout] warning: unexpected `cfg` condition name: `kani`
[INFO] [stdout]    --> src/stream/send/path.rs:143:16
[INFO] [stdout]     |
[INFO] [stdout] 143 |     #[cfg_attr(kani, kani::proof)]
[INFO] [stdout]     |                ^^^^
[INFO] [stdout]     |
[INFO] [stdout]     = help: expected names are: `clippy`, `debug_assertions`, `doc`, `docsrs`, `doctest`, `feature`, `fmt_debug`, `miri`, `overflow_checks`, `panic`, `proc_macro`, `relocation_model`, `rustfmt`, `sanitize`, `sanitizer_cfi_generalize_pointers`, `sanitizer_cfi_normalize_integers`, `target_abi`, `target_arch`, `target_endian`, `target_env`, `target_family`, `target_feature`, `target_has_atomic`, `target_has_atomic_equal_alignment`, `target_has_atomic_load_store`, `target_os`, `target_pointer_width`, `target_thread_local`, `target_vendor`, `test`, `ub_checks`, `unix`, and `windows`
[INFO] [stdout]     = help: consider using a Cargo feature instead
[INFO] [stdout]     = help: or consider adding in `Cargo.toml` the `check-cfg` lint config for the lint:
[INFO] [stdout]              [lints.rust]
[INFO] [stdout]              unexpected_cfgs = { level = "warn", check-cfg = ['cfg(kani)'] }
[INFO] [stdout]     = help: or consider adding `println!("cargo::rustc-check-cfg=cfg(kani)");` to the top of the `build.rs`
[INFO] [stdout]     = note: see <https://doc.rust-lang.org/nightly/rustc/check-cfg/cargo-specifics.html> for more information about checking conditional configuration
[INFO] [stdout]     = note: requested on the command line with `-W unexpected-cfgs`
[INFO] [stdout] 
[INFO] [stdout] 
[INFO] [stdout] error[E0277]: the trait bound `s2n_quic_core::varint::VarInt: bolero::TypeGenerator` is not satisfied
[INFO] [stdout]   --> src/credentials.rs:83:12
[INFO] [stdout]    |
[INFO] [stdout] 83 |     derive(bolero_generator::TypeGenerator)
[INFO] [stdout]    |            ^^^^^^^^^^^^^^^^^^^^^^^^^^^^^^^ the trait `bolero::TypeGenerator` is not implemented for `s2n_quic_core::varint::VarInt`, which is required by `TypeValueGenerator<_>: ValueGenerator`
[INFO] [stdout]    |
[INFO] [stdout]    = help: the following other types implement trait `bolero::TypeGenerator`:
[INFO] [stdout]              ()
[INFO] [stdout]              (A, B)
[INFO] [stdout]              (A, B, C)
[INFO] [stdout]              (A, B, C, D)
[INFO] [stdout]              (A, B, C, D, E)
[INFO] [stdout]              (A, B, C, D, E, F)
[INFO] [stdout]              (A, B, C, D, E, F, G)
[INFO] [stdout]              (A, B, C, D, E, F, G, H)
[INFO] [stdout]            and 101 others
[INFO] [stdout]    = note: required for `TypeValueGenerator<s2n_quic_core::varint::VarInt>` to implement `ValueGenerator`
[INFO] [stdout]    = note: this error originates in the derive macro `bolero_generator::TypeGenerator` (in Nightly builds, run with -Z macro-backtrace for more info)
[INFO] [stdout] 
[INFO] [stdout] 
[INFO] [stdout] error[E0277]: the trait bound `s2n_quic_core::varint::VarInt: bolero::TypeGenerator` is not satisfied
[INFO] [stdout]   --> src/credentials.rs:87:9
[INFO] [stdout]    |
[INFO] [stdout] 87 |     pub key_id: KeyId,
[INFO] [stdout]    |         ^^^^^^ the trait `bolero::TypeGenerator` is not implemented for `s2n_quic_core::varint::VarInt`, which is required by `TypeValueGenerator<s2n_quic_core::varint::VarInt>: ValueGenerator`
[INFO] [stdout]    |
[INFO] [stdout]    = help: the following other types implement trait `bolero::TypeGenerator`:
[INFO] [stdout]              ()
[INFO] [stdout]              (A, B)
[INFO] [stdout]              (A, B, C)
[INFO] [stdout]              (A, B, C, D)
[INFO] [stdout]              (A, B, C, D, E)
[INFO] [stdout]              (A, B, C, D, E, F)
[INFO] [stdout]              (A, B, C, D, E, F, G)
[INFO] [stdout]              (A, B, C, D, E, F, G, H)
[INFO] [stdout]            and 101 others
[INFO] [stdout]    = note: required for `TypeValueGenerator<s2n_quic_core::varint::VarInt>` to implement `ValueGenerator`
[INFO] [stdout] 
[INFO] [stdout] 
[INFO] [stdout] error[E0277]: the trait bound `s2n_quic_core::inet::SocketAddress: bolero::TypeGenerator` is not satisfied
[INFO] [stdout]    --> src/msg/addr.rs:179:39
[INFO] [stdout]     |
[INFO] [stdout] 179 |         check!().with_type().cloned().for_each(|(addr, port)| {
[INFO] [stdout]     |                                       ^^^^^^^^ the trait `bolero::TypeGenerator` is not implemented for `s2n_quic_core::inet::SocketAddress`, which is required by `TypeValueGenerator<_>: ValueGenerator`
[INFO] [stdout]     |
[INFO] [stdout]     = help: the following other types implement trait `bolero::TypeGenerator`:
[INFO] [stdout]               ()
[INFO] [stdout]               (A, B)
[INFO] [stdout]               (A, B, C)
[INFO] [stdout]               (A, B, C, D)
[INFO] [stdout]               (A, B, C, D, E)
[INFO] [stdout]               (A, B, C, D, E, F)
[INFO] [stdout]               (A, B, C, D, E, F, G)
[INFO] [stdout]               (A, B, C, D, E, F, G, H)
[INFO] [stdout]             and 101 others
[INFO] [stdout]     = note: required for `(s2n_quic_core::inet::SocketAddress, _)` to implement `bolero::TypeGenerator`
[INFO] [stdout]     = note: required for `TypeValueGenerator<(s2n_quic_core::inet::SocketAddress, _)>` to implement `ValueGenerator`
[INFO] [stdout] 
[INFO] [stdout] 
[INFO] [stdout] error[E0277]: the trait bound `s2n_quic_core::inet::SocketAddress: bolero::TypeGenerator` is not satisfied
[INFO] [stdout]    --> src/msg/addr.rs:179:9
[INFO] [stdout]     |
[INFO] [stdout] 179 | /         check!().with_type().cloned().for_each(|(addr, port)| {
[INFO] [stdout] 180 | |             let mut addr = Addr::new(addr);
[INFO] [stdout] 181 | |             addr.set_port(port);
[INFO] [stdout] 182 | |             assert_eq!(addr.get().port(), port);
[INFO] [stdout] 183 | |         });
[INFO] [stdout]     | |__________^ the trait `bolero::TypeGenerator` is not implemented for `s2n_quic_core::inet::SocketAddress`, which is required by `(_, _): bolero::TypeGenerator`
[INFO] [stdout]     |
[INFO] [stdout]     = help: the following other types implement trait `bolero::TypeGenerator`:
[INFO] [stdout]               ()
[INFO] [stdout]               (A, B)
[INFO] [stdout]               (A, B, C)
[INFO] [stdout]               (A, B, C, D)
[INFO] [stdout]               (A, B, C, D, E)
[INFO] [stdout]               (A, B, C, D, E, F)
[INFO] [stdout]               (A, B, C, D, E, F, G)
[INFO] [stdout]               (A, B, C, D, E, F, G, H)
[INFO] [stdout]             and 101 others
[INFO] [stdout]     = note: required for `(s2n_quic_core::inet::SocketAddress, _)` to implement `bolero::TypeGenerator`
[INFO] [stdout] note: required by a bound in `TypeValueGenerator`
[INFO] [stdout]    --> /opt/rustwide/cargo-home/registry/src/index.crates.io-6f17d22bba15001f/bolero-generator-0.11.1/src/lib.rs:176:34
[INFO] [stdout]     |
[INFO] [stdout] 176 | pub struct TypeValueGenerator<T: TypeGenerator>(PhantomData<T>);
[INFO] [stdout]     |                                  ^^^^^^^^^^^^^ required by this bound in `TypeValueGenerator`
[INFO] [stdout] 
[INFO] [stdout] 
[INFO] [stdout] error[E0277]: the trait bound `s2n_quic_core::inet::SocketAddress: bolero::TypeGenerator` is not satisfied
[INFO] [stdout]    --> src/msg/addr.rs:179:30
[INFO] [stdout]     |
[INFO] [stdout] 179 |         check!().with_type().cloned().for_each(|(addr, port)| {
[INFO] [stdout]     |                              ^^^^^^ the trait `bolero::TypeGenerator` is not implemented for `s2n_quic_core::inet::SocketAddress`, which is required by `TypeValueGenerator<_>: ValueGenerator`
[INFO] [stdout]     |
[INFO] [stdout]     = help: the following other types implement trait `bolero::TypeGenerator`:
[INFO] [stdout]               ()
[INFO] [stdout]               (A, B)
[INFO] [stdout]               (A, B, C)
[INFO] [stdout]               (A, B, C, D)
[INFO] [stdout]               (A, B, C, D, E)
[INFO] [stdout]               (A, B, C, D, E, F)
[INFO] [stdout]               (A, B, C, D, E, F, G)
[INFO] [stdout]               (A, B, C, D, E, F, G, H)
[INFO] [stdout]             and 101 others
[INFO] [stdout]     = note: required for `(s2n_quic_core::inet::SocketAddress, _)` to implement `bolero::TypeGenerator`
[INFO] [stdout]     = note: required for `TypeValueGenerator<(s2n_quic_core::inet::SocketAddress, _)>` to implement `ValueGenerator`
[INFO] [stdout] note: required by a bound in `TestTarget::<G, Engine, BorrowedInput>::cloned`
[INFO] [stdout]    --> /opt/rustwide/cargo-home/registry/src/index.crates.io-6f17d22bba15001f/bolero-0.11.1/src/lib.rs:407:8
[INFO] [stdout]     |
[INFO] [stdout] 407 |     G: generator::ValueGenerator,
[INFO] [stdout]     |        ^^^^^^^^^^^^^^^^^^^^^^^^^ required by this bound in `TestTarget::<G, Engine, BorrowedInput>::cloned`
[INFO] [stdout] ...
[INFO] [stdout] 415 |     pub fn cloned(self) -> TestTarget<G, Engine, ClonedInput> {
[INFO] [stdout]     |            ------ required by a bound in this associated function
[INFO] [stdout] 
[INFO] [stdout] 
[INFO] [stdout] error[E0277]: the trait bound `s2n_quic_core::inet::SocketAddress: bolero::TypeGenerator` is not satisfied
[INFO] [stdout]    --> src/msg/addr.rs:179:9
[INFO] [stdout]     |
[INFO] [stdout] 179 |         check!().with_type().cloned().for_each(|(addr, port)| {
[INFO] [stdout]     |         ^^^^^^^^^^^^^^^^^^^^^^^^^^^^^ the trait `bolero::TypeGenerator` is not implemented for `s2n_quic_core::inet::SocketAddress`, which is required by `(_, _): bolero::TypeGenerator`
[INFO] [stdout]     |
[INFO] [stdout]     = help: the following other types implement trait `bolero::TypeGenerator`:
[INFO] [stdout]               ()
[INFO] [stdout]               (A, B)
[INFO] [stdout]               (A, B, C)
[INFO] [stdout]               (A, B, C, D)
[INFO] [stdout]               (A, B, C, D, E)
[INFO] [stdout]               (A, B, C, D, E, F)
[INFO] [stdout]               (A, B, C, D, E, F, G)
[INFO] [stdout]               (A, B, C, D, E, F, G, H)
[INFO] [stdout]             and 101 others
[INFO] [stdout]     = note: required for `(s2n_quic_core::inet::SocketAddress, _)` to implement `bolero::TypeGenerator`
[INFO] [stdout] note: required by a bound in `TypeValueGenerator`
[INFO] [stdout]    --> /opt/rustwide/cargo-home/registry/src/index.crates.io-6f17d22bba15001f/bolero-generator-0.11.1/src/lib.rs:176:34
[INFO] [stdout]     |
[INFO] [stdout] 176 | pub struct TypeValueGenerator<T: TypeGenerator>(PhantomData<T>);
[INFO] [stdout]     |                                  ^^^^^^^^^^^^^ required by this bound in `TypeValueGenerator`
[INFO] [stdout] 
[INFO] [stdout] 
[INFO] [stdout] error[E0277]: the trait bound `s2n_quic_core::inet::SocketAddress: bolero::TypeGenerator` is not satisfied
[INFO] [stdout]    --> src/msg/addr.rs:179:18
[INFO] [stdout]     |
[INFO] [stdout] 179 |         check!().with_type().cloned().for_each(|(addr, port)| {
[INFO] [stdout]     |                  ^^^^^^^^^ the trait `bolero::TypeGenerator` is not implemented for `s2n_quic_core::inet::SocketAddress`, which is required by `(_, _): bolero::TypeGenerator`
[INFO] [stdout]     |
[INFO] [stdout]     = help: the following other types implement trait `bolero::TypeGenerator`:
[INFO] [stdout]               ()
[INFO] [stdout]               (A, B)
[INFO] [stdout]               (A, B, C)
[INFO] [stdout]               (A, B, C, D)
[INFO] [stdout]               (A, B, C, D, E)
[INFO] [stdout]               (A, B, C, D, E, F)
[INFO] [stdout]               (A, B, C, D, E, F, G)
[INFO] [stdout]               (A, B, C, D, E, F, G, H)
[INFO] [stdout]             and 101 others
[INFO] [stdout]     = note: required for `(s2n_quic_core::inet::SocketAddress, _)` to implement `bolero::TypeGenerator`
[INFO] [stdout] note: required by a bound in `TestTarget::<G, Engine, InputOwnership>::with_type`
[INFO] [stdout]    --> /opt/rustwide/cargo-home/registry/src/index.crates.io-6f17d22bba15001f/bolero-0.11.1/src/lib.rs:241:33
[INFO] [stdout]     |
[INFO] [stdout] 241 |     pub fn with_type<T: Debug + generator::TypeGenerator>(
[INFO] [stdout]     |                                 ^^^^^^^^^^^^^^^^^^^^^^^^ required by this bound in `TestTarget::<G, Engine, InputOwnership>::with_type`
[INFO] [stdout] 
[INFO] [stdout] 
[INFO] [stdout] error[E0277]: the trait bound `s2n_quic_core::varint::VarInt: bolero::TypeGenerator` is not satisfied
[INFO] [stdout]   --> src/packet/secret_control/replay_detected.rs:10:25
[INFO] [stdout]    |
[INFO] [stdout] 10 | #[cfg_attr(test, derive(bolero_generator::TypeGenerator))]
[INFO] [stdout]    |                         ^^^^^^^^^^^^^^^^^^^^^^^^^^^^^^^ the trait `bolero::TypeGenerator` is not implemented for `s2n_quic_core::varint::VarInt`, which is required by `TypeValueGenerator<_>: ValueGenerator`
[INFO] [stdout]    |
[INFO] [stdout]    = help: the following other types implement trait `bolero::TypeGenerator`:
[INFO] [stdout]              ()
[INFO] [stdout]              (A, B)
[INFO] [stdout]              (A, B, C)
[INFO] [stdout]              (A, B, C, D)
[INFO] [stdout]              (A, B, C, D, E)
[INFO] [stdout]              (A, B, C, D, E, F)
[INFO] [stdout]              (A, B, C, D, E, F, G)
[INFO] [stdout]              (A, B, C, D, E, F, G, H)
[INFO] [stdout]            and 101 others
[INFO] [stdout]    = note: required for `TypeValueGenerator<s2n_quic_core::varint::VarInt>` to implement `ValueGenerator`
[INFO] [stdout]    = note: this error originates in the derive macro `bolero_generator::TypeGenerator` (in Nightly builds, run with -Z macro-backtrace for more info)
[INFO] [stdout] 
[INFO] [stdout] 
[INFO] [stdout] error[E0277]: the trait bound `s2n_quic_core::varint::VarInt: bolero::TypeGenerator` is not satisfied
[INFO] [stdout]   --> src/packet/secret_control/replay_detected.rs:14:9
[INFO] [stdout]    |
[INFO] [stdout] 14 |     pub rejected_key_id: VarInt,
[INFO] [stdout]    |         ^^^^^^^^^^^^^^^ the trait `bolero::TypeGenerator` is not implemented for `s2n_quic_core::varint::VarInt`, which is required by `TypeValueGenerator<s2n_quic_core::varint::VarInt>: ValueGenerator`
[INFO] [stdout]    |
[INFO] [stdout]    = help: the following other types implement trait `bolero::TypeGenerator`:
[INFO] [stdout]              ()
[INFO] [stdout]              (A, B)
[INFO] [stdout]              (A, B, C)
[INFO] [stdout]              (A, B, C, D)
[INFO] [stdout]              (A, B, C, D, E)
[INFO] [stdout]              (A, B, C, D, E, F)
[INFO] [stdout]              (A, B, C, D, E, F, G)
[INFO] [stdout]              (A, B, C, D, E, F, G, H)
[INFO] [stdout]            and 101 others
[INFO] [stdout]    = note: required for `TypeValueGenerator<s2n_quic_core::varint::VarInt>` to implement `ValueGenerator`
[INFO] [stdout] 
[INFO] [stdout] 
[INFO] [stdout] error[E0277]: the trait bound `s2n_quic_core::varint::VarInt: bolero::TypeGenerator` is not satisfied
[INFO] [stdout]   --> src/packet/secret_control/stale_key.rs:10:25
[INFO] [stdout]    |
[INFO] [stdout] 10 | #[cfg_attr(test, derive(bolero_generator::TypeGenerator))]
[INFO] [stdout]    |                         ^^^^^^^^^^^^^^^^^^^^^^^^^^^^^^^ the trait `bolero::TypeGenerator` is not implemented for `s2n_quic_core::varint::VarInt`, which is required by `TypeValueGenerator<_>: ValueGenerator`
[INFO] [stdout]    |
[INFO] [stdout]    = help: the following other types implement trait `bolero::TypeGenerator`:
[INFO] [stdout]              ()
[INFO] [stdout]              (A, B)
[INFO] [stdout]              (A, B, C)
[INFO] [stdout]              (A, B, C, D)
[INFO] [stdout]              (A, B, C, D, E)
[INFO] [stdout]              (A, B, C, D, E, F)
[INFO] [stdout]              (A, B, C, D, E, F, G)
[INFO] [stdout]              (A, B, C, D, E, F, G, H)
[INFO] [stdout]            and 101 others
[INFO] [stdout]    = note: required for `TypeValueGenerator<s2n_quic_core::varint::VarInt>` to implement `ValueGenerator`
[INFO] [stdout]    = note: this error originates in the derive macro `bolero_generator::TypeGenerator` (in Nightly builds, run with -Z macro-backtrace for more info)
[INFO] [stdout] 
[INFO] [stdout] 
[INFO] [stdout] error[E0277]: the trait bound `s2n_quic_core::varint::VarInt: bolero::TypeGenerator` is not satisfied
[INFO] [stdout]   --> src/packet/secret_control/stale_key.rs:14:9
[INFO] [stdout]    |
[INFO] [stdout] 14 |     pub min_key_id: VarInt,
[INFO] [stdout]    |         ^^^^^^^^^^ the trait `bolero::TypeGenerator` is not implemented for `s2n_quic_core::varint::VarInt`, which is required by `TypeValueGenerator<s2n_quic_core::varint::VarInt>: ValueGenerator`
[INFO] [stdout]    |
[INFO] [stdout]    = help: the following other types implement trait `bolero::TypeGenerator`:
[INFO] [stdout]              ()
[INFO] [stdout]              (A, B)
[INFO] [stdout]              (A, B, C)
[INFO] [stdout]              (A, B, C, D)
[INFO] [stdout]              (A, B, C, D, E)
[INFO] [stdout]              (A, B, C, D, E, F)
[INFO] [stdout]              (A, B, C, D, E, F, G)
[INFO] [stdout]              (A, B, C, D, E, F, G, H)
[INFO] [stdout]            and 101 others
[INFO] [stdout]    = note: required for `TypeValueGenerator<s2n_quic_core::varint::VarInt>` to implement `ValueGenerator`
[INFO] [stdout] 
[INFO] [stdout] 
[INFO] [stdout] error[E0277]: the trait bound `s2n_quic_core::varint::VarInt: BoundedValue` is not satisfied
[INFO] [stdout]   --> src/packet/stream/id.rs:14:58
[INFO] [stdout]    |
[INFO] [stdout] 11 |     derive(bolero_generator::TypeGenerator)
[INFO] [stdout]    |            ------------------------------- required by a bound introduced by this call
[INFO] [stdout] ...
[INFO] [stdout] 14 |     #[cfg_attr(any(feature = "testing", test), generator(Self::GENERATOR))]
[INFO] [stdout]    |                                                          ^^^^^^^^^^^^^^^ the trait `BoundedValue` is not implemented for `s2n_quic_core::varint::VarInt`, which is required by `std::ops::Range<s2n_quic_core::varint::VarInt>: ValueGenerator`
[INFO] [stdout]    |
[INFO] [stdout]    = help: the following other types implement trait `BoundedValue<B>`:
[INFO] [stdout]              `AtomicI16` implements `BoundedValue<i16>`
[INFO] [stdout]              `AtomicI16` implements `BoundedValue`
[INFO] [stdout]              `AtomicI32` implements `BoundedValue<i32>`
[INFO] [stdout]              `AtomicI32` implements `BoundedValue`
[INFO] [stdout]              `AtomicI64` implements `BoundedValue<i64>`
[INFO] [stdout]              `AtomicI64` implements `BoundedValue`
[INFO] [stdout]              `AtomicI8` implements `BoundedValue<i8>`
[INFO] [stdout]              `AtomicI8` implements `BoundedValue`
[INFO] [stdout]            and 52 others
[INFO] [stdout]    = note: required for `std::ops::Range<s2n_quic_core::varint::VarInt>` to implement `ValueGenerator`
[INFO] [stdout] 
[INFO] [stdout] 
[INFO] [stdout] error[E0277]: the trait bound `s2n_quic_core::varint::VarInt: BoundedValue` is not satisfied
[INFO] [stdout]   --> src/packet/stream/id.rs:11:12
[INFO] [stdout]    |
[INFO] [stdout] 11 |     derive(bolero_generator::TypeGenerator)
[INFO] [stdout]    |            ^^^^^^^^^^^^^^^^^^^^^^^^^^^^^^^ the trait `BoundedValue` is not implemented for `s2n_quic_core::varint::VarInt`, which is required by `std::ops::Range<s2n_quic_core::varint::VarInt>: ValueGenerator`
[INFO] [stdout]    |
[INFO] [stdout]    = help: the following other types implement trait `BoundedValue<B>`:
[INFO] [stdout]              `AtomicI16` implements `BoundedValue<i16>`
[INFO] [stdout]              `AtomicI16` implements `BoundedValue`
[INFO] [stdout]              `AtomicI32` implements `BoundedValue<i32>`
[INFO] [stdout]              `AtomicI32` implements `BoundedValue`
[INFO] [stdout]              `AtomicI64` implements `BoundedValue<i64>`
[INFO] [stdout]              `AtomicI64` implements `BoundedValue`
[INFO] [stdout]              `AtomicI8` implements `BoundedValue<i8>`
[INFO] [stdout]              `AtomicI8` implements `BoundedValue`
[INFO] [stdout]            and 52 others
[INFO] [stdout]    = note: required for `std::ops::Range<s2n_quic_core::varint::VarInt>` to implement `ValueGenerator`
[INFO] [stdout]    = note: this error originates in the derive macro `bolero_generator::TypeGenerator` (in Nightly builds, run with -Z macro-backtrace for more info)
[INFO] [stdout] 
[INFO] [stdout] 
[INFO] [stdout] error[E0277]: the trait bound `s2n_quic_core::varint::VarInt: bolero::TypeGenerator` is not satisfied
[INFO] [stdout]    --> src/path/secret/receiver/tests.rs:11:26
[INFO] [stdout]     |
[INFO] [stdout] 11  |     check!().with_type::<Vec<KeyId>>().for_each(|ops| {
[INFO] [stdout]     |     -------- ---------   ^^^^^^^^^^ the trait `bolero::TypeGenerator` is not implemented for `s2n_quic_core::varint::VarInt`, which is required by `Vec<s2n_quic_core::varint::VarInt>: bolero::TypeGenerator`
[INFO] [stdout]     |     |        |
[INFO] [stdout]     |     |        required by a bound introduced by this call
[INFO] [stdout]     |     this tail expression is of type `TestTarget<ByteSliceGenerator, DefaultEngine, BorrowedInput>`
[INFO] [stdout]     |
[INFO] [stdout]     = help: the following other types implement trait `bolero::TypeGenerator`:
[INFO] [stdout]               ()
[INFO] [stdout]               (A, B)
[INFO] [stdout]               (A, B, C)
[INFO] [stdout]               (A, B, C, D)
[INFO] [stdout]               (A, B, C, D, E)
[INFO] [stdout]               (A, B, C, D, E, F)
[INFO] [stdout]               (A, B, C, D, E, F, G)
[INFO] [stdout]               (A, B, C, D, E, F, G, H)
[INFO] [stdout]             and 101 others
[INFO] [stdout]     = note: required for `Vec<s2n_quic_core::varint::VarInt>` to implement `bolero::TypeGenerator`
[INFO] [stdout] note: required by a bound in `TestTarget::<G, Engine, InputOwnership>::with_type`
[INFO] [stdout]    --> /opt/rustwide/cargo-home/registry/src/index.crates.io-6f17d22bba15001f/bolero-0.11.1/src/lib.rs:241:33
[INFO] [stdout]     |
[INFO] [stdout] 241 |     pub fn with_type<T: Debug + generator::TypeGenerator>(
[INFO] [stdout]     |                                 ^^^^^^^^^^^^^^^^^^^^^^^^ required by this bound in `TestTarget::<G, Engine, InputOwnership>::with_type`
[INFO] [stdout] 
[INFO] [stdout] 
[INFO] [stdout] error[E0599]: the method `for_each` exists for struct `TestTarget<TypeValueGenerator<Vec<VarInt>>, DefaultEngine, BorrowedInput>`, but its trait bounds were not satisfied
[INFO] [stdout]    --> src/path/secret/receiver/tests.rs:11:40
[INFO] [stdout]     |
[INFO] [stdout] 11  |     check!().with_type::<Vec<KeyId>>().for_each(|ops| {
[INFO] [stdout]     |     -----------------------------------^^^^^^^^ method cannot be called due to unsatisfied trait bounds
[INFO] [stdout]     |
[INFO] [stdout]    ::: /opt/rustwide/cargo-home/registry/src/index.crates.io-6f17d22bba15001f/s2n-quic-core-0.47.0/src/varint/mod.rs:44:1
[INFO] [stdout]     |
[INFO] [stdout] 44  | pub struct VarInt(#[cfg_attr(any(feature = "generator", test), generator(Self::GENERATOR))] u64);
[INFO] [stdout]     | ----------------- doesn't satisfy `_: TypeGenerator`
[INFO] [stdout]     |
[INFO] [stdout]    ::: /opt/rustwide/cargo-home/registry/src/index.crates.io-6f17d22bba15001f/bolero-0.11.1/src/lib.rs:171:1
[INFO] [stdout]     |
[INFO] [stdout] 171 | pub struct TestTarget<Generator, Engine, InputOwnership> {
[INFO] [stdout]     | -------------------------------------------------------- doesn't satisfy `_: Iterator`
[INFO] [stdout]     |
[INFO] [stdout]    ::: /opt/rustwide/cargo-home/registry/src/index.crates.io-6f17d22bba15001f/bolero-engine-0.11.2/src/test.rs:171:1
[INFO] [stdout]     |
[INFO] [stdout] 171 | pub struct BorrowedGeneratorTest<F, G, V> {
[INFO] [stdout]     | ----------------------------------------- doesn't satisfy `_: Test`
[INFO] [stdout]     |
[INFO] [stdout]     = note: the following trait bounds were not satisfied:
[INFO] [stdout]             `BorrowedGeneratorTest<_, TypeValueGenerator<Vec<s2n_quic_core::varint::VarInt>>, Vec<s2n_quic_core::varint::VarInt>>: Test`
[INFO] [stdout]             `s2n_quic_core::varint::VarInt: bolero::TypeGenerator`
[INFO] [stdout]             which is required by `Vec<s2n_quic_core::varint::VarInt>: bolero::TypeGenerator`
[INFO] [stdout]             `TestTarget<TypeValueGenerator<Vec<s2n_quic_core::varint::VarInt>>, DefaultEngine, BorrowedInput>: Iterator`
[INFO] [stdout]             which is required by `&mut TestTarget<TypeValueGenerator<Vec<s2n_quic_core::varint::VarInt>>, DefaultEngine, BorrowedInput>: Iterator`
[INFO] [stdout] 
[INFO] [stdout] 
[INFO] [stdout] error[E0277]: the trait bound `s2n_quic_core::varint::VarInt: bolero::TypeGenerator` is not satisfied
[INFO] [stdout]    --> src/path/secret/receiver/tests.rs:32:26
[INFO] [stdout]     |
[INFO] [stdout] 32  |     check!().with_type::<Vec<KeyId>>().for_each(|ops| {
[INFO] [stdout]     |     -------- ---------   ^^^^^^^^^^ the trait `bolero::TypeGenerator` is not implemented for `s2n_quic_core::varint::VarInt`, which is required by `Vec<s2n_quic_core::varint::VarInt>: bolero::TypeGenerator`
[INFO] [stdout]     |     |        |
[INFO] [stdout]     |     |        required by a bound introduced by this call
[INFO] [stdout]     |     this tail expression is of type `TestTarget<ByteSliceGenerator, DefaultEngine, BorrowedInput>`
[INFO] [stdout]     |
[INFO] [stdout]     = help: the following other types implement trait `bolero::TypeGenerator`:
[INFO] [stdout]               ()
[INFO] [stdout]               (A, B)
[INFO] [stdout]               (A, B, C)
[INFO] [stdout]               (A, B, C, D)
[INFO] [stdout]               (A, B, C, D, E)
[INFO] [stdout]               (A, B, C, D, E, F)
[INFO] [stdout]               (A, B, C, D, E, F, G)
[INFO] [stdout]               (A, B, C, D, E, F, G, H)
[INFO] [stdout]             and 101 others
[INFO] [stdout]     = note: required for `Vec<s2n_quic_core::varint::VarInt>` to implement `bolero::TypeGenerator`
[INFO] [stdout] note: required by a bound in `TestTarget::<G, Engine, InputOwnership>::with_type`
[INFO] [stdout]    --> /opt/rustwide/cargo-home/registry/src/index.crates.io-6f17d22bba15001f/bolero-0.11.1/src/lib.rs:241:33
[INFO] [stdout]     |
[INFO] [stdout] 241 |     pub fn with_type<T: Debug + generator::TypeGenerator>(
[INFO] [stdout]     |                                 ^^^^^^^^^^^^^^^^^^^^^^^^ required by this bound in `TestTarget::<G, Engine, InputOwnership>::with_type`
[INFO] [stdout] 
[INFO] [stdout] 
[INFO] [stdout] error[E0599]: the method `for_each` exists for struct `TestTarget<TypeValueGenerator<Vec<VarInt>>, DefaultEngine, BorrowedInput>`, but its trait bounds were not satisfied
[INFO] [stdout]    --> src/path/secret/receiver/tests.rs:32:40
[INFO] [stdout]     |
[INFO] [stdout] 32  |     check!().with_type::<Vec<KeyId>>().for_each(|ops| {
[INFO] [stdout]     |     -----------------------------------^^^^^^^^ method cannot be called due to unsatisfied trait bounds
[INFO] [stdout]     |
[INFO] [stdout]    ::: /opt/rustwide/cargo-home/registry/src/index.crates.io-6f17d22bba15001f/s2n-quic-core-0.47.0/src/varint/mod.rs:44:1
[INFO] [stdout]     |
[INFO] [stdout] 44  | pub struct VarInt(#[cfg_attr(any(feature = "generator", test), generator(Self::GENERATOR))] u64);
[INFO] [stdout]     | ----------------- doesn't satisfy `_: TypeGenerator`
[INFO] [stdout]     |
[INFO] [stdout]    ::: /opt/rustwide/cargo-home/registry/src/index.crates.io-6f17d22bba15001f/bolero-0.11.1/src/lib.rs:171:1
[INFO] [stdout]     |
[INFO] [stdout] 171 | pub struct TestTarget<Generator, Engine, InputOwnership> {
[INFO] [stdout]     | -------------------------------------------------------- doesn't satisfy `_: Iterator`
[INFO] [stdout]     |
[INFO] [stdout]    ::: /opt/rustwide/cargo-home/registry/src/index.crates.io-6f17d22bba15001f/bolero-engine-0.11.2/src/test.rs:171:1
[INFO] [stdout]     |
[INFO] [stdout] 171 | pub struct BorrowedGeneratorTest<F, G, V> {
[INFO] [stdout]     | ----------------------------------------- doesn't satisfy `_: Test`
[INFO] [stdout]     |
[INFO] [stdout]     = note: the following trait bounds were not satisfied:
[INFO] [stdout]             `BorrowedGeneratorTest<_, TypeValueGenerator<Vec<s2n_quic_core::varint::VarInt>>, Vec<s2n_quic_core::varint::VarInt>>: Test`
[INFO] [stdout]             `s2n_quic_core::varint::VarInt: bolero::TypeGenerator`
[INFO] [stdout]             which is required by `Vec<s2n_quic_core::varint::VarInt>: bolero::TypeGenerator`
[INFO] [stdout]             `TestTarget<TypeValueGenerator<Vec<s2n_quic_core::varint::VarInt>>, DefaultEngine, BorrowedInput>: Iterator`
[INFO] [stdout]             which is required by `&mut TestTarget<TypeValueGenerator<Vec<s2n_quic_core::varint::VarInt>>, DefaultEngine, BorrowedInput>: Iterator`
[INFO] [stdout] 
[INFO] [stdout] 
[INFO] [stdout] error[E0277]: the trait bound `s2n_quic_core::varint::VarInt: bolero::TypeGenerator` is not satisfied
[INFO] [stdout]    --> src/path/secret/schedule.rs:466:34
[INFO] [stdout]     |
[INFO] [stdout] 466 |     #[derive(Clone, Copy, Debug, TypeGenerator)]
[INFO] [stdout]     |                                  ^^^^^^^^^^^^^ the trait `bolero::TypeGenerator` is not implemented for `s2n_quic_core::varint::VarInt`, which is required by `TypeValueGenerator<_>: ValueGenerator`
[INFO] [stdout]     |
[INFO] [stdout]     = help: the following other types implement trait `bolero::TypeGenerator`:
[INFO] [stdout]               ()
[INFO] [stdout]               (A, B)
[INFO] [stdout]               (A, B, C)
[INFO] [stdout]               (A, B, C, D)
[INFO] [stdout]               (A, B, C, D, E)
[INFO] [stdout]               (A, B, C, D, E, F)
[INFO] [stdout]               (A, B, C, D, E, F, G)
[INFO] [stdout]               (A, B, C, D, E, F, G, H)
[INFO] [stdout]             and 102 others
[INFO] [stdout]     = note: required for `TypeValueGenerator<s2n_quic_core::varint::VarInt>` to implement `ValueGenerator`
[INFO] [stdout]     = note: this error originates in the derive macro `TypeGenerator` (in Nightly builds, run with -Z macro-backtrace for more info)
[INFO] [stdout] 
[INFO] [stdout] 
[INFO] [stdout] error[E0277]: the trait bound `s2n_quic_core::varint::VarInt: bolero::TypeGenerator` is not satisfied
[INFO] [stdout]    --> src/path/secret/schedule.rs:469:9
[INFO] [stdout]     |
[INFO] [stdout] 469 |         key_id: VarInt,
[INFO] [stdout]     |         ^^^^^^ the trait `bolero::TypeGenerator` is not implemented for `s2n_quic_core::varint::VarInt`, which is required by `TypeValueGenerator<s2n_quic_core::varint::VarInt>: ValueGenerator`
[INFO] [stdout]     |
[INFO] [stdout]     = help: the following other types implement trait `bolero::TypeGenerator`:
[INFO] [stdout]               ()
[INFO] [stdout]               (A, B)
[INFO] [stdout]               (A, B, C)
[INFO] [stdout]               (A, B, C, D)
[INFO] [stdout]               (A, B, C, D, E)
[INFO] [stdout]               (A, B, C, D, E, F)
[INFO] [stdout]               (A, B, C, D, E, F, G)
[INFO] [stdout]               (A, B, C, D, E, F, G, H)
[INFO] [stdout]             and 102 others
[INFO] [stdout]     = note: required for `TypeValueGenerator<s2n_quic_core::varint::VarInt>` to implement `ValueGenerator`
[INFO] [stdout] 
[INFO] [stdout] 
[INFO] [stdout] error[E0277]: the trait bound `ExplicitCongestionNotification: bolero::TypeGenerator` is not satisfied
[INFO] [stdout]    --> src/stream/send/path.rs:148:14
[INFO] [stdout]     |
[INFO] [stdout] 148 |             .for_each(|(ecn, send_quantum, max_datagram_size)| {
[INFO] [stdout]     |              ^^^^^^^^ the trait `bolero::TypeGenerator` is not implemented for `ExplicitCongestionNotification`, which is required by `TypeValueGenerator<_>: ValueGenerator`
[INFO] [stdout]     |
[INFO] [stdout]     = help: the following other types implement trait `bolero::TypeGenerator`:
[INFO] [stdout]               ()
[INFO] [stdout]               (A, B)
[INFO] [stdout]               (A, B, C)
[INFO] [stdout]               (A, B, C, D)
[INFO] [stdout]               (A, B, C, D, E)
[INFO] [stdout]               (A, B, C, D, E, F)
[INFO] [stdout]               (A, B, C, D, E, F, G)
[INFO] [stdout]               (A, B, C, D, E, F, G, H)
[INFO] [stdout]             and 101 others
[INFO] [stdout]     = note: required for `(ExplicitCongestionNotification, _, _)` to implement `bolero::TypeGenerator`
[INFO] [stdout]     = note: required for `TypeValueGenerator<(ExplicitCongestionNotification, _, _)>` to implement `ValueGenerator`
[INFO] [stdout] 
[INFO] [stdout] 
[INFO] [stdout] error[E0277]: the trait bound `ExplicitCongestionNotification: bolero::TypeGenerator` is not satisfied
[INFO] [stdout]    --> src/stream/send/path.rs:145:9
[INFO] [stdout]     |
[INFO] [stdout] 145 | /         check!()
[INFO] [stdout] 146 | |             .with_type()
[INFO] [stdout] 147 | |             .cloned()
[INFO] [stdout] 148 | |             .for_each(|(ecn, send_quantum, max_datagram_size)| {
[INFO] [stdout] ...   |
[INFO] [stdout] 152 | |                 assert_eq!((ecn, send_quantum, max_datagram_size), actual);
[INFO] [stdout] 153 | |             })
[INFO] [stdout]     | |______________^ the trait `bolero::TypeGenerator` is not implemented for `ExplicitCongestionNotification`, which is required by `(_, _, _): bolero::TypeGenerator`
[INFO] [stdout]     |
[INFO] [stdout]     = help: the following other types implement trait `bolero::TypeGenerator`:
[INFO] [stdout]               ()
[INFO] [stdout]               (A, B)
[INFO] [stdout]               (A, B, C)
[INFO] [stdout]               (A, B, C, D)
[INFO] [stdout]               (A, B, C, D, E)
[INFO] [stdout]               (A, B, C, D, E, F)
[INFO] [stdout]               (A, B, C, D, E, F, G)
[INFO] [stdout]               (A, B, C, D, E, F, G, H)
[INFO] [stdout]             and 101 others
[INFO] [stdout]     = note: required for `(ExplicitCongestionNotification, _, _)` to implement `bolero::TypeGenerator`
[INFO] [stdout] note: required by a bound in `TypeValueGenerator`
[INFO] [stdout]    --> /opt/rustwide/cargo-home/registry/src/index.crates.io-6f17d22bba15001f/bolero-generator-0.11.1/src/lib.rs:176:34
[INFO] [stdout]     |
[INFO] [stdout] 176 | pub struct TypeValueGenerator<T: TypeGenerator>(PhantomData<T>);
[INFO] [stdout]     |                                  ^^^^^^^^^^^^^ required by this bound in `TypeValueGenerator`
[INFO] [stdout] 
[INFO] [stdout] 
[INFO] [stdout] error[E0277]: the trait bound `ExplicitCongestionNotification: bolero::TypeGenerator` is not satisfied
[INFO] [stdout]    --> src/stream/send/path.rs:147:14
[INFO] [stdout]     |
[INFO] [stdout] 147 |             .cloned()
[INFO] [stdout]     |              ^^^^^^ the trait `bolero::TypeGenerator` is not implemented for `ExplicitCongestionNotification`, which is required by `TypeValueGenerator<_>: ValueGenerator`
[INFO] [stdout]     |
[INFO] [stdout]     = help: the following other types implement trait `bolero::TypeGenerator`:
[INFO] [stdout]               ()
[INFO] [stdout]               (A, B)
[INFO] [stdout]               (A, B, C)
[INFO] [stdout]               (A, B, C, D)
[INFO] [stdout]               (A, B, C, D, E)
[INFO] [stdout]               (A, B, C, D, E, F)
[INFO] [stdout]               (A, B, C, D, E, F, G)
[INFO] [stdout]               (A, B, C, D, E, F, G, H)
[INFO] [stdout]             and 101 others
[INFO] [stdout]     = note: required for `(ExplicitCongestionNotification, _, _)` to implement `bolero::TypeGenerator`
[INFO] [stdout]     = note: required for `TypeValueGenerator<(ExplicitCongestionNotification, _, _)>` to implement `ValueGenerator`
[INFO] [stdout] note: required by a bound in `TestTarget::<G, Engine, BorrowedInput>::cloned`
[INFO] [stdout]    --> /opt/rustwide/cargo-home/registry/src/index.crates.io-6f17d22bba15001f/bolero-0.11.1/src/lib.rs:407:8
[INFO] [stdout]     |
[INFO] [stdout] 407 |     G: generator::ValueGenerator,
[INFO] [stdout]     |        ^^^^^^^^^^^^^^^^^^^^^^^^^ required by this bound in `TestTarget::<G, Engine, BorrowedInput>::cloned`
[INFO] [stdout] ...
[INFO] [stdout] 415 |     pub fn cloned(self) -> TestTarget<G, Engine, ClonedInput> {
[INFO] [stdout]     |            ------ required by a bound in this associated function
[INFO] [stdout] 
[INFO] [stdout] 
[INFO] [stdout] error[E0277]: the trait bound `ExplicitCongestionNotification: bolero::TypeGenerator` is not satisfied
[INFO] [stdout]    --> src/stream/send/path.rs:145:9
[INFO] [stdout]     |
[INFO] [stdout] 145 | /         check!()
[INFO] [stdout] 146 | |             .with_type()
[INFO] [stdout] 147 | |             .cloned()
[INFO] [stdout]     | |_____________________^ the trait `bolero::TypeGenerator` is not implemented for `ExplicitCongestionNotification`, which is required by `(_, _, _): bolero::TypeGenerator`
[INFO] [stdout]     |
[INFO] [stdout]     = help: the following other types implement trait `bolero::TypeGenerator`:
[INFO] [stdout]               ()
[INFO] [stdout]               (A, B)
[INFO] [stdout]               (A, B, C)
[INFO] [stdout]               (A, B, C, D)
[INFO] [stdout]               (A, B, C, D, E)
[INFO] [stdout]               (A, B, C, D, E, F)
[INFO] [stdout]               (A, B, C, D, E, F, G)
[INFO] [stdout]               (A, B, C, D, E, F, G, H)
[INFO] [stdout]             and 101 others
[INFO] [stdout]     = note: required for `(ExplicitCongestionNotification, _, _)` to implement `bolero::TypeGenerator`
[INFO] [stdout] note: required by a bound in `TypeValueGenerator`
[INFO] [stdout]    --> /opt/rustwide/cargo-home/registry/src/index.crates.io-6f17d22bba15001f/bolero-generator-0.11.1/src/lib.rs:176:34
[INFO] [stdout]     |
[INFO] [stdout] 176 | pub struct TypeValueGenerator<T: TypeGenerator>(PhantomData<T>);
[INFO] [stdout]     |                                  ^^^^^^^^^^^^^ required by this bound in `TypeValueGenerator`
[INFO] [stdout] 
[INFO] [stdout] 
[INFO] [stdout] error[E0277]: the trait bound `ExplicitCongestionNotification: bolero::TypeGenerator` is not satisfied
[INFO] [stdout]    --> src/stream/send/path.rs:146:14
[INFO] [stdout]     |
[INFO] [stdout] 146 |             .with_type()
[INFO] [stdout]     |              ^^^^^^^^^ the trait `bolero::TypeGenerator` is not implemented for `ExplicitCongestionNotification`, which is required by `(_, _, _): bolero::TypeGenerator`
[INFO] [stdout]     |
[INFO] [stdout]     = help: the following other types implement trait `bolero::TypeGenerator`:
[INFO] [stdout]               ()
[INFO] [stdout]               (A, B)
[INFO] [stdout]               (A, B, C)
[INFO] [stdout]               (A, B, C, D)
[INFO] [stdout]               (A, B, C, D, E)
[INFO] [stdout]               (A, B, C, D, E, F)
[INFO] [stdout]               (A, B, C, D, E, F, G)
[INFO] [stdout]               (A, B, C, D, E, F, G, H)
[INFO] [stdout]             and 101 others
[INFO] [stdout]     = note: required for `(ExplicitCongestionNotification, _, _)` to implement `bolero::TypeGenerator`
[INFO] [stdout] note: required by a bound in `TestTarget::<G, Engine, InputOwnership>::with_type`
[INFO] [stdout]    --> /opt/rustwide/cargo-home/registry/src/index.crates.io-6f17d22bba15001f/bolero-0.11.1/src/lib.rs:241:33
[INFO] [stdout]     |
[INFO] [stdout] 241 |     pub fn with_type<T: Debug + generator::TypeGenerator>(
[INFO] [stdout]     |                                 ^^^^^^^^^^^^^^^^^^^^^^^^ required by this bound in `TestTarget::<G, Engine, InputOwnership>::with_type`
[INFO] [stdout] 
[INFO] [stdout] 
[INFO] [stdout] Some errors have detailed explanations: E0277, E0432, E0433, E0599.
[INFO] [stdout] 
[INFO] [stdout] For more information about an error, try `rustc --explain E0277`.
[INFO] [stdout] 
[INFO] [stderr] error: could not compile `s2n-quic-dc` (lib test) due to 33 previous errors; 11 warnings emitted
[INFO] running `Command { std: "docker" "inspect" "4f70436dbbc7f4c1f8a5587266d386976fd17c5a0bce120fa6da3a36e43b15ab", kill_on_drop: false }`
[INFO] running `Command { std: "docker" "rm" "-f" "4f70436dbbc7f4c1f8a5587266d386976fd17c5a0bce120fa6da3a36e43b15ab", kill_on_drop: false }`
[INFO] [stdout] 4f70436dbbc7f4c1f8a5587266d386976fd17c5a0bce120fa6da3a36e43b15ab
