[INFO] fetching crate s2n-quic-crypto 0.48.0...
[INFO] testing s2n-quic-crypto-0.48.0 against nightly-2024-10-28 for randomize-layout
[INFO] extracting crate s2n-quic-crypto 0.48.0 into /workspace/builds/worker-6-tc1/source
[INFO] validating manifest of crates.io crate s2n-quic-crypto 0.48.0 on toolchain nightly-2024-10-28
[INFO] running `Command { std: CARGO_HOME="/workspace/cargo-home" RUSTUP_HOME="/workspace/rustup-home" "/workspace/cargo-home/bin/cargo" "+nightly-2024-10-28" "metadata" "--manifest-path" "Cargo.toml" "--no-deps", kill_on_drop: false }`
[INFO] started tweaking crates.io crate s2n-quic-crypto 0.48.0
[INFO] finished tweaking crates.io crate s2n-quic-crypto 0.48.0
[INFO] tweaked toml for crates.io crate s2n-quic-crypto 0.48.0 written to /workspace/builds/worker-6-tc1/source/Cargo.toml
[INFO] running `Command { std: CARGO_HOME="/workspace/cargo-home" RUSTUP_HOME="/workspace/rustup-home" "/workspace/cargo-home/bin/cargo" "+nightly-2024-10-28" "generate-lockfile" "--manifest-path" "Cargo.toml", kill_on_drop: false }`
[INFO] [stderr]     Updating crates.io index
[INFO] [stderr]      Locking 76 packages to latest compatible versions
[INFO] running `Command { std: CARGO_HOME="/workspace/cargo-home" RUSTUP_HOME="/workspace/rustup-home" "/workspace/cargo-home/bin/cargo" "+nightly-2024-10-28" "fetch" "--manifest-path" "Cargo.toml", kill_on_drop: false }`
[INFO] [stderr]  Downloading crates ...
[INFO] [stderr]   Downloaded s2n-codec v0.48.0
[INFO] [stderr]   Downloaded s2n-quic-core v0.48.0
[INFO] running `Command { std: "docker" "create" "-v" "/var/lib/crater-agent-workspace/builds/worker-6-tc1/target:/opt/rustwide/target:rw,Z" "-v" "/var/lib/crater-agent-workspace/builds/worker-6-tc1/source:/opt/rustwide/workdir:ro,Z" "-v" "/var/lib/crater-agent-workspace/cargo-home:/opt/rustwide/cargo-home:ro,Z" "-v" "/var/lib/crater-agent-workspace/rustup-home:/opt/rustwide/rustup-home:ro,Z" "-e" "SOURCE_DIR=/opt/rustwide/workdir" "-e" "CARGO_TARGET_DIR=/opt/rustwide/target" "-e" "CARGO_HOME=/opt/rustwide/cargo-home" "-e" "RUSTUP_HOME=/opt/rustwide/rustup-home" "-w" "/opt/rustwide/workdir" "-m" "1610612736" "--user" "0:0" "--network" "none" "ghcr.io/rust-lang/crates-build-env/linux@sha256:4a844ea9eb2546a2d2c7022eacef16ef2e8229c7fbb2c7d4d55a9ceca922f72d" "/opt/rustwide/cargo-home/bin/cargo" "+nightly-2024-10-28" "metadata" "--no-deps" "--format-version=1", kill_on_drop: false }`
[INFO] [stdout] 42ce87d0aeb1aa8c908ebb845a2c2fecb86b265c4c6f0f2f3a3f5aa4bea2e669
[INFO] running `Command { std: "docker" "start" "-a" "42ce87d0aeb1aa8c908ebb845a2c2fecb86b265c4c6f0f2f3a3f5aa4bea2e669", kill_on_drop: false }`
[INFO] running `Command { std: "docker" "inspect" "42ce87d0aeb1aa8c908ebb845a2c2fecb86b265c4c6f0f2f3a3f5aa4bea2e669", kill_on_drop: false }`
[INFO] running `Command { std: "docker" "rm" "-f" "42ce87d0aeb1aa8c908ebb845a2c2fecb86b265c4c6f0f2f3a3f5aa4bea2e669", kill_on_drop: false }`
[INFO] [stdout] 42ce87d0aeb1aa8c908ebb845a2c2fecb86b265c4c6f0f2f3a3f5aa4bea2e669
[INFO] running `Command { std: "docker" "create" "-v" "/var/lib/crater-agent-workspace/builds/worker-6-tc1/target:/opt/rustwide/target:rw,Z" "-v" "/var/lib/crater-agent-workspace/builds/worker-6-tc1/source:/opt/rustwide/workdir:ro,Z" "-v" "/var/lib/crater-agent-workspace/cargo-home:/opt/rustwide/cargo-home:ro,Z" "-v" "/var/lib/crater-agent-workspace/rustup-home:/opt/rustwide/rustup-home:ro,Z" "-e" "SOURCE_DIR=/opt/rustwide/workdir" "-e" "CARGO_TARGET_DIR=/opt/rustwide/target" "-e" "CARGO_INCREMENTAL=0" "-e" "RUST_BACKTRACE=full" "-e" "RUSTFLAGS=--cap-lints=forbid" "-e" "RUSTDOCFLAGS=--cap-lints=forbid" "-e" "CARGO_HOME=/opt/rustwide/cargo-home" "-e" "RUSTUP_HOME=/opt/rustwide/rustup-home" "-w" "/opt/rustwide/workdir" "-m" "1610612736" "--user" "0:0" "--network" "none" "ghcr.io/rust-lang/crates-build-env/linux@sha256:4a844ea9eb2546a2d2c7022eacef16ef2e8229c7fbb2c7d4d55a9ceca922f72d" "/opt/rustwide/cargo-home/bin/cargo" "+nightly-2024-10-28" "build" "--frozen" "--message-format=json", kill_on_drop: false }`
[INFO] [stdout] 08eb4ed0abd81b6dd2cd094076389ddea0e71098d2094a49d5a1e96b588d72cf
[INFO] running `Command { std: "docker" "start" "-a" "08eb4ed0abd81b6dd2cd094076389ddea0e71098d2094a49d5a1e96b588d72cf", kill_on_drop: false }`
[INFO] [stderr]    Compiling proc-macro2 v1.0.89
[INFO] [stderr]    Compiling libc v0.2.161
[INFO] [stderr]    Compiling unicode-ident v1.0.13
[INFO] [stderr]    Compiling shlex v1.3.0
[INFO] [stderr]    Compiling autocfg v1.4.0
[INFO] [stderr]    Compiling libm v0.2.11
[INFO] [stderr]    Compiling fs_extra v1.3.0
[INFO] [stderr]    Compiling dunce v1.0.5
[INFO] [stderr]    Compiling paste v1.0.15
[INFO] [stderr]    Compiling byteorder v1.5.0
[INFO] [stderr]    Compiling aws-lc-rs v1.10.0
[INFO] [stderr]    Compiling pin-project-lite v0.2.15
[INFO] [stderr]    Compiling untrusted v0.7.1
[INFO] [stderr]    Compiling cfg-if v1.0.0
[INFO] [stderr]    Compiling mirai-annotations v1.12.0
[INFO] [stderr]    Compiling subtle v2.6.1
[INFO] [stderr]    Compiling hex-literal v0.4.1
[INFO] [stderr]    Compiling lazy_static v1.5.0
[INFO] [stderr]    Compiling num-traits v0.2.19
[INFO] [stderr]    Compiling quote v1.0.37
[INFO] [stderr]    Compiling syn v2.0.86
[INFO] [stderr]    Compiling jobserver v0.1.32
[INFO] [stderr]    Compiling cc v1.1.31
[INFO] [stderr]    Compiling num-integer v0.1.46
[INFO] [stderr]    Compiling num-rational v0.4.2
[INFO] [stderr]    Compiling cmake v0.1.51
[INFO] [stderr]    Compiling aws-lc-sys v0.22.0
[INFO] [stderr]    Compiling zerocopy-derive v0.7.35
[INFO] [stderr]    Compiling zeroize_derive v1.4.2
[INFO] [stderr]    Compiling zeroize v1.8.1
[INFO] [stderr]    Compiling zerocopy v0.7.35
[INFO] [stderr]    Compiling s2n-codec v0.48.0
[INFO] [stderr]    Compiling s2n-quic-core v0.48.0
[INFO] [stderr]    Compiling s2n-quic-crypto v0.48.0 (/opt/rustwide/workdir)
[INFO] [stderr]     Finished `dev` profile [unoptimized + debuginfo] target(s) in 14.05s
[INFO] running `Command { std: "docker" "inspect" "08eb4ed0abd81b6dd2cd094076389ddea0e71098d2094a49d5a1e96b588d72cf", kill_on_drop: false }`
[INFO] running `Command { std: "docker" "rm" "-f" "08eb4ed0abd81b6dd2cd094076389ddea0e71098d2094a49d5a1e96b588d72cf", kill_on_drop: false }`
[INFO] [stdout] 08eb4ed0abd81b6dd2cd094076389ddea0e71098d2094a49d5a1e96b588d72cf
[INFO] running `Command { std: "docker" "create" "-v" "/var/lib/crater-agent-workspace/builds/worker-6-tc1/target:/opt/rustwide/target:rw,Z" "-v" "/var/lib/crater-agent-workspace/builds/worker-6-tc1/source:/opt/rustwide/workdir:ro,Z" "-v" "/var/lib/crater-agent-workspace/cargo-home:/opt/rustwide/cargo-home:ro,Z" "-v" "/var/lib/crater-agent-workspace/rustup-home:/opt/rustwide/rustup-home:ro,Z" "-e" "SOURCE_DIR=/opt/rustwide/workdir" "-e" "CARGO_TARGET_DIR=/opt/rustwide/target" "-e" "CARGO_INCREMENTAL=0" "-e" "RUST_BACKTRACE=full" "-e" "RUSTFLAGS=--cap-lints=forbid" "-e" "RUSTDOCFLAGS=--cap-lints=forbid" "-e" "CARGO_HOME=/opt/rustwide/cargo-home" "-e" "RUSTUP_HOME=/opt/rustwide/rustup-home" "-w" "/opt/rustwide/workdir" "-m" "1610612736" "--user" "0:0" "--network" "none" "ghcr.io/rust-lang/crates-build-env/linux@sha256:4a844ea9eb2546a2d2c7022eacef16ef2e8229c7fbb2c7d4d55a9ceca922f72d" "/opt/rustwide/cargo-home/bin/cargo" "+nightly-2024-10-28" "test" "--frozen" "--no-run" "--message-format=json", kill_on_drop: false }`
[INFO] [stdout] 111fc13ad399f4d679954dffb2c3190316fd82a2488ac3da32b7232bbfbe21d2
[INFO] running `Command { std: "docker" "start" "-a" "111fc13ad399f4d679954dffb2c3190316fd82a2488ac3da32b7232bbfbe21d2", kill_on_drop: false }`
[INFO] [stderr]    Compiling serde v1.0.214
[INFO] [stderr]    Compiling console v0.15.8
[INFO] [stderr]    Compiling linked-hash-map v0.5.6
[INFO] [stderr]    Compiling similar v2.6.0
[INFO] [stderr]    Compiling insta v1.41.1
[INFO] [stderr]    Compiling s2n-quic-crypto v0.48.0 (/opt/rustwide/workdir)
[INFO] [stdout] error[E0433]: failed to resolve: could not find `testing` in `random`
[INFO] [stdout]    --> src/retry.rs:106:30
[INFO] [stdout]     |
[INFO] [stdout] 106 |                 &mut random::testing::Generator(5),
[INFO] [stdout]     |                              ^^^^^^^ could not find `testing` in `random`
[INFO] [stdout]     |
[INFO] [stdout] note: found an item that was configured out
[INFO] [stdout]    --> /opt/rustwide/cargo-home/registry/src/index.crates.io-6f17d22bba15001f/s2n-quic-core-0.48.0/src/random.rs:43:9
[INFO] [stdout]     |
[INFO] [stdout] 43  | pub mod testing {
[INFO] [stdout]     |         ^^^^^^^
[INFO] [stdout] note: the item is gated here
[INFO] [stdout]    --> /opt/rustwide/cargo-home/registry/src/index.crates.io-6f17d22bba15001f/s2n-quic-core-0.48.0/src/random.rs:42:1
[INFO] [stdout]     |
[INFO] [stdout] 42  | #[cfg(any(test, feature = "testing"))]
[INFO] [stdout]     | ^^^^^^^^^^^^^^^^^^^^^^^^^^^^^^^^^^^^^^
[INFO] [stdout] 
[INFO] [stdout] 
[INFO] [stdout] error[E0433]: failed to resolve: could not find `testing` in `random`
[INFO] [stdout]    --> src/retry.rs:156:30
[INFO] [stdout]     |
[INFO] [stdout] 156 |                 &mut random::testing::Generator(5),
[INFO] [stdout]     |                              ^^^^^^^ could not find `testing` in `random`
[INFO] [stdout]     |
[INFO] [stdout] note: found an item that was configured out
[INFO] [stdout]    --> /opt/rustwide/cargo-home/registry/src/index.crates.io-6f17d22bba15001f/s2n-quic-core-0.48.0/src/random.rs:43:9
[INFO] [stdout]     |
[INFO] [stdout] 43  | pub mod testing {
[INFO] [stdout]     |         ^^^^^^^
[INFO] [stdout] note: the item is gated here
[INFO] [stdout]    --> /opt/rustwide/cargo-home/registry/src/index.crates.io-6f17d22bba15001f/s2n-quic-core-0.48.0/src/random.rs:42:1
[INFO] [stdout]     |
[INFO] [stdout] 42  | #[cfg(any(test, feature = "testing"))]
[INFO] [stdout]     | ^^^^^^^^^^^^^^^^^^^^^^^^^^^^^^^^^^^^^^
[INFO] [stdout] 
[INFO] [stdout] 
[INFO] [stdout] error[E0433]: failed to resolve: could not find `testing` in `token`
[INFO] [stdout]   --> src/retry.rs:74:39
[INFO] [stdout]    |
[INFO] [stdout] 74 |         let mut token_format = token::testing::Format::new();
[INFO] [stdout]    |                                       ^^^^^^^ could not find `testing` in `token`
[INFO] [stdout]    |
[INFO] [stdout] note: found an item that was configured out
[INFO] [stdout]   --> /opt/rustwide/cargo-home/registry/src/index.crates.io-6f17d22bba15001f/s2n-quic-core-0.48.0/src/token.rs:70:9
[INFO] [stdout]    |
[INFO] [stdout] 70 | pub mod testing {
[INFO] [stdout]    |         ^^^^^^^
[INFO] [stdout] note: the item is gated here
[INFO] [stdout]   --> /opt/rustwide/cargo-home/registry/src/index.crates.io-6f17d22bba15001f/s2n-quic-core-0.48.0/src/token.rs:69:1
[INFO] [stdout]    |
[INFO] [stdout] 69 | #[cfg(any(test, feature = "testing"))]
[INFO] [stdout]    | ^^^^^^^^^^^^^^^^^^^^^^^^^^^^^^^^^^^^^^
[INFO] [stdout] help: consider importing one of these traits
[INFO] [stdout]    |
[INFO] [stdout] 42 +     use crate::retry::tests::connection::id::Format;
[INFO] [stdout]    |
[INFO] [stdout] 42 +     use crate::retry::tests::token::Format;
[INFO] [stdout]    |
[INFO] [stdout] 42 +     use s2n_quic_core::connection::id::Format;
[INFO] [stdout]    |
[INFO] [stdout] 42 +     use s2n_quic_core::token::Format;
[INFO] [stdout]    |
[INFO] [stdout] help: if you import `Format`, refer to it directly
[INFO] [stdout]    |
[INFO] [stdout] 74 -         let mut token_format = token::testing::Format::new();
[INFO] [stdout] 74 +         let mut token_format = Format::new();
[INFO] [stdout]    |
[INFO] [stdout] 
[INFO] [stdout] 
[INFO] [stdout] error[E0433]: failed to resolve: could not find `testing` in `token`
[INFO] [stdout]    --> src/retry.rs:119:39
[INFO] [stdout]     |
[INFO] [stdout] 119 |         let mut token_format = token::testing::Format::new();
[INFO] [stdout]     |                                       ^^^^^^^ could not find `testing` in `token`
[INFO] [stdout]     |
[INFO] [stdout] note: found an item that was configured out
[INFO] [stdout]    --> /opt/rustwide/cargo-home/registry/src/index.crates.io-6f17d22bba15001f/s2n-quic-core-0.48.0/src/token.rs:70:9
[INFO] [stdout]     |
[INFO] [stdout] 70  | pub mod testing {
[INFO] [stdout]     |         ^^^^^^^
[INFO] [stdout] note: the item is gated here
[INFO] [stdout]    --> /opt/rustwide/cargo-home/registry/src/index.crates.io-6f17d22bba15001f/s2n-quic-core-0.48.0/src/token.rs:69:1
[INFO] [stdout]     |
[INFO] [stdout] 69  | #[cfg(any(test, feature = "testing"))]
[INFO] [stdout]     | ^^^^^^^^^^^^^^^^^^^^^^^^^^^^^^^^^^^^^^
[INFO] [stdout] help: consider importing one of these traits
[INFO] [stdout]     |
[INFO] [stdout] 42  +     use crate::retry::tests::connection::id::Format;
[INFO] [stdout]     |
[INFO] [stdout] 42  +     use crate::retry::tests::token::Format;
[INFO] [stdout]     |
[INFO] [stdout] 42  +     use s2n_quic_core::connection::id::Format;
[INFO] [stdout]     |
[INFO] [stdout] 42  +     use s2n_quic_core::token::Format;
[INFO] [stdout]     |
[INFO] [stdout] help: if you import `Format`, refer to it directly
[INFO] [stdout]     |
[INFO] [stdout] 119 -         let mut token_format = token::testing::Format::new();
[INFO] [stdout] 119 +         let mut token_format = Format::new();
[INFO] [stdout]     |
[INFO] [stdout] 
[INFO] [stdout] 
[INFO] [stdout] For more information about this error, try `rustc --explain E0433`.
[INFO] [stdout] 
[INFO] [stderr] error: could not compile `s2n-quic-crypto` (lib test) due to 4 previous errors
[INFO] running `Command { std: "docker" "inspect" "111fc13ad399f4d679954dffb2c3190316fd82a2488ac3da32b7232bbfbe21d2", kill_on_drop: false }`
[INFO] running `Command { std: "docker" "rm" "-f" "111fc13ad399f4d679954dffb2c3190316fd82a2488ac3da32b7232bbfbe21d2", kill_on_drop: false }`
[INFO] [stdout] 111fc13ad399f4d679954dffb2c3190316fd82a2488ac3da32b7232bbfbe21d2
