[INFO] fetching crate rxqlite-client 0.1.8...
[INFO] testing rxqlite-client-0.1.8 against nightly-2024-10-28 for randomize-layout
[INFO] extracting crate rxqlite-client 0.1.8 into /workspace/builds/worker-4-tc1/source
[INFO] validating manifest of crates.io crate rxqlite-client 0.1.8 on toolchain nightly-2024-10-28
[INFO] running `Command { std: CARGO_HOME="/workspace/cargo-home" RUSTUP_HOME="/workspace/rustup-home" "/workspace/cargo-home/bin/cargo" "+nightly-2024-10-28" "metadata" "--manifest-path" "Cargo.toml" "--no-deps", kill_on_drop: false }`
[INFO] started tweaking crates.io crate rxqlite-client 0.1.8
[INFO] finished tweaking crates.io crate rxqlite-client 0.1.8
[INFO] tweaked toml for crates.io crate rxqlite-client 0.1.8 written to /workspace/builds/worker-4-tc1/source/Cargo.toml
[INFO] crate crates.io crate rxqlite-client 0.1.8 already has a lockfile, it will not be regenerated
[INFO] running `Command { std: CARGO_HOME="/workspace/cargo-home" RUSTUP_HOME="/workspace/rustup-home" "/workspace/cargo-home/bin/cargo" "+nightly-2024-10-28" "fetch" "--manifest-path" "Cargo.toml", kill_on_drop: false }`
[INFO] [stderr]     Updating crates.io index
[INFO] [stderr]  Downloading crates ...
[INFO] [stderr]   Downloaded rxqlite-common v0.1.4
[INFO] [stderr]   Downloaded rxqlite-tests-common v0.1.9
[INFO] [stderr]   Downloaded rxqlite-lite-common v0.1.6
[INFO] [stderr]   Downloaded rxqlite-notification v0.1.1
[INFO] [stderr]   Downloaded aws-lc-rs v1.6.2
[INFO] [stderr]   Downloaded h2 v0.4.3
[INFO] [stderr]   Downloaded rustls v0.23.4
[INFO] [stderr]   Downloaded rustls v0.22.3
[INFO] [stderr]   Downloaded aws-lc-sys v0.13.3
[INFO] running `Command { std: "docker" "create" "-v" "/var/lib/crater-agent-workspace/builds/worker-4-tc1/target:/opt/rustwide/target:rw,Z" "-v" "/var/lib/crater-agent-workspace/builds/worker-4-tc1/source:/opt/rustwide/workdir:ro,Z" "-v" "/var/lib/crater-agent-workspace/cargo-home:/opt/rustwide/cargo-home:ro,Z" "-v" "/var/lib/crater-agent-workspace/rustup-home:/opt/rustwide/rustup-home:ro,Z" "-e" "SOURCE_DIR=/opt/rustwide/workdir" "-e" "CARGO_TARGET_DIR=/opt/rustwide/target" "-e" "CARGO_HOME=/opt/rustwide/cargo-home" "-e" "RUSTUP_HOME=/opt/rustwide/rustup-home" "-w" "/opt/rustwide/workdir" "-m" "1610612736" "--user" "0:0" "--network" "none" "ghcr.io/rust-lang/crates-build-env/linux@sha256:4a844ea9eb2546a2d2c7022eacef16ef2e8229c7fbb2c7d4d55a9ceca922f72d" "/opt/rustwide/cargo-home/bin/cargo" "+nightly-2024-10-28" "metadata" "--no-deps" "--format-version=1", kill_on_drop: false }`
[INFO] [stdout] a2e8b849ae5d9a7bb63ffc64b9bed1d090b84fabc393ac9def11844c24f682ee
[INFO] running `Command { std: "docker" "start" "-a" "a2e8b849ae5d9a7bb63ffc64b9bed1d090b84fabc393ac9def11844c24f682ee", kill_on_drop: false }`
[INFO] running `Command { std: "docker" "inspect" "a2e8b849ae5d9a7bb63ffc64b9bed1d090b84fabc393ac9def11844c24f682ee", kill_on_drop: false }`
[INFO] running `Command { std: "docker" "rm" "-f" "a2e8b849ae5d9a7bb63ffc64b9bed1d090b84fabc393ac9def11844c24f682ee", kill_on_drop: false }`
[INFO] [stdout] a2e8b849ae5d9a7bb63ffc64b9bed1d090b84fabc393ac9def11844c24f682ee
[INFO] running `Command { std: "docker" "create" "-v" "/var/lib/crater-agent-workspace/builds/worker-4-tc1/target:/opt/rustwide/target:rw,Z" "-v" "/var/lib/crater-agent-workspace/builds/worker-4-tc1/source:/opt/rustwide/workdir:ro,Z" "-v" "/var/lib/crater-agent-workspace/cargo-home:/opt/rustwide/cargo-home:ro,Z" "-v" "/var/lib/crater-agent-workspace/rustup-home:/opt/rustwide/rustup-home:ro,Z" "-e" "SOURCE_DIR=/opt/rustwide/workdir" "-e" "CARGO_TARGET_DIR=/opt/rustwide/target" "-e" "CARGO_INCREMENTAL=0" "-e" "RUST_BACKTRACE=full" "-e" "RUSTFLAGS=--cap-lints=forbid" "-e" "RUSTDOCFLAGS=--cap-lints=forbid" "-e" "CARGO_HOME=/opt/rustwide/cargo-home" "-e" "RUSTUP_HOME=/opt/rustwide/rustup-home" "-w" "/opt/rustwide/workdir" "-m" "1610612736" "--user" "0:0" "--network" "none" "ghcr.io/rust-lang/crates-build-env/linux@sha256:4a844ea9eb2546a2d2c7022eacef16ef2e8229c7fbb2c7d4d55a9ceca922f72d" "/opt/rustwide/cargo-home/bin/cargo" "+nightly-2024-10-28" "build" "--frozen" "--message-format=json", kill_on_drop: false }`
[INFO] [stdout] 8261aee91327cfc1c4d08491c0d96b3b476b2b101ff0eeca99eb7e2980b5c20e
[INFO] running `Command { std: "docker" "start" "-a" "8261aee91327cfc1c4d08491c0d96b3b476b2b101ff0eeca99eb7e2980b5c20e", kill_on_drop: false }`
[INFO] [stderr]    Compiling proc-macro2 v1.0.79
[INFO] [stderr]    Compiling unicode-ident v1.0.12
[INFO] [stderr]    Compiling libc v0.2.153
[INFO] [stderr]    Compiling autocfg v1.2.0
[INFO] [stderr]    Compiling cc v1.0.90
[INFO] [stderr]    Compiling bytes v1.6.0
[INFO] [stderr]    Compiling parking_lot_core v0.9.9
[INFO] [stderr]    Compiling fs_extra v1.3.0
[INFO] [stderr]    Compiling dunce v1.0.4
[INFO] [stderr]    Compiling pin-project-lite v0.2.14
[INFO] [stderr]    Compiling scopeguard v1.2.0
[INFO] [stderr]    Compiling log v0.4.21
[INFO] [stderr]    Compiling smallvec v1.13.2
[INFO] [stderr]    Compiling once_cell v1.19.0
[INFO] [stderr]    Compiling lock_api v0.4.11
[INFO] [stderr]    Compiling paste v1.0.14
[INFO] [stderr]    Compiling aws-lc-rs v1.6.2
[INFO] [stderr]    Compiling futures-core v0.3.30
[INFO] [stderr]    Compiling serde v1.0.197
[INFO] [stderr]    Compiling slab v0.4.9
[INFO] [stderr]    Compiling cmake v0.1.50
[INFO] [stderr]    Compiling quote v1.0.35
[INFO] [stderr]    Compiling tracing-core v0.1.32
[INFO] [stderr]    Compiling spin v0.9.8
[INFO] [stderr]    Compiling zeroize v1.7.0
[INFO] [stderr]    Compiling syn v2.0.57
[INFO] [stderr]    Compiling num_cpus v1.16.0
[INFO] [stderr]    Compiling signal-hook-registry v1.4.1
[INFO] [stderr]    Compiling mio v0.8.11
[INFO] [stderr]    Compiling socket2 v0.5.6
[INFO] [stderr]    Compiling parking_lot v0.12.1
[INFO] [stderr]    Compiling aws-lc-sys v0.13.3
[INFO] [stderr]    Compiling ring v0.17.8
[INFO] [stderr]    Compiling getrandom v0.2.12
[INFO] [stderr]    Compiling rustls-pki-types v1.4.1
[INFO] [stderr]    Compiling mirai-annotations v1.12.0
[INFO] [stderr]    Compiling untrusted v0.9.0
[INFO] [stderr]    Compiling futures-task v0.3.30
[INFO] [stderr]    Compiling http v1.1.0
[INFO] [stderr]    Compiling futures-sink v0.3.30
[INFO] [stderr]    Compiling subtle v2.5.0
[INFO] [stderr]    Compiling httparse v1.8.0
[INFO] [stderr]    Compiling rustls v0.22.3
[INFO] [stderr]    Compiling hashbrown v0.14.3
[INFO] [stderr]    Compiling num-traits v0.2.18
[INFO] [stderr]    Compiling tinyvec_macros v0.1.1
[INFO] [stderr]    Compiling tinyvec v1.6.0
[INFO] [stderr]    Compiling futures-channel v0.3.30
[INFO] [stderr]    Compiling syn v1.0.109
[INFO] [stderr]    Compiling indexmap v2.2.6
[INFO] [stderr]    Compiling http-body v1.0.0
[INFO] [stderr]    Compiling rustls v0.23.4
[INFO] [stderr]    Compiling ryu v1.0.17
[INFO] [stderr]    Compiling tower-service v0.3.2
[INFO] [stderr]    Compiling tower-layer v0.3.2
[INFO] [stderr]    Compiling serde_json v1.0.115
[INFO] [stderr]    Compiling form_urlencoded v1.2.1
[INFO] [stderr]    Compiling unicode-normalization v0.1.23
[INFO] [stderr]    Compiling thiserror v1.0.58
[INFO] [stderr]    Compiling anyhow v1.0.81
[INFO] [stderr]    Compiling iana-time-zone v0.1.60
[INFO] [stderr]    Compiling unicode-bidi v0.3.15
[INFO] [stderr]    Compiling convert_case v0.4.0
[INFO] [stderr]    Compiling base64 v0.21.7
[INFO] [stderr]    Compiling idna v0.5.0
[INFO] [stderr]    Compiling rustls-pemfile v1.0.4
[INFO] [stderr]    Compiling http-body-util v0.1.1
[INFO] [stderr]    Compiling webpki-roots v0.26.1
[INFO] [stderr]    Compiling ipnet v2.9.0
[INFO] [stderr]    Compiling url v2.5.0
[INFO] [stderr]    Compiling mime v0.3.17
[INFO] [stderr]    Compiling sync_wrapper v0.1.2
[INFO] [stderr]    Compiling tokio-macros v2.2.0
[INFO] [stderr]    Compiling serde_derive v1.0.197
[INFO] [stderr]    Compiling tracing-attributes v0.1.27
[INFO] [stderr]    Compiling futures-macro v0.3.30
[INFO] [stderr]    Compiling pin-project-internal v1.1.5
[INFO] [stderr]    Compiling thiserror-impl v1.0.58
[INFO] [stderr]    Compiling tokio v1.37.0
[INFO] [stderr]    Compiling futures-util v0.3.30
[INFO] [stderr]    Compiling pin-project v1.1.5
[INFO] [stderr]    Compiling tracing v0.1.40
[INFO] [stderr]    Compiling derive_more v0.99.17
[INFO] [stderr]    Compiling tokio-util v0.7.10
[INFO] [stderr]    Compiling tower v0.4.13
[INFO] [stderr]    Compiling either v1.11.0
[INFO] [stderr]    Compiling h2 v0.4.3
[INFO] [stderr]    Compiling chrono v0.4.37
[INFO] [stderr]    Compiling serde_urlencoded v0.7.1
[INFO] [stderr]    Compiling anyerror v0.1.12
[INFO] [stderr]    Compiling rxqlite-notification v0.1.1
[INFO] [stderr]    Compiling rxqlite-common v0.1.4
[INFO] [stderr]    Compiling hyper v1.2.0
[INFO] [stderr]    Compiling hyper-util v0.1.3
[INFO] [stderr]    Compiling rustls-webpki v0.102.2
[INFO] [stderr]    Compiling tokio-rustls v0.25.0
[INFO] [stderr]    Compiling hyper-rustls v0.26.0
[INFO] [stderr]    Compiling reqwest v0.12.2
[INFO] [stderr]    Compiling tokio-rustls v0.26.0
[INFO] [stderr]    Compiling rxqlite-lite-common v0.1.6
[INFO] [stdout] error[E0432]: unresolved import `futures_util::SinkExt`
[INFO] [stdout]    --> /opt/rustwide/cargo-home/registry/src/index.crates.io-6f17d22bba15001f/rxqlite-lite-common-0.1.6/src/net_stream.rs:10:5
[INFO] [stdout]     |
[INFO] [stdout] 10  | use futures_util::SinkExt;
[INFO] [stdout]     |     ^^^^^^^^^^^^^^^^^^^^^ no `SinkExt` in the root
[INFO] [stdout]     |
[INFO] [stdout] note: found an item that was configured out
[INFO] [stdout]    --> /opt/rustwide/cargo-home/registry/src/index.crates.io-6f17d22bba15001f/futures-util-0.3.30/src/lib.rs:307:29
[INFO] [stdout]     |
[INFO] [stdout] 307 | pub use crate::sink::{Sink, SinkExt};
[INFO] [stdout]     |                             ^^^^^^^
[INFO] [stdout] note: the item is gated behind the `sink` feature
[INFO] [stdout]    --> /opt/rustwide/cargo-home/registry/src/index.crates.io-6f17d22bba15001f/futures-util-0.3.30/src/lib.rs:305:7
[INFO] [stdout]     |
[INFO] [stdout] 305 | #[cfg(feature = "sink")]
[INFO] [stdout]     |       ^^^^^^^^^^^^^^^^
[INFO] [stdout] 
[INFO] [stdout] 
[INFO] [stdout] error[E0599]: no method named `send` found for mutable reference `&mut FramedWrite<tokio::io::WriteHalf<tokio_rustls::client::TlsStream<tokio::net::TcpStream>>, LengthDelimitedCodec>` in the current scope
[INFO] [stdout]    --> /opt/rustwide/cargo-home/registry/src/index.crates.io-6f17d22bba15001f/rxqlite-lite-common-0.1.6/src/net_stream.rs:139:22
[INFO] [stdout]     |
[INFO] [stdout] 138 | /                 framed_write
[INFO] [stdout] 139 | |                     .send(BytesMut::from(message.as_slice()).freeze())
[INFO] [stdout]     | |                     -^^^^ method not found in `&mut FramedWrite<WriteHalf<TlsStream<TcpStream>>, LengthDelimitedCodec>`
[INFO] [stdout]     | |_____________________|
[INFO] [stdout]     |
[INFO] [stdout] 
[INFO] [stdout] 
[INFO] [stdout] error[E0599]: no method named `send` found for mutable reference `&mut FramedWrite<tokio::io::WriteHalf<tokio::net::TcpStream>, LengthDelimitedCodec>` in the current scope
[INFO] [stdout]    --> /opt/rustwide/cargo-home/registry/src/index.crates.io-6f17d22bba15001f/rxqlite-lite-common-0.1.6/src/net_stream.rs:144:22
[INFO] [stdout]     |
[INFO] [stdout] 143 | /                 framed_write
[INFO] [stdout] 144 | |                     .send(BytesMut::from(message.as_slice()).freeze())
[INFO] [stdout]     | |                     -^^^^ method not found in `&mut FramedWrite<WriteHalf<TcpStream>, LengthDelimitedCodec>`
[INFO] [stdout]     | |_____________________|
[INFO] [stdout]     |
[INFO] [stdout] 
[INFO] [stdout] 
[INFO] [stdout] Some errors have detailed explanations: E0432, E0599.
[INFO] [stdout] 
[INFO] [stdout] For more information about an error, try `rustc --explain E0432`.
[INFO] [stdout] 
[INFO] [stderr] error: could not compile `rxqlite-lite-common` (lib) due to 3 previous errors
[INFO] [stderr] warning: build failed, waiting for other jobs to finish...
[INFO] running `Command { std: "docker" "inspect" "8261aee91327cfc1c4d08491c0d96b3b476b2b101ff0eeca99eb7e2980b5c20e", kill_on_drop: false }`
[INFO] running `Command { std: "docker" "rm" "-f" "8261aee91327cfc1c4d08491c0d96b3b476b2b101ff0eeca99eb7e2980b5c20e", kill_on_drop: false }`
[INFO] [stdout] 8261aee91327cfc1c4d08491c0d96b3b476b2b101ff0eeca99eb7e2980b5c20e
