[INFO] fetching crate rvirsh 0.1.2...
[INFO] testing rvirsh-0.1.2 against nightly-2024-10-28 for randomize-layout
[INFO] extracting crate rvirsh 0.1.2 into /workspace/builds/worker-0-tc1/source
[INFO] validating manifest of crates.io crate rvirsh 0.1.2 on toolchain nightly-2024-10-28
[INFO] running `Command { std: CARGO_HOME="/workspace/cargo-home" RUSTUP_HOME="/workspace/rustup-home" "/workspace/cargo-home/bin/cargo" "+nightly-2024-10-28" "metadata" "--manifest-path" "Cargo.toml" "--no-deps", kill_on_drop: false }`
[INFO] started tweaking crates.io crate rvirsh 0.1.2
[INFO] removed 0 missing tests
[INFO] finished tweaking crates.io crate rvirsh 0.1.2
[INFO] tweaked toml for crates.io crate rvirsh 0.1.2 written to /workspace/builds/worker-0-tc1/source/Cargo.toml
[INFO] crate crates.io crate rvirsh 0.1.2 already has a lockfile, it will not be regenerated
[INFO] running `Command { std: CARGO_HOME="/workspace/cargo-home" RUSTUP_HOME="/workspace/rustup-home" "/workspace/cargo-home/bin/cargo" "+nightly-2024-10-28" "fetch" "--manifest-path" "Cargo.toml", kill_on_drop: false }`
[INFO] [stderr]     Updating crates.io index
[INFO] [stderr]  Downloading crates ...
[INFO] [stderr]   Downloaded virt-sys v0.3.0
[INFO] [stderr]   Downloaded virt v0.4.1
[INFO] [stderr]   Downloaded quick-xml v0.24.1
[INFO] running `Command { std: "docker" "create" "-v" "/var/lib/crater-agent-workspace/builds/worker-0-tc1/target:/opt/rustwide/target:rw,Z" "-v" "/var/lib/crater-agent-workspace/builds/worker-0-tc1/source:/opt/rustwide/workdir:ro,Z" "-v" "/var/lib/crater-agent-workspace/cargo-home:/opt/rustwide/cargo-home:ro,Z" "-v" "/var/lib/crater-agent-workspace/rustup-home:/opt/rustwide/rustup-home:ro,Z" "-e" "SOURCE_DIR=/opt/rustwide/workdir" "-e" "CARGO_TARGET_DIR=/opt/rustwide/target" "-e" "CARGO_HOME=/opt/rustwide/cargo-home" "-e" "RUSTUP_HOME=/opt/rustwide/rustup-home" "-w" "/opt/rustwide/workdir" "-m" "1610612736" "--user" "0:0" "--network" "none" "ghcr.io/rust-lang/crates-build-env/linux@sha256:4a844ea9eb2546a2d2c7022eacef16ef2e8229c7fbb2c7d4d55a9ceca922f72d" "/opt/rustwide/cargo-home/bin/cargo" "+nightly-2024-10-28" "metadata" "--no-deps" "--format-version=1", kill_on_drop: false }`
[INFO] [stdout] 228584a9e18a64bae1066c4754803a15bb12056b957554f78188b9e3f7f6151c
[INFO] running `Command { std: "docker" "start" "-a" "228584a9e18a64bae1066c4754803a15bb12056b957554f78188b9e3f7f6151c", kill_on_drop: false }`
[INFO] running `Command { std: "docker" "inspect" "228584a9e18a64bae1066c4754803a15bb12056b957554f78188b9e3f7f6151c", kill_on_drop: false }`
[INFO] running `Command { std: "docker" "rm" "-f" "228584a9e18a64bae1066c4754803a15bb12056b957554f78188b9e3f7f6151c", kill_on_drop: false }`
[INFO] [stdout] 228584a9e18a64bae1066c4754803a15bb12056b957554f78188b9e3f7f6151c
[INFO] running `Command { std: "docker" "create" "-v" "/var/lib/crater-agent-workspace/builds/worker-0-tc1/target:/opt/rustwide/target:rw,Z" "-v" "/var/lib/crater-agent-workspace/builds/worker-0-tc1/source:/opt/rustwide/workdir:ro,Z" "-v" "/var/lib/crater-agent-workspace/cargo-home:/opt/rustwide/cargo-home:ro,Z" "-v" "/var/lib/crater-agent-workspace/rustup-home:/opt/rustwide/rustup-home:ro,Z" "-e" "SOURCE_DIR=/opt/rustwide/workdir" "-e" "CARGO_TARGET_DIR=/opt/rustwide/target" "-e" "CARGO_INCREMENTAL=0" "-e" "RUST_BACKTRACE=full" "-e" "RUSTFLAGS=--cap-lints=forbid" "-e" "RUSTDOCFLAGS=--cap-lints=forbid" "-e" "CARGO_HOME=/opt/rustwide/cargo-home" "-e" "RUSTUP_HOME=/opt/rustwide/rustup-home" "-w" "/opt/rustwide/workdir" "-m" "1610612736" "--user" "0:0" "--network" "none" "ghcr.io/rust-lang/crates-build-env/linux@sha256:4a844ea9eb2546a2d2c7022eacef16ef2e8229c7fbb2c7d4d55a9ceca922f72d" "/opt/rustwide/cargo-home/bin/cargo" "+nightly-2024-10-28" "build" "--frozen" "--message-format=json", kill_on_drop: false }`
[INFO] [stdout] 658d8ee205784fb0837b70b8f7f1106194e24ee050f68063e1642c6187839d6f
[INFO] running `Command { std: "docker" "start" "-a" "658d8ee205784fb0837b70b8f7f1106194e24ee050f68063e1642c6187839d6f", kill_on_drop: false }`
[INFO] [stderr]    Compiling serde v1.0.213
[INFO] [stderr]    Compiling once_cell v1.20.2
[INFO] [stderr]    Compiling crunchy v0.2.2
[INFO] [stderr]    Compiling libc v0.2.161
[INFO] [stderr]    Compiling tiny-keccak v2.0.2
[INFO] [stderr]    Compiling thiserror v1.0.65
[INFO] [stderr]    Compiling ucd-trie v0.1.7
[INFO] [stderr]    Compiling virt-sys v0.3.0
[INFO] [stderr]    Compiling hashbrown v0.13.2
[INFO] [stderr]    Compiling anyhow v1.0.91
[INFO] [stderr]    Compiling minimal-lexical v0.2.1
[INFO] [stderr]    Compiling syn v2.0.82
[INFO] [stderr]    Compiling unicode-segmentation v1.12.0
[INFO] [stderr]    Compiling linked-hash-map v0.5.6
[INFO] [stderr]    Compiling rvirsh v0.1.2 (/opt/rustwide/workdir)
[INFO] [stderr]    Compiling uuid v1.11.0
[INFO] [stderr]    Compiling pathdiff v0.2.2
[INFO] [stderr]    Compiling yaml-rust v0.4.5
[INFO] [stderr]    Compiling regex v1.11.0
[INFO] [stderr]    Compiling termios v0.3.3
[INFO] [stderr]    Compiling quick-xml v0.24.1
[INFO] [stderr]    Compiling nom v7.1.3
[INFO] [stderr]    Compiling convert_case v0.6.0
[INFO] [stderr]    Compiling virt v0.4.1
[INFO] [stderr]    Compiling getrandom v0.2.15
[INFO] [stderr]    Compiling const-random-macro v0.1.16
[INFO] [stderr]    Compiling const-random v0.1.18
[INFO] [stderr]    Compiling dlv-list v0.5.2
[INFO] [stderr]    Compiling ordered-multimap v0.6.0
[INFO] [stderr]    Compiling rust-ini v0.19.0
[INFO] [stderr]    Compiling serde_derive v1.0.213
[INFO] [stderr]    Compiling thiserror-impl v1.0.65
[INFO] [stderr]    Compiling async-trait v0.1.83
[INFO] [stderr]    Compiling pest v2.7.14
[INFO] [stderr]    Compiling pest_meta v2.7.14
[INFO] [stderr]    Compiling pest_generator v2.7.14
[INFO] [stderr]    Compiling pest_derive v2.7.14
[INFO] [stderr]    Compiling serde_spanned v0.6.8
[INFO] [stderr]    Compiling toml_datetime v0.6.8
[INFO] [stderr]    Compiling bitflags v2.6.0
[INFO] [stderr]    Compiling json5 v0.4.1
[INFO] [stderr]    Compiling serde_json v1.0.132
[INFO] [stderr]    Compiling ron v0.8.1
[INFO] [stderr]    Compiling toml_edit v0.22.22
[INFO] [stderr]    Compiling toml v0.8.19
[INFO] [stderr]    Compiling config v0.14.0
[INFO] [stdout] error: linking with `cc` failed: exit status: 1
[INFO] [stdout]   |
[INFO] [stdout]   = note: LC_ALL="C" PATH="/opt/rustwide/rustup-home/toolchains/nightly-2024-10-28-x86_64-unknown-linux-gnu/lib/rustlib/x86_64-unknown-linux-gnu/bin:/opt/rustwide/rustup-home/toolchains/nightly-2024-10-28-x86_64-unknown-linux-gnu/lib/rustlib/x86_64-unknown-linux-gnu/bin/self-contained:/opt/rustwide/cargo-home/bin:/usr/local/sbin:/usr/local/bin:/usr/sbin:/usr/bin:/sbin:/bin" VSLANG="1033" "cc" "-m64" "/tmp/rustcsz6pKL/symbols.o" "/opt/rustwide/target/debug/deps/rv-9f0adc5b6137d369.rv.3e2e332ea90caf6e-cgu.0.rcgu.o" "/opt/rustwide/target/debug/deps/rv-9f0adc5b6137d369.6wsd36g1irp66hg2xuc860gn9.rcgu.o" "-Wl,--as-needed" "-Wl,-Bstatic" "/opt/rustwide/target/debug/deps/libhome-851362b92a3a2561.rlib" "/opt/rustwide/target/debug/deps/librvirsh-38dddbe72bb6fa86.rlib" "/opt/rustwide/target/debug/deps/libquick_xml-7b5408fc5ac58ba0.rlib" "/opt/rustwide/target/debug/deps/libregex-8b8fc40e5216e685.rlib" "/opt/rustwide/target/debug/deps/libregex_automata-9a62ad214a6aa684.rlib" "/opt/rustwide/target/debug/deps/libaho_corasick-417a2760a2457731.rlib" "/opt/rustwide/target/debug/deps/libregex_syntax-eddb13b0f2ea78f9.rlib" "/opt/rustwide/target/debug/deps/libvirt-5042cc78a4e78c93.rlib" "/opt/rustwide/target/debug/deps/libuuid-4dd31087acace212.rlib" "/opt/rustwide/target/debug/deps/libvirt_sys-cd021095e52beaf6.rlib" "/opt/rustwide/target/debug/deps/libtermios-3bf4775ab911aee9.rlib" "/opt/rustwide/target/debug/deps/liblibc-663f09ba3db1840e.rlib" "/opt/rustwide/target/debug/deps/libconfig-7adbe9fe90173a45.rlib" "/opt/rustwide/target/debug/deps/libpathdiff-eaeccc06b87f82c3.rlib" "/opt/rustwide/target/debug/deps/libjson5-d7a1da755477a93d.rlib" "/opt/rustwide/target/debug/deps/libpest-c6b4ce43e2e027e4.rlib" "/opt/rustwide/target/debug/deps/libucd_trie-abe42ba3ff408997.rlib" "/opt/rustwide/target/debug/deps/libthiserror-2ebb79e1ab77f665.rlib" "/opt/rustwide/target/debug/deps/libron-2f1cde6c58afd6b3.rlib" "/opt/rustwide/target/debug/deps/libbitflags-ae252acf40f29e2a.rlib" "/opt/rustwide/target/debug/deps/libbase64-309ef582bd843d33.rlib" "/opt/rustwide/target/debug/deps/libserde_json-8216e5b5ee045472.rlib" "/opt/rustwide/target/debug/deps/libitoa-add5260810035b6e.rlib" "/opt/rustwide/target/debug/deps/libryu-2ae7af5af0bb88e0.rlib" "/opt/rustwide/target/debug/deps/libtoml-d18ed9c7805acbe7.rlib" "/opt/rustwide/target/debug/deps/libtoml_edit-65e6b80b779a0f33.rlib" "/opt/rustwide/target/debug/deps/libserde_spanned-4631eaf849440a40.rlib" "/opt/rustwide/target/debug/deps/libindexmap-dc95a38cbf6415fa.rlib" "/opt/rustwide/target/debug/deps/libequivalent-9e89cbd86631a94f.rlib" "/opt/rustwide/target/debug/deps/libhashbrown-29cea3b674da82b3.rlib" "/opt/rustwide/target/debug/deps/libwinnow-0044679999eee54f.rlib" "/opt/rustwide/target/debug/deps/libtoml_datetime-8d1697d837de1ce7.rlib" "/opt/rustwide/target/debug/deps/libnom-83719d3f443b06b1.rlib" "/opt/rustwide/target/debug/deps/libmemchr-c7ff0286392b94eb.rlib" "/opt/rustwide/target/debug/deps/libini-c5af15f88586629e.rlib" "/opt/rustwide/target/debug/deps/libordered_multimap-8cfcfe9e5c8fcd1e.rlib" "/opt/rustwide/target/debug/deps/libhashbrown-7de67122b4712dcb.rlib" "/opt/rustwide/target/debug/deps/libdlv_list-5d178aa523e88b12.rlib" "/opt/rustwide/target/debug/deps/libcfg_if-57bf25c23e31efdb.rlib" "/opt/rustwide/target/debug/deps/libyaml_rust-6d60ab237de14ae0.rlib" "/opt/rustwide/target/debug/deps/liblinked_hash_map-4155900399b65b23.rlib" "/opt/rustwide/target/debug/deps/liblazy_static-7af2f34f8b124b26.rlib" "/opt/rustwide/target/debug/deps/libconvert_case-0f081d01f05fd7b4.rlib" "/opt/rustwide/target/debug/deps/libunicode_segmentation-706a662b6285a9e1.rlib" "/opt/rustwide/target/debug/deps/libserde-fa4b77466d428c11.rlib" "/opt/rustwide/target/debug/deps/libanyhow-82e418cb20af20d8.rlib" "/opt/rustwide/rustup-home/toolchains/nightly-2024-10-28-x86_64-unknown-linux-gnu/lib/rustlib/x86_64-unknown-linux-gnu/lib/libstd-fb8c387236db3c10.rlib" "/opt/rustwide/rustup-home/toolchains/nightly-2024-10-28-x86_64-unknown-linux-gnu/lib/rustlib/x86_64-unknown-linux-gnu/lib/libpanic_unwind-b251837809b2f64b.rlib" "/opt/rustwide/rustup-home/toolchains/nightly-2024-10-28-x86_64-unknown-linux-gnu/lib/rustlib/x86_64-unknown-linux-gnu/lib/libobject-cbef83eaa4e01f04.rlib" "/opt/rustwide/rustup-home/toolchains/nightly-2024-10-28-x86_64-unknown-linux-gnu/lib/rustlib/x86_64-unknown-linux-gnu/lib/libmemchr-12a772286de2fca7.rlib" "/opt/rustwide/rustup-home/toolchains/nightly-2024-10-28-x86_64-unknown-linux-gnu/lib/rustlib/x86_64-unknown-linux-gnu/lib/libaddr2line-023bbe5ada7abfc3.rlib" "/opt/rustwide/rustup-home/toolchains/nightly-2024-10-28-x86_64-unknown-linux-gnu/lib/rustlib/x86_64-unknown-linux-gnu/lib/libgimli-de2bcdf10ec69c2b.rlib" "/opt/rustwide/rustup-home/toolchains/nightly-2024-10-28-x86_64-unknown-linux-gnu/lib/rustlib/x86_64-unknown-linux-gnu/lib/librustc_demangle-8e1754df350800fd.rlib" "/opt/rustwide/rustup-home/toolchains/nightly-2024-10-28-x86_64-unknown-linux-gnu/lib/rustlib/x86_64-unknown-linux-gnu/lib/libstd_detect-06c2ab7b9c32e037.rlib" "/opt/rustwide/rustup-home/toolchains/nightly-2024-10-28-x86_64-unknown-linux-gnu/lib/rustlib/x86_64-unknown-linux-gnu/lib/libhashbrown-51d2621fc57a281b.rlib" "/opt/rustwide/rustup-home/toolchains/nightly-2024-10-28-x86_64-unknown-linux-gnu/lib/rustlib/x86_64-unknown-linux-gnu/lib/librustc_std_workspace_alloc-54a930408793772f.rlib" "/opt/rustwide/rustup-home/toolchains/nightly-2024-10-28-x86_64-unknown-linux-gnu/lib/rustlib/x86_64-unknown-linux-gnu/lib/libminiz_oxide-0c7d01cba400dcb2.rlib" "/opt/rustwide/rustup-home/toolchains/nightly-2024-10-28-x86_64-unknown-linux-gnu/lib/rustlib/x86_64-unknown-linux-gnu/lib/libadler-b9f84d69e331b75b.rlib" "/opt/rustwide/rustup-home/toolchains/nightly-2024-10-28-x86_64-unknown-linux-gnu/lib/rustlib/x86_64-unknown-linux-gnu/lib/libunwind-eec95493246aae39.rlib" "/opt/rustwide/rustup-home/toolchains/nightly-2024-10-28-x86_64-unknown-linux-gnu/lib/rustlib/x86_64-unknown-linux-gnu/lib/libcfg_if-6f6676c475e08ab0.rlib" "/opt/rustwide/rustup-home/toolchains/nightly-2024-10-28-x86_64-unknown-linux-gnu/lib/rustlib/x86_64-unknown-linux-gnu/lib/liblibc-799d520624f8b2e0.rlib" "/opt/rustwide/rustup-home/toolchains/nightly-2024-10-28-x86_64-unknown-linux-gnu/lib/rustlib/x86_64-unknown-linux-gnu/lib/liballoc-fcf93d4842acd9a9.rlib" "/opt/rustwide/rustup-home/toolchains/nightly-2024-10-28-x86_64-unknown-linux-gnu/lib/rustlib/x86_64-unknown-linux-gnu/lib/librustc_std_workspace_core-395a38b8e0851c9b.rlib" "/opt/rustwide/rustup-home/toolchains/nightly-2024-10-28-x86_64-unknown-linux-gnu/lib/rustlib/x86_64-unknown-linux-gnu/lib/libcore-d453bab70303062c.rlib" "/opt/rustwide/rustup-home/toolchains/nightly-2024-10-28-x86_64-unknown-linux-gnu/lib/rustlib/x86_64-unknown-linux-gnu/lib/libcompiler_builtins-0e6386368b0a24e8.rlib" "-Wl,-Bdynamic" "-lc" "-lgcc_s" "-lutil" "-lrt" "-lpthread" "-lm" "-ldl" "-lc" "-B/opt/rustwide/rustup-home/toolchains/nightly-2024-10-28-x86_64-unknown-linux-gnu/lib/rustlib/x86_64-unknown-linux-gnu/bin/gcc-ld" "-fuse-ld=lld" "-Wl,--eh-frame-hdr" "-Wl,-z,noexecstack" "-L" "/opt/rustwide/rustup-home/toolchains/nightly-2024-10-28-x86_64-unknown-linux-gnu/lib/rustlib/x86_64-unknown-linux-gnu/lib" "-o" "/opt/rustwide/target/debug/deps/rv-9f0adc5b6137d369" "-Wl,--gc-sections" "-pie" "-Wl,-z,relro,-z,now" "-nodefaultlibs"
[INFO] [stdout]   = note: rust-lld: error: undefined symbol: virStreamEventAddCallback
[INFO] [stdout]           >>> referenced by stream.rs:164 (/opt/rustwide/cargo-home/registry/src/index.crates.io-6f17d22bba15001f/virt-0.4.1/src/stream.rs:164)
[INFO] [stdout]           >>>               rvirsh-38dddbe72bb6fa86.rvirsh.3327d7dfb2ce4292-cgu.7.rcgu.o:(virt::stream::Stream::event_add_callback::h4b4d8d0be361058a) in archive /opt/rustwide/target/debug/deps/librvirsh-38dddbe72bb6fa86.rlib
[INFO] [stdout]           
[INFO] [stdout]           rust-lld: error: undefined symbol: virEventRegisterDefaultImpl
[INFO] [stdout]           >>> referenced by event.rs:66 (src/event.rs:66)
[INFO] [stdout]           >>>               rvirsh-38dddbe72bb6fa86.rvirsh.3327d7dfb2ce4292-cgu.6.rcgu.o:(rvirsh::event::event_register_default_impl::h3d953bcde819e291) in archive /opt/rustwide/target/debug/deps/librvirsh-38dddbe72bb6fa86.rlib
[INFO] [stdout]           
[INFO] [stdout]           rust-lld: error: undefined symbol: virEventRunDefaultImpl
[INFO] [stdout]           >>> referenced by event.rs:74 (src/event.rs:74)
[INFO] [stdout]           >>>               rvirsh-38dddbe72bb6fa86.rvirsh.3327d7dfb2ce4292-cgu.6.rcgu.o:(rvirsh::event::event_run_default_impl::h3c827f9e035ed9a1) in archive /opt/rustwide/target/debug/deps/librvirsh-38dddbe72bb6fa86.rlib
[INFO] [stdout]           
[INFO] [stdout]           rust-lld: error: undefined symbol: virGetLastError
[INFO] [stdout]           >>> referenced by error.rs:654 (src/error.rs:654)
[INFO] [stdout]           >>>               virt-5042cc78a4e78c93.virt.6a25db366d6ae2f9-cgu.5.rcgu.o:(virt::error::Error::last_error::hcb74e1040ba8b41f) in archive /opt/rustwide/target/debug/deps/libvirt-5042cc78a4e78c93.rlib
[INFO] [stdout]           
[INFO] [stdout]           rust-lld: error: undefined symbol: virConnectOpen
[INFO] [stdout]           >>> referenced by connect.rs:254 (src/connect.rs:254)
[INFO] [stdout]           >>>               virt-5042cc78a4e78c93.virt.6a25db366d6ae2f9-cgu.6.rcgu.o:(virt::connect::Connect::open::h5f83049c456be11b) in archive /opt/rustwide/target/debug/deps/libvirt-5042cc78a4e78c93.rlib
[INFO] [stdout]           
[INFO] [stdout]           rust-lld: error: undefined symbol: virConnectGetHostname
[INFO] [stdout]           >>> referenced by connect.rs:329 (src/connect.rs:329)
[INFO] [stdout]           >>>               virt-5042cc78a4e78c93.virt.6a25db366d6ae2f9-cgu.6.rcgu.o:(virt::connect::Connect::get_hostname::he2b6d4cd8a5b2649) in archive /opt/rustwide/target/debug/deps/libvirt-5042cc78a4e78c93.rlib
[INFO] [stdout]           
[INFO] [stdout]           rust-lld: error: undefined symbol: virConnectGetLibVersion
[INFO] [stdout]           >>> referenced by connect.rs:346 (src/connect.rs:346)
[INFO] [stdout]           >>>               virt-5042cc78a4e78c93.virt.6a25db366d6ae2f9-cgu.6.rcgu.o:(virt::connect::Connect::get_lib_version::h94033a7faf05304e) in archive /opt/rustwide/target/debug/deps/libvirt-5042cc78a4e78c93.rlib
[INFO] [stdout]           
[INFO] [stdout]           rust-lld: error: undefined symbol: virConnectGetURI
[INFO] [stdout]           >>> referenced by connect.rs:362 (src/connect.rs:362)
[INFO] [stdout]           >>>               virt-5042cc78a4e78c93.virt.6a25db366d6ae2f9-cgu.6.rcgu.o:(virt::connect::Connect::get_uri::h66b66000bfe07e08) in archive /opt/rustwide/target/debug/deps/libvirt-5042cc78a4e78c93.rlib
[INFO] [stdout]           
[INFO] [stdout]           rust-lld: error: undefined symbol: virConnectListAllDomains
[INFO] [stdout]           >>> referenced by connect.rs:578 (src/connect.rs:578)
[INFO] [stdout]           >>>               virt-5042cc78a4e78c93.virt.6a25db366d6ae2f9-cgu.6.rcgu.o:(virt::connect::Connect::list_all_domains::hb34cce18725552e2) in archive /opt/rustwide/target/debug/deps/libvirt-5042cc78a4e78c93.rlib
[INFO] [stdout]           
[INFO] [stdout]           rust-lld: error: undefined symbol: virConnectListAllNetworks
[INFO] [stdout]           >>> referenced by connect.rs:599 (src/connect.rs:599)
[INFO] [stdout]           >>>               virt-5042cc78a4e78c93.virt.6a25db366d6ae2f9-cgu.6.rcgu.o:(virt::connect::Connect::list_all_networks::h0ae5cdf929736755) in archive /opt/rustwide/target/debug/deps/libvirt-5042cc78a4e78c93.rlib
[INFO] [stdout]           
[INFO] [stdout]           rust-lld: error: undefined symbol: virConnectListAllStoragePools
[INFO] [stdout]           >>> referenced by connect.rs:683 (src/connect.rs:683)
[INFO] [stdout]           >>>               virt-5042cc78a4e78c93.virt.6a25db366d6ae2f9-cgu.6.rcgu.o:(virt::connect::Connect::list_all_storage_pools::h2c3aa82fd1c93cbc) in archive /opt/rustwide/target/debug/deps/libvirt-5042cc78a4e78c93.rlib
[INFO] [stdout]           
[INFO] [stdout]           rust-lld: error: undefined symbol: virConnectGetVersion
[INFO] [stdout]           >>> referenced by connect.rs:992 (src/connect.rs:992)
[INFO] [stdout]           >>>               virt-5042cc78a4e78c93.virt.6a25db366d6ae2f9-cgu.6.rcgu.o:(virt::connect::Connect::get_hyp_version::he6d5a5d0fa03a87d) in archive /opt/rustwide/target/debug/deps/libvirt-5042cc78a4e78c93.rlib
[INFO] [stdout]           
[INFO] [stdout]           rust-lld: error: undefined symbol: virNodeGetInfo
[INFO] [stdout]           >>> referenced by connect.rs:1024 (src/connect.rs:1024)
[INFO] [stdout]           >>>               virt-5042cc78a4e78c93.virt.6a25db366d6ae2f9-cgu.6.rcgu.o:(virt::connect::Connect::get_node_info::h1cc3b36a4cd0a523) in archive /opt/rustwide/target/debug/deps/libvirt-5042cc78a4e78c93.rlib
[INFO] [stdout]           
[INFO] [stdout]           rust-lld: error: undefined symbol: virStoragePoolDefineXML
[INFO] [stdout]           >>> referenced by storage_pool.rs:121 (src/storage_pool.rs:121)
[INFO] [stdout]           >>>               virt-5042cc78a4e78c93.virt.6a25db366d6ae2f9-cgu.2.rcgu.o:(virt::storage_pool::StoragePool::define_xml::hf304eb26b5c4dcab) in archive /opt/rustwide/target/debug/deps/libvirt-5042cc78a4e78c93.rlib
[INFO] [stdout]           
[INFO] [stdout]           rust-lld: error: undefined symbol: virDomainGetConnect
[INFO] [stdout]           >>> referenced by domain.rs:759 (src/domain.rs:759)
[INFO] [stdout]           >>>               virt-5042cc78a4e78c93.virt.6a25db366d6ae2f9-cgu.0.rcgu.o:(virt::domain::Domain::get_connect::hae5b6de634c1d991) in archive /opt/rustwide/target/debug/deps/libvirt-5042cc78a4e78c93.rlib
[INFO] [stdout]           
[INFO] [stdout]           rust-lld: error: undefined symbol: virStoragePoolCreateXML
[INFO] [stdout]           >>> referenced by storage_pool.rs:136 (src/storage_pool.rs:136)
[INFO] [stdout]           >>>               virt-5042cc78a4e78c93.virt.6a25db366d6ae2f9-cgu.2.rcgu.o:(virt::storage_pool::StoragePool::create_xml::he96b4329860790b0) in archive /opt/rustwide/target/debug/deps/libvirt-5042cc78a4e78c93.rlib
[INFO] [stdout]           
[INFO] [stdout]           rust-lld: error: undefined symbol: virStoragePoolLookupByName
[INFO] [stdout]           >>> referenced by storage_pool.rs:146 (src/storage_pool.rs:146)
[INFO] [stdout]           >>>               virt-5042cc78a4e78c93.virt.6a25db366d6ae2f9-cgu.2.rcgu.o:(virt::storage_pool::StoragePool::lookup_by_name::h634fdf1d7d179f3a) in archive /opt/rustwide/target/debug/deps/libvirt-5042cc78a4e78c93.rlib
[INFO] [stdout]           
[INFO] [stdout]           rust-lld: error: undefined symbol: virStoragePoolLookupByVolume
[INFO] [stdout]           >>> referenced by storage_pool.rs:164 (src/storage_pool.rs:164)
[INFO] [stdout]           >>>               virt-5042cc78a4e78c93.virt.6a25db366d6ae2f9-cgu.2.rcgu.o:(virt::storage_pool::StoragePool::lookup_by_volume::h22f6c9264a358024) in archive /opt/rustwide/target/debug/deps/libvirt-5042cc78a4e78c93.rlib
[INFO] [stdout]           
[INFO] [stdout]           rust-lld: error: undefined symbol: virStoragePoolGetName
[INFO] [stdout]           >>> referenced by storage_pool.rs:191 (src/storage_pool.rs:191)
[INFO] [stdout]           >>>               virt-5042cc78a4e78c93.virt.6a25db366d6ae2f9-cgu.2.rcgu.o:(virt::storage_pool::StoragePool::get_name::hac34ccfdd2ea48b9) in archive /opt/rustwide/target/debug/deps/libvirt-5042cc78a4e78c93.rlib
[INFO] [stdout]           
[INFO] [stdout]           rust-lld: error: undefined symbol: virStoragePoolListAllVolumes
[INFO] [stdout]           >>> referenced by storage_pool.rs:225 (src/storage_pool.rs:225)
[INFO] [stdout]           >>>               virt-5042cc78a4e78c93.virt.6a25db366d6ae2f9-cgu.2.rcgu.o:(virt::storage_pool::StoragePool::list_all_volumes::haee2c68017709307) in archive /opt/rustwide/target/debug/deps/libvirt-5042cc78a4e78c93.rlib
[INFO] [stdout]           
[INFO] [stdout]           rust-lld: error: too many errors emitted, stopping now (use --error-limit=0 to see all errors)
[INFO] [stdout]           collect2: error: ld returned 1 exit status
[INFO] [stdout]           
[INFO] [stdout] 
[INFO] [stdout] 
[INFO] [stderr] error: could not compile `rvirsh` (bin "rv") due to 1 previous error
[INFO] running `Command { std: "docker" "inspect" "658d8ee205784fb0837b70b8f7f1106194e24ee050f68063e1642c6187839d6f", kill_on_drop: false }`
[INFO] running `Command { std: "docker" "rm" "-f" "658d8ee205784fb0837b70b8f7f1106194e24ee050f68063e1642c6187839d6f", kill_on_drop: false }`
[INFO] [stdout] 658d8ee205784fb0837b70b8f7f1106194e24ee050f68063e1642c6187839d6f
