[INFO] fetching crate rustyms 0.9.0-alpha.2...
[INFO] testing rustyms-0.9.0-alpha.2 against nightly-2024-10-28 for randomize-layout
[INFO] extracting crate rustyms 0.9.0-alpha.2 into /workspace/builds/worker-2-tc1/source
[INFO] validating manifest of crates.io crate rustyms 0.9.0-alpha.2 on toolchain nightly-2024-10-28
[INFO] running `Command { std: CARGO_HOME="/workspace/cargo-home" RUSTUP_HOME="/workspace/rustup-home" "/workspace/cargo-home/bin/cargo" "+nightly-2024-10-28" "metadata" "--manifest-path" "Cargo.toml" "--no-deps", kill_on_drop: false }`
[INFO] started tweaking crates.io crate rustyms 0.9.0-alpha.2
[INFO] finished tweaking crates.io crate rustyms 0.9.0-alpha.2
[INFO] tweaked toml for crates.io crate rustyms 0.9.0-alpha.2 written to /workspace/builds/worker-2-tc1/source/Cargo.toml
[INFO] running `Command { std: CARGO_HOME="/workspace/cargo-home" RUSTUP_HOME="/workspace/rustup-home" "/workspace/cargo-home/bin/cargo" "+nightly-2024-10-28" "generate-lockfile" "--manifest-path" "Cargo.toml", kill_on_drop: false }`
[INFO] [stderr]     Updating crates.io index
[INFO] [stderr]      Locking 117 packages to latest compatible versions
[INFO] [stderr]       Adding iai-callgrind v0.13.4 (available: v0.14.0)
[INFO] [stderr]       Adding mzdata v0.29.0 (available: v0.35.0)
[INFO] running `Command { std: CARGO_HOME="/workspace/cargo-home" RUSTUP_HOME="/workspace/rustup-home" "/workspace/cargo-home/bin/cargo" "+nightly-2024-10-28" "fetch" "--manifest-path" "Cargo.toml", kill_on_drop: false }`
[INFO] [stderr]  Downloading crates ...
[INFO] [stderr]   Downloaded probability v0.20.3
[INFO] [stderr]   Downloaded mzpeaks v0.22.0
[INFO] [stderr]   Downloaded random v0.13.2
[INFO] [stderr]   Downloaded special v0.10.3
[INFO] [stderr]   Downloaded iai-callgrind-macros v0.4.1
[INFO] [stderr]   Downloaded iai-callgrind v0.13.4
[INFO] [stderr]   Downloaded iai-callgrind-runner v0.13.4
[INFO] [stderr]   Downloaded mzdata v0.29.0
[INFO] running `Command { std: "docker" "create" "-v" "/var/lib/crater-agent-workspace/builds/worker-2-tc1/target:/opt/rustwide/target:rw,Z" "-v" "/var/lib/crater-agent-workspace/builds/worker-2-tc1/source:/opt/rustwide/workdir:ro,Z" "-v" "/var/lib/crater-agent-workspace/cargo-home:/opt/rustwide/cargo-home:ro,Z" "-v" "/var/lib/crater-agent-workspace/rustup-home:/opt/rustwide/rustup-home:ro,Z" "-e" "SOURCE_DIR=/opt/rustwide/workdir" "-e" "CARGO_TARGET_DIR=/opt/rustwide/target" "-e" "CARGO_HOME=/opt/rustwide/cargo-home" "-e" "RUSTUP_HOME=/opt/rustwide/rustup-home" "-w" "/opt/rustwide/workdir" "-m" "1610612736" "--user" "0:0" "--network" "none" "ghcr.io/rust-lang/crates-build-env/linux@sha256:4a844ea9eb2546a2d2c7022eacef16ef2e8229c7fbb2c7d4d55a9ceca922f72d" "/opt/rustwide/cargo-home/bin/cargo" "+nightly-2024-10-28" "metadata" "--no-deps" "--format-version=1", kill_on_drop: false }`
[INFO] [stdout] c34f44b4e7feaaa03dfed127fcf0dcb4f701033dd1d2d7aa929eeb52697fb56f
[INFO] running `Command { std: "docker" "start" "-a" "c34f44b4e7feaaa03dfed127fcf0dcb4f701033dd1d2d7aa929eeb52697fb56f", kill_on_drop: false }`
[INFO] running `Command { std: "docker" "inspect" "c34f44b4e7feaaa03dfed127fcf0dcb4f701033dd1d2d7aa929eeb52697fb56f", kill_on_drop: false }`
[INFO] running `Command { std: "docker" "rm" "-f" "c34f44b4e7feaaa03dfed127fcf0dcb4f701033dd1d2d7aa929eeb52697fb56f", kill_on_drop: false }`
[INFO] [stdout] c34f44b4e7feaaa03dfed127fcf0dcb4f701033dd1d2d7aa929eeb52697fb56f
[INFO] running `Command { std: "docker" "create" "-v" "/var/lib/crater-agent-workspace/builds/worker-2-tc1/target:/opt/rustwide/target:rw,Z" "-v" "/var/lib/crater-agent-workspace/builds/worker-2-tc1/source:/opt/rustwide/workdir:ro,Z" "-v" "/var/lib/crater-agent-workspace/cargo-home:/opt/rustwide/cargo-home:ro,Z" "-v" "/var/lib/crater-agent-workspace/rustup-home:/opt/rustwide/rustup-home:ro,Z" "-e" "SOURCE_DIR=/opt/rustwide/workdir" "-e" "CARGO_TARGET_DIR=/opt/rustwide/target" "-e" "CARGO_INCREMENTAL=0" "-e" "RUST_BACKTRACE=full" "-e" "RUSTFLAGS=--cap-lints=forbid" "-e" "RUSTDOCFLAGS=--cap-lints=forbid" "-e" "CARGO_HOME=/opt/rustwide/cargo-home" "-e" "RUSTUP_HOME=/opt/rustwide/rustup-home" "-w" "/opt/rustwide/workdir" "-m" "1610612736" "--user" "0:0" "--network" "none" "ghcr.io/rust-lang/crates-build-env/linux@sha256:4a844ea9eb2546a2d2c7022eacef16ef2e8229c7fbb2c7d4d55a9ceca922f72d" "/opt/rustwide/cargo-home/bin/cargo" "+nightly-2024-10-28" "build" "--frozen" "--message-format=json", kill_on_drop: false }`
[INFO] [stdout] e54c9aa8ad07e167451760ec2a0394ddf898f7847af8312814a3068523cc8553
[INFO] running `Command { std: "docker" "start" "-a" "e54c9aa8ad07e167451760ec2a0394ddf898f7847af8312814a3068523cc8553", kill_on_drop: false }`
[INFO] [stderr]    Compiling serde_derive v1.0.214
[INFO] [stderr]    Compiling num-traits v0.2.19
[INFO] [stderr]    Compiling miniz_oxide v0.8.0
[INFO] [stderr]    Compiling libz-sys v1.1.20
[INFO] [stderr]    Compiling aho-corasick v1.1.3
[INFO] [stderr]    Compiling either v1.13.0
[INFO] [stderr]    Compiling crossbeam-epoch v0.9.18
[INFO] [stderr]    Compiling getrandom v0.2.15
[INFO] [stderr]    Compiling num-integer v0.1.46
[INFO] [stderr]    Compiling matrixmultiply v0.3.9
[INFO] [stderr]    Compiling rayon-core v1.12.1
[INFO] [stderr]    Compiling flate2 v1.0.34
[INFO] [stderr]    Compiling crossbeam-deque v0.8.5
[INFO] [stderr]    Compiling regex-automata v0.4.8
[INFO] [stderr]    Compiling rand_core v0.6.4
[INFO] [stderr]    Compiling itertools v0.13.0
[INFO] [stderr]    Compiling roxmltree v0.20.0
[INFO] [stderr]    Compiling outref v0.5.1
[INFO] [stderr]    Compiling vsimd v0.8.0
[INFO] [stderr]    Compiling rawpointer v0.2.1
[INFO] [stderr]    Compiling base64-simd v0.8.0
[INFO] [stderr]    Compiling sha1 v0.10.6
[INFO] [stderr]    Compiling chrono v0.4.38
[INFO] [stderr]    Compiling rand_chacha v0.3.1
[INFO] [stderr]    Compiling regex v1.11.1
[INFO] [stderr]    Compiling special v0.10.3
[INFO] [stderr]    Compiling mzpeaks v0.22.0
[INFO] [stderr]    Compiling serde v1.0.214
[INFO] [stderr]    Compiling num-complex v0.4.6
[INFO] [stderr]    Compiling base16ct v0.2.0
[INFO] [stderr]    Compiling random v0.13.2
[INFO] [stderr]    Compiling md5 v0.7.0
[INFO] [stderr]    Compiling probability v0.20.3
[INFO] [stderr]    Compiling ndarray v0.16.1
[INFO] [stderr]    Compiling rayon v1.10.0
[INFO] [stderr]    Compiling rand v0.8.5
[INFO] [stderr]    Compiling similar v2.6.0
[INFO] [stderr]    Compiling num-rational v0.4.2
[INFO] [stderr]    Compiling ordered-float v4.4.0
[INFO] [stderr]    Compiling bincode v1.3.3
[INFO] [stderr]    Compiling indexmap v2.6.0
[INFO] [stderr]    Compiling serde_json v1.0.132
[INFO] [stderr]    Compiling uom v0.36.0
[INFO] [stderr]    Compiling quick-xml v0.30.0
[INFO] [stderr]    Compiling mzdata v0.29.0
[INFO] [stdout] error[E0034]: multiple applicable items in scope
[INFO] [stdout]    --> /opt/rustwide/cargo-home/registry/src/index.crates.io-6f17d22bba15001f/mzdata-0.29.0/src/spectrum/peaks.rs:322:44
[INFO] [stdout]     |
[INFO] [stdout] 322 |             Self::Centroid(peaks) => peaks.base_peak(),
[INFO] [stdout]     |                                            ^^^^^^^^^ multiple `base_peak` found
[INFO] [stdout]     |
[INFO] [stdout] note: candidate #1 is defined in an impl of the trait `SummaryOps` for the type `PeakSetVec<C, mzpeaks::MZ>`
[INFO] [stdout]    --> /opt/rustwide/cargo-home/registry/src/index.crates.io-6f17d22bba15001f/mzdata-0.29.0/src/spectrum/peaks.rs:134:5
[INFO] [stdout]     |
[INFO] [stdout] 134 |     fn base_peak(&self) -> CentroidPeak {
[INFO] [stdout]     |     ^^^^^^^^^^^^^^^^^^^^^^^^^^^^^^^^^^^
[INFO] [stdout]     = note: candidate #2 is defined in an impl of the trait `mzpeaks::PeakCollection` for the type `PeakSetVec<P, C>`
[INFO] [stdout] help: disambiguate the method for candidate #1
[INFO] [stdout]     |
[INFO] [stdout] 322 |             Self::Centroid(peaks) => SummaryOps::base_peak(&peaks),
[INFO] [stdout]     |                                      ~~~~~~~~~~~~~~~~~~~~~~~~~~~~~
[INFO] [stdout] help: disambiguate the method for candidate #2
[INFO] [stdout]     |
[INFO] [stdout] 322 |             Self::Centroid(peaks) => mzpeaks::PeakCollection::base_peak(&peaks),
[INFO] [stdout]     |                                      ~~~~~~~~~~~~~~~~~~~~~~~~~~~~~~~~~~~~~~~~~~
[INFO] [stdout] 
[INFO] [stdout] 
[INFO] [stdout] error[E0034]: multiple applicable items in scope
[INFO] [stdout]    --> /opt/rustwide/cargo-home/registry/src/index.crates.io-6f17d22bba15001f/mzdata-0.29.0/src/spectrum/peaks.rs:323:48
[INFO] [stdout]     |
[INFO] [stdout] 323 |             Self::Deconvoluted(peaks) => peaks.base_peak(),
[INFO] [stdout]     |                                                ^^^^^^^^^ multiple `base_peak` found
[INFO] [stdout]     |
[INFO] [stdout] note: candidate #1 is defined in an impl of the trait `SummaryOps` for the type `PeakSetVec<D, mzpeaks::Mass>`
[INFO] [stdout]    --> /opt/rustwide/cargo-home/registry/src/index.crates.io-6f17d22bba15001f/mzdata-0.29.0/src/spectrum/peaks.rs:203:5
[INFO] [stdout]     |
[INFO] [stdout] 203 |     fn base_peak(&self) -> CentroidPeak {
[INFO] [stdout]     |     ^^^^^^^^^^^^^^^^^^^^^^^^^^^^^^^^^^^
[INFO] [stdout]     = note: candidate #2 is defined in an impl of the trait `mzpeaks::PeakCollection` for the type `PeakSetVec<P, C>`
[INFO] [stdout] help: disambiguate the method for candidate #1
[INFO] [stdout]     |
[INFO] [stdout] 323 |             Self::Deconvoluted(peaks) => SummaryOps::base_peak(&peaks),
[INFO] [stdout]     |                                          ~~~~~~~~~~~~~~~~~~~~~~~~~~~~~
[INFO] [stdout] help: disambiguate the method for candidate #2
[INFO] [stdout]     |
[INFO] [stdout] 323 |             Self::Deconvoluted(peaks) => mzpeaks::PeakCollection::base_peak(&peaks),
[INFO] [stdout]     |                                          ~~~~~~~~~~~~~~~~~~~~~~~~~~~~~~~~~~~~~~~~~~
[INFO] [stdout] 
[INFO] [stdout] 
[INFO] [stdout] error[E0034]: multiple applicable items in scope
[INFO] [stdout]    --> /opt/rustwide/cargo-home/registry/src/index.crates.io-6f17d22bba15001f/mzdata-0.29.0/src/spectrum/peaks.rs:584:56
[INFO] [stdout]     |
[INFO] [stdout] 584 |             RefPeakDataLevel::Centroid(peaks) => peaks.base_peak(),
[INFO] [stdout]     |                                                        ^^^^^^^^^ multiple `base_peak` found
[INFO] [stdout]     |
[INFO] [stdout] note: candidate #1 is defined in an impl of the trait `SummaryOps` for the type `PeakSetVec<C, mzpeaks::MZ>`
[INFO] [stdout]    --> /opt/rustwide/cargo-home/registry/src/index.crates.io-6f17d22bba15001f/mzdata-0.29.0/src/spectrum/peaks.rs:134:5
[INFO] [stdout]     |
[INFO] [stdout] 134 |     fn base_peak(&self) -> CentroidPeak {
[INFO] [stdout]     |     ^^^^^^^^^^^^^^^^^^^^^^^^^^^^^^^^^^^
[INFO] [stdout]     = note: candidate #2 is defined in an impl of the trait `mzpeaks::PeakCollection` for the type `PeakSetVec<P, C>`
[INFO] [stdout] help: disambiguate the method for candidate #1
[INFO] [stdout]     |
[INFO] [stdout] 584 |             RefPeakDataLevel::Centroid(peaks) => SummaryOps::base_peak(&peaks),
[INFO] [stdout]     |                                                  ~~~~~~~~~~~~~~~~~~~~~~~~~~~~~
[INFO] [stdout] help: disambiguate the method for candidate #2
[INFO] [stdout]     |
[INFO] [stdout] 584 |             RefPeakDataLevel::Centroid(peaks) => mzpeaks::PeakCollection::base_peak(&peaks),
[INFO] [stdout]     |                                                  ~~~~~~~~~~~~~~~~~~~~~~~~~~~~~~~~~~~~~~~~~~
[INFO] [stdout] 
[INFO] [stdout] 
[INFO] [stdout] error[E0034]: multiple applicable items in scope
[INFO] [stdout]    --> /opt/rustwide/cargo-home/registry/src/index.crates.io-6f17d22bba15001f/mzdata-0.29.0/src/spectrum/peaks.rs:585:60
[INFO] [stdout]     |
[INFO] [stdout] 585 |             RefPeakDataLevel::Deconvoluted(peaks) => peaks.base_peak(),
[INFO] [stdout]     |                                                            ^^^^^^^^^ multiple `base_peak` found
[INFO] [stdout]     |
[INFO] [stdout] note: candidate #1 is defined in an impl of the trait `SummaryOps` for the type `PeakSetVec<D, mzpeaks::Mass>`
[INFO] [stdout]    --> /opt/rustwide/cargo-home/registry/src/index.crates.io-6f17d22bba15001f/mzdata-0.29.0/src/spectrum/peaks.rs:203:5
[INFO] [stdout]     |
[INFO] [stdout] 203 |     fn base_peak(&self) -> CentroidPeak {
[INFO] [stdout]     |     ^^^^^^^^^^^^^^^^^^^^^^^^^^^^^^^^^^^
[INFO] [stdout]     = note: candidate #2 is defined in an impl of the trait `mzpeaks::PeakCollection` for the type `PeakSetVec<P, C>`
[INFO] [stdout] help: disambiguate the method for candidate #1
[INFO] [stdout]     |
[INFO] [stdout] 585 |             RefPeakDataLevel::Deconvoluted(peaks) => SummaryOps::base_peak(&peaks),
[INFO] [stdout]     |                                                      ~~~~~~~~~~~~~~~~~~~~~~~~~~~~~
[INFO] [stdout] help: disambiguate the method for candidate #2
[INFO] [stdout]     |
[INFO] [stdout] 585 |             RefPeakDataLevel::Deconvoluted(peaks) => mzpeaks::PeakCollection::base_peak(&peaks),
[INFO] [stdout]     |                                                      ~~~~~~~~~~~~~~~~~~~~~~~~~~~~~~~~~~~~~~~~~~
[INFO] [stdout] 
[INFO] [stdout] 
[INFO] [stderr] error: could not compile `uom` (lib)
[INFO] [stderr] 
[INFO] [stderr] Caused by:
[INFO] [stderr]   process didn't exit successfully: `/opt/rustwide/rustup-home/toolchains/nightly-2024-10-28-x86_64-unknown-linux-gnu/bin/rustc --crate-name uom --edition=2018 /opt/rustwide/cargo-home/registry/src/index.crates.io-6f17d22bba15001f/uom-0.36.0/src/lib.rs --error-format=json --json=diagnostic-rendered-ansi,artifacts,future-incompat --crate-type lib --emit=dep-info,metadata,link -C embed-bitcode=no -C debuginfo=2 --cfg 'feature="autoconvert"' --cfg 'feature="default"' --cfg 'feature="f32"' --cfg 'feature="f64"' --cfg 'feature="isize"' --cfg 'feature="num-rational"' --cfg 'feature="rational-support"' --cfg 'feature="serde"' --cfg 'feature="si"' --cfg 'feature="std"' --cfg 'feature="use_serde"' --cfg 'feature="usize"' --check-cfg 'cfg(docsrs)' --check-cfg 'cfg(feature, values("autoconvert", "bigint", "bigint-support", "bigrational", "biguint", "complex-support", "complex32", "complex64", "default", "f32", "f64", "i128", "i16", "i32", "i64", "i8", "isize", "num-bigint", "num-complex", "num-rational", "rational", "rational-support", "rational32", "rational64", "serde", "si", "std", "try-from", "u128", "u16", "u32", "u64", "u8", "use_serde", "usize"))' -C metadata=0f61eaf31e1d7f6c -C extra-filename=-0f61eaf31e1d7f6c --out-dir /opt/rustwide/target/debug/deps -L dependency=/opt/rustwide/target/debug/deps --extern num_rational=/opt/rustwide/target/debug/deps/libnum_rational-7e0aba28acff2691.rmeta --extern num_traits=/opt/rustwide/target/debug/deps/libnum_traits-b2fe33ee2cb7953e.rmeta --extern serde=/opt/rustwide/target/debug/deps/libserde-a538b62f574b419a.rmeta --extern typenum=/opt/rustwide/target/debug/deps/libtypenum-5326f72807cfe834.rmeta --cap-lints allow --cap-lints=forbid` (signal: 9, SIGKILL: kill)
[INFO] [stderr] warning: build failed, waiting for other jobs to finish...
[INFO] [stdout] For more information about this error, try `rustc --explain E0034`.
[INFO] [stdout] 
[INFO] [stderr] error: could not compile `mzdata` (lib) due to 4 previous errors
[INFO] running `Command { std: "docker" "inspect" "e54c9aa8ad07e167451760ec2a0394ddf898f7847af8312814a3068523cc8553", kill_on_drop: false }`
[INFO] running `Command { std: "docker" "rm" "-f" "e54c9aa8ad07e167451760ec2a0394ddf898f7847af8312814a3068523cc8553", kill_on_drop: false }`
[INFO] [stdout] e54c9aa8ad07e167451760ec2a0394ddf898f7847af8312814a3068523cc8553
