[INFO] fetching crate rustunnel 0.1.2...
[INFO] testing rustunnel-0.1.2 against nightly-2024-10-28+rustflags=-Zrandomize-layout for randomize-layout
[INFO] extracting crate rustunnel 0.1.2 into /workspace/builds/worker-1-tc2/source
[INFO] validating manifest of crates.io crate rustunnel 0.1.2 on toolchain nightly-2024-10-28
[INFO] running `Command { std: CARGO_HOME="/workspace/cargo-home" RUSTUP_HOME="/workspace/rustup-home" "/workspace/cargo-home/bin/cargo" "+nightly-2024-10-28" "metadata" "--manifest-path" "Cargo.toml" "--no-deps", kill_on_drop: false }`
[INFO] started tweaking crates.io crate rustunnel 0.1.2
[INFO] removed 0 missing tests
[INFO] finished tweaking crates.io crate rustunnel 0.1.2
[INFO] tweaked toml for crates.io crate rustunnel 0.1.2 written to /workspace/builds/worker-1-tc2/source/Cargo.toml
[INFO] running `Command { std: CARGO_HOME="/workspace/cargo-home" RUSTUP_HOME="/workspace/rustup-home" "/workspace/cargo-home/bin/cargo" "+nightly-2024-10-28" "generate-lockfile" "--manifest-path" "Cargo.toml", kill_on_drop: false }`
[INFO] [stderr]     Updating crates.io index
[INFO] [stderr]      Locking 66 packages to latest compatible versions
[INFO] [stderr]       Adding nix v0.23.2 (available: v0.29.0)
[INFO] running `Command { std: CARGO_HOME="/workspace/cargo-home" RUSTUP_HOME="/workspace/rustup-home" "/workspace/cargo-home/bin/cargo" "+nightly-2024-10-28" "fetch" "--manifest-path" "Cargo.toml", kill_on_drop: false }`
[INFO] running `Command { std: "docker" "create" "-v" "/var/lib/crater-agent-workspace/builds/worker-1-tc2/target:/opt/rustwide/target:rw,Z" "-v" "/var/lib/crater-agent-workspace/builds/worker-1-tc2/source:/opt/rustwide/workdir:ro,Z" "-v" "/var/lib/crater-agent-workspace/cargo-home:/opt/rustwide/cargo-home:ro,Z" "-v" "/var/lib/crater-agent-workspace/rustup-home:/opt/rustwide/rustup-home:ro,Z" "-e" "SOURCE_DIR=/opt/rustwide/workdir" "-e" "CARGO_TARGET_DIR=/opt/rustwide/target" "-e" "CARGO_HOME=/opt/rustwide/cargo-home" "-e" "RUSTUP_HOME=/opt/rustwide/rustup-home" "-w" "/opt/rustwide/workdir" "-m" "1610612736" "--user" "0:0" "--network" "none" "ghcr.io/rust-lang/crates-build-env/linux@sha256:4a844ea9eb2546a2d2c7022eacef16ef2e8229c7fbb2c7d4d55a9ceca922f72d" "/opt/rustwide/cargo-home/bin/cargo" "+nightly-2024-10-28" "metadata" "--no-deps" "--format-version=1", kill_on_drop: false }`
[INFO] [stdout] e0c079cdc940c0519ffdf3d450e570ccdbac897c7ad96dbd191cf25a9b12a1f6
[INFO] running `Command { std: "docker" "start" "-a" "e0c079cdc940c0519ffdf3d450e570ccdbac897c7ad96dbd191cf25a9b12a1f6", kill_on_drop: false }`
[INFO] running `Command { std: "docker" "inspect" "e0c079cdc940c0519ffdf3d450e570ccdbac897c7ad96dbd191cf25a9b12a1f6", kill_on_drop: false }`
[INFO] running `Command { std: "docker" "rm" "-f" "e0c079cdc940c0519ffdf3d450e570ccdbac897c7ad96dbd191cf25a9b12a1f6", kill_on_drop: false }`
[INFO] [stdout] e0c079cdc940c0519ffdf3d450e570ccdbac897c7ad96dbd191cf25a9b12a1f6
[INFO] running `Command { std: "docker" "create" "-v" "/var/lib/crater-agent-workspace/builds/worker-1-tc2/target:/opt/rustwide/target:rw,Z" "-v" "/var/lib/crater-agent-workspace/builds/worker-1-tc2/source:/opt/rustwide/workdir:ro,Z" "-v" "/var/lib/crater-agent-workspace/cargo-home:/opt/rustwide/cargo-home:ro,Z" "-v" "/var/lib/crater-agent-workspace/rustup-home:/opt/rustwide/rustup-home:ro,Z" "-e" "SOURCE_DIR=/opt/rustwide/workdir" "-e" "CARGO_TARGET_DIR=/opt/rustwide/target" "-e" "CARGO_INCREMENTAL=0" "-e" "RUST_BACKTRACE=full" "-e" "RUSTFLAGS=--cap-lints=forbid -Zrandomize-layout" "-e" "RUSTDOCFLAGS=--cap-lints=forbid" "-e" "CARGO_HOME=/opt/rustwide/cargo-home" "-e" "RUSTUP_HOME=/opt/rustwide/rustup-home" "-w" "/opt/rustwide/workdir" "-m" "1610612736" "--user" "0:0" "--network" "none" "ghcr.io/rust-lang/crates-build-env/linux@sha256:4a844ea9eb2546a2d2c7022eacef16ef2e8229c7fbb2c7d4d55a9ceca922f72d" "/opt/rustwide/cargo-home/bin/cargo" "+nightly-2024-10-28" "build" "--frozen" "--message-format=json", kill_on_drop: false }`
[INFO] [stdout] b4b9111fadaa9948e32890eb53e838c31afd9be9025831456e7c48c82b4724e9
[INFO] running `Command { std: "docker" "start" "-a" "b4b9111fadaa9948e32890eb53e838c31afd9be9025831456e7c48c82b4724e9", kill_on_drop: false }`
[INFO] [stderr]    Compiling syn v1.0.109
[INFO] [stderr]    Compiling openssl-sys v0.9.104
[INFO] [stderr]    Compiling memoffset v0.6.5
[INFO] [stderr]    Compiling adler2 v2.0.0
[INFO] [stderr]    Compiling failure_derive v0.1.8
[INFO] [stderr]    Compiling gimli v0.31.1
[INFO] [stderr]    Compiling memchr v2.7.4
[INFO] [stderr]    Compiling syn v2.0.86
[INFO] [stderr]    Compiling miniz_oxide v0.8.0
[INFO] [stderr]    Compiling clear_on_drop v0.2.5
[INFO] [stderr]    Compiling rustc-demangle v0.1.24
[INFO] [stderr]    Compiling seccomp-sys v0.1.3
[INFO] [stderr]    Compiling object v0.36.5
[INFO] [stderr]    Compiling openssl v0.10.68
[INFO] [stderr]    Compiling rustunnel v0.1.2 (/opt/rustwide/workdir)
[INFO] [stderr]    Compiling bitflags v1.3.2
[INFO] [stderr]    Compiling nix v0.23.2
[INFO] [stderr]    Compiling log v0.4.22
[INFO] [stderr]    Compiling synstructure v0.12.6
[INFO] [stderr]    Compiling addr2line v0.24.2
[INFO] [stderr]    Compiling openssl-macros v0.1.1
[INFO] [stderr]    Compiling backtrace v0.3.74
[INFO] [stderr]    Compiling failure v0.1.8
[INFO] [stdout] warning: use of deprecated type alias `std::panic::PanicInfo`: use `PanicHookInfo` instead
[INFO] [stdout]   --> src/sandbox.rs:61:56
[INFO] [stdout]    |
[INFO] [stdout] 61 |     panic::set_hook(Box::new(move |panic_info: &panic::PanicInfo<'_>| {
[INFO] [stdout]    |                                                        ^^^^^^^^^
[INFO] [stdout]    |
[INFO] [stdout]    = note: `#[warn(deprecated)]` on by default
[INFO] [stdout] 
[INFO] [stdout] 
[INFO] [stdout] warning: use of deprecated struct `openssl::pkcs12::ParsedPkcs12`: Use ParsedPkcs12_2 instead
[INFO] [stdout]   --> src/tls.rs:42:21
[INFO] [stdout]    |
[INFO] [stdout] 42 |     pkcs12: pkcs12::ParsedPkcs12,
[INFO] [stdout]    |                     ^^^^^^^^^^^^
[INFO] [stdout] 
[INFO] [stdout] 
[INFO] [stdout] warning: use of deprecated field `openssl::pkcs12::ParsedPkcs12::pkey`: Use ParsedPkcs12_2 instead
[INFO] [stdout]    --> src/tls.rs:114:31
[INFO] [stdout]     |
[INFO] [stdout] 114 |             .set_private_key(&tls_identity.pkcs12.pkey)
[INFO] [stdout]     |                               ^^^^^^^^^^^^^^^^^^^^^^^^
[INFO] [stdout] 
[INFO] [stdout] 
[INFO] [stdout] warning: use of deprecated field `openssl::pkcs12::ParsedPkcs12::cert`: Use ParsedPkcs12_2 instead
[INFO] [stdout]    --> src/tls.rs:117:31
[INFO] [stdout]     |
[INFO] [stdout] 117 |             .set_certificate(&tls_identity.pkcs12.cert)
[INFO] [stdout]     |                               ^^^^^^^^^^^^^^^^^^^^^^^^
[INFO] [stdout] 
[INFO] [stdout] 
[INFO] [stdout] warning: use of deprecated field `openssl::pkcs12::ParsedPkcs12::chain`: Use ParsedPkcs12_2 instead
[INFO] [stdout]    --> src/tls.rs:119:30
[INFO] [stdout]     |
[INFO] [stdout] 119 |         if let Some(chain) = tls_identity.pkcs12.chain {
[INFO] [stdout]     |                              ^^^^^^^^^^^^^^^^^^^^^^^^^
[INFO] [stdout] 
[INFO] [stdout] 
[INFO] [stdout] warning: use of deprecated field `openssl::pkcs12::ParsedPkcs12::pkey`: Use ParsedPkcs12_2 instead
[INFO] [stdout]    --> src/tls.rs:191:35
[INFO] [stdout]     |
[INFO] [stdout] 191 |                 .set_private_key(&tls_identity.pkcs12.pkey)
[INFO] [stdout]     |                                   ^^^^^^^^^^^^^^^^^^^^^^^^
[INFO] [stdout] 
[INFO] [stdout] 
[INFO] [stdout] warning: use of deprecated field `openssl::pkcs12::ParsedPkcs12::cert`: Use ParsedPkcs12_2 instead
[INFO] [stdout]    --> src/tls.rs:194:35
[INFO] [stdout]     |
[INFO] [stdout] 194 |                 .set_certificate(&tls_identity.pkcs12.cert)
[INFO] [stdout]     |                                   ^^^^^^^^^^^^^^^^^^^^^^^^
[INFO] [stdout] 
[INFO] [stdout] 
[INFO] [stdout] warning: use of deprecated field `openssl::pkcs12::ParsedPkcs12::chain`: Use ParsedPkcs12_2 instead
[INFO] [stdout]    --> src/tls.rs:196:34
[INFO] [stdout]     |
[INFO] [stdout] 196 |             if let Some(chain) = tls_identity.pkcs12.chain {
[INFO] [stdout]     |                                  ^^^^^^^^^^^^^^^^^^^^^^^^^
[INFO] [stdout] 
[INFO] [stdout] 
[INFO] [stdout] warning: use of deprecated method `openssl::pkcs12::Pkcs12Ref::parse`: Use parse2 instead
[INFO] [stdout]    --> src/tls.rs:298:54
[INFO] [stdout]     |
[INFO] [stdout] 298 |         let pkcs12 = pkcs12::Pkcs12::from_der(data)?.parse(password)?;
[INFO] [stdout]     |                                                      ^^^^^
[INFO] [stdout] 
[INFO] [stdout] 
[INFO] [stdout] warning: non-local `impl` definition, `impl` blocks should be written at the same level as their item
[INFO] [stdout]   --> src/tls.rs:81:17
[INFO] [stdout]    |
[INFO] [stdout] 81 | #[derive(Debug, failure::Fail)]
[INFO] [stdout]    |                 ^------------
[INFO] [stdout]    |                 |
[INFO] [stdout]    |                 `Fail` is not local
[INFO] [stdout]    |                 move the `impl` block outside of this constant `_DERIVE_failure_Fail_FOR_HandshakeFailure`
[INFO] [stdout] 82 | pub(crate) enum HandshakeFailure {
[INFO] [stdout]    |                 ---------------- `HandshakeFailure` is not local
[INFO] [stdout]    |
[INFO] [stdout]    = note: the derive macro `failure::Fail` defines the non-local `impl`, and may need to be changed
[INFO] [stdout]    = note: the derive macro `failure::Fail` may come from an old version of the `failure_derive` crate, try updating your dependency with `cargo update -p failure_derive`
[INFO] [stdout]    = note: an `impl` is never scoped, even when it is nested inside an item, as it may impact type checking outside of that item, which can be the case if neither the trait or the self type are at the same nesting level as the `impl`
[INFO] [stdout]    = note: items in an anonymous const item (`const _: () = { ... }`) are treated as in the same scope as the anonymous const's declaration for the purpose of this lint
[INFO] [stdout]    = note: `#[warn(non_local_definitions)]` on by default
[INFO] [stdout]    = note: this warning originates in the derive macro `failure::Fail` (in Nightly builds, run with -Z macro-backtrace for more info)
[INFO] [stdout] 
[INFO] [stdout] 
[INFO] [stdout] warning: non-local `impl` definition, `impl` blocks should be written at the same level as their item
[INFO] [stdout]   --> src/tls.rs:81:17
[INFO] [stdout]    |
[INFO] [stdout] 81 | #[derive(Debug, failure::Fail)]
[INFO] [stdout]    |                 ^------------
[INFO] [stdout]    |                 |
[INFO] [stdout]    |                 `Display` is not local
[INFO] [stdout]    |                 move the `impl` block outside of this constant `_DERIVE_failure_core_fmt_Display_FOR_HandshakeFailure`
[INFO] [stdout] 82 | pub(crate) enum HandshakeFailure {
[INFO] [stdout]    |                 ---------------- `HandshakeFailure` is not local
[INFO] [stdout]    |
[INFO] [stdout]    = note: the derive macro `failure::Fail` defines the non-local `impl`, and may need to be changed
[INFO] [stdout]    = note: the derive macro `failure::Fail` may come from an old version of the `failure_derive` crate, try updating your dependency with `cargo update -p failure_derive`
[INFO] [stdout]    = note: an `impl` is never scoped, even when it is nested inside an item, as it may impact type checking outside of that item, which can be the case if neither the trait or the self type are at the same nesting level as the `impl`
[INFO] [stdout]    = note: items in an anonymous const item (`const _: () = { ... }`) are treated as in the same scope as the anonymous const's declaration for the purpose of this lint
[INFO] [stdout]    = note: this warning originates in the derive macro `failure::Fail` (in Nightly builds, run with -Z macro-backtrace for more info)
[INFO] [stdout] 
[INFO] [stdout] 
[INFO] [stderr]     Finished `dev` profile [unoptimized + debuginfo] target(s) in 5.32s
[INFO] running `Command { std: "docker" "inspect" "b4b9111fadaa9948e32890eb53e838c31afd9be9025831456e7c48c82b4724e9", kill_on_drop: false }`
[INFO] running `Command { std: "docker" "rm" "-f" "b4b9111fadaa9948e32890eb53e838c31afd9be9025831456e7c48c82b4724e9", kill_on_drop: false }`
[INFO] [stdout] b4b9111fadaa9948e32890eb53e838c31afd9be9025831456e7c48c82b4724e9
[INFO] running `Command { std: "docker" "create" "-v" "/var/lib/crater-agent-workspace/builds/worker-1-tc2/target:/opt/rustwide/target:rw,Z" "-v" "/var/lib/crater-agent-workspace/builds/worker-1-tc2/source:/opt/rustwide/workdir:ro,Z" "-v" "/var/lib/crater-agent-workspace/cargo-home:/opt/rustwide/cargo-home:ro,Z" "-v" "/var/lib/crater-agent-workspace/rustup-home:/opt/rustwide/rustup-home:ro,Z" "-e" "SOURCE_DIR=/opt/rustwide/workdir" "-e" "CARGO_TARGET_DIR=/opt/rustwide/target" "-e" "CARGO_INCREMENTAL=0" "-e" "RUST_BACKTRACE=full" "-e" "RUSTFLAGS=--cap-lints=forbid -Zrandomize-layout" "-e" "RUSTDOCFLAGS=--cap-lints=forbid" "-e" "CARGO_HOME=/opt/rustwide/cargo-home" "-e" "RUSTUP_HOME=/opt/rustwide/rustup-home" "-w" "/opt/rustwide/workdir" "-m" "1610612736" "--user" "0:0" "--network" "none" "ghcr.io/rust-lang/crates-build-env/linux@sha256:4a844ea9eb2546a2d2c7022eacef16ef2e8229c7fbb2c7d4d55a9ceca922f72d" "/opt/rustwide/cargo-home/bin/cargo" "+nightly-2024-10-28" "test" "--frozen" "--no-run" "--message-format=json", kill_on_drop: false }`
[INFO] [stdout] 8c6ad3ab597e91a88055f8680b078313df22a676fd091b356ee9fa93d3509315
[INFO] running `Command { std: "docker" "start" "-a" "8c6ad3ab597e91a88055f8680b078313df22a676fd091b356ee9fa93d3509315", kill_on_drop: false }`
[INFO] [stderr]    Compiling zerocopy-derive v0.7.35
[INFO] [stderr]    Compiling byteorder v1.5.0
[INFO] [stderr]    Compiling native-tls v0.2.12
[INFO] [stderr]    Compiling rand_core v0.6.4
[INFO] [stdout] warning: use of deprecated type alias `std::panic::PanicInfo`: use `PanicHookInfo` instead
[INFO] [stdout]   --> src/sandbox.rs:61:56
[INFO] [stdout]    |
[INFO] [stdout] 61 |     panic::set_hook(Box::new(move |panic_info: &panic::PanicInfo<'_>| {
[INFO] [stdout]    |                                                        ^^^^^^^^^
[INFO] [stdout]    |
[INFO] [stdout]    = note: `#[warn(deprecated)]` on by default
[INFO] [stdout] 
[INFO] [stdout] 
[INFO] [stdout] warning: use of deprecated struct `openssl::pkcs12::ParsedPkcs12`: Use ParsedPkcs12_2 instead
[INFO] [stdout]   --> src/tls.rs:42:21
[INFO] [stdout]    |
[INFO] [stdout] 42 |     pkcs12: pkcs12::ParsedPkcs12,
[INFO] [stdout]    |                     ^^^^^^^^^^^^
[INFO] [stdout] 
[INFO] [stdout] 
[INFO] [stdout] warning: use of deprecated field `openssl::pkcs12::ParsedPkcs12::pkey`: Use ParsedPkcs12_2 instead
[INFO] [stdout]    --> src/tls.rs:114:31
[INFO] [stdout]     |
[INFO] [stdout] 114 |             .set_private_key(&tls_identity.pkcs12.pkey)
[INFO] [stdout]     |                               ^^^^^^^^^^^^^^^^^^^^^^^^
[INFO] [stdout] 
[INFO] [stdout] 
[INFO] [stdout] warning: use of deprecated field `openssl::pkcs12::ParsedPkcs12::cert`: Use ParsedPkcs12_2 instead
[INFO] [stdout]    --> src/tls.rs:117:31
[INFO] [stdout]     |
[INFO] [stdout] 117 |             .set_certificate(&tls_identity.pkcs12.cert)
[INFO] [stdout]     |                               ^^^^^^^^^^^^^^^^^^^^^^^^
[INFO] [stdout] 
[INFO] [stdout] 
[INFO] [stdout] warning: use of deprecated field `openssl::pkcs12::ParsedPkcs12::chain`: Use ParsedPkcs12_2 instead
[INFO] [stdout]    --> src/tls.rs:119:30
[INFO] [stdout]     |
[INFO] [stdout] 119 |         if let Some(chain) = tls_identity.pkcs12.chain {
[INFO] [stdout]     |                              ^^^^^^^^^^^^^^^^^^^^^^^^^
[INFO] [stdout] 
[INFO] [stdout] 
[INFO] [stdout] warning: use of deprecated field `openssl::pkcs12::ParsedPkcs12::pkey`: Use ParsedPkcs12_2 instead
[INFO] [stdout]    --> src/tls.rs:191:35
[INFO] [stdout]     |
[INFO] [stdout] 191 |                 .set_private_key(&tls_identity.pkcs12.pkey)
[INFO] [stdout]     |                                   ^^^^^^^^^^^^^^^^^^^^^^^^
[INFO] [stdout] 
[INFO] [stdout] 
[INFO] [stdout] warning: use of deprecated field `openssl::pkcs12::ParsedPkcs12::cert`: Use ParsedPkcs12_2 instead
[INFO] [stdout]    --> src/tls.rs:194:35
[INFO] [stdout]     |
[INFO] [stdout] 194 |                 .set_certificate(&tls_identity.pkcs12.cert)
[INFO] [stdout]     |                                   ^^^^^^^^^^^^^^^^^^^^^^^^
[INFO] [stdout] 
[INFO] [stdout] 
[INFO] [stdout] warning: use of deprecated field `openssl::pkcs12::ParsedPkcs12::chain`: Use ParsedPkcs12_2 instead
[INFO] [stdout]    --> src/tls.rs:196:34
[INFO] [stdout]     |
[INFO] [stdout] 196 |             if let Some(chain) = tls_identity.pkcs12.chain {
[INFO] [stdout]     |                                  ^^^^^^^^^^^^^^^^^^^^^^^^^
[INFO] [stdout] 
[INFO] [stdout] 
[INFO] [stdout] warning: use of deprecated method `openssl::pkcs12::Pkcs12Ref::parse`: Use parse2 instead
[INFO] [stdout]    --> src/tls.rs:298:54
[INFO] [stdout]     |
[INFO] [stdout] 298 |         let pkcs12 = pkcs12::Pkcs12::from_der(data)?.parse(password)?;
[INFO] [stdout]     |                                                      ^^^^^
[INFO] [stdout] 
[INFO] [stdout] 
[INFO] [stdout] warning: non-local `impl` definition, `impl` blocks should be written at the same level as their item
[INFO] [stdout]   --> src/tls.rs:81:17
[INFO] [stdout]    |
[INFO] [stdout] 81 | #[derive(Debug, failure::Fail)]
[INFO] [stdout]    |                 ^------------
[INFO] [stdout]    |                 |
[INFO] [stdout]    |                 `Fail` is not local
[INFO] [stdout]    |                 move the `impl` block outside of this constant `_DERIVE_failure_Fail_FOR_HandshakeFailure`
[INFO] [stdout] 82 | pub(crate) enum HandshakeFailure {
[INFO] [stdout]    |                 ---------------- `HandshakeFailure` is not local
[INFO] [stdout]    |
[INFO] [stdout]    = note: the derive macro `failure::Fail` defines the non-local `impl`, and may need to be changed
[INFO] [stdout]    = note: the derive macro `failure::Fail` may come from an old version of the `failure_derive` crate, try updating your dependency with `cargo update -p failure_derive`
[INFO] [stdout]    = note: an `impl` is never scoped, even when it is nested inside an item, as it may impact type checking outside of that item, which can be the case if neither the trait or the self type are at the same nesting level as the `impl`
[INFO] [stdout]    = note: items in an anonymous const item (`const _: () = { ... }`) are treated as in the same scope as the anonymous const's declaration for the purpose of this lint
[INFO] [stdout]    = note: `#[warn(non_local_definitions)]` on by default
[INFO] [stdout]    = note: this warning originates in the derive macro `failure::Fail` (in Nightly builds, run with -Z macro-backtrace for more info)
[INFO] [stdout] 
[INFO] [stdout] 
[INFO] [stdout] warning: non-local `impl` definition, `impl` blocks should be written at the same level as their item
[INFO] [stdout]   --> src/tls.rs:81:17
[INFO] [stdout]    |
[INFO] [stdout] 81 | #[derive(Debug, failure::Fail)]
[INFO] [stdout]    |                 ^------------
[INFO] [stdout]    |                 |
[INFO] [stdout]    |                 `Display` is not local
[INFO] [stdout]    |                 move the `impl` block outside of this constant `_DERIVE_failure_core_fmt_Display_FOR_HandshakeFailure`
[INFO] [stdout] 82 | pub(crate) enum HandshakeFailure {
[INFO] [stdout]    |                 ---------------- `HandshakeFailure` is not local
[INFO] [stdout]    |
[INFO] [stdout]    = note: the derive macro `failure::Fail` defines the non-local `impl`, and may need to be changed
[INFO] [stdout]    = note: the derive macro `failure::Fail` may come from an old version of the `failure_derive` crate, try updating your dependency with `cargo update -p failure_derive`
[INFO] [stdout]    = note: an `impl` is never scoped, even when it is nested inside an item, as it may impact type checking outside of that item, which can be the case if neither the trait or the self type are at the same nesting level as the `impl`
[INFO] [stdout]    = note: items in an anonymous const item (`const _: () = { ... }`) are treated as in the same scope as the anonymous const's declaration for the purpose of this lint
[INFO] [stdout]    = note: this warning originates in the derive macro `failure::Fail` (in Nightly builds, run with -Z macro-backtrace for more info)
[INFO] [stdout] 
[INFO] [stdout] 
[INFO] [stderr]    Compiling zerocopy v0.7.35
[INFO] [stderr]    Compiling ppv-lite86 v0.2.20
[INFO] [stderr]    Compiling rand_chacha v0.3.1
[INFO] [stderr]    Compiling rustunnel v0.1.2 (/opt/rustwide/workdir)
[INFO] [stdout] warning: unused import: `rustunnel::stream::*`
[INFO] [stdout]   --> tests/client_child_test.rs:17:5
[INFO] [stdout]    |
[INFO] [stdout] 17 | use rustunnel::stream::*;
[INFO] [stdout]    |     ^^^^^^^^^^^^^^^^^^^^
[INFO] [stdout]    |
[INFO] [stdout]    = note: `#[warn(unused_imports)]` on by default
[INFO] [stdout] 
[INFO] [stdout] 
[INFO] [stdout] warning: use of deprecated type alias `std::panic::PanicInfo`: use `PanicHookInfo` instead
[INFO] [stdout]   --> src/sandbox.rs:61:56
[INFO] [stdout]    |
[INFO] [stdout] 61 |     panic::set_hook(Box::new(move |panic_info: &panic::PanicInfo<'_>| {
[INFO] [stdout]    |                                                        ^^^^^^^^^
[INFO] [stdout]    |
[INFO] [stdout]    = note: `#[warn(deprecated)]` on by default
[INFO] [stdout] 
[INFO] [stdout] 
[INFO] [stdout] warning: use of deprecated struct `openssl::pkcs12::ParsedPkcs12`: Use ParsedPkcs12_2 instead
[INFO] [stdout]   --> src/tls.rs:42:21
[INFO] [stdout]    |
[INFO] [stdout] 42 |     pkcs12: pkcs12::ParsedPkcs12,
[INFO] [stdout]    |                     ^^^^^^^^^^^^
[INFO] [stdout] 
[INFO] [stdout] 
[INFO] [stdout] warning: use of deprecated method `openssl::pkcs12::Pkcs12Builder::build`: Use Self::{name, pkey, cert, build2} instead.
[INFO] [stdout]    --> tests/util.rs:202:14
[INFO] [stdout]     |
[INFO] [stdout] 202 |             .build("", "rustunneld_test_pkcs12", &self.private_key, &self.certificate)
[INFO] [stdout]     |              ^^^^^
[INFO] [stdout]     |
[INFO] [stdout]     = note: `#[warn(deprecated)]` on by default
[INFO] [stdout] 
[INFO] [stdout] 
[INFO] [stdout] warning: use of deprecated method `openssl::pkcs12::Pkcs12Builder::build`: Use Self::{name, pkey, cert, build2} instead.
[INFO] [stdout]    --> tests/util.rs:202:14
[INFO] [stdout]     |
[INFO] [stdout] 202 |             .build("", "rustunneld_test_pkcs12", &self.private_key, &self.certificate)
[INFO] [stdout]     |              ^^^^^
[INFO] [stdout]     |
[INFO] [stdout]     = note: `#[warn(deprecated)]` on by default
[INFO] [stdout] 
[INFO] [stdout] 
[INFO] [stdout] warning: use of deprecated method `openssl::pkcs12::Pkcs12Builder::build`: Use Self::{name, pkey, cert, build2} instead.
[INFO] [stdout]    --> tests/util.rs:202:14
[INFO] [stdout]     |
[INFO] [stdout] 202 |             .build("", "rustunneld_test_pkcs12", &self.private_key, &self.certificate)
[INFO] [stdout]     |              ^^^^^
[INFO] [stdout]     |
[INFO] [stdout]     = note: `#[warn(deprecated)]` on by default
[INFO] [stdout] 
[INFO] [stdout] 
[INFO] [stdout] warning: use of deprecated method `openssl::pkcs12::Pkcs12Builder::build`: Use Self::{name, pkey, cert, build2} instead.
[INFO] [stdout]    --> tests/util.rs:310:14
[INFO] [stdout]     |
[INFO] [stdout] 310 |             .build("", "rustunneld_test_pkcs12", &self.private_key, &self.certificate)
[INFO] [stdout]     |              ^^^^^
[INFO] [stdout] 
[INFO] [stdout] 
[INFO] [stdout] warning: use of deprecated method `openssl::pkcs12::Pkcs12Builder::build`: Use Self::{name, pkey, cert, build2} instead.
[INFO] [stdout]    --> tests/util.rs:310:14
[INFO] [stdout]     |
[INFO] [stdout] 310 |             .build("", "rustunneld_test_pkcs12", &self.private_key, &self.certificate)
[INFO] [stdout]     |              ^^^^^
[INFO] [stdout] 
[INFO] [stdout] 
[INFO] [stdout] warning: use of deprecated method `openssl::pkcs12::Pkcs12Builder::build`: Use Self::{name, pkey, cert, build2} instead.
[INFO] [stdout]    --> tests/util.rs:310:14
[INFO] [stdout]     |
[INFO] [stdout] 310 |             .build("", "rustunneld_test_pkcs12", &self.private_key, &self.certificate)
[INFO] [stdout]     |              ^^^^^
[INFO] [stdout] 
[INFO] [stdout] 
[INFO] [stdout] warning: use of deprecated field `openssl::pkcs12::ParsedPkcs12::pkey`: Use ParsedPkcs12_2 instead
[INFO] [stdout]    --> src/tls.rs:114:31
[INFO] [stdout]     |
[INFO] [stdout] 114 |             .set_private_key(&tls_identity.pkcs12.pkey)
[INFO] [stdout]     |                               ^^^^^^^^^^^^^^^^^^^^^^^^
[INFO] [stdout] 
[INFO] [stdout] 
[INFO] [stdout] warning: use of deprecated field `openssl::pkcs12::ParsedPkcs12::cert`: Use ParsedPkcs12_2 instead
[INFO] [stdout]    --> src/tls.rs:117:31
[INFO] [stdout]     |
[INFO] [stdout] 117 |             .set_certificate(&tls_identity.pkcs12.cert)
[INFO] [stdout]     |                               ^^^^^^^^^^^^^^^^^^^^^^^^
[INFO] [stdout] 
[INFO] [stdout] 
[INFO] [stdout] warning: use of deprecated field `openssl::pkcs12::ParsedPkcs12::chain`: Use ParsedPkcs12_2 instead
[INFO] [stdout]    --> src/tls.rs:119:30
[INFO] [stdout]     |
[INFO] [stdout] 119 |         if let Some(chain) = tls_identity.pkcs12.chain {
[INFO] [stdout]     |                              ^^^^^^^^^^^^^^^^^^^^^^^^^
[INFO] [stdout] 
[INFO] [stdout] 
[INFO] [stdout] warning: use of deprecated field `openssl::pkcs12::ParsedPkcs12::pkey`: Use ParsedPkcs12_2 instead
[INFO] [stdout]    --> src/tls.rs:191:35
[INFO] [stdout]     |
[INFO] [stdout] 191 |                 .set_private_key(&tls_identity.pkcs12.pkey)
[INFO] [stdout]     |                                   ^^^^^^^^^^^^^^^^^^^^^^^^
[INFO] [stdout] 
[INFO] [stdout] 
[INFO] [stdout] warning: use of deprecated field `openssl::pkcs12::ParsedPkcs12::cert`: Use ParsedPkcs12_2 instead
[INFO] [stdout]    --> src/tls.rs:194:35
[INFO] [stdout]     |
[INFO] [stdout] 194 |                 .set_certificate(&tls_identity.pkcs12.cert)
[INFO] [stdout]     |                                   ^^^^^^^^^^^^^^^^^^^^^^^^
[INFO] [stdout] 
[INFO] [stdout] 
[INFO] [stdout] warning: use of deprecated field `openssl::pkcs12::ParsedPkcs12::chain`: Use ParsedPkcs12_2 instead
[INFO] [stdout]    --> src/tls.rs:196:34
[INFO] [stdout]     |
[INFO] [stdout] 196 |             if let Some(chain) = tls_identity.pkcs12.chain {
[INFO] [stdout]     |                                  ^^^^^^^^^^^^^^^^^^^^^^^^^
[INFO] [stdout] 
[INFO] [stdout] 
[INFO] [stdout] warning: use of deprecated method `openssl::pkcs12::Pkcs12Ref::parse`: Use parse2 instead
[INFO] [stdout]    --> src/tls.rs:298:54
[INFO] [stdout]     |
[INFO] [stdout] 298 |         let pkcs12 = pkcs12::Pkcs12::from_der(data)?.parse(password)?;
[INFO] [stdout]     |                                                      ^^^^^
[INFO] [stdout] 
[INFO] [stdout] 
[INFO] [stdout] error: linking with `cc` failed: exit status: 1
[INFO] [stdout]   |
[INFO] [stdout]   = note: LC_ALL="C" PATH="/opt/rustwide/rustup-home/toolchains/nightly-2024-10-28-x86_64-unknown-linux-gnu/lib/rustlib/x86_64-unknown-linux-gnu/bin:/opt/rustwide/rustup-home/toolchains/nightly-2024-10-28-x86_64-unknown-linux-gnu/lib/rustlib/x86_64-unknown-linux-gnu/bin/self-contained:/opt/rustwide/cargo-home/bin:/usr/local/sbin:/usr/local/bin:/usr/sbin:/usr/bin:/sbin:/bin" VSLANG="1033" "cc" "-m64" "/tmp/rustcBo4yOe/symbols.o" "/opt/rustwide/target/debug/deps/util-901af9af8388654c.util.43a4397fa96c3118-cgu.0.rcgu.o" "/opt/rustwide/target/debug/deps/util-901af9af8388654c.eulcfxtmr0vkgugi6voeu67nd.rcgu.o" "-Wl,--as-needed" "-Wl,-Bstatic" "/opt/rustwide/target/debug/deps/libnative_tls-2527c2ab9638c0e4.rlib" "/opt/rustwide/target/debug/deps/libopenssl_probe-7a88c39453af999d.rlib" "/opt/rustwide/rustup-home/toolchains/nightly-2024-10-28-x86_64-unknown-linux-gnu/lib/rustlib/x86_64-unknown-linux-gnu/lib/libtest-a09fad3b5321e7d6.rlib" "/opt/rustwide/rustup-home/toolchains/nightly-2024-10-28-x86_64-unknown-linux-gnu/lib/rustlib/x86_64-unknown-linux-gnu/lib/libgetopts-f9c3dff41ad42661.rlib" "/opt/rustwide/rustup-home/toolchains/nightly-2024-10-28-x86_64-unknown-linux-gnu/lib/rustlib/x86_64-unknown-linux-gnu/lib/libunicode_width-ad2aef31af6addd3.rlib" "/opt/rustwide/rustup-home/toolchains/nightly-2024-10-28-x86_64-unknown-linux-gnu/lib/rustlib/x86_64-unknown-linux-gnu/lib/librustc_std_workspace_std-e3f907dc03deb913.rlib" "/opt/rustwide/target/debug/deps/librustunnel-acf45ddb4e8ca6d6.rlib" "/opt/rustwide/target/debug/deps/libclear_on_drop-290ba8a344b6c9b1.rlib" "/opt/rustwide/target/debug/deps/libseccomp_sys-0ceab839b356360a.rlib" "/opt/rustwide/target/debug/deps/liblog-e7e7e8ec9ff686da.rlib" "/opt/rustwide/target/debug/deps/librand_chacha-8c38c9809338b461.rlib" "/opt/rustwide/target/debug/deps/libppv_lite86-40f3f67092be9502.rlib" "/opt/rustwide/target/debug/deps/libzerocopy-28edfe92ed399e1d.rlib" "/opt/rustwide/target/debug/deps/libbyteorder-7817d47eb31dfb0c.rlib" "/opt/rustwide/target/debug/deps/librand_core-d4a2280c4547a8d5.rlib" "/opt/rustwide/target/debug/deps/libopenssl-93830dbef905c8c2.rlib" "/opt/rustwide/target/debug/deps/libonce_cell-6dc575c335e8f5a1.rlib" "/opt/rustwide/target/debug/deps/libbitflags-2a54fc7d8f815a15.rlib" "/opt/rustwide/target/debug/deps/libforeign_types-635c4831cecdaa17.rlib" "/opt/rustwide/target/debug/deps/libforeign_types_shared-451e418c5f5a784d.rlib" "/opt/rustwide/target/debug/deps/libopenssl_sys-27f86f7ea579ef2c.rlib" "/opt/rustwide/target/debug/deps/libnix-135c323002c9e0d2.rlib" "/opt/rustwide/target/debug/deps/libbitflags-560efdb99b117eef.rlib" "/opt/rustwide/target/debug/deps/libmemoffset-826871b0a2c2efb2.rlib" "/opt/rustwide/target/debug/deps/libfailure-12555704b7f6722c.rlib" "/opt/rustwide/target/debug/deps/libbacktrace-e42514d03b37a53f.rlib" "/opt/rustwide/target/debug/deps/libminiz_oxide-aab7f170bc76163e.rlib" "/opt/rustwide/target/debug/deps/libadler2-b3e8bf616d8ed0c4.rlib" "/opt/rustwide/target/debug/deps/libobject-accffea693dd7c64.rlib" "/opt/rustwide/target/debug/deps/libmemchr-bedcaec69f240e0a.rlib" "/opt/rustwide/target/debug/deps/liblibc-cf06f29c0a4f6ede.rlib" "/opt/rustwide/target/debug/deps/libaddr2line-dd4d4e91cb412549.rlib" "/opt/rustwide/target/debug/deps/libgimli-29a90498a79efb86.rlib" "/opt/rustwide/target/debug/deps/libcfg_if-57bf25c23e31efdb.rlib" "/opt/rustwide/target/debug/deps/librustc_demangle-01b1170af4428f72.rlib" "/opt/rustwide/rustup-home/toolchains/nightly-2024-10-28-x86_64-unknown-linux-gnu/lib/rustlib/x86_64-unknown-linux-gnu/lib/libstd-fb8c387236db3c10.rlib" "/opt/rustwide/rustup-home/toolchains/nightly-2024-10-28-x86_64-unknown-linux-gnu/lib/rustlib/x86_64-unknown-linux-gnu/lib/libpanic_unwind-b251837809b2f64b.rlib" "/opt/rustwide/rustup-home/toolchains/nightly-2024-10-28-x86_64-unknown-linux-gnu/lib/rustlib/x86_64-unknown-linux-gnu/lib/libobject-cbef83eaa4e01f04.rlib" "/opt/rustwide/rustup-home/toolchains/nightly-2024-10-28-x86_64-unknown-linux-gnu/lib/rustlib/x86_64-unknown-linux-gnu/lib/libmemchr-12a772286de2fca7.rlib" "/opt/rustwide/rustup-home/toolchains/nightly-2024-10-28-x86_64-unknown-linux-gnu/lib/rustlib/x86_64-unknown-linux-gnu/lib/libaddr2line-023bbe5ada7abfc3.rlib" "/opt/rustwide/rustup-home/toolchains/nightly-2024-10-28-x86_64-unknown-linux-gnu/lib/rustlib/x86_64-unknown-linux-gnu/lib/libgimli-de2bcdf10ec69c2b.rlib" "/opt/rustwide/rustup-home/toolchains/nightly-2024-10-28-x86_64-unknown-linux-gnu/lib/rustlib/x86_64-unknown-linux-gnu/lib/librustc_demangle-8e1754df350800fd.rlib" "/opt/rustwide/rustup-home/toolchains/nightly-2024-10-28-x86_64-unknown-linux-gnu/lib/rustlib/x86_64-unknown-linux-gnu/lib/libstd_detect-06c2ab7b9c32e037.rlib" "/opt/rustwide/rustup-home/toolchains/nightly-2024-10-28-x86_64-unknown-linux-gnu/lib/rustlib/x86_64-unknown-linux-gnu/lib/libhashbrown-51d2621fc57a281b.rlib" "/opt/rustwide/rustup-home/toolchains/nightly-2024-10-28-x86_64-unknown-linux-gnu/lib/rustlib/x86_64-unknown-linux-gnu/lib/librustc_std_workspace_alloc-54a930408793772f.rlib" "/opt/rustwide/rustup-home/toolchains/nightly-2024-10-28-x86_64-unknown-linux-gnu/lib/rustlib/x86_64-unknown-linux-gnu/lib/libminiz_oxide-0c7d01cba400dcb2.rlib" "/opt/rustwide/rustup-home/toolchains/nightly-2024-10-28-x86_64-unknown-linux-gnu/lib/rustlib/x86_64-unknown-linux-gnu/lib/libadler-b9f84d69e331b75b.rlib" "/opt/rustwide/rustup-home/toolchains/nightly-2024-10-28-x86_64-unknown-linux-gnu/lib/rustlib/x86_64-unknown-linux-gnu/lib/libunwind-eec95493246aae39.rlib" "/opt/rustwide/rustup-home/toolchains/nightly-2024-10-28-x86_64-unknown-linux-gnu/lib/rustlib/x86_64-unknown-linux-gnu/lib/libcfg_if-6f6676c475e08ab0.rlib" "/opt/rustwide/rustup-home/toolchains/nightly-2024-10-28-x86_64-unknown-linux-gnu/lib/rustlib/x86_64-unknown-linux-gnu/lib/liblibc-799d520624f8b2e0.rlib" "/opt/rustwide/rustup-home/toolchains/nightly-2024-10-28-x86_64-unknown-linux-gnu/lib/rustlib/x86_64-unknown-linux-gnu/lib/liballoc-fcf93d4842acd9a9.rlib" "/opt/rustwide/rustup-home/toolchains/nightly-2024-10-28-x86_64-unknown-linux-gnu/lib/rustlib/x86_64-unknown-linux-gnu/lib/librustc_std_workspace_core-395a38b8e0851c9b.rlib" "/opt/rustwide/rustup-home/toolchains/nightly-2024-10-28-x86_64-unknown-linux-gnu/lib/rustlib/x86_64-unknown-linux-gnu/lib/libcore-d453bab70303062c.rlib" "/opt/rustwide/rustup-home/toolchains/nightly-2024-10-28-x86_64-unknown-linux-gnu/lib/rustlib/x86_64-unknown-linux-gnu/lib/libcompiler_builtins-0e6386368b0a24e8.rlib" "-Wl,-Bdynamic" "-lseccomp" "-lssl" "-lcrypto" "-lgcc_s" "-lutil" "-lrt" "-lpthread" "-lm" "-ldl" "-lc" "-B/opt/rustwide/rustup-home/toolchains/nightly-2024-10-28-x86_64-unknown-linux-gnu/lib/rustlib/x86_64-unknown-linux-gnu/bin/gcc-ld" "-fuse-ld=lld" "-Wl,--eh-frame-hdr" "-Wl,-z,noexecstack" "-L" "/opt/rustwide/target/debug/build/rustunnel-03f760c3368f202a/out" "-L" "/opt/rustwide/target/debug/build/clear_on_drop-20a4979facf1b632/out" "-L" "/opt/rustwide/rustup-home/toolchains/nightly-2024-10-28-x86_64-unknown-linux-gnu/lib/rustlib/x86_64-unknown-linux-gnu/lib" "-o" "/opt/rustwide/target/debug/deps/util-901af9af8388654c" "-Wl,--gc-sections" "-pie" "-Wl,-z,relro,-z,now" "-nodefaultlibs"
[INFO] [stdout]   = note: rust-lld: error: unable to find library -lseccomp
[INFO] [stdout]           collect2: error: ld returned 1 exit status
[INFO] [stdout]           
[INFO] [stdout] 
[INFO] [stdout] 
[INFO] [stderr] error: could not compile `rustunnel` (test "util") due to 1 previous error; 2 warnings emitted
[INFO] [stderr] warning: build failed, waiting for other jobs to finish...
[INFO] [stdout] warning: non-local `impl` definition, `impl` blocks should be written at the same level as their item
[INFO] [stdout]   --> src/tls.rs:81:17
[INFO] [stdout]    |
[INFO] [stdout] 81 | #[derive(Debug, failure::Fail)]
[INFO] [stdout]    |                 ^------------
[INFO] [stdout]    |                 |
[INFO] [stdout]    |                 `Fail` is not local
[INFO] [stdout]    |                 move the `impl` block outside of this constant `_DERIVE_failure_Fail_FOR_HandshakeFailure`
[INFO] [stdout] 82 | pub(crate) enum HandshakeFailure {
[INFO] [stdout]    |                 ---------------- `HandshakeFailure` is not local
[INFO] [stdout]    |
[INFO] [stdout]    = note: the derive macro `failure::Fail` defines the non-local `impl`, and may need to be changed
[INFO] [stdout]    = note: the derive macro `failure::Fail` may come from an old version of the `failure_derive` crate, try updating your dependency with `cargo update -p failure_derive`
[INFO] [stdout]    = note: an `impl` is never scoped, even when it is nested inside an item, as it may impact type checking outside of that item, which can be the case if neither the trait or the self type are at the same nesting level as the `impl`
[INFO] [stdout]    = note: items in an anonymous const item (`const _: () = { ... }`) are treated as in the same scope as the anonymous const's declaration for the purpose of this lint
[INFO] [stdout]    = note: `#[warn(non_local_definitions)]` on by default
[INFO] [stdout]    = note: this warning originates in the derive macro `failure::Fail` (in Nightly builds, run with -Z macro-backtrace for more info)
[INFO] [stdout] 
[INFO] [stdout] 
[INFO] [stdout] warning: non-local `impl` definition, `impl` blocks should be written at the same level as their item
[INFO] [stdout]   --> src/tls.rs:81:17
[INFO] [stdout]    |
[INFO] [stdout] 81 | #[derive(Debug, failure::Fail)]
[INFO] [stdout]    |                 ^------------
[INFO] [stdout]    |                 |
[INFO] [stdout]    |                 `Display` is not local
[INFO] [stdout]    |                 move the `impl` block outside of this constant `_DERIVE_failure_core_fmt_Display_FOR_HandshakeFailure`
[INFO] [stdout] 82 | pub(crate) enum HandshakeFailure {
[INFO] [stdout]    |                 ---------------- `HandshakeFailure` is not local
[INFO] [stdout]    |
[INFO] [stdout]    = note: the derive macro `failure::Fail` defines the non-local `impl`, and may need to be changed
[INFO] [stdout]    = note: the derive macro `failure::Fail` may come from an old version of the `failure_derive` crate, try updating your dependency with `cargo update -p failure_derive`
[INFO] [stdout]    = note: an `impl` is never scoped, even when it is nested inside an item, as it may impact type checking outside of that item, which can be the case if neither the trait or the self type are at the same nesting level as the `impl`
[INFO] [stdout]    = note: items in an anonymous const item (`const _: () = { ... }`) are treated as in the same scope as the anonymous const's declaration for the purpose of this lint
[INFO] [stdout]    = note: this warning originates in the derive macro `failure::Fail` (in Nightly builds, run with -Z macro-backtrace for more info)
[INFO] [stdout] 
[INFO] [stdout] 
[INFO] [stdout] error: linking with `cc` failed: exit status: 1
[INFO] [stdout]   |
[INFO] [stdout]   = note: LC_ALL="C" PATH="/opt/rustwide/rustup-home/toolchains/nightly-2024-10-28-x86_64-unknown-linux-gnu/lib/rustlib/x86_64-unknown-linux-gnu/bin:/opt/rustwide/rustup-home/toolchains/nightly-2024-10-28-x86_64-unknown-linux-gnu/lib/rustlib/x86_64-unknown-linux-gnu/bin/self-contained:/opt/rustwide/cargo-home/bin:/usr/local/sbin:/usr/local/bin:/usr/sbin:/usr/bin:/sbin:/bin" VSLANG="1033" "cc" "-m64" "/tmp/rustcqD9NdO/symbols.o" "/opt/rustwide/target/debug/deps/rustunnel-8ac02d1b4507c362.rustunnel.7cbc96c4ce055435-cgu.0.rcgu.o" "/opt/rustwide/target/debug/deps/rustunnel-8ac02d1b4507c362.ae40v3oo4e6b9a1kyi4gw00ba.rcgu.o" "-Wl,--as-needed" "-Wl,-Bstatic" "-lmalloc" "/opt/rustwide/target/debug/deps/libclear_on_drop-290ba8a344b6c9b1.rlib" "/opt/rustwide/rustup-home/toolchains/nightly-2024-10-28-x86_64-unknown-linux-gnu/lib/rustlib/x86_64-unknown-linux-gnu/lib/libtest-a09fad3b5321e7d6.rlib" "/opt/rustwide/rustup-home/toolchains/nightly-2024-10-28-x86_64-unknown-linux-gnu/lib/rustlib/x86_64-unknown-linux-gnu/lib/libgetopts-f9c3dff41ad42661.rlib" "/opt/rustwide/rustup-home/toolchains/nightly-2024-10-28-x86_64-unknown-linux-gnu/lib/rustlib/x86_64-unknown-linux-gnu/lib/libunicode_width-ad2aef31af6addd3.rlib" "/opt/rustwide/rustup-home/toolchains/nightly-2024-10-28-x86_64-unknown-linux-gnu/lib/rustlib/x86_64-unknown-linux-gnu/lib/librustc_std_workspace_std-e3f907dc03deb913.rlib" "/opt/rustwide/target/debug/deps/libopenssl-93830dbef905c8c2.rlib" "/opt/rustwide/target/debug/deps/libonce_cell-6dc575c335e8f5a1.rlib" "/opt/rustwide/target/debug/deps/libbitflags-2a54fc7d8f815a15.rlib" "/opt/rustwide/target/debug/deps/libforeign_types-635c4831cecdaa17.rlib" "/opt/rustwide/target/debug/deps/libforeign_types_shared-451e418c5f5a784d.rlib" "/opt/rustwide/target/debug/deps/libopenssl_sys-27f86f7ea579ef2c.rlib" "/opt/rustwide/target/debug/deps/libseccomp_sys-0ceab839b356360a.rlib" "/opt/rustwide/target/debug/deps/libfailure-12555704b7f6722c.rlib" "/opt/rustwide/target/debug/deps/libbacktrace-e42514d03b37a53f.rlib" "/opt/rustwide/target/debug/deps/libminiz_oxide-aab7f170bc76163e.rlib" "/opt/rustwide/target/debug/deps/libadler2-b3e8bf616d8ed0c4.rlib" "/opt/rustwide/target/debug/deps/libobject-accffea693dd7c64.rlib" "/opt/rustwide/target/debug/deps/libmemchr-bedcaec69f240e0a.rlib" "/opt/rustwide/target/debug/deps/libaddr2line-dd4d4e91cb412549.rlib" "/opt/rustwide/target/debug/deps/libgimli-29a90498a79efb86.rlib" "/opt/rustwide/target/debug/deps/librustc_demangle-01b1170af4428f72.rlib" "/opt/rustwide/target/debug/deps/libnix-135c323002c9e0d2.rlib" "/opt/rustwide/target/debug/deps/libbitflags-560efdb99b117eef.rlib" "/opt/rustwide/target/debug/deps/libmemoffset-826871b0a2c2efb2.rlib" "/opt/rustwide/target/debug/deps/libcfg_if-57bf25c23e31efdb.rlib" "/opt/rustwide/target/debug/deps/liblibc-cf06f29c0a4f6ede.rlib" "/opt/rustwide/target/debug/deps/liblog-e7e7e8ec9ff686da.rlib" "/opt/rustwide/rustup-home/toolchains/nightly-2024-10-28-x86_64-unknown-linux-gnu/lib/rustlib/x86_64-unknown-linux-gnu/lib/libstd-fb8c387236db3c10.rlib" "/opt/rustwide/rustup-home/toolchains/nightly-2024-10-28-x86_64-unknown-linux-gnu/lib/rustlib/x86_64-unknown-linux-gnu/lib/libpanic_unwind-b251837809b2f64b.rlib" "/opt/rustwide/rustup-home/toolchains/nightly-2024-10-28-x86_64-unknown-linux-gnu/lib/rustlib/x86_64-unknown-linux-gnu/lib/libobject-cbef83eaa4e01f04.rlib" "/opt/rustwide/rustup-home/toolchains/nightly-2024-10-28-x86_64-unknown-linux-gnu/lib/rustlib/x86_64-unknown-linux-gnu/lib/libmemchr-12a772286de2fca7.rlib" "/opt/rustwide/rustup-home/toolchains/nightly-2024-10-28-x86_64-unknown-linux-gnu/lib/rustlib/x86_64-unknown-linux-gnu/lib/libaddr2line-023bbe5ada7abfc3.rlib" "/opt/rustwide/rustup-home/toolchains/nightly-2024-10-28-x86_64-unknown-linux-gnu/lib/rustlib/x86_64-unknown-linux-gnu/lib/libgimli-de2bcdf10ec69c2b.rlib" "/opt/rustwide/rustup-home/toolchains/nightly-2024-10-28-x86_64-unknown-linux-gnu/lib/rustlib/x86_64-unknown-linux-gnu/lib/librustc_demangle-8e1754df350800fd.rlib" "/opt/rustwide/rustup-home/toolchains/nightly-2024-10-28-x86_64-unknown-linux-gnu/lib/rustlib/x86_64-unknown-linux-gnu/lib/libstd_detect-06c2ab7b9c32e037.rlib" "/opt/rustwide/rustup-home/toolchains/nightly-2024-10-28-x86_64-unknown-linux-gnu/lib/rustlib/x86_64-unknown-linux-gnu/lib/libhashbrown-51d2621fc57a281b.rlib" "/opt/rustwide/rustup-home/toolchains/nightly-2024-10-28-x86_64-unknown-linux-gnu/lib/rustlib/x86_64-unknown-linux-gnu/lib/librustc_std_workspace_alloc-54a930408793772f.rlib" "/opt/rustwide/rustup-home/toolchains/nightly-2024-10-28-x86_64-unknown-linux-gnu/lib/rustlib/x86_64-unknown-linux-gnu/lib/libminiz_oxide-0c7d01cba400dcb2.rlib" "/opt/rustwide/rustup-home/toolchains/nightly-2024-10-28-x86_64-unknown-linux-gnu/lib/rustlib/x86_64-unknown-linux-gnu/lib/libadler-b9f84d69e331b75b.rlib" "/opt/rustwide/rustup-home/toolchains/nightly-2024-10-28-x86_64-unknown-linux-gnu/lib/rustlib/x86_64-unknown-linux-gnu/lib/libunwind-eec95493246aae39.rlib" "/opt/rustwide/rustup-home/toolchains/nightly-2024-10-28-x86_64-unknown-linux-gnu/lib/rustlib/x86_64-unknown-linux-gnu/lib/libcfg_if-6f6676c475e08ab0.rlib" "/opt/rustwide/rustup-home/toolchains/nightly-2024-10-28-x86_64-unknown-linux-gnu/lib/rustlib/x86_64-unknown-linux-gnu/lib/liblibc-799d520624f8b2e0.rlib" "/opt/rustwide/rustup-home/toolchains/nightly-2024-10-28-x86_64-unknown-linux-gnu/lib/rustlib/x86_64-unknown-linux-gnu/lib/liballoc-fcf93d4842acd9a9.rlib" "/opt/rustwide/rustup-home/toolchains/nightly-2024-10-28-x86_64-unknown-linux-gnu/lib/rustlib/x86_64-unknown-linux-gnu/lib/librustc_std_workspace_core-395a38b8e0851c9b.rlib" "/opt/rustwide/rustup-home/toolchains/nightly-2024-10-28-x86_64-unknown-linux-gnu/lib/rustlib/x86_64-unknown-linux-gnu/lib/libcore-d453bab70303062c.rlib" "/opt/rustwide/rustup-home/toolchains/nightly-2024-10-28-x86_64-unknown-linux-gnu/lib/rustlib/x86_64-unknown-linux-gnu/lib/libcompiler_builtins-0e6386368b0a24e8.rlib" "-Wl,-Bdynamic" "-lssl" "-lcrypto" "-lseccomp" "-lgcc_s" "-lutil" "-lrt" "-lpthread" "-lm" "-ldl" "-lc" "-B/opt/rustwide/rustup-home/toolchains/nightly-2024-10-28-x86_64-unknown-linux-gnu/lib/rustlib/x86_64-unknown-linux-gnu/bin/gcc-ld" "-fuse-ld=lld" "-Wl,--eh-frame-hdr" "-Wl,-z,noexecstack" "-L" "/opt/rustwide/target/debug/build/rustunnel-03f760c3368f202a/out" "-L" "/opt/rustwide/target/debug/build/clear_on_drop-20a4979facf1b632/out" "-L" "/opt/rustwide/rustup-home/toolchains/nightly-2024-10-28-x86_64-unknown-linux-gnu/lib/rustlib/x86_64-unknown-linux-gnu/lib" "-o" "/opt/rustwide/target/debug/deps/rustunnel-8ac02d1b4507c362" "-Wl,--gc-sections" "-pie" "-Wl,-z,relro,-z,now" "-nodefaultlibs"
[INFO] [stdout]   = note: rust-lld: error: unable to find library -lseccomp
[INFO] [stdout]           collect2: error: ld returned 1 exit status
[INFO] [stdout]           
[INFO] [stdout] 
[INFO] [stdout] 
[INFO] [stderr] error: could not compile `rustunnel` (lib test) due to 1 previous error; 11 warnings emitted
[INFO] [stdout] error: linking with `cc` failed: exit status: 1
[INFO] [stdout]   |
[INFO] [stdout]   = note: LC_ALL="C" PATH="/opt/rustwide/rustup-home/toolchains/nightly-2024-10-28-x86_64-unknown-linux-gnu/lib/rustlib/x86_64-unknown-linux-gnu/bin:/opt/rustwide/rustup-home/toolchains/nightly-2024-10-28-x86_64-unknown-linux-gnu/lib/rustlib/x86_64-unknown-linux-gnu/bin/self-contained:/opt/rustwide/cargo-home/bin:/usr/local/sbin:/usr/local/bin:/usr/sbin:/usr/bin:/sbin:/bin" VSLANG="1033" "cc" "-m64" "/tmp/rustcEbBklc/symbols.o" "/opt/rustwide/target/debug/deps/server_child_test-241ffe9d645eb241.server_child_test.e6fbb2912af71d82-cgu.0.rcgu.o" "/opt/rustwide/target/debug/deps/server_child_test-241ffe9d645eb241.server_child_test.e6fbb2912af71d82-cgu.1.rcgu.o" "/opt/rustwide/target/debug/deps/server_child_test-241ffe9d645eb241.server_child_test.e6fbb2912af71d82-cgu.2.rcgu.o" "/opt/rustwide/target/debug/deps/server_child_test-241ffe9d645eb241.10lqaog2wyeih9ztu0crf152n.rcgu.o" "-Wl,--as-needed" "-Wl,-Bstatic" "/opt/rustwide/target/debug/deps/libnative_tls-2527c2ab9638c0e4.rlib" "/opt/rustwide/target/debug/deps/libopenssl_probe-7a88c39453af999d.rlib" "/opt/rustwide/target/debug/deps/librustunnel-acf45ddb4e8ca6d6.rlib" "/opt/rustwide/target/debug/deps/libclear_on_drop-290ba8a344b6c9b1.rlib" "/opt/rustwide/target/debug/deps/libseccomp_sys-0ceab839b356360a.rlib" "/opt/rustwide/target/debug/deps/liblog-e7e7e8ec9ff686da.rlib" "/opt/rustwide/target/debug/deps/librand_chacha-8c38c9809338b461.rlib" "/opt/rustwide/target/debug/deps/libppv_lite86-40f3f67092be9502.rlib" "/opt/rustwide/target/debug/deps/libzerocopy-28edfe92ed399e1d.rlib" "/opt/rustwide/target/debug/deps/libbyteorder-7817d47eb31dfb0c.rlib" "/opt/rustwide/target/debug/deps/librand_core-d4a2280c4547a8d5.rlib" "/opt/rustwide/target/debug/deps/libopenssl-93830dbef905c8c2.rlib" "/opt/rustwide/target/debug/deps/libonce_cell-6dc575c335e8f5a1.rlib" "/opt/rustwide/target/debug/deps/libbitflags-2a54fc7d8f815a15.rlib" "/opt/rustwide/target/debug/deps/libforeign_types-635c4831cecdaa17.rlib" "/opt/rustwide/target/debug/deps/libforeign_types_shared-451e418c5f5a784d.rlib" "/opt/rustwide/target/debug/deps/libopenssl_sys-27f86f7ea579ef2c.rlib" "/opt/rustwide/target/debug/deps/libnix-135c323002c9e0d2.rlib" "/opt/rustwide/target/debug/deps/libbitflags-560efdb99b117eef.rlib" "/opt/rustwide/target/debug/deps/libmemoffset-826871b0a2c2efb2.rlib" "/opt/rustwide/target/debug/deps/libfailure-12555704b7f6722c.rlib" "/opt/rustwide/target/debug/deps/libbacktrace-e42514d03b37a53f.rlib" "/opt/rustwide/target/debug/deps/libminiz_oxide-aab7f170bc76163e.rlib" "/opt/rustwide/target/debug/deps/libadler2-b3e8bf616d8ed0c4.rlib" "/opt/rustwide/target/debug/deps/libobject-accffea693dd7c64.rlib" "/opt/rustwide/target/debug/deps/libmemchr-bedcaec69f240e0a.rlib" "/opt/rustwide/target/debug/deps/liblibc-cf06f29c0a4f6ede.rlib" "/opt/rustwide/target/debug/deps/libaddr2line-dd4d4e91cb412549.rlib" "/opt/rustwide/target/debug/deps/libgimli-29a90498a79efb86.rlib" "/opt/rustwide/target/debug/deps/libcfg_if-57bf25c23e31efdb.rlib" "/opt/rustwide/target/debug/deps/librustc_demangle-01b1170af4428f72.rlib" "/opt/rustwide/rustup-home/toolchains/nightly-2024-10-28-x86_64-unknown-linux-gnu/lib/rustlib/x86_64-unknown-linux-gnu/lib/libstd-fb8c387236db3c10.rlib" "/opt/rustwide/rustup-home/toolchains/nightly-2024-10-28-x86_64-unknown-linux-gnu/lib/rustlib/x86_64-unknown-linux-gnu/lib/libpanic_unwind-b251837809b2f64b.rlib" "/opt/rustwide/rustup-home/toolchains/nightly-2024-10-28-x86_64-unknown-linux-gnu/lib/rustlib/x86_64-unknown-linux-gnu/lib/libobject-cbef83eaa4e01f04.rlib" "/opt/rustwide/rustup-home/toolchains/nightly-2024-10-28-x86_64-unknown-linux-gnu/lib/rustlib/x86_64-unknown-linux-gnu/lib/libmemchr-12a772286de2fca7.rlib" "/opt/rustwide/rustup-home/toolchains/nightly-2024-10-28-x86_64-unknown-linux-gnu/lib/rustlib/x86_64-unknown-linux-gnu/lib/libaddr2line-023bbe5ada7abfc3.rlib" "/opt/rustwide/rustup-home/toolchains/nightly-2024-10-28-x86_64-unknown-linux-gnu/lib/rustlib/x86_64-unknown-linux-gnu/lib/libgimli-de2bcdf10ec69c2b.rlib" "/opt/rustwide/rustup-home/toolchains/nightly-2024-10-28-x86_64-unknown-linux-gnu/lib/rustlib/x86_64-unknown-linux-gnu/lib/librustc_demangle-8e1754df350800fd.rlib" "/opt/rustwide/rustup-home/toolchains/nightly-2024-10-28-x86_64-unknown-linux-gnu/lib/rustlib/x86_64-unknown-linux-gnu/lib/libstd_detect-06c2ab7b9c32e037.rlib" "/opt/rustwide/rustup-home/toolchains/nightly-2024-10-28-x86_64-unknown-linux-gnu/lib/rustlib/x86_64-unknown-linux-gnu/lib/libhashbrown-51d2621fc57a281b.rlib" "/opt/rustwide/rustup-home/toolchains/nightly-2024-10-28-x86_64-unknown-linux-gnu/lib/rustlib/x86_64-unknown-linux-gnu/lib/librustc_std_workspace_alloc-54a930408793772f.rlib" "/opt/rustwide/rustup-home/toolchains/nightly-2024-10-28-x86_64-unknown-linux-gnu/lib/rustlib/x86_64-unknown-linux-gnu/lib/libminiz_oxide-0c7d01cba400dcb2.rlib" "/opt/rustwide/rustup-home/toolchains/nightly-2024-10-28-x86_64-unknown-linux-gnu/lib/rustlib/x86_64-unknown-linux-gnu/lib/libadler-b9f84d69e331b75b.rlib" "/opt/rustwide/rustup-home/toolchains/nightly-2024-10-28-x86_64-unknown-linux-gnu/lib/rustlib/x86_64-unknown-linux-gnu/lib/libunwind-eec95493246aae39.rlib" "/opt/rustwide/rustup-home/toolchains/nightly-2024-10-28-x86_64-unknown-linux-gnu/lib/rustlib/x86_64-unknown-linux-gnu/lib/libcfg_if-6f6676c475e08ab0.rlib" "/opt/rustwide/rustup-home/toolchains/nightly-2024-10-28-x86_64-unknown-linux-gnu/lib/rustlib/x86_64-unknown-linux-gnu/lib/liblibc-799d520624f8b2e0.rlib" "/opt/rustwide/rustup-home/toolchains/nightly-2024-10-28-x86_64-unknown-linux-gnu/lib/rustlib/x86_64-unknown-linux-gnu/lib/liballoc-fcf93d4842acd9a9.rlib" "/opt/rustwide/rustup-home/toolchains/nightly-2024-10-28-x86_64-unknown-linux-gnu/lib/rustlib/x86_64-unknown-linux-gnu/lib/librustc_std_workspace_core-395a38b8e0851c9b.rlib" "/opt/rustwide/rustup-home/toolchains/nightly-2024-10-28-x86_64-unknown-linux-gnu/lib/rustlib/x86_64-unknown-linux-gnu/lib/libcore-d453bab70303062c.rlib" "/opt/rustwide/rustup-home/toolchains/nightly-2024-10-28-x86_64-unknown-linux-gnu/lib/rustlib/x86_64-unknown-linux-gnu/lib/libcompiler_builtins-0e6386368b0a24e8.rlib" "-Wl,-Bdynamic" "-lseccomp" "-lssl" "-lcrypto" "-lgcc_s" "-lutil" "-lrt" "-lpthread" "-lm" "-ldl" "-lc" "-B/opt/rustwide/rustup-home/toolchains/nightly-2024-10-28-x86_64-unknown-linux-gnu/lib/rustlib/x86_64-unknown-linux-gnu/bin/gcc-ld" "-fuse-ld=lld" "-Wl,--eh-frame-hdr" "-Wl,-z,noexecstack" "-L" "/opt/rustwide/target/debug/build/rustunnel-03f760c3368f202a/out" "-L" "/opt/rustwide/target/debug/build/clear_on_drop-20a4979facf1b632/out" "-L" "/opt/rustwide/rustup-home/toolchains/nightly-2024-10-28-x86_64-unknown-linux-gnu/lib/rustlib/x86_64-unknown-linux-gnu/lib" "-o" "/opt/rustwide/target/debug/deps/server_child_test-241ffe9d645eb241" "-Wl,--gc-sections" "-pie" "-Wl,-z,relro,-z,now" "-nodefaultlibs"
[INFO] [stdout]   = note: rust-lld: error: unable to find library -lseccomp
[INFO] [stdout]           collect2: error: ld returned 1 exit status
[INFO] [stdout]           
[INFO] [stdout] 
[INFO] [stdout] 
[INFO] [stderr] error: could not compile `rustunnel` (test "server_child_test") due to 1 previous error; 2 warnings emitted
[INFO] [stdout] error: linking with `cc` failed: exit status: 1
[INFO] [stdout]   |
[INFO] [stdout]   = note: LC_ALL="C" PATH="/opt/rustwide/rustup-home/toolchains/nightly-2024-10-28-x86_64-unknown-linux-gnu/lib/rustlib/x86_64-unknown-linux-gnu/bin:/opt/rustwide/rustup-home/toolchains/nightly-2024-10-28-x86_64-unknown-linux-gnu/lib/rustlib/x86_64-unknown-linux-gnu/bin/self-contained:/opt/rustwide/cargo-home/bin:/usr/local/sbin:/usr/local/bin:/usr/sbin:/usr/bin:/sbin:/bin" VSLANG="1033" "cc" "-m64" "/tmp/rustcBFaZ4y/symbols.o" "/opt/rustwide/target/debug/deps/client_child_test-f70b0481cb6dc280.client_child_test.75199f9da185328-cgu.0.rcgu.o" "/opt/rustwide/target/debug/deps/client_child_test-f70b0481cb6dc280.client_child_test.75199f9da185328-cgu.1.rcgu.o" "/opt/rustwide/target/debug/deps/client_child_test-f70b0481cb6dc280.client_child_test.75199f9da185328-cgu.2.rcgu.o" "/opt/rustwide/target/debug/deps/client_child_test-f70b0481cb6dc280.1vkxuayljy40wo8j764fvpuyv.rcgu.o" "-Wl,--as-needed" "-Wl,-Bstatic" "/opt/rustwide/target/debug/deps/libnative_tls-2527c2ab9638c0e4.rlib" "/opt/rustwide/target/debug/deps/libopenssl_probe-7a88c39453af999d.rlib" "/opt/rustwide/target/debug/deps/librustunnel-acf45ddb4e8ca6d6.rlib" "/opt/rustwide/target/debug/deps/libclear_on_drop-290ba8a344b6c9b1.rlib" "/opt/rustwide/target/debug/deps/libseccomp_sys-0ceab839b356360a.rlib" "/opt/rustwide/target/debug/deps/liblog-e7e7e8ec9ff686da.rlib" "/opt/rustwide/target/debug/deps/librand_chacha-8c38c9809338b461.rlib" "/opt/rustwide/target/debug/deps/libppv_lite86-40f3f67092be9502.rlib" "/opt/rustwide/target/debug/deps/libzerocopy-28edfe92ed399e1d.rlib" "/opt/rustwide/target/debug/deps/libbyteorder-7817d47eb31dfb0c.rlib" "/opt/rustwide/target/debug/deps/librand_core-d4a2280c4547a8d5.rlib" "/opt/rustwide/target/debug/deps/libopenssl-93830dbef905c8c2.rlib" "/opt/rustwide/target/debug/deps/libonce_cell-6dc575c335e8f5a1.rlib" "/opt/rustwide/target/debug/deps/libbitflags-2a54fc7d8f815a15.rlib" "/opt/rustwide/target/debug/deps/libforeign_types-635c4831cecdaa17.rlib" "/opt/rustwide/target/debug/deps/libforeign_types_shared-451e418c5f5a784d.rlib" "/opt/rustwide/target/debug/deps/libopenssl_sys-27f86f7ea579ef2c.rlib" "/opt/rustwide/target/debug/deps/libnix-135c323002c9e0d2.rlib" "/opt/rustwide/target/debug/deps/libbitflags-560efdb99b117eef.rlib" "/opt/rustwide/target/debug/deps/libmemoffset-826871b0a2c2efb2.rlib" "/opt/rustwide/target/debug/deps/libfailure-12555704b7f6722c.rlib" "/opt/rustwide/target/debug/deps/libbacktrace-e42514d03b37a53f.rlib" "/opt/rustwide/target/debug/deps/libminiz_oxide-aab7f170bc76163e.rlib" "/opt/rustwide/target/debug/deps/libadler2-b3e8bf616d8ed0c4.rlib" "/opt/rustwide/target/debug/deps/libobject-accffea693dd7c64.rlib" "/opt/rustwide/target/debug/deps/libmemchr-bedcaec69f240e0a.rlib" "/opt/rustwide/target/debug/deps/liblibc-cf06f29c0a4f6ede.rlib" "/opt/rustwide/target/debug/deps/libaddr2line-dd4d4e91cb412549.rlib" "/opt/rustwide/target/debug/deps/libgimli-29a90498a79efb86.rlib" "/opt/rustwide/target/debug/deps/libcfg_if-57bf25c23e31efdb.rlib" "/opt/rustwide/target/debug/deps/librustc_demangle-01b1170af4428f72.rlib" "/opt/rustwide/rustup-home/toolchains/nightly-2024-10-28-x86_64-unknown-linux-gnu/lib/rustlib/x86_64-unknown-linux-gnu/lib/libstd-fb8c387236db3c10.rlib" "/opt/rustwide/rustup-home/toolchains/nightly-2024-10-28-x86_64-unknown-linux-gnu/lib/rustlib/x86_64-unknown-linux-gnu/lib/libpanic_unwind-b251837809b2f64b.rlib" "/opt/rustwide/rustup-home/toolchains/nightly-2024-10-28-x86_64-unknown-linux-gnu/lib/rustlib/x86_64-unknown-linux-gnu/lib/libobject-cbef83eaa4e01f04.rlib" "/opt/rustwide/rustup-home/toolchains/nightly-2024-10-28-x86_64-unknown-linux-gnu/lib/rustlib/x86_64-unknown-linux-gnu/lib/libmemchr-12a772286de2fca7.rlib" "/opt/rustwide/rustup-home/toolchains/nightly-2024-10-28-x86_64-unknown-linux-gnu/lib/rustlib/x86_64-unknown-linux-gnu/lib/libaddr2line-023bbe5ada7abfc3.rlib" "/opt/rustwide/rustup-home/toolchains/nightly-2024-10-28-x86_64-unknown-linux-gnu/lib/rustlib/x86_64-unknown-linux-gnu/lib/libgimli-de2bcdf10ec69c2b.rlib" "/opt/rustwide/rustup-home/toolchains/nightly-2024-10-28-x86_64-unknown-linux-gnu/lib/rustlib/x86_64-unknown-linux-gnu/lib/librustc_demangle-8e1754df350800fd.rlib" "/opt/rustwide/rustup-home/toolchains/nightly-2024-10-28-x86_64-unknown-linux-gnu/lib/rustlib/x86_64-unknown-linux-gnu/lib/libstd_detect-06c2ab7b9c32e037.rlib" "/opt/rustwide/rustup-home/toolchains/nightly-2024-10-28-x86_64-unknown-linux-gnu/lib/rustlib/x86_64-unknown-linux-gnu/lib/libhashbrown-51d2621fc57a281b.rlib" "/opt/rustwide/rustup-home/toolchains/nightly-2024-10-28-x86_64-unknown-linux-gnu/lib/rustlib/x86_64-unknown-linux-gnu/lib/librustc_std_workspace_alloc-54a930408793772f.rlib" "/opt/rustwide/rustup-home/toolchains/nightly-2024-10-28-x86_64-unknown-linux-gnu/lib/rustlib/x86_64-unknown-linux-gnu/lib/libminiz_oxide-0c7d01cba400dcb2.rlib" "/opt/rustwide/rustup-home/toolchains/nightly-2024-10-28-x86_64-unknown-linux-gnu/lib/rustlib/x86_64-unknown-linux-gnu/lib/libadler-b9f84d69e331b75b.rlib" "/opt/rustwide/rustup-home/toolchains/nightly-2024-10-28-x86_64-unknown-linux-gnu/lib/rustlib/x86_64-unknown-linux-gnu/lib/libunwind-eec95493246aae39.rlib" "/opt/rustwide/rustup-home/toolchains/nightly-2024-10-28-x86_64-unknown-linux-gnu/lib/rustlib/x86_64-unknown-linux-gnu/lib/libcfg_if-6f6676c475e08ab0.rlib" "/opt/rustwide/rustup-home/toolchains/nightly-2024-10-28-x86_64-unknown-linux-gnu/lib/rustlib/x86_64-unknown-linux-gnu/lib/liblibc-799d520624f8b2e0.rlib" "/opt/rustwide/rustup-home/toolchains/nightly-2024-10-28-x86_64-unknown-linux-gnu/lib/rustlib/x86_64-unknown-linux-gnu/lib/liballoc-fcf93d4842acd9a9.rlib" "/opt/rustwide/rustup-home/toolchains/nightly-2024-10-28-x86_64-unknown-linux-gnu/lib/rustlib/x86_64-unknown-linux-gnu/lib/librustc_std_workspace_core-395a38b8e0851c9b.rlib" "/opt/rustwide/rustup-home/toolchains/nightly-2024-10-28-x86_64-unknown-linux-gnu/lib/rustlib/x86_64-unknown-linux-gnu/lib/libcore-d453bab70303062c.rlib" "/opt/rustwide/rustup-home/toolchains/nightly-2024-10-28-x86_64-unknown-linux-gnu/lib/rustlib/x86_64-unknown-linux-gnu/lib/libcompiler_builtins-0e6386368b0a24e8.rlib" "-Wl,-Bdynamic" "-lseccomp" "-lssl" "-lcrypto" "-lgcc_s" "-lutil" "-lrt" "-lpthread" "-lm" "-ldl" "-lc" "-B/opt/rustwide/rustup-home/toolchains/nightly-2024-10-28-x86_64-unknown-linux-gnu/lib/rustlib/x86_64-unknown-linux-gnu/bin/gcc-ld" "-fuse-ld=lld" "-Wl,--eh-frame-hdr" "-Wl,-z,noexecstack" "-L" "/opt/rustwide/target/debug/build/rustunnel-03f760c3368f202a/out" "-L" "/opt/rustwide/target/debug/build/clear_on_drop-20a4979facf1b632/out" "-L" "/opt/rustwide/rustup-home/toolchains/nightly-2024-10-28-x86_64-unknown-linux-gnu/lib/rustlib/x86_64-unknown-linux-gnu/lib" "-o" "/opt/rustwide/target/debug/deps/client_child_test-f70b0481cb6dc280" "-Wl,--gc-sections" "-pie" "-Wl,-z,relro,-z,now" "-nodefaultlibs"
[INFO] [stdout]   = note: rust-lld: error: unable to find library -lseccomp
[INFO] [stdout]           collect2: error: ld returned 1 exit status
[INFO] [stdout]           
[INFO] [stdout] 
[INFO] [stdout] 
[INFO] [stderr] error: could not compile `rustunnel` (test "client_child_test") due to 1 previous error; 3 warnings emitted
[INFO] running `Command { std: "docker" "inspect" "8c6ad3ab597e91a88055f8680b078313df22a676fd091b356ee9fa93d3509315", kill_on_drop: false }`
[INFO] running `Command { std: "docker" "rm" "-f" "8c6ad3ab597e91a88055f8680b078313df22a676fd091b356ee9fa93d3509315", kill_on_drop: false }`
[INFO] [stdout] 8c6ad3ab597e91a88055f8680b078313df22a676fd091b356ee9fa93d3509315
