[INFO] fetching crate ruststep 0.4.0...
[INFO] testing ruststep-0.4.0 against nightly-2024-10-28 for randomize-layout
[INFO] extracting crate ruststep 0.4.0 into /workspace/builds/worker-1-tc1/source
[INFO] validating manifest of crates.io crate ruststep 0.4.0 on toolchain nightly-2024-10-28
[INFO] running `Command { std: CARGO_HOME="/workspace/cargo-home" RUSTUP_HOME="/workspace/rustup-home" "/workspace/cargo-home/bin/cargo" "+nightly-2024-10-28" "metadata" "--manifest-path" "Cargo.toml" "--no-deps", kill_on_drop: false }`
[INFO] started tweaking crates.io crate ruststep 0.4.0
[INFO] removed 0 missing tests
[INFO] finished tweaking crates.io crate ruststep 0.4.0
[INFO] tweaked toml for crates.io crate ruststep 0.4.0 written to /workspace/builds/worker-1-tc1/source/Cargo.toml
[INFO] running `Command { std: CARGO_HOME="/workspace/cargo-home" RUSTUP_HOME="/workspace/rustup-home" "/workspace/cargo-home/bin/cargo" "+nightly-2024-10-28" "generate-lockfile" "--manifest-path" "Cargo.toml", kill_on_drop: false }`
[INFO] [stderr]     Updating crates.io index
[INFO] [stderr]      Locking 39 packages to latest compatible versions
[INFO] [stderr]       Adding derive-new v0.5.9 (available: v0.7.0)
[INFO] [stderr]       Adding derive_more v0.99.18 (available: v1.0.0)
[INFO] [stderr]       Adding itertools v0.10.5 (available: v0.13.0)
[INFO] running `Command { std: CARGO_HOME="/workspace/cargo-home" RUSTUP_HOME="/workspace/rustup-home" "/workspace/cargo-home/bin/cargo" "+nightly-2024-10-28" "fetch" "--manifest-path" "Cargo.toml", kill_on_drop: false }`
[INFO] [stderr]  Downloading crates ...
[INFO] [stderr]   Downloaded ruststep-derive v0.4.0
[INFO] running `Command { std: "docker" "create" "-v" "/var/lib/crater-agent-workspace/builds/worker-1-tc1/target:/opt/rustwide/target:rw,Z" "-v" "/var/lib/crater-agent-workspace/builds/worker-1-tc1/source:/opt/rustwide/workdir:ro,Z" "-v" "/var/lib/crater-agent-workspace/cargo-home:/opt/rustwide/cargo-home:ro,Z" "-v" "/var/lib/crater-agent-workspace/rustup-home:/opt/rustwide/rustup-home:ro,Z" "-e" "SOURCE_DIR=/opt/rustwide/workdir" "-e" "CARGO_TARGET_DIR=/opt/rustwide/target" "-e" "CARGO_HOME=/opt/rustwide/cargo-home" "-e" "RUSTUP_HOME=/opt/rustwide/rustup-home" "-w" "/opt/rustwide/workdir" "-m" "1610612736" "--user" "0:0" "--network" "none" "ghcr.io/rust-lang/crates-build-env/linux@sha256:4a844ea9eb2546a2d2c7022eacef16ef2e8229c7fbb2c7d4d55a9ceca922f72d" "/opt/rustwide/cargo-home/bin/cargo" "+nightly-2024-10-28" "metadata" "--no-deps" "--format-version=1", kill_on_drop: false }`
[INFO] [stdout] 997bd61ec578f15844c39135bd5cf23141ba56f70cee41314ae3f13cffcabf6b
[INFO] running `Command { std: "docker" "start" "-a" "997bd61ec578f15844c39135bd5cf23141ba56f70cee41314ae3f13cffcabf6b", kill_on_drop: false }`
[INFO] running `Command { std: "docker" "inspect" "997bd61ec578f15844c39135bd5cf23141ba56f70cee41314ae3f13cffcabf6b", kill_on_drop: false }`
[INFO] running `Command { std: "docker" "rm" "-f" "997bd61ec578f15844c39135bd5cf23141ba56f70cee41314ae3f13cffcabf6b", kill_on_drop: false }`
[INFO] [stdout] 997bd61ec578f15844c39135bd5cf23141ba56f70cee41314ae3f13cffcabf6b
[INFO] running `Command { std: "docker" "create" "-v" "/var/lib/crater-agent-workspace/builds/worker-1-tc1/target:/opt/rustwide/target:rw,Z" "-v" "/var/lib/crater-agent-workspace/builds/worker-1-tc1/source:/opt/rustwide/workdir:ro,Z" "-v" "/var/lib/crater-agent-workspace/cargo-home:/opt/rustwide/cargo-home:ro,Z" "-v" "/var/lib/crater-agent-workspace/rustup-home:/opt/rustwide/rustup-home:ro,Z" "-e" "SOURCE_DIR=/opt/rustwide/workdir" "-e" "CARGO_TARGET_DIR=/opt/rustwide/target" "-e" "CARGO_INCREMENTAL=0" "-e" "RUST_BACKTRACE=full" "-e" "RUSTFLAGS=--cap-lints=forbid" "-e" "RUSTDOCFLAGS=--cap-lints=forbid" "-e" "CARGO_HOME=/opt/rustwide/cargo-home" "-e" "RUSTUP_HOME=/opt/rustwide/rustup-home" "-w" "/opt/rustwide/workdir" "-m" "1610612736" "--user" "0:0" "--network" "none" "ghcr.io/rust-lang/crates-build-env/linux@sha256:4a844ea9eb2546a2d2c7022eacef16ef2e8229c7fbb2c7d4d55a9ceca922f72d" "/opt/rustwide/cargo-home/bin/cargo" "+nightly-2024-10-28" "build" "--frozen" "--message-format=json", kill_on_drop: false }`
[INFO] [stdout] 61fd5da537323a054e2c57b585000670ac42c3747ef44af11691264ecb0a5e5d
[INFO] running `Command { std: "docker" "start" "-a" "61fd5da537323a054e2c57b585000670ac42c3747ef44af11691264ecb0a5e5d", kill_on_drop: false }`
[INFO] [stderr]    Compiling proc-macro2 v1.0.89
[INFO] [stderr]    Compiling unicode-ident v1.0.13
[INFO] [stderr]    Compiling version_check v0.9.5
[INFO] [stderr]    Compiling memchr v2.7.4
[INFO] [stderr]    Compiling syn v1.0.109
[INFO] [stderr]    Compiling hashbrown v0.15.0
[INFO] [stderr]    Compiling regex-syntax v0.8.5
[INFO] [stderr]    Compiling equivalent v1.0.1
[INFO] [stderr]    Compiling toml_datetime v0.6.8
[INFO] [stderr]    Compiling winnow v0.5.40
[INFO] [stderr]    Compiling serde v1.0.214
[INFO] [stderr]    Compiling lazy_static v1.5.0
[INFO] [stderr]    Compiling proc-macro-error-attr v1.0.4
[INFO] [stderr]    Compiling proc-macro-error v1.0.4
[INFO] [stderr]    Compiling aho-corasick v1.1.3
[INFO] [stderr]    Compiling once_cell v1.20.2
[INFO] [stderr]    Compiling indexmap v2.6.0
[INFO] [stderr]    Compiling thiserror v1.0.66
[INFO] [stderr]    Compiling minimal-lexical v0.2.1
[INFO] [stderr]    Compiling convert_case v0.4.0
[INFO] [stderr]    Compiling either v1.13.0
[INFO] [stderr]    Compiling quote v1.0.37
[INFO] [stderr]    Compiling nom v7.1.3
[INFO] [stderr]    Compiling syn v2.0.86
[INFO] [stderr]    Compiling itertools v0.10.5
[INFO] [stderr]    Compiling regex-automata v0.4.8
[INFO] [stderr]    Compiling toml_edit v0.19.15
[INFO] [stderr]    Compiling proc-macro-crate v1.3.1
[INFO] [stderr]    Compiling derive-new v0.5.9
[INFO] [stderr]    Compiling regex v1.11.1
[INFO] [stderr]    Compiling Inflector v0.11.4
[INFO] [stderr]    Compiling thiserror-impl v1.0.66
[INFO] [stderr]    Compiling serde_derive v1.0.214
[INFO] [stderr]    Compiling derive_more v0.99.18
[INFO] [stderr]    Compiling ruststep-derive v0.4.0
[INFO] [stderr]    Compiling ruststep v0.4.0 (/opt/rustwide/workdir)
[INFO] [stderr]     Finished `dev` profile [unoptimized + debuginfo] target(s) in 11.72s
[INFO] running `Command { std: "docker" "inspect" "61fd5da537323a054e2c57b585000670ac42c3747ef44af11691264ecb0a5e5d", kill_on_drop: false }`
[INFO] running `Command { std: "docker" "rm" "-f" "61fd5da537323a054e2c57b585000670ac42c3747ef44af11691264ecb0a5e5d", kill_on_drop: false }`
[INFO] [stdout] 61fd5da537323a054e2c57b585000670ac42c3747ef44af11691264ecb0a5e5d
[INFO] running `Command { std: "docker" "create" "-v" "/var/lib/crater-agent-workspace/builds/worker-1-tc1/target:/opt/rustwide/target:rw,Z" "-v" "/var/lib/crater-agent-workspace/builds/worker-1-tc1/source:/opt/rustwide/workdir:ro,Z" "-v" "/var/lib/crater-agent-workspace/cargo-home:/opt/rustwide/cargo-home:ro,Z" "-v" "/var/lib/crater-agent-workspace/rustup-home:/opt/rustwide/rustup-home:ro,Z" "-e" "SOURCE_DIR=/opt/rustwide/workdir" "-e" "CARGO_TARGET_DIR=/opt/rustwide/target" "-e" "CARGO_INCREMENTAL=0" "-e" "RUST_BACKTRACE=full" "-e" "RUSTFLAGS=--cap-lints=forbid" "-e" "RUSTDOCFLAGS=--cap-lints=forbid" "-e" "CARGO_HOME=/opt/rustwide/cargo-home" "-e" "RUSTUP_HOME=/opt/rustwide/rustup-home" "-w" "/opt/rustwide/workdir" "-m" "1610612736" "--user" "0:0" "--network" "none" "ghcr.io/rust-lang/crates-build-env/linux@sha256:4a844ea9eb2546a2d2c7022eacef16ef2e8229c7fbb2c7d4d55a9ceca922f72d" "/opt/rustwide/cargo-home/bin/cargo" "+nightly-2024-10-28" "test" "--frozen" "--no-run" "--message-format=json", kill_on_drop: false }`
[INFO] [stdout] dfba71f966fd6816eb65d03b79157f42e4b63eb7d2fdcdf5d71dee03d5e541ee
[INFO] running `Command { std: "docker" "start" "-a" "dfba71f966fd6816eb65d03b79157f42e4b63eb7d2fdcdf5d71dee03d5e541ee", kill_on_drop: false }`
[INFO] [stderr]    Compiling anyhow v1.0.92
[INFO] [stderr]    Compiling maplit v1.0.2
[INFO] [stderr]    Compiling ruststep v0.4.0 (/opt/rustwide/workdir)
[INFO] [stdout] error[E0432]: unresolved import `test_schema`
[INFO] [stdout]   --> tests/entity.rs:25:5
[INFO] [stdout]    |
[INFO] [stdout] 25 | use test_schema::*;
[INFO] [stdout]    |     ^^^^^^^^^^^ use of undeclared crate or module `test_schema`
[INFO] [stdout] 
[INFO] [stdout] 
[INFO] [stdout] error[E0433]: failed to resolve: use of undeclared crate or module `espr_derive`
[INFO] [stdout]  --> tests/entity.rs:9:1
[INFO] [stdout]   |
[INFO] [stdout] 9 | espr_derive::inline_express!(
[INFO] [stdout]   | ^^^^^^^^^^^ use of undeclared crate or module `espr_derive`
[INFO] [stdout] 
[INFO] [stdout] 
[INFO] [stdout] error[E0432]: unresolved import `test_schema`
[INFO] [stdout]   --> tests/any.rs:24:5
[INFO] [stdout]    |
[INFO] [stdout] 24 | use test_schema::*;
[INFO] [stdout]    |     ^^^^^^^^^^^ use of undeclared crate or module `test_schema`
[INFO] [stdout] 
[INFO] [stdout] 
[INFO] [stdout] error[E0432]: unresolved import `test_schema`
[INFO] [stdout]   --> tests/recursive_select.rs:28:5
[INFO] [stdout]    |
[INFO] [stdout] 28 | use test_schema::*;
[INFO] [stdout]    |     ^^^^^^^^^^^ use of undeclared crate or module `test_schema`
[INFO] [stdout] 
[INFO] [stdout] 
[INFO] [stdout] error[E0433]: failed to resolve: use of undeclared crate or module `espr_derive`
[INFO] [stdout]  --> tests/any.rs:6:1
[INFO] [stdout]   |
[INFO] [stdout] 6 | espr_derive::inline_express!(
[INFO] [stdout]   | ^^^^^^^^^^^ use of undeclared crate or module `espr_derive`
[INFO] [stdout] 
[INFO] [stdout] 
[INFO] [stdout] error[E0433]: failed to resolve: use of undeclared crate or module `espr_derive`
[INFO] [stdout]  --> tests/recursive_select.rs:4:1
[INFO] [stdout]   |
[INFO] [stdout] 4 | espr_derive::inline_express!(
[INFO] [stdout]   | ^^^^^^^^^^^ use of undeclared crate or module `espr_derive`
[INFO] [stdout] 
[INFO] [stdout] 
[INFO] [stdout] error[E0432]: unresolved import `test_schema`
[INFO] [stdout]   --> tests/type_decl.rs:35:5
[INFO] [stdout]    |
[INFO] [stdout] 35 | use test_schema::*;
[INFO] [stdout]    |     ^^^^^^^^^^^ use of undeclared crate or module `test_schema`
[INFO] [stdout] 
[INFO] [stdout] 
[INFO] [stdout] error[E0433]: failed to resolve: use of undeclared crate or module `espr_derive`
[INFO] [stdout]  --> tests/type_decl.rs:6:1
[INFO] [stdout]   |
[INFO] [stdout] 6 | espr_derive::inline_express!(
[INFO] [stdout]   | ^^^^^^^^^^^ use of undeclared crate or module `espr_derive`
[INFO] [stdout] 
[INFO] [stdout] 
[INFO] [stdout] warning: unused import: `std::str::FromStr`
[INFO] [stdout]  --> tests/entity.rs:7:5
[INFO] [stdout]   |
[INFO] [stdout] 7 | use std::str::FromStr;
[INFO] [stdout]   |     ^^^^^^^^^^^^^^^^^
[INFO] [stdout]   |
[INFO] [stdout]   = note: `#[warn(unused_imports)]` on by default
[INFO] [stdout] 
[INFO] [stdout] 
[INFO] [stdout] warning: unused import: `std::str::FromStr`
[INFO] [stdout]  --> tests/type_decl.rs:4:5
[INFO] [stdout]   |
[INFO] [stdout] 4 | use std::str::FromStr;
[INFO] [stdout]   |     ^^^^^^^^^^^^^^^^^
[INFO] [stdout]   |
[INFO] [stdout]   = note: `#[warn(unused_imports)]` on by default
[INFO] [stdout] 
[INFO] [stdout] 
[INFO] [stdout] warning: unused import: `std::str::FromStr`
[INFO] [stdout]  --> tests/recursive_select.rs:2:5
[INFO] [stdout]   |
[INFO] [stdout] 2 | use std::str::FromStr;
[INFO] [stdout]   |     ^^^^^^^^^^^^^^^^^
[INFO] [stdout]   |
[INFO] [stdout]   = note: `#[warn(unused_imports)]` on by default
[INFO] [stdout] 
[INFO] [stdout] 
[INFO] [stdout] Some errors have detailed explanations: E0432, E0433.
[INFO] [stdout] 
[INFO] [stdout] For more information about an error, try `rustc --explain E0432`.
[INFO] [stdout] 
[INFO] [stdout] Some errors have detailed explanations: E0432, E0433.
[INFO] [stdout] 
[INFO] [stdout] For more information about an error, try `rustc --explain E0432`.
[INFO] [stdout] 
[INFO] [stderr] error: could not compile `ruststep` (test "type_decl") due to 2 previous errors; 1 warning emitted
[INFO] [stderr] warning: build failed, waiting for other jobs to finish...
[INFO] [stderr] error: could not compile `ruststep` (test "entity") due to 2 previous errors; 1 warning emitted
[INFO] [stdout] Some errors have detailed explanations: E0432, E0433.
[INFO] [stdout] 
[INFO] [stdout] For more information about an error, try `rustc --explain E0432`.
[INFO] [stdout] 
[INFO] [stderr] error: could not compile `ruststep` (test "recursive_select") due to 2 previous errors; 1 warning emitted
[INFO] [stdout] warning: unused import: `std::str::FromStr`
[INFO] [stdout]  --> tests/any.rs:4:5
[INFO] [stdout]   |
[INFO] [stdout] 4 | use std::str::FromStr;
[INFO] [stdout]   |     ^^^^^^^^^^^^^^^^^
[INFO] [stdout]   |
[INFO] [stdout]   = note: `#[warn(unused_imports)]` on by default
[INFO] [stdout] 
[INFO] [stdout] 
[INFO] [stdout] Some errors have detailed explanations: E0432, E0433.
[INFO] [stdout] 
[INFO] [stdout] For more information about an error, try `rustc --explain E0432`.
[INFO] [stdout] 
[INFO] [stderr] error: could not compile `ruststep` (test "any") due to 2 previous errors; 1 warning emitted
[INFO] running `Command { std: "docker" "inspect" "dfba71f966fd6816eb65d03b79157f42e4b63eb7d2fdcdf5d71dee03d5e541ee", kill_on_drop: false }`
[INFO] running `Command { std: "docker" "rm" "-f" "dfba71f966fd6816eb65d03b79157f42e4b63eb7d2fdcdf5d71dee03d5e541ee", kill_on_drop: false }`
[INFO] [stdout] dfba71f966fd6816eb65d03b79157f42e4b63eb7d2fdcdf5d71dee03d5e541ee
