[INFO] fetching crate rustsat-minisat 0.4.1...
[INFO] testing rustsat-minisat-0.4.1 against nightly-2024-10-28+rustflags=-Zrandomize-layout for randomize-layout
[INFO] extracting crate rustsat-minisat 0.4.1 into /workspace/builds/worker-0-tc2/source
[INFO] validating manifest of crates.io crate rustsat-minisat 0.4.1 on toolchain nightly-2024-10-28
[INFO] running `Command { std: CARGO_HOME="/workspace/cargo-home" RUSTUP_HOME="/workspace/rustup-home" "/workspace/cargo-home/bin/cargo" "+nightly-2024-10-28" "metadata" "--manifest-path" "Cargo.toml" "--no-deps", kill_on_drop: false }`
[INFO] started tweaking crates.io crate rustsat-minisat 0.4.1
[INFO] removed 0 missing examples
[INFO] removed 0 missing tests
[INFO] finished tweaking crates.io crate rustsat-minisat 0.4.1
[INFO] tweaked toml for crates.io crate rustsat-minisat 0.4.1 written to /workspace/builds/worker-0-tc2/source/Cargo.toml
[INFO] crate crates.io crate rustsat-minisat 0.4.1 already has a lockfile, it will not be regenerated
[INFO] running `Command { std: CARGO_HOME="/workspace/cargo-home" RUSTUP_HOME="/workspace/rustup-home" "/workspace/cargo-home/bin/cargo" "+nightly-2024-10-28" "fetch" "--manifest-path" "Cargo.toml", kill_on_drop: false }`
[INFO] running `Command { std: "docker" "create" "-v" "/var/lib/crater-agent-workspace/builds/worker-0-tc2/target:/opt/rustwide/target:rw,Z" "-v" "/var/lib/crater-agent-workspace/builds/worker-0-tc2/source:/opt/rustwide/workdir:ro,Z" "-v" "/var/lib/crater-agent-workspace/cargo-home:/opt/rustwide/cargo-home:ro,Z" "-v" "/var/lib/crater-agent-workspace/rustup-home:/opt/rustwide/rustup-home:ro,Z" "-e" "SOURCE_DIR=/opt/rustwide/workdir" "-e" "CARGO_TARGET_DIR=/opt/rustwide/target" "-e" "CARGO_HOME=/opt/rustwide/cargo-home" "-e" "RUSTUP_HOME=/opt/rustwide/rustup-home" "-w" "/opt/rustwide/workdir" "-m" "1610612736" "--user" "0:0" "--network" "none" "ghcr.io/rust-lang/crates-build-env/linux@sha256:4a844ea9eb2546a2d2c7022eacef16ef2e8229c7fbb2c7d4d55a9ceca922f72d" "/opt/rustwide/cargo-home/bin/cargo" "+nightly-2024-10-28" "metadata" "--no-deps" "--format-version=1", kill_on_drop: false }`
[INFO] [stdout] 371489ac3960a678df6df04edfa2470ad1dc418f08425eb04835895b58b29bfb
[INFO] running `Command { std: "docker" "start" "-a" "371489ac3960a678df6df04edfa2470ad1dc418f08425eb04835895b58b29bfb", kill_on_drop: false }`
[INFO] running `Command { std: "docker" "inspect" "371489ac3960a678df6df04edfa2470ad1dc418f08425eb04835895b58b29bfb", kill_on_drop: false }`
[INFO] running `Command { std: "docker" "rm" "-f" "371489ac3960a678df6df04edfa2470ad1dc418f08425eb04835895b58b29bfb", kill_on_drop: false }`
[INFO] [stdout] 371489ac3960a678df6df04edfa2470ad1dc418f08425eb04835895b58b29bfb
[INFO] running `Command { std: "docker" "create" "-v" "/var/lib/crater-agent-workspace/builds/worker-0-tc2/target:/opt/rustwide/target:rw,Z" "-v" "/var/lib/crater-agent-workspace/builds/worker-0-tc2/source:/opt/rustwide/workdir:ro,Z" "-v" "/var/lib/crater-agent-workspace/cargo-home:/opt/rustwide/cargo-home:ro,Z" "-v" "/var/lib/crater-agent-workspace/rustup-home:/opt/rustwide/rustup-home:ro,Z" "-e" "SOURCE_DIR=/opt/rustwide/workdir" "-e" "CARGO_TARGET_DIR=/opt/rustwide/target" "-e" "CARGO_INCREMENTAL=0" "-e" "RUST_BACKTRACE=full" "-e" "RUSTFLAGS=--cap-lints=forbid -Zrandomize-layout" "-e" "RUSTDOCFLAGS=--cap-lints=forbid" "-e" "CARGO_HOME=/opt/rustwide/cargo-home" "-e" "RUSTUP_HOME=/opt/rustwide/rustup-home" "-w" "/opt/rustwide/workdir" "-m" "1610612736" "--user" "0:0" "--network" "none" "ghcr.io/rust-lang/crates-build-env/linux@sha256:4a844ea9eb2546a2d2c7022eacef16ef2e8229c7fbb2c7d4d55a9ceca922f72d" "/opt/rustwide/cargo-home/bin/cargo" "+nightly-2024-10-28" "build" "--frozen" "--message-format=json", kill_on_drop: false }`
[INFO] [stdout] 9347a61fc5b09a870a4852536f10fa6c6be98e2f3414a998875c772888304960
[INFO] running `Command { std: "docker" "start" "-a" "9347a61fc5b09a870a4852536f10fa6c6be98e2f3414a998875c772888304960", kill_on_drop: false }`
[INFO] [stderr]    Compiling proc-macro2 v1.0.87
[INFO] [stderr]    Compiling minimal-lexical v0.2.1
[INFO] [stderr]    Compiling glob v0.3.1
[INFO] [stderr]    Compiling prettyplease v0.2.22
[INFO] [stderr]    Compiling libc v0.2.159
[INFO] [stderr]    Compiling regex-syntax v0.8.5
[INFO] [stderr]    Compiling shlex v1.3.0
[INFO] [stderr]    Compiling rustix v0.38.37
[INFO] [stderr]    Compiling either v1.13.0
[INFO] [stderr]    Compiling bindgen v0.70.1
[INFO] [stderr]    Compiling libloading v0.8.5
[INFO] [stderr]    Compiling bitflags v2.6.0
[INFO] [stderr]    Compiling anyhow v1.0.89
[INFO] [stderr]    Compiling rustc-hash v1.1.0
[INFO] [stderr]    Compiling log v0.4.22
[INFO] [stderr]    Compiling linux-raw-sys v0.4.14
[INFO] [stderr]    Compiling cc v1.1.30
[INFO] [stderr]    Compiling thiserror v1.0.64
[INFO] [stderr]    Compiling fastrand v2.1.1
[INFO] [stderr]    Compiling itertools v0.13.0
[INFO] [stderr]    Compiling once_cell v1.20.2
[INFO] [stderr]    Compiling nom v7.1.3
[INFO] [stderr]    Compiling clang-sys v1.8.1
[INFO] [stderr]    Compiling quote v1.0.37
[INFO] [stderr]    Compiling cmake v0.1.51
[INFO] [stderr]    Compiling syn v2.0.79
[INFO] [stderr]    Compiling cpu-time v1.0.0
[INFO] [stderr]    Compiling regex-automata v0.4.8
[INFO] [stderr]    Compiling cexpr v0.6.0
[INFO] [stderr]    Compiling tempfile v3.13.0
[INFO] [stderr]    Compiling regex v1.11.0
[INFO] [stderr]    Compiling thiserror-impl v1.0.64
[INFO] [stderr]    Compiling visibility v0.1.1
[INFO] [stderr]    Compiling rustsat v0.6.1
[INFO] [stderr]    Compiling rustsat-minisat v0.4.1 (/opt/rustwide/workdir)
[INFO] [stderr]     Finished `dev` profile [unoptimized + debuginfo] target(s) in 11.40s
[INFO] running `Command { std: "docker" "inspect" "9347a61fc5b09a870a4852536f10fa6c6be98e2f3414a998875c772888304960", kill_on_drop: false }`
[INFO] running `Command { std: "docker" "rm" "-f" "9347a61fc5b09a870a4852536f10fa6c6be98e2f3414a998875c772888304960", kill_on_drop: false }`
[INFO] [stdout] 9347a61fc5b09a870a4852536f10fa6c6be98e2f3414a998875c772888304960
[INFO] running `Command { std: "docker" "create" "-v" "/var/lib/crater-agent-workspace/builds/worker-0-tc2/target:/opt/rustwide/target:rw,Z" "-v" "/var/lib/crater-agent-workspace/builds/worker-0-tc2/source:/opt/rustwide/workdir:ro,Z" "-v" "/var/lib/crater-agent-workspace/cargo-home:/opt/rustwide/cargo-home:ro,Z" "-v" "/var/lib/crater-agent-workspace/rustup-home:/opt/rustwide/rustup-home:ro,Z" "-e" "SOURCE_DIR=/opt/rustwide/workdir" "-e" "CARGO_TARGET_DIR=/opt/rustwide/target" "-e" "CARGO_INCREMENTAL=0" "-e" "RUST_BACKTRACE=full" "-e" "RUSTFLAGS=--cap-lints=forbid -Zrandomize-layout" "-e" "RUSTDOCFLAGS=--cap-lints=forbid" "-e" "CARGO_HOME=/opt/rustwide/cargo-home" "-e" "RUSTUP_HOME=/opt/rustwide/rustup-home" "-w" "/opt/rustwide/workdir" "-m" "1610612736" "--user" "0:0" "--network" "none" "ghcr.io/rust-lang/crates-build-env/linux@sha256:4a844ea9eb2546a2d2c7022eacef16ef2e8229c7fbb2c7d4d55a9ceca922f72d" "/opt/rustwide/cargo-home/bin/cargo" "+nightly-2024-10-28" "test" "--frozen" "--no-run" "--message-format=json", kill_on_drop: false }`
[INFO] [stdout] 8749dc6b9624ab2261666a82a5b0c9c14c2f84b15330b9a40276c72f6785db5a
[INFO] running `Command { std: "docker" "start" "-a" "8749dc6b9624ab2261666a82a5b0c9c14c2f84b15330b9a40276c72f6785db5a", kill_on_drop: false }`
[INFO] [stderr]    Compiling utf8parse v0.2.2
[INFO] [stderr]    Compiling is_terminal_polyfill v1.70.1
[INFO] [stderr]    Compiling anstyle-query v1.1.1
[INFO] [stderr]    Compiling anstyle v1.0.8
[INFO] [stderr]    Compiling colorchoice v1.0.2
[INFO] [stderr]    Compiling signal-hook v0.3.17
[INFO] [stderr]    Compiling strsim v0.11.1
[INFO] [stderr]    Compiling clap_derive v4.5.18
[INFO] [stderr]    Compiling signal-hook-registry v1.4.2
[INFO] [stderr]    Compiling anstyle-parse v0.2.5
[INFO] [stderr]    Compiling anstream v0.6.15
[INFO] [stderr]    Compiling clap_builder v4.5.20
[INFO] [stderr]    Compiling clap v4.5.20
[INFO] [stderr]    Compiling rustsat-minisat v0.4.1 (/opt/rustwide/workdir)
[INFO] [stdout] error[E0433]: failed to resolve: use of undeclared crate or module `rustsat_solvertests`
[INFO] [stdout]  --> tests/incremental.rs:2:5
[INFO] [stdout]   |
[INFO] [stdout] 2 |     rustsat_solvertests::incremental_tests!(rustsat_minisat::core::Minisat);
[INFO] [stdout]   |     ^^^^^^^^^^^^^^^^^^^ use of undeclared crate or module `rustsat_solvertests`
[INFO] [stdout] 
[INFO] [stdout] 
[INFO] [stdout] error[E0433]: failed to resolve: use of undeclared crate or module `rustsat_solvertests`
[INFO] [stdout]  --> tests/small.rs:6:5
[INFO] [stdout]   |
[INFO] [stdout] 6 |     rustsat_solvertests::base_tests!(rustsat_minisat::simp::Minisat, false, true);
[INFO] [stdout]   |     ^^^^^^^^^^^^^^^^^^^ use of undeclared crate or module `rustsat_solvertests`
[INFO] [stdout] 
[INFO] [stdout] 
[INFO] [stdout] error[E0433]: failed to resolve: use of undeclared crate or module `rustsat_solvertests`
[INFO] [stdout]  --> tests/phasing.rs:6:5
[INFO] [stdout]   |
[INFO] [stdout] 6 |     rustsat_solvertests::phasing_tests!(rustsat_minisat::simp::Minisat);
[INFO] [stdout]   |     ^^^^^^^^^^^^^^^^^^^ use of undeclared crate or module `rustsat_solvertests`
[INFO] [stdout] 
[INFO] [stdout] 
[INFO] [stdout] error[E0433]: failed to resolve: use of undeclared crate or module `rustsat_solvertests`
[INFO] [stdout]  --> tests/phasing.rs:2:5
[INFO] [stdout]   |
[INFO] [stdout] 2 |     rustsat_solvertests::phasing_tests!(rustsat_minisat::core::Minisat);
[INFO] [stdout]   |     ^^^^^^^^^^^^^^^^^^^ use of undeclared crate or module `rustsat_solvertests`
[INFO] [stdout] 
[INFO] [stdout] 
[INFO] [stdout] error[E0433]: failed to resolve: use of undeclared crate or module `rustsat_solvertests`
[INFO] [stdout]  --> tests/small.rs:2:5
[INFO] [stdout]   |
[INFO] [stdout] 2 |     rustsat_solvertests::base_tests!(rustsat_minisat::core::Minisat, false, true);
[INFO] [stdout]   |     ^^^^^^^^^^^^^^^^^^^ use of undeclared crate or module `rustsat_solvertests`
[INFO] [stdout] 
[INFO] [stdout] 
[INFO] [stdout] For more information about this error, try `rustc --explain E0433`.
[INFO] [stdout] 
[INFO] [stdout] For more information about this error, try `rustc --explain E0433`.
[INFO] [stdout] 
[INFO] [stdout] For more information about this error, try `rustc --explain E0433`.
[INFO] [stdout] 
[INFO] [stderr] error: could not compile `rustsat-minisat` (test "small") due to 2 previous errors
[INFO] [stderr] warning: build failed, waiting for other jobs to finish...
[INFO] [stderr] error: could not compile `rustsat-minisat` (test "incremental") due to 1 previous error
[INFO] [stderr] error: could not compile `rustsat-minisat` (test "phasing") due to 2 previous errors
[INFO] [stdout] error[E0433]: failed to resolve: use of undeclared crate or module `rustsat_solvertests`
[INFO] [stdout]    --> src/core.rs:408:5
[INFO] [stdout]     |
[INFO] [stdout] 408 |     rustsat_solvertests::basic_unittests!(Minisat);
[INFO] [stdout]     |     ^^^^^^^^^^^^^^^^^^^ use of undeclared crate or module `rustsat_solvertests`
[INFO] [stdout] 
[INFO] [stdout] 
[INFO] [stdout] error[E0433]: failed to resolve: use of undeclared crate or module `rustsat_solvertests`
[INFO] [stdout]    --> src/core.rs:409:5
[INFO] [stdout]     |
[INFO] [stdout] 409 |     rustsat_solvertests::propagating_unittests!(Minisat);
[INFO] [stdout]     |     ^^^^^^^^^^^^^^^^^^^ use of undeclared crate or module `rustsat_solvertests`
[INFO] [stdout] 
[INFO] [stdout] 
[INFO] [stdout] error[E0433]: failed to resolve: use of undeclared crate or module `rustsat_solvertests`
[INFO] [stdout]    --> src/simp.rs:436:5
[INFO] [stdout]     |
[INFO] [stdout] 436 |     rustsat_solvertests::basic_unittests!(Minisat);
[INFO] [stdout]     |     ^^^^^^^^^^^^^^^^^^^ use of undeclared crate or module `rustsat_solvertests`
[INFO] [stdout] 
[INFO] [stdout] 
[INFO] [stdout] error[E0433]: failed to resolve: use of undeclared crate or module `rustsat_solvertests`
[INFO] [stdout]    --> src/simp.rs:437:5
[INFO] [stdout]     |
[INFO] [stdout] 437 |     rustsat_solvertests::freezing_unittests!(Minisat);
[INFO] [stdout]     |     ^^^^^^^^^^^^^^^^^^^ use of undeclared crate or module `rustsat_solvertests`
[INFO] [stdout] 
[INFO] [stdout] 
[INFO] [stdout] error[E0433]: failed to resolve: use of undeclared crate or module `rustsat_solvertests`
[INFO] [stdout]    --> src/simp.rs:438:5
[INFO] [stdout]     |
[INFO] [stdout] 438 |     rustsat_solvertests::propagating_unittests!(Minisat);
[INFO] [stdout]     |     ^^^^^^^^^^^^^^^^^^^ use of undeclared crate or module `rustsat_solvertests`
[INFO] [stdout] 
[INFO] [stdout] 
[INFO] [stdout] For more information about this error, try `rustc --explain E0433`.
[INFO] [stdout] 
[INFO] [stderr] error: could not compile `rustsat-minisat` (lib test) due to 5 previous errors
[INFO] running `Command { std: "docker" "inspect" "8749dc6b9624ab2261666a82a5b0c9c14c2f84b15330b9a40276c72f6785db5a", kill_on_drop: false }`
[INFO] running `Command { std: "docker" "rm" "-f" "8749dc6b9624ab2261666a82a5b0c9c14c2f84b15330b9a40276c72f6785db5a", kill_on_drop: false }`
[INFO] [stdout] 8749dc6b9624ab2261666a82a5b0c9c14c2f84b15330b9a40276c72f6785db5a
